2026-09-06T07:36:07.964229+00:00 ubuntu sshd[911009]: pam_unix(sshd:auth): authentication failure; logname= uid=0 euid=0 tty=ssh ruser= rhost=171.25.158.47 user=root
2026-09-06T07:36:09.704407+00:00 ubuntu sshd[911009]: Failed password for root from 171.25.158.47 port 55232 ssh2
2026-09-06T07:36:11.095097+00:00 ubuntu sshd[911009]: Received disconnect from 171.25.158.47 port 55232:11: Bye Bye [preauth]
2026-09-06T07:36:11.095311+00:00 ubuntu sshd[911009]: Disconnected from authenticating user root 171.25.158.47 port 55232 [preauth]
2026-09-06T07:36:19.910725+00:00 ubuntu sshd[911287]: Invalid user oracle from 103.123.53.88 port 42018
2026-09-06T07:36:19.913027+00:00 ubuntu sshd[911287]: pam_unix(sshd:auth): check pass; user unknown
2026-09-06T07:36:19.913111+00:00 ubuntu sshd[911287]: pam_unix(sshd:auth): authentication failure; logname= uid=0 euid=0 tty=ssh ruser= rhost=103.123.53.88
2026-09-06T07:36:21.633680+00:00 ubuntu sshd[911287]: Failed password for invalid user oracle from 103.123.53.88 port 42018 ssh2
2026-09-06T07:36:22.413990+00:00 ubuntu sshd[911287]: Received disconnect from 103.123.53.88 port 42018:11: Bye Bye [preauth]
2026-09-06T07:36:22.414131+00:00 ubuntu sshd[911287]: Disconnected from invalid user oracle 103.123.53.88 port 42018 [preauth]
2026-09-06T07:36:28.887256+00:00 ubuntu sudo: hermes : PWD=/home/hermes ; USER=root ; COMMAND=/usr/bin/true
2026-09-06T07:36:28.887922+00:00 ubuntu sudo: pam_unix(sudo:session): session opened for user root(uid=0) by hermes(uid=1000)
2026-09-06T07:36:28.889327+00:00 ubuntu sudo: pam_unix(sudo:session): session closed for user root
2026-09-06T07:36:28.938480+00:00 ubuntu sudo: hermes : PWD=/home/hermes ; USER=root ; COMMAND=/usr/bin/python3 -
2026-09-06T07:36:28.938981+00:00 ubuntu sudo: pam_unix(sudo:session): session opened for user root(uid=0) by hermes(uid=1000)
2026-09-06T07:36:28.972381+00:00 ubuntu sudo: pam_unix(sudo:session): session closed for user root
2026-09-06T07:36:28.984785+00:00 ubuntu sudo: hermes : PWD=/home/hermes ; USER=root ; COMMAND=/usr/bin/python3 -m py_compile /opt/struktur/social-media-agent/app.py /opt/struktur/social-media-agent/visual_render.py /opt/struktur/social-media-agent/publish_ready.py /opt/struktur/social-media-agent/codex_image_adapter.py /opt/struktur/social-media-agent/openai_image_adapter.py
2026-09-06T07:36:28.985465+00:00 ubuntu sudo: pam_unix(sudo:session): session opened for user root(uid=0) by hermes(uid=1000)
2026-09-06T07:36:29.057072+00:00 ubuntu sudo: pam_unix(sudo:session): session closed for user root
2026-09-06T07:36:37.519175+00:00 ubuntu sudo: hermes : PWD=/home/hermes ; USER=root ; COMMAND=/usr/bin/true
2026-09-06T07:36:37.519975+00:00 ubuntu sudo: pam_unix(sudo:session): session opened for user root(uid=0) by hermes(uid=1000)
2026-09-06T07:36:37.521651+00:00 ubuntu sudo: pam_unix(sudo:session): session closed for user root
2026-09-06T07:36:37.538850+00:00 ubuntu sudo: hermes : PWD=/home/hermes ; USER=root ; COMMAND=/usr/bin/env SMA_BRAND_CONFIG=/home/hermes/mas-brand.json pytest -q /opt/struktur/social-media-agent/test_visual_template_guard.py /opt/struktur/social-media-agent/test_content_media_semantics.py /opt/struktur/social-media-agent/test_publish_ready.py
2026-09-06T07:36:37.539365+00:00 ubuntu sudo: pam_unix(sudo:session): session opened for user root(uid=0) by hermes(uid=1000)
2026-09-06T07:36:38.045863+00:00 ubuntu sudo: pam_unix(sudo:session): session closed for user root
2026-09-06T07:36:41.965473+00:00 ubuntu sshd[911932]: error: kex_exchange_identification: read: Connection reset by peer
2026-09-06T07:36:41.965667+00:00 ubuntu sshd[911932]: Connection reset by 107.174.80.154 port 57342
2026-09-06T07:36:48.221706+00:00 ubuntu sudo: hermes : PWD=/home/hermes ; USER=root ; COMMAND=/usr/bin/true
2026-09-06T07:36:48.222419+00:00 ubuntu sudo: pam_unix(sudo:session): session opened for user root(uid=0) by hermes(uid=1000)
2026-09-06T07:36:48.223517+00:00 ubuntu sudo: pam_unix(sudo:session): session closed for user root
2026-09-06T07:36:48.241805+00:00 ubuntu sudo: hermes : PWD=/home/hermes ; USER=root ; COMMAND=/usr/bin/python3 -
2026-09-06T07:36:48.242445+00:00 ubuntu sudo: pam_unix(sudo:session): session opened for user root(uid=0) by hermes(uid=1000)
2026-09-06T07:36:48.386086+00:00 ubuntu sudo: pam_unix(sudo:session): session closed for user root
2026-09-06T07:37:14.192447+00:00 ubuntu sshd[913665]: pam_unix(sshd:auth): authentication failure; logname= uid=0 euid=0 tty=ssh ruser= rhost=171.25.158.47 user=root
2026-09-06T07:37:14.291156+00:00 ubuntu sudo: hermes : PWD=/home/hermes ; USER=root ; COMMAND=/usr/bin/true
2026-09-06T07:37:14.291910+00:00 ubuntu sudo: pam_unix(sudo:session): session opened for user root(uid=0) by hermes(uid=1000)
2026-09-06T07:37:14.293785+00:00 ubuntu sudo: pam_unix(sudo:session): session closed for user root
2026-09-06T07:37:14.312031+00:00 ubuntu sudo: hermes : PWD=/home/hermes ; USER=root ; COMMAND=/usr/bin/python3 -
2026-09-06T07:37:14.312545+00:00 ubuntu sudo: pam_unix(sudo:session): session opened for user root(uid=0) by hermes(uid=1000)
2026-09-06T07:37:14.339854+00:00 ubuntu sudo: pam_unix(sudo:session): session closed for user root
2026-09-06T07:37:14.350002+00:00 ubuntu sudo: hermes : PWD=/home/hermes ; USER=root ; COMMAND=/usr/bin/python3 -m py_compile /opt/struktur/social-media-agent/visual_render.py
2026-09-06T07:37:14.350399+00:00 ubuntu sudo: pam_unix(sudo:session): session opened for user root(uid=0) by hermes(uid=1000)
2026-09-06T07:37:14.388655+00:00 ubuntu sudo: pam_unix(sudo:session): session closed for user root
2026-09-06T07:37:16.464677+00:00 ubuntu sshd[913665]: Failed password for root from 171.25.158.47 port 56694 ssh2
2026-09-06T07:37:17.322184+00:00 ubuntu sshd[913665]: Received disconnect from 171.25.158.47 port 56694:11: Bye Bye [preauth]
2026-09-06T07:37:17.322620+00:00 ubuntu sshd[913665]: Disconnected from authenticating user root 171.25.158.47 port 56694 [preauth]
2026-09-06T07:37:20.614111+00:00 ubuntu sshd[913501]: pam_unix(sshd:auth): authentication failure; logname= uid=0 euid=0 tty=ssh ruser= rhost=151.158.2.135 user=root
2026-09-06T07:37:22.374644+00:00 ubuntu sshd[913501]: Failed password for root from 151.158.2.135 port 50852 ssh2
2026-09-06T07:37:23.321662+00:00 ubuntu sudo: hermes : PWD=/home/hermes ; USER=root ; COMMAND=/usr/bin/true
2026-09-06T07:37:23.322337+00:00 ubuntu sudo: pam_unix(sudo:session): session opened for user root(uid=0) by hermes(uid=1000)
2026-09-06T07:37:23.323854+00:00 ubuntu sudo: pam_unix(sudo:session): session closed for user root
2026-09-06T07:37:23.341514+00:00 ubuntu sudo: hermes : PWD=/home/hermes ; USER=root ; COMMAND=/usr/bin/python3 -
2026-09-06T07:37:23.342005+00:00 ubuntu sudo: pam_unix(sudo:session): session opened for user root(uid=0) by hermes(uid=1000)
2026-09-06T07:37:23.458268+00:00 ubuntu sudo: pam_unix(sudo:session): session closed for user root
2026-09-06T07:37:25.658404+00:00 ubuntu sshd[913501]: Connection closed by authenticating user root 151.158.2.135 port 50852 [preauth]
2026-09-06T07:37:29.653616+00:00 ubuntu sshd[914184]: pam_unix(sshd:auth): authentication failure; logname= uid=0 euid=0 tty=ssh ruser= rhost=213.209.159.208 user=root
2026-09-06T07:37:30.200731+00:00 ubuntu sshd[914073]: Invalid user admin from 103.123.53.88 port 49484
2026-09-06T07:37:30.204780+00:00 ubuntu sshd[914073]: pam_unix(sshd:auth): check pass; user unknown
2026-09-06T07:37:30.204862+00:00 ubuntu sshd[914073]: pam_unix(sshd:auth): authentication failure; logname= uid=0 euid=0 tty=ssh ruser= rhost=103.123.53.88
2026-09-06T07:37:30.982591+00:00 ubuntu sshd[914184]: Failed password for root from 213.209.159.208 port 34988 ssh2
2026-09-06T07:37:31.173323+00:00 ubuntu sshd[914184]: Connection closed by authenticating user root 213.209.159.208 port 34988 [preauth]
2026-09-06T07:37:31.881623+00:00 ubuntu sudo: hermes : PWD=/home/hermes ; USER=root ; COMMAND=/usr/bin/true
2026-09-06T07:37:31.882196+00:00 ubuntu sudo: pam_unix(sudo:session): session opened for user root(uid=0) by hermes(uid=1000)
2026-09-06T07:37:31.883992+00:00 ubuntu sudo: pam_unix(sudo:session): session closed for user root
2026-09-06T07:37:31.900973+00:00 ubuntu sudo: hermes : PWD=/home/hermes ; USER=root ; COMMAND=/usr/bin/test -f /opt/struktur/brands/mallorca-airservices/config/brand.json
2026-09-06T07:37:31.901297+00:00 ubuntu sudo: pam_unix(sudo:session): session opened for user root(uid=0) by hermes(uid=1000)
2026-09-06T07:37:31.904422+00:00 ubuntu sudo: pam_unix(sudo:session): session closed for user root
2026-09-06T07:37:31.915631+00:00 ubuntu sudo: hermes : PWD=/home/hermes ; USER=root ; COMMAND=/usr/bin/python3 -
2026-09-06T07:37:31.916251+00:00 ubuntu sudo: pam_unix(sudo:session): session opened for user root(uid=0) by hermes(uid=1000)
2026-09-06T07:37:31.940453+00:00 ubuntu sudo: pam_unix(sudo:session): session closed for user root
2026-09-06T07:37:32.005278+00:00 ubuntu sshd[914073]: Failed password for invalid user admin from 103.123.53.88 port 49484 ssh2
2026-09-06T07:37:32.720512+00:00 ubuntu sshd[914432]: Invalid user agentsolutionsmallorca from 192.253.248.222 port 47570
2026-09-06T07:37:32.735288+00:00 ubuntu sshd[914432]: pam_unix(sshd:auth): check pass; user unknown
2026-09-06T07:37:32.735391+00:00 ubuntu sshd[914432]: pam_unix(sshd:auth): authentication failure; logname= uid=0 euid=0 tty=ssh ruser= rhost=192.253.248.222
2026-09-06T07:37:33.251112+00:00 ubuntu sshd[914073]: Received disconnect from 103.123.53.88 port 49484:11: Bye Bye [preauth]
2026-09-06T07:37:33.251245+00:00 ubuntu sshd[914073]: Disconnected from invalid user admin 103.123.53.88 port 49484 [preauth]
2026-09-06T07:37:34.476249+00:00 ubuntu sshd[914432]: Failed password for invalid user agentsolutionsmallorca from 192.253.248.222 port 47570 ssh2
2026-09-06T07:37:34.963990+00:00 ubuntu sshd[914432]: Connection closed by invalid user agentsolutionsmallorca 192.253.248.222 port 47570 [preauth]
2026-09-06T07:37:41.651172+00:00 ubuntu sudo: hermes : PWD=/home/hermes ; USER=root ; COMMAND=/usr/bin/true
2026-09-06T07:37:41.651524+00:00 ubuntu sudo: pam_unix(sudo:session): session opened for user root(uid=0) by hermes(uid=1000)
2026-09-06T07:37:41.653168+00:00 ubuntu sudo: pam_unix(sudo:session): session closed for user root
2026-09-06T07:37:41.672359+00:00 ubuntu sudo: hermes : PWD=/home/hermes ; USER=root ; COMMAND=/usr/bin/env SMA_BRAND_CONFIG=/opt/struktur/brands/mallorca-airservices/config/brand.json python3 -
2026-09-06T07:37:41.672887+00:00 ubuntu sudo: pam_unix(sudo:session): session opened for user root(uid=0) by hermes(uid=1000)
2026-09-06T07:37:41.921593+00:00 ubuntu sudo: pam_unix(sudo:session): session closed for user root
2026-09-06T07:37:46.399249+00:00 ubuntu sudo: hermes : PWD=/home/hermes ; USER=root ; COMMAND=/usr/bin/true
2026-09-06T07:37:46.399848+00:00 ubuntu sudo: pam_unix(sudo:session): session opened for user root(uid=0) by hermes(uid=1000)
2026-09-06T07:37:46.401512+00:00 ubuntu sudo: pam_unix(sudo:session): session closed for user root
2026-09-06T07:37:46.418986+00:00 ubuntu sudo: hermes : PWD=/home/hermes ; USER=root ; COMMAND=/usr/bin/env SMA_BRAND_CONFIG=/opt/struktur/brands/mallorca-airservices/config/brand.json pytest -q /opt/struktur/social-media-agent/test_visual_template_guard.py /opt/struktur/social-media-agent/test_content_media_semantics.py /opt/struktur/social-media-agent/test_publish_ready.py
2026-09-06T07:37:46.419481+00:00 ubuntu sudo: pam_unix(sudo:session): session opened for user root(uid=0) by hermes(uid=1000)
2026-09-06T07:37:46.869412+00:00 ubuntu sudo: pam_unix(sudo:session): session closed for user root
2026-09-06T07:37:50.371728+00:00 ubuntu sudo: hermes : PWD=/home/hermes ; USER=root ; COMMAND=/usr/bin/true
2026-09-06T07:37:50.372309+00:00 ubuntu sudo: pam_unix(sudo:session): session opened for user root(uid=0) by hermes(uid=1000)
2026-09-06T07:37:50.373429+00:00 ubuntu sudo: pam_unix(sudo:session): session closed for user root
2026-09-06T07:37:50.392896+00:00 ubuntu sudo: hermes : PWD=/home/hermes ; USER=root ; COMMAND=/usr/bin/env SMA_BRAND_CONFIG=/opt/struktur/brands/mallorca-airservices/config/brand.json pytest -q /opt/struktur/social-media-agent
2026-09-06T07:37:50.393674+00:00 ubuntu sudo: pam_unix(sudo:session): session opened for user root(uid=0) by hermes(uid=1000)
2026-09-06T07:37:52.109600+00:00 ubuntu sudo: pam_unix(sudo:session): session closed for user root
2026-09-06T07:37:56.629001+00:00 ubuntu sudo: hermes : PWD=/home/hermes ; USER=root ; COMMAND=/usr/bin/true
2026-09-06T07:37:56.629377+00:00 ubuntu sudo: pam_unix(sudo:session): session opened for user root(uid=0) by hermes(uid=1000)
2026-09-06T07:37:56.631397+00:00 ubuntu sudo: pam_unix(sudo:session): session closed for user root
2026-09-06T07:37:56.648216+00:00 ubuntu sudo: hermes : PWD=/home/hermes ; USER=root ; COMMAND=/usr/bin/git -c safe.directory=/opt/struktur/social-media-agent -C /opt/struktur/social-media-agent status --short
2026-09-06T07:37:56.648598+00:00 ubuntu sudo: pam_unix(sudo:session): session opened for user root(uid=0) by hermes(uid=1000)
2026-09-06T07:37:56.655913+00:00 ubuntu sudo: pam_unix(sudo:session): session closed for user root
2026-09-06T07:37:56.665549+00:00 ubuntu sudo: hermes : PWD=/home/hermes ; USER=root ; COMMAND=/usr/bin/git -c safe.directory=/opt/struktur/social-media-agent -C /opt/struktur/social-media-agent diff --stat
2026-09-06T07:37:56.666410+00:00 ubuntu sudo: pam_unix(sudo:session): session opened for user root(uid=0) by hermes(uid=1000)
2026-09-06T07:37:56.674634+00:00 ubuntu sudo: pam_unix(sudo:session): session closed for user root
2026-09-06T07:38:17.207597+00:00 ubuntu sshd[916326]: Invalid user admin1 from 171.25.158.47 port 43482
2026-09-06T07:38:17.209762+00:00 ubuntu sshd[916326]: pam_unix(sshd:auth): check pass; user unknown
2026-09-06T07:38:17.209846+00:00 ubuntu sshd[916326]: pam_unix(sshd:auth): authentication failure; logname= uid=0 euid=0 tty=ssh ruser= rhost=171.25.158.47
2026-09-06T07:38:18.794959+00:00 ubuntu sshd[916326]: Failed password for invalid user admin1 from 171.25.158.47 port 43482 ssh2
2026-09-06T07:38:19.222737+00:00 ubuntu sshd[915865]: pam_unix(sshd:auth): authentication failure; logname= uid=0 euid=0 tty=ssh ruser= rhost=120.48.90.166 user=root
2026-09-06T07:38:19.524907+00:00 ubuntu sshd[916326]: Received disconnect from 171.25.158.47 port 43482:11: Bye Bye [preauth]
2026-09-06T07:38:19.525030+00:00 ubuntu sshd[916326]: Disconnected from invalid user admin1 171.25.158.47 port 43482 [preauth]
2026-09-06T07:38:20.034251+00:00 ubuntu sudo: hermes : PWD=/home/hermes ; USER=root ; COMMAND=/usr/bin/true
2026-09-06T07:38:20.035341+00:00 ubuntu sudo: pam_unix(sudo:session): session opened for user root(uid=0) by hermes(uid=1000)
2026-09-06T07:38:20.037012+00:00 ubuntu sudo: pam_unix(sudo:session): session closed for user root
2026-09-06T07:38:20.056807+00:00 ubuntu sudo: hermes : PWD=/home/hermes ; USER=root ; COMMAND=/usr/bin/cp /home/hermes/test_media_source_policy.py /opt/struktur/social-media-agent/test_media_source_policy.py
2026-09-06T07:38:20.057498+00:00 ubuntu sudo: pam_unix(sudo:session): session opened for user root(uid=0) by hermes(uid=1000)
2026-09-06T07:38:20.061826+00:00 ubuntu sudo: pam_unix(sudo:session): session closed for user root
2026-09-06T07:38:20.074185+00:00 ubuntu sudo: hermes : PWD=/home/hermes ; USER=root ; COMMAND=/usr/bin/env SMA_BRAND_CONFIG=/opt/struktur/brands/mallorca-airservices/config/brand.json pytest -q /opt/struktur/social-media-agent
2026-09-06T07:38:20.074999+00:00 ubuntu sudo: pam_unix(sudo:session): session opened for user root(uid=0) by hermes(uid=1000)
2026-09-06T07:38:21.419584+00:00 ubuntu sshd[915865]: Failed password for root from 120.48.90.166 port 50636 ssh2
2026-09-06T07:38:21.910923+00:00 ubuntu sudo: pam_unix(sudo:session): session closed for user root
2026-09-06T07:38:21.921066+00:00 ubuntu sudo: hermes : PWD=/home/hermes ; USER=root ; COMMAND=/usr/bin/git -c safe.directory=/opt/struktur/social-media-agent -C /opt/struktur/social-media-agent add app.py codex_image_adapter.py openai_image_adapter.py publish_ready.py templates/cockpit.html templates/pipeline_detail.html visual_render.py test_media_source_policy.py
2026-09-06T07:38:21.921480+00:00 ubuntu sudo: pam_unix(sudo:session): session opened for user root(uid=0) by hermes(uid=1000)
2026-09-06T07:38:21.934479+00:00 ubuntu sudo: pam_unix(sudo:session): session closed for user root
2026-09-06T07:38:21.945028+00:00 ubuntu sudo: hermes : PWD=/home/hermes ; USER=root ; COMMAND=/usr/bin/git -c safe.directory=/opt/struktur/social-media-agent -C /opt/struktur/social-media-agent commit -m 'Fail closed on free social media image generation'
2026-09-06T07:38:21.945522+00:00 ubuntu sudo: pam_unix(sudo:session): session opened for user root(uid=0) by hermes(uid=1000)
2026-09-06T07:38:21.960045+00:00 ubuntu sudo: pam_unix(sudo:session): session closed for user root
2026-09-06T07:38:22.558687+00:00 ubuntu sshd[915865]: Connection closed by authenticating user root 120.48.90.166 port 50636 [preauth]
2026-09-06T07:38:23.718085+00:00 ubuntu sshd[916537]: pam_unix(sshd:auth): authentication failure; logname= uid=0 euid=0 tty=ssh ruser= rhost=120.48.90.166 user=root
2026-09-06T07:38:25.127289+00:00 ubuntu sshd[916537]: Failed password for root from 120.48.90.166 port 43854 ssh2
2026-09-06T07:38:25.413483+00:00 ubuntu sshd[916537]: Connection closed by authenticating user root 120.48.90.166 port 43854 [preauth]
2026-09-06T07:38:29.447324+00:00 ubuntu sshd[916638]: pam_unix(sshd:auth): authentication failure; logname= uid=0 euid=0 tty=ssh ruser= rhost=120.48.90.166 user=root
2026-09-06T07:38:31.012376+00:00 ubuntu sshd[916638]: Failed password for root from 120.48.90.166 port 40656 ssh2
2026-09-06T07:38:31.708181+00:00 ubuntu sudo: hermes : PWD=/home/hermes ; USER=root ; COMMAND=/usr/bin/true
2026-09-06T07:38:31.708722+00:00 ubuntu sudo: pam_unix(sudo:session): session opened for user root(uid=0) by hermes(uid=1000)
2026-09-06T07:38:31.710100+00:00 ubuntu sudo: pam_unix(sudo:session): session closed for user root
2026-09-06T07:38:31.727617+00:00 ubuntu sudo: hermes : PWD=/home/hermes ; USER=root ; COMMAND=/usr/bin/git -c safe.directory=/opt/struktur/social-media-agent -C /opt/struktur/social-media-agent status --short
2026-09-06T07:38:31.728322+00:00 ubuntu sudo: pam_unix(sudo:session): session opened for user root(uid=0) by hermes(uid=1000)
2026-09-06T07:38:31.731580+00:00 ubuntu sudo: pam_unix(sudo:session): session closed for user root
2026-09-06T07:38:31.741145+00:00 ubuntu sudo: hermes : PWD=/home/hermes ; USER=root ; COMMAND=/usr/bin/python3 -
2026-09-06T07:38:31.741660+00:00 ubuntu sudo: pam_unix(sudo:session): session opened for user root(uid=0) by hermes(uid=1000)
2026-09-06T07:38:31.777717+00:00 ubuntu sudo: pam_unix(sudo:session): session closed for user root
2026-09-06T07:38:32.786165+00:00 ubuntu sshd[916638]: Connection closed by authenticating user root 120.48.90.166 port 40656 [preauth]
2026-09-06T07:38:36.845286+00:00 ubuntu sudo: hermes : PWD=/home/hermes ; USER=root ; COMMAND=/usr/bin/true
2026-09-06T07:38:36.845681+00:00 ubuntu sudo: pam_unix(sudo:session): session opened for user root(uid=0) by hermes(uid=1000)
2026-09-06T07:38:36.847499+00:00 ubuntu sudo: pam_unix(sudo:session): session closed for user root
2026-09-06T07:38:36.864012+00:00 ubuntu sudo: hermes : PWD=/home/hermes ; USER=root ; COMMAND=/usr/bin/python3 -
2026-09-06T07:38:36.864305+00:00 ubuntu sudo: pam_unix(sudo:session): session opened for user root(uid=0) by hermes(uid=1000)
2026-09-06T07:38:36.890623+00:00 ubuntu sudo: pam_unix(sudo:session): session closed for user root
2026-09-06T07:38:38.753650+00:00 ubuntu sshd[917066]: Invalid user qendrimellupo from 103.123.53.88 port 47288
2026-09-06T07:38:38.755733+00:00 ubuntu sshd[917066]: pam_unix(sshd:auth): check pass; user unknown
2026-09-06T07:38:38.755826+00:00 ubuntu sshd[917066]: pam_unix(sshd:auth): authentication failure; logname= uid=0 euid=0 tty=ssh ruser= rhost=103.123.53.88
2026-09-06T07:38:40.892716+00:00 ubuntu sshd[917066]: Failed password for invalid user qendrimellupo from 103.123.53.88 port 47288 ssh2
2026-09-06T07:38:42.922427+00:00 ubuntu sshd[917066]: Received disconnect from 103.123.53.88 port 47288:11: Bye Bye [preauth]
2026-09-06T07:38:42.922547+00:00 ubuntu sshd[917066]: Disconnected from invalid user qendrimellupo 103.123.53.88 port 47288 [preauth]
2026-09-06T07:39:13.012264+00:00 ubuntu sshd[918674]: pam_unix(sshd:auth): authentication failure; logname= uid=0 euid=0 tty=ssh ruser= rhost=45.148.10.152 user=root
2026-09-06T07:39:14.481850+00:00 ubuntu sshd[918674]: Failed password for root from 45.148.10.152 port 31548 ssh2
2026-09-06T07:39:17.036315+00:00 ubuntu sshd[918674]: Failed password for root from 45.148.10.152 port 31548 ssh2
2026-09-06T07:39:19.318136+00:00 ubuntu sshd[918674]: Failed password for root from 45.148.10.152 port 31548 ssh2
2026-09-06T07:39:19.997001+00:00 ubuntu sshd[918790]: pam_unix(sshd:auth): authentication failure; logname= uid=0 euid=0 tty=ssh ruser= rhost=171.25.158.47 user=root
2026-09-06T07:39:21.205720+00:00 ubuntu sshd[918674]: Failed password for root from 45.148.10.152 port 31548 ssh2
2026-09-06T07:39:21.762258+00:00 ubuntu sshd[918790]: Failed password for root from 171.25.158.47 port 57842 ssh2
2026-09-06T07:39:23.129683+00:00 ubuntu sshd[918790]: Received disconnect from 171.25.158.47 port 57842:11: Bye Bye [preauth]
2026-09-06T07:39:23.129914+00:00 ubuntu sshd[918790]: Disconnected from authenticating user root 171.25.158.47 port 57842 [preauth]
2026-09-06T07:39:24.823676+00:00 ubuntu sshd[918674]: Failed password for root from 45.148.10.152 port 31548 ssh2
2026-09-06T07:39:25.767657+00:00 ubuntu sshd[918674]: Connection reset by authenticating user root 45.148.10.152 port 31548 [preauth]
2026-09-06T07:39:25.768377+00:00 ubuntu sshd[918674]: PAM 4 more authentication failures; logname= uid=0 euid=0 tty=ssh ruser= rhost=45.148.10.152 user=root
2026-09-06T07:39:25.768447+00:00 ubuntu sshd[918674]: PAM service(sshd) ignoring max retries; 5 > 3
2026-09-06T07:39:48.508313+00:00 ubuntu sshd[919507]: Invalid user devtest from 103.123.53.88 port 39354
2026-09-06T07:39:48.510180+00:00 ubuntu sshd[919507]: pam_unix(sshd:auth): check pass; user unknown
2026-09-06T07:39:48.510250+00:00 ubuntu sshd[919507]: pam_unix(sshd:auth): authentication failure; logname= uid=0 euid=0 tty=ssh ruser= rhost=103.123.53.88
2026-09-06T07:39:50.591786+00:00 ubuntu sshd[919507]: Failed password for invalid user devtest from 103.123.53.88 port 39354 ssh2
2026-09-06T07:39:52.368449+00:00 ubuntu sshd[919507]: Received disconnect from 103.123.53.88 port 39354:11: Bye Bye [preauth]
2026-09-06T07:39:52.368590+00:00 ubuntu sshd[919507]: Disconnected from invalid user devtest 103.123.53.88 port 39354 [preauth]
2026-09-06T07:39:57.176938+00:00 ubuntu sshd[920217]: pam_unix(sshd:auth): authentication failure; logname= uid=0 euid=0 tty=ssh ruser= rhost=193.24.211.218 user=sshd
2026-09-06T07:39:59.158215+00:00 ubuntu sshd[920217]: Failed password for sshd from 193.24.211.218 port 51212 ssh2
2026-09-06T07:39:59.799853+00:00 ubuntu sshd[920217]: Received disconnect from 193.24.211.218 port 51212:11: Client disconnecting normally [preauth]
2026-09-06T07:39:59.799987+00:00 ubuntu sshd[920217]: Disconnected from authenticating user sshd 193.24.211.218 port 51212 [preauth]
2026-09-06T07:40:24.554001+00:00 ubuntu sshd[921160]: Invalid user root2 from 171.25.158.47 port 48856
2026-09-06T07:40:24.555932+00:00 ubuntu sshd[921160]: pam_unix(sshd:auth): check pass; user unknown
2026-09-06T07:40:24.556006+00:00 ubuntu sshd[921160]: pam_unix(sshd:auth): authentication failure; logname= uid=0 euid=0 tty=ssh ruser= rhost=171.25.158.47
2026-09-06T07:40:26.577659+00:00 ubuntu sshd[921160]: Failed password for invalid user root2 from 171.25.158.47 port 48856 ssh2
2026-09-06T07:40:27.594198+00:00 ubuntu sshd[921160]: Received disconnect from 171.25.158.47 port 48856:11: Bye Bye [preauth]
2026-09-06T07:40:27.594326+00:00 ubuntu sshd[921160]: Disconnected from invalid user root2 171.25.158.47 port 48856 [preauth]
2026-09-06T07:40:59.716293+00:00 ubuntu sshd[922806]: Invalid user test from 103.123.53.88 port 46154
2026-09-06T07:40:59.718482+00:00 ubuntu sshd[922806]: pam_unix(sshd:auth): check pass; user unknown
2026-09-06T07:40:59.718561+00:00 ubuntu sshd[922806]: pam_unix(sshd:auth): authentication failure; logname= uid=0 euid=0 tty=ssh ruser= rhost=103.123.53.88
2026-09-06T07:41:01.544579+00:00 ubuntu sshd[922806]: Failed password for invalid user test from 103.123.53.88 port 46154 ssh2
2026-09-06T07:41:02.942080+00:00 ubuntu sshd[922806]: Received disconnect from 103.123.53.88 port 46154:11: Bye Bye [preauth]
2026-09-06T07:41:02.942232+00:00 ubuntu sshd[922806]: Disconnected from invalid user test 103.123.53.88 port 46154 [preauth]
2026-09-06T07:41:23.905173+00:00 ubuntu sshd[923515]: Invalid user admin from 2.57.121.25 port 47736
2026-09-06T07:41:23.934264+00:00 ubuntu sshd[923515]: pam_unix(sshd:auth): check pass; user unknown
2026-09-06T07:41:23.934448+00:00 ubuntu sshd[923515]: pam_unix(sshd:auth): authentication failure; logname= uid=0 euid=0 tty=ssh ruser= rhost=2.57.121.25
2026-09-06T07:41:26.056438+00:00 ubuntu sshd[923515]: Failed password for invalid user admin from 2.57.121.25 port 47736 ssh2
2026-09-06T07:41:26.810105+00:00 ubuntu sshd[923515]: pam_unix(sshd:auth): check pass; user unknown
2026-09-06T07:41:28.344715+00:00 ubuntu sshd[923515]: Failed password for invalid user admin from 2.57.121.25 port 47736 ssh2
2026-09-06T07:41:29.687232+00:00 ubuntu sshd[923515]: pam_unix(sshd:auth): check pass; user unknown
2026-09-06T07:41:30.323928+00:00 ubuntu sshd[923639]: pam_unix(sshd:auth): authentication failure; logname= uid=0 euid=0 tty=ssh ruser= rhost=171.25.158.47 user=root
2026-09-06T07:41:31.633284+00:00 ubuntu sshd[923515]: Failed password for invalid user admin from 2.57.121.25 port 47736 ssh2
2026-09-06T07:41:32.405436+00:00 ubuntu sshd[923639]: Failed password for root from 171.25.158.47 port 37878 ssh2
2026-09-06T07:41:32.598469+00:00 ubuntu sshd[923515]: Connection closed by invalid user admin 2.57.121.25 port 47736 [preauth]
2026-09-06T07:41:32.599082+00:00 ubuntu sshd[923515]: PAM 2 more authentication failures; logname= uid=0 euid=0 tty=ssh ruser= rhost=2.57.121.25
2026-09-06T07:41:33.457454+00:00 ubuntu sshd[923639]: Received disconnect from 171.25.158.47 port 37878:11: Bye Bye [preauth]
2026-09-06T07:41:33.457600+00:00 ubuntu sshd[923639]: Disconnected from authenticating user root 171.25.158.47 port 37878 [preauth]
2026-09-06T07:41:58.119859+00:00 ubuntu sudo: hermes : PWD=/home/hermes ; USER=root ; COMMAND=/usr/bin/true
2026-09-06T07:41:58.120288+00:00 ubuntu sudo: pam_unix(sudo:session): session opened for user root(uid=0) by hermes(uid=1000)
2026-09-06T07:41:58.121862+00:00 ubuntu sudo: pam_unix(sudo:session): session closed for user root
2026-09-06T07:41:58.139298+00:00 ubuntu sudo: hermes : PWD=/home/hermes ; USER=root ; COMMAND=/usr/bin/python3 -
2026-09-06T07:41:58.140046+00:00 ubuntu sudo: pam_unix(sudo:session): session opened for user root(uid=0) by hermes(uid=1000)
2026-09-06T07:41:58.162998+00:00 ubuntu sudo: pam_unix(sudo:session): session closed for user root
2026-09-06T07:42:11.017588+00:00 ubuntu sshd[925477]: Invalid user work from 103.123.53.88 port 51992
2026-09-06T07:42:11.019188+00:00 ubuntu sshd[925477]: pam_unix(sshd:auth): check pass; user unknown
2026-09-06T07:42:11.019263+00:00 ubuntu sshd[925477]: pam_unix(sshd:auth): authentication failure; logname= uid=0 euid=0 tty=ssh ruser= rhost=103.123.53.88
2026-09-06T07:42:12.729951+00:00 ubuntu sshd[925477]: Failed password for invalid user work from 103.123.53.88 port 51992 ssh2
2026-09-06T07:42:13.579691+00:00 ubuntu sshd[925477]: Received disconnect from 103.123.53.88 port 51992:11: Bye Bye [preauth]
2026-09-06T07:42:13.579909+00:00 ubuntu sshd[925477]: Disconnected from invalid user work 103.123.53.88 port 51992 [preauth]
2026-09-06T07:42:34.901418+00:00 ubuntu sshd[926231]: Invalid user gaurav from 171.25.158.47 port 51478
2026-09-06T07:42:34.903317+00:00 ubuntu sshd[926231]: pam_unix(sshd:auth): check pass; user unknown
2026-09-06T07:42:34.903420+00:00 ubuntu sshd[926231]: pam_unix(sshd:auth): authentication failure; logname= uid=0 euid=0 tty=ssh ruser= rhost=171.25.158.47
2026-09-06T07:42:37.105490+00:00 ubuntu sshd[926231]: Failed password for invalid user gaurav from 171.25.158.47 port 51478 ssh2
2026-09-06T07:42:37.991680+00:00 ubuntu sshd[925942]: pam_unix(sshd:auth): authentication failure; logname= uid=0 euid=0 tty=ssh ruser= rhost=151.158.2.135 user=root
2026-09-06T07:42:38.702062+00:00 ubuntu sshd[926231]: Received disconnect from 171.25.158.47 port 51478:11: Bye Bye [preauth]
2026-09-06T07:42:38.702310+00:00 ubuntu sshd[926231]: Disconnected from invalid user gaurav 171.25.158.47 port 51478 [preauth]
2026-09-06T07:42:39.270167+00:00 ubuntu sshd[925942]: Failed password for root from 151.158.2.135 port 50236 ssh2
2026-09-06T07:42:42.538503+00:00 ubuntu sshd[925942]: Connection closed by authenticating user root 151.158.2.135 port 50236 [preauth]
2026-09-06T07:42:42.606187+00:00 ubuntu sshd[926345]: Invalid user admin from 193.46.255.86 port 11986
2026-09-06T07:42:42.634613+00:00 ubuntu sshd[926345]: Failed none for invalid user admin from 193.46.255.86 port 11986 ssh2
2026-09-06T07:42:42.669908+00:00 ubuntu sshd[926345]: pam_unix(sshd:auth): check pass; user unknown
2026-09-06T07:42:42.669973+00:00 ubuntu sshd[926345]: pam_unix(sshd:auth): authentication failure; logname= uid=0 euid=0 tty=ssh ruser= rhost=193.46.255.86
2026-09-06T07:42:44.636411+00:00 ubuntu sshd[926345]: Failed password for invalid user admin from 193.46.255.86 port 11986 ssh2
2026-09-06T07:42:45.545206+00:00 ubuntu sshd[926345]: pam_unix(sshd:auth): check pass; user unknown
2026-09-06T07:42:47.591633+00:00 ubuntu sshd[926345]: Failed password for invalid user admin from 193.46.255.86 port 11986 ssh2
2026-09-06T07:42:48.420920+00:00 ubuntu sshd[926345]: Connection closed by invalid user admin 193.46.255.86 port 11986 [preauth]
2026-09-06T07:42:48.421210+00:00 ubuntu sshd[926345]: PAM 1 more authentication failure; logname= uid=0 euid=0 tty=ssh ruser= rhost=193.46.255.86
2026-09-06T07:43:06.123311+00:00 ubuntu sudo: hermes : PWD=/home/hermes ; USER=root ; COMMAND=/usr/bin/true
2026-09-06T07:43:06.123824+00:00 ubuntu sudo: pam_unix(sudo:session): session opened for user root(uid=0) by hermes(uid=1000)
2026-09-06T07:43:06.125955+00:00 ubuntu sudo: pam_unix(sudo:session): session closed for user root
2026-09-06T07:43:06.141135+00:00 ubuntu sudo: hermes : PWD=/home/hermes ; USER=root ; COMMAND=/usr/bin/cp /home/hermes/asset_matcher.py /opt/struktur/social-media-agent/asset_matcher.py
2026-09-06T07:43:06.141525+00:00 ubuntu sudo: pam_unix(sudo:session): session opened for user root(uid=0) by hermes(uid=1000)
2026-09-06T07:43:06.143416+00:00 ubuntu sudo: pam_unix(sudo:session): session closed for user root
2026-09-06T07:43:06.150739+00:00 ubuntu sudo: hermes : PWD=/home/hermes ; USER=root ; COMMAND=/usr/bin/python3 -
2026-09-06T07:43:06.151405+00:00 ubuntu sudo: pam_unix(sudo:session): session opened for user root(uid=0) by hermes(uid=1000)
2026-09-06T07:43:06.175788+00:00 ubuntu sudo: pam_unix(sudo:session): session closed for user root
2026-09-06T07:43:06.185743+00:00 ubuntu sudo: hermes : PWD=/home/hermes ; USER=root ; COMMAND=/usr/bin/python3 -m py_compile /opt/struktur/social-media-agent/asset_matcher.py /opt/struktur/social-media-agent/app.py
2026-09-06T07:43:06.186286+00:00 ubuntu sudo: pam_unix(sudo:session): session opened for user root(uid=0) by hermes(uid=1000)
2026-09-06T07:43:06.230161+00:00 ubuntu sudo: pam_unix(sudo:session): session closed for user root
2026-09-06T07:43:11.674789+00:00 ubuntu sudo: hermes : PWD=/home/hermes ; USER=root ; COMMAND=/usr/bin/true
2026-09-06T07:43:11.675879+00:00 ubuntu sudo: pam_unix(sudo:session): session opened for user root(uid=0) by hermes(uid=1000)
2026-09-06T07:43:11.676438+00:00 ubuntu sudo: pam_unix(sudo:session): session closed for user root
2026-09-06T07:43:11.693884+00:00 ubuntu sudo: hermes : PWD=/home/hermes ; USER=root ; COMMAND=/usr/bin/python3 -
2026-09-06T07:43:11.694293+00:00 ubuntu sudo: pam_unix(sudo:session): session opened for user root(uid=0) by hermes(uid=1000)
2026-09-06T07:43:11.797052+00:00 ubuntu sudo: pam_unix(sudo:session): session closed for user root
2026-09-06T07:43:20.514398+00:00 ubuntu sshd[928163]: Invalid user foundry from 103.123.53.88 port 41336
2026-09-06T07:43:20.516211+00:00 ubuntu sshd[928163]: pam_unix(sshd:auth): check pass; user unknown
2026-09-06T07:43:20.516289+00:00 ubuntu sshd[928163]: pam_unix(sshd:auth): authentication failure; logname= uid=0 euid=0 tty=ssh ruser= rhost=103.123.53.88
2026-09-06T07:43:22.367167+00:00 ubuntu sshd[928163]: Failed password for invalid user foundry from 103.123.53.88 port 41336 ssh2
2026-09-06T07:43:24.360746+00:00 ubuntu sshd[928163]: Received disconnect from 103.123.53.88 port 41336:11: Bye Bye [preauth]
2026-09-06T07:43:24.360927+00:00 ubuntu sshd[928163]: Disconnected from invalid user foundry 103.123.53.88 port 41336 [preauth]
2026-09-06T07:43:26.916023+00:00 ubuntu sudo: hermes : PWD=/home/hermes ; USER=root ; COMMAND=/usr/bin/true
2026-09-06T07:43:26.916451+00:00 ubuntu sudo: pam_unix(sudo:session): session opened for user root(uid=0) by hermes(uid=1000)
2026-09-06T07:43:26.917546+00:00 ubuntu sudo: pam_unix(sudo:session): session closed for user root
2026-09-06T07:43:26.935557+00:00 ubuntu sudo: hermes : PWD=/home/hermes ; USER=root ; COMMAND=/usr/bin/python3 -
2026-09-06T07:43:26.936152+00:00 ubuntu sudo: pam_unix(sudo:session): session opened for user root(uid=0) by hermes(uid=1000)
2026-09-06T07:43:26.963811+00:00 ubuntu sudo: pam_unix(sudo:session): session closed for user root
2026-09-06T07:43:26.972606+00:00 ubuntu sudo: hermes : PWD=/home/hermes ; USER=root ; COMMAND=/usr/bin/python3 -
2026-09-06T07:43:26.972946+00:00 ubuntu sudo: pam_unix(sudo:session): session opened for user root(uid=0) by hermes(uid=1000)
2026-09-06T07:43:27.046262+00:00 ubuntu sudo: pam_unix(sudo:session): session closed for user root
2026-09-06T07:43:36.868547+00:00 ubuntu sshd[928774]: pam_unix(sshd:auth): authentication failure; logname= uid=0 euid=0 tty=ssh ruser= rhost=171.25.158.47 user=root
2026-09-06T07:43:38.914175+00:00 ubuntu sshd[928774]: Failed password for root from 171.25.158.47 port 51566 ssh2
2026-09-06T07:43:39.999322+00:00 ubuntu sshd[928774]: Received disconnect from 171.25.158.47 port 51566:11: Bye Bye [preauth]
2026-09-06T07:43:39.999465+00:00 ubuntu sshd[928774]: Disconnected from authenticating user root 171.25.158.47 port 51566 [preauth]
2026-09-06T07:43:41.102073+00:00 ubuntu sudo: hermes : PWD=/home/hermes ; USER=root ; COMMAND=/usr/bin/true
2026-09-06T07:43:41.102607+00:00 ubuntu sudo: pam_unix(sudo:session): session opened for user root(uid=0) by hermes(uid=1000)
2026-09-06T07:43:41.104073+00:00 ubuntu sudo: pam_unix(sudo:session): session closed for user root
2026-09-06T07:43:41.126367+00:00 ubuntu sudo: hermes : PWD=/home/hermes ; USER=root ; COMMAND=/usr/bin/python3 -
2026-09-06T07:43:41.126889+00:00 ubuntu sudo: pam_unix(sudo:session): session opened for user root(uid=0) by hermes(uid=1000)
2026-09-06T07:43:41.156635+00:00 ubuntu sudo: pam_unix(sudo:session): session closed for user root
2026-09-06T07:43:41.165589+00:00 ubuntu sudo: hermes : PWD=/home/hermes ; USER=root ; COMMAND=/usr/bin/python3 -m py_compile /opt/struktur/social-media-agent/asset_matcher.py /opt/struktur/social-media-agent/app.py /opt/struktur/social-media-agent/visual_render.py /opt/struktur/social-media-agent/publish_ready.py
2026-09-06T07:43:41.165968+00:00 ubuntu sudo: pam_unix(sudo:session): session opened for user root(uid=0) by hermes(uid=1000)
2026-09-06T07:43:41.227515+00:00 ubuntu sudo: pam_unix(sudo:session): session closed for user root
2026-09-06T07:43:51.135564+00:00 ubuntu sudo: hermes : PWD=/home/hermes ; USER=root ; COMMAND=/usr/bin/true
2026-09-06T07:43:51.135901+00:00 ubuntu sudo: pam_unix(sudo:session): session opened for user root(uid=0) by hermes(uid=1000)
2026-09-06T07:43:51.137580+00:00 ubuntu sudo: pam_unix(sudo:session): session closed for user root
2026-09-06T07:43:51.155924+00:00 ubuntu sudo: hermes : PWD=/home/hermes ; USER=root ; COMMAND=/usr/bin/env SMA_BRAND_CONFIG=/opt/struktur/brands/mallorca-airservices/config/brand.json python3 -
2026-09-06T07:43:51.156551+00:00 ubuntu sudo: pam_unix(sudo:session): session opened for user root(uid=0) by hermes(uid=1000)
2026-09-06T07:43:51.408166+00:00 ubuntu sudo: pam_unix(sudo:session): session closed for user root
2026-09-06T07:43:51.417405+00:00 ubuntu sudo: hermes : PWD=/home/hermes ; USER=root ; COMMAND=/usr/bin/env SMA_BRAND_CONFIG=/opt/struktur/brands/mallorca-airservices/config/brand.json pytest -q /opt/struktur/social-media-agent
2026-09-06T07:43:51.417939+00:00 ubuntu sudo: pam_unix(sudo:session): session opened for user root(uid=0) by hermes(uid=1000)
2026-09-06T07:43:52.795622+00:00 ubuntu sudo: pam_unix(sudo:session): session closed for user root
2026-09-06T07:44:00.644387+00:00 ubuntu sshd[930135]: pam_unix(sshd:auth): authentication failure; logname= uid=0 euid=0 tty=ssh ruser= rhost=192.253.248.222 user=root
2026-09-06T07:44:02.319070+00:00 ubuntu sshd[930135]: Failed password for root from 192.253.248.222 port 45880 ssh2
2026-09-06T07:44:03.760224+00:00 ubuntu sshd[930135]: Connection closed by authenticating user root 192.253.248.222 port 45880 [preauth]
2026-09-06T07:44:07.489510+00:00 ubuntu sshd[929798]: pam_unix(sshd:auth): authentication failure; logname= uid=0 euid=0 tty=ssh ruser= rhost=20.106.172.62 user=root
2026-09-06T07:44:09.123948+00:00 ubuntu sshd[929798]: Failed password for root from 20.106.172.62 port 36762 ssh2
2026-09-06T07:44:11.997094+00:00 ubuntu sshd[929798]: Connection closed by authenticating user root 20.106.172.62 port 36762 [preauth]
2026-09-06T07:44:15.005289+00:00 ubuntu sudo: hermes : PWD=/home/hermes ; USER=root ; COMMAND=/usr/bin/true
2026-09-06T07:44:15.005707+00:00 ubuntu sudo: pam_unix(sudo:session): session opened for user root(uid=0) by hermes(uid=1000)
2026-09-06T07:44:15.007313+00:00 ubuntu sudo: pam_unix(sudo:session): session closed for user root
2026-09-06T07:44:15.024394+00:00 ubuntu sudo: hermes : PWD=/home/hermes ; USER=root ; COMMAND=/usr/bin/cp /home/hermes/test_media_source_policy.py /opt/struktur/social-media-agent/test_media_source_policy.py
2026-09-06T07:44:15.024725+00:00 ubuntu sudo: pam_unix(sudo:session): session opened for user root(uid=0) by hermes(uid=1000)
2026-09-06T07:44:15.027281+00:00 ubuntu sudo: pam_unix(sudo:session): session closed for user root
2026-09-06T07:44:15.036283+00:00 ubuntu sudo: hermes : PWD=/home/hermes ; USER=root ; COMMAND=/usr/bin/env SMA_BRAND_CONFIG=/opt/struktur/brands/mallorca-airservices/config/brand.json pytest -q /opt/struktur/social-media-agent
2026-09-06T07:44:15.036667+00:00 ubuntu sudo: pam_unix(sudo:session): session opened for user root(uid=0) by hermes(uid=1000)
2026-09-06T07:44:15.454092+00:00 ubuntu sshd[930625]: pam_unix(sshd:auth): authentication failure; logname= uid=0 euid=0 tty=ssh ruser= rhost=82.152.211.215 user=root
2026-09-06T07:44:15.454460+00:00 ubuntu sshd[930624]: Connection closed by 82.152.211.215 port 36644
2026-09-06T07:44:16.838783+00:00 ubuntu sudo: pam_unix(sudo:session): session closed for user root
2026-09-06T07:44:16.848401+00:00 ubuntu sudo: hermes : PWD=/home/hermes ; USER=root ; COMMAND=/usr/bin/git -c safe.directory=/opt/struktur/social-media-agent -C /opt/struktur/social-media-agent add app.py asset_matcher.py visual_render.py publish_ready.py templates/cockpit.html templates/pipeline_detail.html test_media_source_policy.py
2026-09-06T07:44:16.849171+00:00 ubuntu sudo: pam_unix(sudo:session): session opened for user root(uid=0) by hermes(uid=1000)
2026-09-06T07:44:16.856994+00:00 ubuntu sudo: pam_unix(sudo:session): session closed for user root
2026-09-06T07:44:16.865728+00:00 ubuntu sudo: hermes : PWD=/home/hermes ; USER=root ; COMMAND=/usr/bin/git -c safe.directory=/opt/struktur/social-media-agent -C /opt/struktur/social-media-agent commit -m 'Always select best eligible library asset'
2026-09-06T07:44:16.866147+00:00 ubuntu sudo: pam_unix(sudo:session): session opened for user root(uid=0) by hermes(uid=1000)
2026-09-06T07:44:16.876725+00:00 ubuntu sudo: pam_unix(sudo:session): session closed for user root
2026-09-06T07:44:17.520682+00:00 ubuntu sshd[930625]: Failed password for root from 82.152.211.215 port 36676 ssh2
2026-09-06T07:44:18.579689+00:00 ubuntu sshd[930625]: Connection closed by authenticating user root 82.152.211.215 port 36676 [preauth]
2026-09-06T07:44:18.642018+00:00 ubuntu sshd[930641]: pam_unix(sshd:auth): authentication failure; logname= uid=0 euid=0 tty=ssh ruser= rhost=45.148.10.141 user=root
2026-09-06T07:44:20.452064+00:00 ubuntu sshd[930641]: Failed password for root from 45.148.10.141 port 23974 ssh2
2026-09-06T07:44:23.409026+00:00 ubuntu sshd[930641]: Failed password for root from 45.148.10.141 port 23974 ssh2
2026-09-06T07:44:25.242073+00:00 ubuntu sudo: hermes : PWD=/home/hermes ; USER=root ; COMMAND=/usr/bin/true
2026-09-06T07:44:25.242326+00:00 ubuntu sudo: pam_unix(sudo:session): session opened for user root(uid=0) by hermes(uid=1000)
2026-09-06T07:44:25.243028+00:00 ubuntu sudo: pam_unix(sudo:session): session closed for user root
2026-09-06T07:44:25.259945+00:00 ubuntu sudo: hermes : PWD=/home/hermes ; USER=root ; COMMAND=/usr/bin/git -c safe.directory=/opt/struktur/social-media-agent -C /opt/struktur/social-media-agent status --short
2026-09-06T07:44:25.260316+00:00 ubuntu sudo: pam_unix(sudo:session): session opened for user root(uid=0) by hermes(uid=1000)
2026-09-06T07:44:25.263866+00:00 ubuntu sudo: pam_unix(sudo:session): session closed for user root
2026-09-06T07:44:25.272584+00:00 ubuntu sudo: hermes : PWD=/home/hermes ; USER=root ; COMMAND=/usr/bin/python3 -
2026-09-06T07:44:25.273017+00:00 ubuntu sudo: pam_unix(sudo:session): session opened for user root(uid=0) by hermes(uid=1000)
2026-09-06T07:44:25.310557+00:00 ubuntu sudo: pam_unix(sudo:session): session closed for user root
2026-09-06T07:44:27.031268+00:00 ubuntu sshd[930641]: Failed password for root from 45.148.10.141 port 23974 ssh2
2026-09-06T07:44:30.119283+00:00 ubuntu sshd[930641]: Failed password for root from 45.148.10.141 port 23974 ssh2
2026-09-06T07:44:30.278800+00:00 ubuntu sshd[931049]: Invalid user ftpupload from 103.123.53.88 port 44556
2026-09-06T07:44:30.280973+00:00 ubuntu sshd[931049]: pam_unix(sshd:auth): check pass; user unknown
2026-09-06T07:44:30.281114+00:00 ubuntu sshd[931049]: pam_unix(sshd:auth): authentication failure; logname= uid=0 euid=0 tty=ssh ruser= rhost=103.123.53.88
2026-09-06T07:44:31.740466+00:00 ubuntu sshd[931049]: Failed password for invalid user ftpupload from 103.123.53.88 port 44556 ssh2
2026-09-06T07:44:32.250531+00:00 ubuntu sshd[931049]: Received disconnect from 103.123.53.88 port 44556:11: Bye Bye [preauth]
2026-09-06T07:44:32.250704+00:00 ubuntu sshd[931049]: Disconnected from invalid user ftpupload 103.123.53.88 port 44556 [preauth]
2026-09-06T07:44:33.070624+00:00 ubuntu sshd[930641]: Failed password for root from 45.148.10.141 port 23974 ssh2
2026-09-06T07:44:34.595333+00:00 ubuntu sshd[930641]: Connection reset by authenticating user root 45.148.10.141 port 23974 [preauth]
2026-09-06T07:44:34.595491+00:00 ubuntu sshd[930641]: PAM 4 more authentication failures; logname= uid=0 euid=0 tty=ssh ruser= rhost=45.148.10.141 user=root
2026-09-06T07:44:34.595553+00:00 ubuntu sshd[930641]: PAM service(sshd) ignoring max retries; 5 > 3
2026-09-06T07:44:35.658131+00:00 ubuntu sshd[931264]: Accepted publickey for hermes from 194.127.158.218 port 47014 ssh2: ED25519 SHA256:ynwxhWvWc4Fvm+vwFL2Yn0COHTvU9jbVCzXwZo17TRE
2026-09-06T07:44:35.659797+00:00 ubuntu sshd[931264]: pam_unix(sshd:session): session opened for user hermes(uid=1000) by hermes(uid=0)
2026-09-06T07:44:35.663969+00:00 ubuntu systemd-logind[869]: New session 67634 of user hermes.
2026-09-06T07:44:36.277518+00:00 ubuntu sshd[931398]: Received disconnect from 194.127.158.218 port 47014:11: disconnected by user
2026-09-06T07:44:36.277844+00:00 ubuntu sshd[931398]: Disconnected from user hermes 194.127.158.218 port 47014
2026-09-06T07:44:36.278332+00:00 ubuntu sshd[931264]: pam_unix(sshd:session): session closed for user hermes
2026-09-06T07:44:36.282869+00:00 ubuntu systemd-logind[869]: Session 67634 logged out. Waiting for processes to exit.
2026-09-06T07:44:36.283788+00:00 ubuntu systemd-logind[869]: Removed session 67634.
2026-09-06T07:44:36.897600+00:00 ubuntu sshd[931401]: Accepted publickey for hermes from 194.127.158.218 port 47452 ssh2: ED25519 SHA256:ynwxhWvWc4Fvm+vwFL2Yn0COHTvU9jbVCzXwZo17TRE
2026-09-06T07:44:36.899745+00:00 ubuntu sshd[931401]: pam_unix(sshd:session): session opened for user hermes(uid=1000) by hermes(uid=0)
2026-09-06T07:44:36.904120+00:00 ubuntu systemd-logind[869]: New session 67635 of user hermes.
2026-09-06T07:44:37.195312+00:00 ubuntu sshd[931449]: Received disconnect from 194.127.158.218 port 47452:11: disconnected by user
2026-09-06T07:44:37.195450+00:00 ubuntu sshd[931449]: Disconnected from user hermes 194.127.158.218 port 47452
2026-09-06T07:44:37.195984+00:00 ubuntu sshd[931401]: pam_unix(sshd:session): session closed for user hermes
2026-09-06T07:44:37.199858+00:00 ubuntu systemd-logind[869]: Session 67635 logged out. Waiting for processes to exit.
2026-09-06T07:44:37.200806+00:00 ubuntu systemd-logind[869]: Removed session 67635.
2026-09-06T07:44:37.750441+00:00 ubuntu sshd[931452]: Accepted publickey for hermes from 194.127.158.218 port 46467 ssh2: ED25519 SHA256:ynwxhWvWc4Fvm+vwFL2Yn0COHTvU9jbVCzXwZo17TRE
2026-09-06T07:44:37.752281+00:00 ubuntu sshd[931452]: pam_unix(sshd:session): session opened for user hermes(uid=1000) by hermes(uid=0)
2026-09-06T07:44:37.756232+00:00 ubuntu systemd-logind[869]: New session 67636 of user hermes.
2026-09-06T07:44:38.040413+00:00 ubuntu sshd[931500]: Received disconnect from 194.127.158.218 port 46467:11: disconnected by user
2026-09-06T07:44:38.040561+00:00 ubuntu sshd[931500]: Disconnected from user hermes 194.127.158.218 port 46467
2026-09-06T07:44:38.041274+00:00 ubuntu sshd[931452]: pam_unix(sshd:session): session closed for user hermes
2026-09-06T07:44:38.045834+00:00 ubuntu systemd-logind[869]: Session 67636 logged out. Waiting for processes to exit.
2026-09-06T07:44:38.049396+00:00 ubuntu systemd-logind[869]: Removed session 67636.
2026-09-06T07:44:38.612881+00:00 ubuntu sshd[931505]: Accepted publickey for hermes from 194.127.158.218 port 46019 ssh2: ED25519 SHA256:ynwxhWvWc4Fvm+vwFL2Yn0COHTvU9jbVCzXwZo17TRE
2026-09-06T07:44:38.614569+00:00 ubuntu sshd[931505]: pam_unix(sshd:session): session opened for user hermes(uid=1000) by hermes(uid=0)
2026-09-06T07:44:38.618588+00:00 ubuntu systemd-logind[869]: New session 67637 of user hermes.
2026-09-06T07:44:38.909343+00:00 ubuntu sshd[931554]: Received disconnect from 194.127.158.218 port 46019:11: disconnected by user
2026-09-06T07:44:38.909511+00:00 ubuntu sshd[931554]: Disconnected from user hermes 194.127.158.218 port 46019
2026-09-06T07:44:38.910354+00:00 ubuntu sshd[931505]: pam_unix(sshd:session): session closed for user hermes
2026-09-06T07:44:38.914515+00:00 ubuntu systemd-logind[869]: Session 67637 logged out. Waiting for processes to exit.
2026-09-06T07:44:38.915465+00:00 ubuntu systemd-logind[869]: Removed session 67637.
2026-09-06T07:44:39.511351+00:00 ubuntu sshd[931556]: Accepted publickey for hermes from 194.127.158.218 port 47532 ssh2: ED25519 SHA256:ynwxhWvWc4Fvm+vwFL2Yn0COHTvU9jbVCzXwZo17TRE
2026-09-06T07:44:39.513604+00:00 ubuntu sshd[931556]: pam_unix(sshd:session): session opened for user hermes(uid=1000) by hermes(uid=0)
2026-09-06T07:44:39.517666+00:00 ubuntu systemd-logind[869]: New session 67638 of user hermes.
2026-09-06T07:44:39.831404+00:00 ubuntu sshd[931604]: Received disconnect from 194.127.158.218 port 47532:11: disconnected by user
2026-09-06T07:44:39.831553+00:00 ubuntu sshd[931604]: Disconnected from user hermes 194.127.158.218 port 47532
2026-09-06T07:44:39.831989+00:00 ubuntu sshd[931556]: pam_unix(sshd:session): session closed for user hermes
2026-09-06T07:44:39.835850+00:00 ubuntu systemd-logind[869]: Session 67638 logged out. Waiting for processes to exit.
2026-09-06T07:44:39.836818+00:00 ubuntu systemd-logind[869]: Removed session 67638.
2026-09-06T07:44:39.988608+00:00 ubuntu sshd[931608]: Invalid user misha from 171.25.158.47 port 49200
2026-09-06T07:44:39.990408+00:00 ubuntu sshd[931608]: pam_unix(sshd:auth): check pass; user unknown
2026-09-06T07:44:39.990474+00:00 ubuntu sshd[931608]: pam_unix(sshd:auth): authentication failure; logname= uid=0 euid=0 tty=ssh ruser= rhost=171.25.158.47
2026-09-06T07:44:40.400710+00:00 ubuntu sshd[931610]: Accepted publickey for hermes from 194.127.158.218 port 46475 ssh2: ED25519 SHA256:ynwxhWvWc4Fvm+vwFL2Yn0COHTvU9jbVCzXwZo17TRE
2026-09-06T07:44:40.402375+00:00 ubuntu sshd[931610]: pam_unix(sshd:session): session opened for user hermes(uid=1000) by hermes(uid=0)
2026-09-06T07:44:40.406096+00:00 ubuntu systemd-logind[869]: New session 67639 of user hermes.
2026-09-06T07:44:40.704420+00:00 ubuntu sshd[931736]: Received disconnect from 194.127.158.218 port 46475:11: disconnected by user
2026-09-06T07:44:40.704565+00:00 ubuntu sshd[931736]: Disconnected from user hermes 194.127.158.218 port 46475
2026-09-06T07:44:40.705075+00:00 ubuntu sshd[931610]: pam_unix(sshd:session): session closed for user hermes
2026-09-06T07:44:40.709427+00:00 ubuntu systemd-logind[869]: Session 67639 logged out. Waiting for processes to exit.
2026-09-06T07:44:40.710441+00:00 ubuntu systemd-logind[869]: Removed session 67639.
