2026-09-06T08:04:24.397551+00:00 ubuntu sshd[986483]: Invalid user vpn from 171.25.158.47 port 60790
2026-09-06T08:04:24.399596+00:00 ubuntu sshd[986483]: pam_unix(sshd:auth): check pass; user unknown
2026-09-06T08:04:24.399668+00:00 ubuntu sshd[986483]: pam_unix(sshd:auth): authentication failure; logname= uid=0 euid=0 tty=ssh ruser= rhost=171.25.158.47
2026-09-06T08:04:26.777164+00:00 ubuntu sshd[986483]: Failed password for invalid user vpn from 171.25.158.47 port 60790 ssh2
2026-09-06T08:04:27.359283+00:00 ubuntu sshd[986483]: Received disconnect from 171.25.158.47 port 60790:11: Bye Bye [preauth]
2026-09-06T08:04:27.359401+00:00 ubuntu sshd[986483]: Disconnected from invalid user vpn 171.25.158.47 port 60790 [preauth]
2026-09-06T08:04:31.828012+00:00 ubuntu sudo: hermes : PWD=/home/hermes ; USER=root ; COMMAND=/usr/bin/true
2026-09-06T08:04:31.828416+00:00 ubuntu sudo: pam_unix(sudo:session): session opened for user root(uid=0) by hermes(uid=1000)
2026-09-06T08:04:31.830294+00:00 ubuntu sudo: pam_unix(sudo:session): session closed for user root
2026-09-06T08:04:31.847841+00:00 ubuntu sudo: hermes : PWD=/home/hermes ; USER=root ; COMMAND=/usr/bin/python3 -
2026-09-06T08:04:31.848291+00:00 ubuntu sudo: pam_unix(sudo:session): session opened for user root(uid=0) by hermes(uid=1000)
2026-09-06T08:04:31.882078+00:00 ubuntu sudo: pam_unix(sudo:session): session closed for user root
2026-09-06T08:04:35.886809+00:00 ubuntu sshd[986995]: pam_unix(sshd:auth): authentication failure; logname= uid=0 euid=0 tty=ssh ruser= rhost=45.148.10.141 user=root
2026-09-06T08:04:37.960833+00:00 ubuntu sshd[986609]: Invalid user user from 120.48.90.166 port 52490
2026-09-06T08:04:38.108396+00:00 ubuntu sshd[986995]: Failed password for root from 45.148.10.141 port 48190 ssh2
2026-09-06T08:04:38.140970+00:00 ubuntu sshd[986609]: pam_unix(sshd:auth): check pass; user unknown
2026-09-06T08:04:38.141174+00:00 ubuntu sshd[986609]: pam_unix(sshd:auth): authentication failure; logname= uid=0 euid=0 tty=ssh ruser= rhost=120.48.90.166
2026-09-06T08:04:40.106743+00:00 ubuntu sshd[986609]: Failed password for invalid user user from 120.48.90.166 port 52490 ssh2
2026-09-06T08:04:40.415875+00:00 ubuntu sshd[986609]: Connection closed by invalid user user 120.48.90.166 port 52490 [preauth]
2026-09-06T08:04:41.195392+00:00 ubuntu sshd[986995]: Failed password for root from 45.148.10.141 port 48190 ssh2
2026-09-06T08:04:41.381917+00:00 ubuntu sudo: hermes : PWD=/home/hermes ; USER=root ; COMMAND=/usr/bin/true
2026-09-06T08:04:41.382378+00:00 ubuntu sudo: pam_unix(sudo:session): session opened for user root(uid=0) by hermes(uid=1000)
2026-09-06T08:04:41.383901+00:00 ubuntu sudo: pam_unix(sudo:session): session closed for user root
2026-09-06T08:04:41.401165+00:00 ubuntu sudo: hermes : PWD=/home/hermes ; USER=root ; COMMAND=/usr/bin/cp /home/hermes/asset_matcher.py /opt/struktur/social-media-agent/asset_matcher.py
2026-09-06T08:04:41.401855+00:00 ubuntu sudo: pam_unix(sudo:session): session opened for user root(uid=0) by hermes(uid=1000)
2026-09-06T08:04:41.404006+00:00 ubuntu sudo: pam_unix(sudo:session): session closed for user root
2026-09-06T08:04:41.412258+00:00 ubuntu sudo: hermes : PWD=/home/hermes ; USER=root ; COMMAND=/usr/bin/env SMA_BRAND_CONFIG=/opt/struktur/brands/mallorca-airservices/config/brand.json pytest -q /opt/struktur/social-media-agent/test_media_source_policy.py /opt/struktur/social-media-agent/test_content_media_semantics.py
2026-09-06T08:04:41.412685+00:00 ubuntu sudo: pam_unix(sudo:session): session opened for user root(uid=0) by hermes(uid=1000)
2026-09-06T08:04:41.882823+00:00 ubuntu sudo: pam_unix(sudo:session): session closed for user root
2026-09-06T08:04:41.891991+00:00 ubuntu sudo: hermes : PWD=/home/hermes ; USER=root ; COMMAND=/usr/bin/git -c safe.directory=/opt/struktur/social-media-agent -C /opt/struktur/social-media-agent add asset_matcher.py
2026-09-06T08:04:41.892556+00:00 ubuntu sudo: pam_unix(sudo:session): session opened for user root(uid=0) by hermes(uid=1000)
2026-09-06T08:04:41.896640+00:00 ubuntu sudo: pam_unix(sudo:session): session closed for user root
2026-09-06T08:04:41.905935+00:00 ubuntu sudo: hermes : PWD=/home/hermes ; USER=root ; COMMAND=/usr/bin/git -c safe.directory=/opt/struktur/social-media-agent -C /opt/struktur/social-media-agent commit -m 'Show unrounded comparative match scores'
2026-09-06T08:04:41.906368+00:00 ubuntu sudo: pam_unix(sudo:session): session opened for user root(uid=0) by hermes(uid=1000)
2026-09-06T08:04:41.914129+00:00 ubuntu sudo: pam_unix(sudo:session): session closed for user root
2026-09-06T08:04:44.478133+00:00 ubuntu sshd[986995]: Failed password for root from 45.148.10.141 port 48190 ssh2
2026-09-06T08:04:45.600160+00:00 ubuntu sshd[987273]: Invalid user user from 120.48.90.166 port 46946
2026-09-06T08:04:45.774389+00:00 ubuntu sshd[987273]: pam_unix(sshd:auth): check pass; user unknown
2026-09-06T08:04:45.774522+00:00 ubuntu sshd[987273]: pam_unix(sshd:auth): authentication failure; logname= uid=0 euid=0 tty=ssh ruser= rhost=120.48.90.166
2026-09-06T08:04:47.430431+00:00 ubuntu sshd[986995]: Failed password for root from 45.148.10.141 port 48190 ssh2
2026-09-06T08:04:47.700018+00:00 ubuntu sshd[987273]: Failed password for invalid user user from 120.48.90.166 port 46946 ssh2
2026-09-06T08:04:48.041595+00:00 ubuntu sshd[987273]: Connection closed by invalid user user 120.48.90.166 port 46946 [preauth]
2026-09-06T08:04:49.567617+00:00 ubuntu sshd[987398]: Invalid user user from 120.48.90.166 port 39764
2026-09-06T08:04:49.812574+00:00 ubuntu sshd[987398]: pam_unix(sshd:auth): check pass; user unknown
2026-09-06T08:04:49.812701+00:00 ubuntu sshd[987398]: pam_unix(sshd:auth): authentication failure; logname= uid=0 euid=0 tty=ssh ruser= rhost=120.48.90.166
2026-09-06T08:04:50.720283+00:00 ubuntu sshd[986995]: Failed password for root from 45.148.10.141 port 48190 ssh2
2026-09-06T08:04:51.835255+00:00 ubuntu sshd[986995]: Connection reset by authenticating user root 45.148.10.141 port 48190 [preauth]
2026-09-06T08:04:51.835548+00:00 ubuntu sshd[986995]: PAM 4 more authentication failures; logname= uid=0 euid=0 tty=ssh ruser= rhost=45.148.10.141 user=root
2026-09-06T08:04:51.835624+00:00 ubuntu sshd[986995]: PAM service(sshd) ignoring max retries; 5 > 3
2026-09-06T08:04:51.954251+00:00 ubuntu sshd[987398]: Failed password for invalid user user from 120.48.90.166 port 39764 ssh2
2026-09-06T08:04:52.156684+00:00 ubuntu sudo: hermes : PWD=/home/hermes ; USER=root ; COMMAND=/usr/bin/true
2026-09-06T08:04:52.157278+00:00 ubuntu sudo: pam_unix(sudo:session): session opened for user root(uid=0) by hermes(uid=1000)
2026-09-06T08:04:52.158293+00:00 ubuntu sudo: pam_unix(sudo:session): session closed for user root
2026-09-06T08:04:52.175288+00:00 ubuntu sudo: hermes : PWD=/home/hermes ; USER=root ; COMMAND=/usr/bin/systemctl restart social-media-agent.service
2026-09-06T08:04:52.175831+00:00 ubuntu sudo: pam_unix(sudo:session): session opened for user root(uid=0) by hermes(uid=1000)
2026-09-06T08:04:52.210254+00:00 ubuntu sudo: pam_unix(sudo:session): session closed for user root
2026-09-06T08:04:55.970285+00:00 ubuntu sshd[987398]: Connection closed by invalid user user 120.48.90.166 port 39764 [preauth]
2026-09-06T08:05:01.649740+00:00 ubuntu CRON[988606]: pam_unix(cron:session): session opened for user root(uid=0) by root(uid=0)
2026-09-06T08:05:01.653397+00:00 ubuntu CRON[988606]: pam_unix(cron:session): session closed for user root
2026-09-06T08:05:07.082971+00:00 ubuntu sshd[988325]: Invalid user user from 120.48.90.166 port 53268
2026-09-06T08:05:07.756278+00:00 ubuntu sshd[988325]: pam_unix(sshd:auth): check pass; user unknown
2026-09-06T08:05:07.756414+00:00 ubuntu sshd[988325]: pam_unix(sshd:auth): authentication failure; logname= uid=0 euid=0 tty=ssh ruser= rhost=120.48.90.166
2026-09-06T08:05:09.702426+00:00 ubuntu sshd[988325]: Failed password for invalid user user from 120.48.90.166 port 53268 ssh2
2026-09-06T08:05:10.348930+00:00 ubuntu sshd[988799]: Invalid user sshuser from 103.123.53.88 port 54644
2026-09-06T08:05:10.350796+00:00 ubuntu sshd[988799]: pam_unix(sshd:auth): check pass; user unknown
2026-09-06T08:05:10.350868+00:00 ubuntu sshd[988799]: pam_unix(sshd:auth): authentication failure; logname= uid=0 euid=0 tty=ssh ruser= rhost=103.123.53.88
2026-09-06T08:05:10.499600+00:00 ubuntu sshd[988325]: Connection closed by invalid user user 120.48.90.166 port 53268 [preauth]
2026-09-06T08:05:12.376739+00:00 ubuntu sshd[988799]: Failed password for invalid user sshuser from 103.123.53.88 port 54644 ssh2
2026-09-06T08:05:12.688399+00:00 ubuntu sshd[988799]: Received disconnect from 103.123.53.88 port 54644:11: Bye Bye [preauth]
2026-09-06T08:05:12.688532+00:00 ubuntu sshd[988799]: Disconnected from invalid user sshuser 103.123.53.88 port 54644 [preauth]
2026-09-06T08:05:15.198105+00:00 ubuntu sshd[988859]: Invalid user user from 120.48.90.166 port 58254
2026-09-06T08:05:15.390150+00:00 ubuntu sshd[988859]: pam_unix(sshd:auth): check pass; user unknown
2026-09-06T08:05:15.390282+00:00 ubuntu sshd[988859]: pam_unix(sshd:auth): authentication failure; logname= uid=0 euid=0 tty=ssh ruser= rhost=120.48.90.166
2026-09-06T08:05:17.767834+00:00 ubuntu sshd[988859]: Failed password for invalid user user from 120.48.90.166 port 58254 ssh2
2026-09-06T08:05:20.230383+00:00 ubuntu sshd[988859]: Connection closed by invalid user user 120.48.90.166 port 58254 [preauth]
2026-09-06T08:05:29.803125+00:00 ubuntu sshd[989230]: Invalid user user from 120.48.90.166 port 50644
2026-09-06T08:05:29.996464+00:00 ubuntu sshd[989230]: pam_unix(sshd:auth): check pass; user unknown
2026-09-06T08:05:29.996596+00:00 ubuntu sshd[989230]: pam_unix(sshd:auth): authentication failure; logname= uid=0 euid=0 tty=ssh ruser= rhost=120.48.90.166
2026-09-06T08:05:31.962165+00:00 ubuntu sshd[989230]: Failed password for invalid user user from 120.48.90.166 port 50644 ssh2
2026-09-06T08:05:32.142697+00:00 ubuntu sshd[989653]: Invalid user botuser from 171.25.158.47 port 36352
2026-09-06T08:05:32.144473+00:00 ubuntu sshd[989653]: pam_unix(sshd:auth): check pass; user unknown
2026-09-06T08:05:32.144534+00:00 ubuntu sshd[989653]: pam_unix(sshd:auth): authentication failure; logname= uid=0 euid=0 tty=ssh ruser= rhost=171.25.158.47
2026-09-06T08:05:32.284602+00:00 ubuntu sshd[989230]: Connection closed by invalid user user 120.48.90.166 port 50644 [preauth]
2026-09-06T08:05:34.190526+00:00 ubuntu sshd[989653]: Failed password for invalid user botuser from 171.25.158.47 port 36352 ssh2
2026-09-06T08:05:34.713231+00:00 ubuntu sshd[989686]: Invalid user user from 120.48.90.166 port 60192
2026-09-06T08:05:35.172097+00:00 ubuntu sshd[989653]: Received disconnect from 171.25.158.47 port 36352:11: Bye Bye [preauth]
2026-09-06T08:05:35.172237+00:00 ubuntu sshd[989653]: Disconnected from invalid user botuser 171.25.158.47 port 36352 [preauth]
2026-09-06T08:05:35.361618+00:00 ubuntu sshd[989686]: pam_unix(sshd:auth): check pass; user unknown
2026-09-06T08:05:35.361744+00:00 ubuntu sshd[989686]: pam_unix(sshd:auth): authentication failure; logname= uid=0 euid=0 tty=ssh ruser= rhost=120.48.90.166
2026-09-06T08:05:37.152106+00:00 ubuntu sshd[989686]: Failed password for invalid user user from 120.48.90.166 port 60192 ssh2
2026-09-06T08:05:38.527545+00:00 ubuntu sshd[989686]: Connection closed by invalid user user 120.48.90.166 port 60192 [preauth]
2026-09-06T08:05:40.063245+00:00 ubuntu sshd[989872]: Invalid user user from 120.48.90.166 port 50076
2026-09-06T08:05:41.183686+00:00 ubuntu sshd[989872]: pam_unix(sshd:auth): check pass; user unknown
2026-09-06T08:05:41.183850+00:00 ubuntu sshd[989872]: pam_unix(sshd:auth): authentication failure; logname= uid=0 euid=0 tty=ssh ruser= rhost=120.48.90.166
2026-09-06T08:05:43.465499+00:00 ubuntu sshd[989872]: Failed password for invalid user user from 120.48.90.166 port 50076 ssh2
2026-09-06T08:05:45.556831+00:00 ubuntu sshd[989872]: Connection closed by invalid user user 120.48.90.166 port 50076 [preauth]
2026-09-06T08:05:56.090978+00:00 ubuntu sshd[990167]: Invalid user user from 120.48.90.166 port 60334
2026-09-06T08:05:57.186599+00:00 ubuntu sshd[990704]: Invalid user mallorca from 78.100.129.165 port 36266
2026-09-06T08:05:57.248084+00:00 ubuntu sshd[990167]: pam_unix(sshd:auth): check pass; user unknown
2026-09-06T08:05:57.248268+00:00 ubuntu sshd[990167]: pam_unix(sshd:auth): authentication failure; logname= uid=0 euid=0 tty=ssh ruser= rhost=120.48.90.166
2026-09-06T08:05:57.315342+00:00 ubuntu sshd[990704]: pam_unix(sshd:auth): check pass; user unknown
2026-09-06T08:05:57.315469+00:00 ubuntu sshd[990704]: pam_unix(sshd:auth): authentication failure; logname= uid=0 euid=0 tty=ssh ruser= rhost=78.100.129.165
2026-09-06T08:05:59.725443+00:00 ubuntu sshd[990167]: Failed password for invalid user user from 120.48.90.166 port 60334 ssh2
2026-09-06T08:05:59.792342+00:00 ubuntu sshd[990704]: Failed password for invalid user mallorca from 78.100.129.165 port 36266 ssh2
2026-09-06T08:06:00.721289+00:00 ubuntu sshd[990704]: Connection closed by invalid user mallorca 78.100.129.165 port 36266 [preauth]
2026-09-06T08:06:02.559433+00:00 ubuntu sshd[990167]: Connection closed by invalid user user 120.48.90.166 port 60334 [preauth]
2026-09-06T08:06:16.343940+00:00 ubuntu sshd[991391]: Invalid user user from 120.48.90.166 port 50998
2026-09-06T08:06:16.524088+00:00 ubuntu sshd[991391]: pam_unix(sshd:auth): check pass; user unknown
2026-09-06T08:06:16.524207+00:00 ubuntu sshd[991391]: pam_unix(sshd:auth): authentication failure; logname= uid=0 euid=0 tty=ssh ruser= rhost=120.48.90.166
2026-09-06T08:06:18.610505+00:00 ubuntu sshd[991391]: Failed password for invalid user user from 120.48.90.166 port 50998 ssh2
2026-09-06T08:06:20.331720+00:00 ubuntu sshd[991391]: Connection closed by invalid user user 120.48.90.166 port 50998 [preauth]
2026-09-06T08:06:23.442776+00:00 ubuntu sshd[991963]: Invalid user anderson from 103.123.53.88 port 41214
2026-09-06T08:06:23.444546+00:00 ubuntu sshd[991963]: pam_unix(sshd:auth): check pass; user unknown
2026-09-06T08:06:23.444646+00:00 ubuntu sshd[991963]: pam_unix(sshd:auth): authentication failure; logname= uid=0 euid=0 tty=ssh ruser= rhost=103.123.53.88
2026-09-06T08:06:25.491017+00:00 ubuntu sshd[991963]: Failed password for invalid user anderson from 103.123.53.88 port 41214 ssh2
2026-09-06T08:06:27.042497+00:00 ubuntu sshd[991963]: Received disconnect from 103.123.53.88 port 41214:11: Bye Bye [preauth]
2026-09-06T08:06:27.042622+00:00 ubuntu sshd[991963]: Disconnected from invalid user anderson 103.123.53.88 port 41214 [preauth]
2026-09-06T08:06:31.521590+00:00 ubuntu sshd[991877]: Invalid user user from 120.48.90.166 port 40522
2026-09-06T08:06:38.323811+00:00 ubuntu sshd[992604]: Invalid user guest from 171.25.158.47 port 41368
2026-09-06T08:06:38.325705+00:00 ubuntu sshd[992604]: pam_unix(sshd:auth): check pass; user unknown
2026-09-06T08:06:38.325820+00:00 ubuntu sshd[992604]: pam_unix(sshd:auth): authentication failure; logname= uid=0 euid=0 tty=ssh ruser= rhost=171.25.158.47
2026-09-06T08:06:40.556260+00:00 ubuntu sshd[991877]: pam_unix(sshd:auth): check pass; user unknown
2026-09-06T08:06:40.556384+00:00 ubuntu sshd[991877]: pam_unix(sshd:auth): authentication failure; logname= uid=0 euid=0 tty=ssh ruser= rhost=120.48.90.166
2026-09-06T08:06:41.099537+00:00 ubuntu sshd[992604]: Failed password for invalid user guest from 171.25.158.47 port 41368 ssh2
2026-09-06T08:06:42.602461+00:00 ubuntu sshd[991877]: Failed password for invalid user user from 120.48.90.166 port 40522 ssh2
2026-09-06T08:06:42.831889+00:00 ubuntu sshd[991877]: Connection closed by invalid user user 120.48.90.166 port 40522 [preauth]
2026-09-06T08:06:42.880188+00:00 ubuntu sshd[992604]: Received disconnect from 171.25.158.47 port 41368:11: Bye Bye [preauth]
2026-09-06T08:06:42.880303+00:00 ubuntu sshd[992604]: Disconnected from invalid user guest 171.25.158.47 port 41368 [preauth]
2026-09-06T08:06:49.300346+00:00 ubuntu sshd[992761]: Invalid user user from 120.48.90.166 port 52448
2026-09-06T08:06:50.004999+00:00 ubuntu sshd[992761]: pam_unix(sshd:auth): check pass; user unknown
2026-09-06T08:06:50.005135+00:00 ubuntu sshd[992761]: pam_unix(sshd:auth): authentication failure; logname= uid=0 euid=0 tty=ssh ruser= rhost=120.48.90.166
2026-09-06T08:06:52.758685+00:00 ubuntu sshd[992761]: Failed password for invalid user user from 120.48.90.166 port 52448 ssh2
2026-09-06T08:06:54.399989+00:00 ubuntu sshd[992761]: Connection closed by invalid user user 120.48.90.166 port 52448 [preauth]
2026-09-06T08:06:55.622499+00:00 ubuntu sshd[993247]: Invalid user admin from 193.24.211.218 port 20859
2026-09-06T08:06:55.624500+00:00 ubuntu sshd[993247]: pam_unix(sshd:auth): check pass; user unknown
2026-09-06T08:06:55.624583+00:00 ubuntu sshd[993247]: pam_unix(sshd:auth): authentication failure; logname= uid=0 euid=0 tty=ssh ruser= rhost=193.24.211.218
2026-09-06T08:06:56.670128+00:00 ubuntu sshd[993148]: Invalid user user from 120.48.90.166 port 49892
2026-09-06T08:06:56.873383+00:00 ubuntu sshd[993148]: pam_unix(sshd:auth): check pass; user unknown
2026-09-06T08:06:56.873498+00:00 ubuntu sshd[993148]: pam_unix(sshd:auth): authentication failure; logname= uid=0 euid=0 tty=ssh ruser= rhost=120.48.90.166
2026-09-06T08:06:57.730153+00:00 ubuntu sshd[993247]: Failed password for invalid user admin from 193.24.211.218 port 20859 ssh2
2026-09-06T08:06:58.504442+00:00 ubuntu sshd[993247]: Received disconnect from 193.24.211.218 port 20859:11: Client disconnecting normally [preauth]
2026-09-06T08:06:58.504598+00:00 ubuntu sshd[993247]: Disconnected from invalid user admin 193.24.211.218 port 20859 [preauth]
2026-09-06T08:06:59.115716+00:00 ubuntu sshd[993148]: Failed password for invalid user user from 120.48.90.166 port 49892 ssh2
2026-09-06T08:07:01.268165+00:00 ubuntu sshd[993148]: Connection closed by invalid user user 120.48.90.166 port 49892 [preauth]
2026-09-06T08:07:03.597254+00:00 ubuntu sshd[993991]: Invalid user user from 120.48.90.166 port 49898
2026-09-06T08:07:03.787144+00:00 ubuntu sshd[993991]: pam_unix(sshd:auth): check pass; user unknown
2026-09-06T08:07:03.787270+00:00 ubuntu sshd[993991]: pam_unix(sshd:auth): authentication failure; logname= uid=0 euid=0 tty=ssh ruser= rhost=120.48.90.166
2026-09-06T08:07:06.325241+00:00 ubuntu sshd[993991]: Failed password for invalid user user from 120.48.90.166 port 49898 ssh2
2026-09-06T08:07:08.166649+00:00 ubuntu sshd[993991]: Connection closed by invalid user user 120.48.90.166 port 49898 [preauth]
2026-09-06T08:07:12.858408+00:00 ubuntu sshd[994279]: Invalid user user from 120.48.90.166 port 35904
2026-09-06T08:07:13.062802+00:00 ubuntu sshd[994279]: pam_unix(sshd:auth): check pass; user unknown
2026-09-06T08:07:13.062977+00:00 ubuntu sshd[994279]: pam_unix(sshd:auth): authentication failure; logname= uid=0 euid=0 tty=ssh ruser= rhost=120.48.90.166
2026-09-06T08:07:15.641023+00:00 ubuntu sshd[994279]: Failed password for invalid user user from 120.48.90.166 port 35904 ssh2
2026-09-06T08:07:17.457546+00:00 ubuntu sshd[994279]: Connection closed by invalid user user 120.48.90.166 port 35904 [preauth]
2026-09-06T08:07:21.436031+00:00 ubuntu sshd[994551]: Invalid user user from 120.48.90.166 port 53742
2026-09-06T08:07:21.629374+00:00 ubuntu sshd[994551]: pam_unix(sshd:auth): check pass; user unknown
2026-09-06T08:07:21.629537+00:00 ubuntu sshd[994551]: pam_unix(sshd:auth): authentication failure; logname= uid=0 euid=0 tty=ssh ruser= rhost=120.48.90.166
2026-09-06T08:07:23.304483+00:00 ubuntu sshd[994551]: Failed password for invalid user user from 120.48.90.166 port 53742 ssh2
2026-09-06T08:07:26.225975+00:00 ubuntu sshd[994551]: Connection closed by invalid user user 120.48.90.166 port 53742 [preauth]
2026-09-06T08:07:33.695548+00:00 ubuntu sshd[994874]: Invalid user user from 120.48.90.166 port 45326
2026-09-06T08:07:33.878921+00:00 ubuntu sshd[994874]: pam_unix(sshd:auth): check pass; user unknown
2026-09-06T08:07:33.879054+00:00 ubuntu sshd[994874]: pam_unix(sshd:auth): authentication failure; logname= uid=0 euid=0 tty=ssh ruser= rhost=120.48.90.166
2026-09-06T08:07:35.483909+00:00 ubuntu sshd[995277]: Invalid user admin from 103.123.53.88 port 38472
2026-09-06T08:07:35.485707+00:00 ubuntu sshd[995277]: pam_unix(sshd:auth): check pass; user unknown
2026-09-06T08:07:35.485799+00:00 ubuntu sshd[995277]: pam_unix(sshd:auth): authentication failure; logname= uid=0 euid=0 tty=ssh ruser= rhost=103.123.53.88
2026-09-06T08:07:35.869350+00:00 ubuntu sshd[994874]: Failed password for invalid user user from 120.48.90.166 port 45326 ssh2
2026-09-06T08:07:37.136348+00:00 ubuntu sshd[994874]: Connection closed by invalid user user 120.48.90.166 port 45326 [preauth]
2026-09-06T08:07:37.416589+00:00 ubuntu sshd[995277]: Failed password for invalid user admin from 103.123.53.88 port 38472 ssh2
2026-09-06T08:07:38.554447+00:00 ubuntu sshd[995277]: Received disconnect from 103.123.53.88 port 38472:11: Bye Bye [preauth]
2026-09-06T08:07:38.554532+00:00 ubuntu sshd[995277]: Disconnected from invalid user admin 103.123.53.88 port 38472 [preauth]
2026-09-06T08:07:44.181220+00:00 ubuntu sshd[995551]: Invalid user sas from 171.25.158.47 port 39136
2026-09-06T08:07:44.183425+00:00 ubuntu sshd[995551]: pam_unix(sshd:auth): check pass; user unknown
2026-09-06T08:07:44.183531+00:00 ubuntu sshd[995551]: pam_unix(sshd:auth): authentication failure; logname= uid=0 euid=0 tty=ssh ruser= rhost=171.25.158.47
2026-09-06T08:07:46.348651+00:00 ubuntu sshd[995551]: Failed password for invalid user sas from 171.25.158.47 port 39136 ssh2
2026-09-06T08:07:48.103807+00:00 ubuntu sshd[995551]: Received disconnect from 171.25.158.47 port 39136:11: Bye Bye [preauth]
2026-09-06T08:07:48.103972+00:00 ubuntu sshd[995551]: Disconnected from invalid user sas 171.25.158.47 port 39136 [preauth]
2026-09-06T08:07:50.051031+00:00 ubuntu sshd[995301]: Invalid user user from 120.48.90.166 port 43272
2026-09-06T08:07:50.687966+00:00 ubuntu sshd[995301]: pam_unix(sshd:auth): check pass; user unknown
2026-09-06T08:07:50.688104+00:00 ubuntu sshd[995301]: pam_unix(sshd:auth): authentication failure; logname= uid=0 euid=0 tty=ssh ruser= rhost=120.48.90.166
2026-09-06T08:07:53.010398+00:00 ubuntu sshd[995301]: Failed password for invalid user user from 120.48.90.166 port 43272 ssh2
2026-09-06T08:07:55.060289+00:00 ubuntu sshd[995301]: Connection closed by invalid user user 120.48.90.166 port 43272 [preauth]
2026-09-06T08:08:01.151638+00:00 ubuntu sshd[996152]: Invalid user user from 120.48.90.166 port 35092
2026-09-06T08:08:01.355735+00:00 ubuntu sshd[996152]: pam_unix(sshd:auth): check pass; user unknown
2026-09-06T08:08:01.355933+00:00 ubuntu sshd[996152]: pam_unix(sshd:auth): authentication failure; logname= uid=0 euid=0 tty=ssh ruser= rhost=120.48.90.166
2026-09-06T08:08:03.522591+00:00 ubuntu sshd[996152]: Failed password for invalid user user from 120.48.90.166 port 35092 ssh2
2026-09-06T08:08:06.237746+00:00 ubuntu sshd[996152]: Connection closed by invalid user user 120.48.90.166 port 35092 [preauth]
2026-09-06T08:08:16.556540+00:00 ubuntu sshd[996964]: Invalid user user from 120.48.90.166 port 39496
2026-09-06T08:08:20.140677+00:00 ubuntu sshd[996964]: pam_unix(sshd:auth): check pass; user unknown
2026-09-06T08:08:20.140943+00:00 ubuntu sshd[996964]: pam_unix(sshd:auth): authentication failure; logname= uid=0 euid=0 tty=ssh ruser= rhost=120.48.90.166
2026-09-06T08:08:21.915960+00:00 ubuntu sshd[996964]: Failed password for invalid user user from 120.48.90.166 port 39496 ssh2
2026-09-06T08:08:22.487812+00:00 ubuntu sshd[996964]: Connection closed by invalid user user 120.48.90.166 port 39496 [preauth]
2026-09-06T08:08:31.729182+00:00 ubuntu sshd[997432]: Invalid user user from 120.48.90.166 port 42018
2026-09-06T08:08:31.962561+00:00 ubuntu sshd[997432]: pam_unix(sshd:auth): check pass; user unknown
2026-09-06T08:08:31.962697+00:00 ubuntu sshd[997432]: pam_unix(sshd:auth): authentication failure; logname= uid=0 euid=0 tty=ssh ruser= rhost=120.48.90.166
2026-09-06T08:08:33.913729+00:00 ubuntu sshd[997432]: Failed password for invalid user user from 120.48.90.166 port 42018 ssh2
2026-09-06T08:08:34.290467+00:00 ubuntu sshd[997432]: Connection closed by invalid user user 120.48.90.166 port 42018 [preauth]
2026-09-06T08:08:41.654698+00:00 ubuntu sshd[997850]: Invalid user user from 120.48.90.166 port 47754
2026-09-06T08:08:41.843403+00:00 ubuntu sshd[997850]: pam_unix(sshd:auth): check pass; user unknown
2026-09-06T08:08:41.843571+00:00 ubuntu sshd[997850]: pam_unix(sshd:auth): authentication failure; logname= uid=0 euid=0 tty=ssh ruser= rhost=120.48.90.166
2026-09-06T08:08:43.167316+00:00 ubuntu sshd[997850]: Failed password for invalid user user from 120.48.90.166 port 47754 ssh2
2026-09-06T08:08:44.128458+00:00 ubuntu sshd[997850]: Connection closed by invalid user user 120.48.90.166 port 47754 [preauth]
2026-09-06T08:08:45.151536+00:00 ubuntu sshd[998074]: Invalid user test from 103.123.53.88 port 51040
2026-09-06T08:08:45.153511+00:00 ubuntu sshd[998074]: pam_unix(sshd:auth): check pass; user unknown
2026-09-06T08:08:45.153642+00:00 ubuntu sshd[998074]: pam_unix(sshd:auth): authentication failure; logname= uid=0 euid=0 tty=ssh ruser= rhost=103.123.53.88
2026-09-06T08:08:47.360465+00:00 ubuntu sshd[998074]: Failed password for invalid user test from 103.123.53.88 port 51040 ssh2
2026-09-06T08:08:48.131112+00:00 ubuntu sshd[998116]: Invalid user admin from 171.25.158.47 port 39528
2026-09-06T08:08:48.133203+00:00 ubuntu sshd[998116]: pam_unix(sshd:auth): check pass; user unknown
2026-09-06T08:08:48.133328+00:00 ubuntu sshd[998116]: pam_unix(sshd:auth): authentication failure; logname= uid=0 euid=0 tty=ssh ruser= rhost=171.25.158.47
2026-09-06T08:08:48.387493+00:00 ubuntu sshd[998074]: Received disconnect from 103.123.53.88 port 51040:11: Bye Bye [preauth]
2026-09-06T08:08:48.387732+00:00 ubuntu sshd[998074]: Disconnected from invalid user test 103.123.53.88 port 51040 [preauth]
2026-09-06T08:08:49.020254+00:00 ubuntu sshd[998078]: Invalid user user from 120.48.90.166 port 44478
2026-09-06T08:08:49.265335+00:00 ubuntu sshd[998078]: pam_unix(sshd:auth): check pass; user unknown
2026-09-06T08:08:49.265392+00:00 ubuntu sshd[998078]: pam_unix(sshd:auth): authentication failure; logname= uid=0 euid=0 tty=ssh ruser= rhost=120.48.90.166
2026-09-06T08:08:50.084436+00:00 ubuntu sshd[998116]: Failed password for invalid user admin from 171.25.158.47 port 39528 ssh2
2026-09-06T08:08:51.005568+00:00 ubuntu sshd[998116]: Received disconnect from 171.25.158.47 port 39528:11: Bye Bye [preauth]
2026-09-06T08:08:51.005704+00:00 ubuntu sshd[998116]: Disconnected from invalid user admin 171.25.158.47 port 39528 [preauth]
2026-09-06T08:08:51.356646+00:00 ubuntu sshd[998078]: Failed password for invalid user user from 120.48.90.166 port 44478 ssh2
2026-09-06T08:08:51.603699+00:00 ubuntu sshd[998078]: Connection closed by invalid user user 120.48.90.166 port 44478 [preauth]
2026-09-06T08:08:55.163288+00:00 ubuntu sshd[998300]: Invalid user user from 120.48.90.166 port 44486
2026-09-06T08:08:55.794129+00:00 ubuntu sshd[998300]: pam_unix(sshd:auth): check pass; user unknown
2026-09-06T08:08:55.794277+00:00 ubuntu sshd[998300]: pam_unix(sshd:auth): authentication failure; logname= uid=0 euid=0 tty=ssh ruser= rhost=120.48.90.166
2026-09-06T08:08:57.373771+00:00 ubuntu sshd[998300]: Failed password for invalid user user from 120.48.90.166 port 44486 ssh2
2026-09-06T08:08:58.066173+00:00 ubuntu sshd[998300]: Connection closed by invalid user user 120.48.90.166 port 44486 [preauth]
2026-09-06T08:09:00.129495+00:00 ubuntu sshd[998890]: Invalid user user from 120.48.90.166 port 42304
2026-09-06T08:09:00.314538+00:00 ubuntu sshd[998890]: pam_unix(sshd:auth): check pass; user unknown
2026-09-06T08:09:00.314687+00:00 ubuntu sshd[998890]: pam_unix(sshd:auth): authentication failure; logname= uid=0 euid=0 tty=ssh ruser= rhost=120.48.90.166
2026-09-06T08:09:01.914388+00:00 ubuntu sshd[998890]: Failed password for invalid user user from 120.48.90.166 port 42304 ssh2
2026-09-06T08:09:03.740594+00:00 ubuntu sshd[998890]: Connection closed by invalid user user 120.48.90.166 port 42304 [preauth]
2026-09-06T08:09:06.112274+00:00 ubuntu sshd[998521]: pam_unix(sshd:auth): authentication failure; logname= uid=0 euid=0 tty=ssh ruser= rhost=20.106.172.62 user=root
2026-09-06T08:09:07.045684+00:00 ubuntu sshd[999191]: Invalid user user from 120.48.90.166 port 42320
2026-09-06T08:09:07.867371+00:00 ubuntu sshd[998521]: Failed password for root from 20.106.172.62 port 40890 ssh2
2026-09-06T08:09:07.875281+00:00 ubuntu sshd[999191]: pam_unix(sshd:auth): check pass; user unknown
2026-09-06T08:09:07.875432+00:00 ubuntu sshd[999191]: pam_unix(sshd:auth): authentication failure; logname= uid=0 euid=0 tty=ssh ruser= rhost=120.48.90.166
2026-09-06T08:09:09.435002+00:00 ubuntu sshd[999191]: Failed password for invalid user user from 120.48.90.166 port 42320 ssh2
2026-09-06T08:09:10.206642+00:00 ubuntu sshd[999191]: Connection closed by invalid user user 120.48.90.166 port 42320 [preauth]
2026-09-06T08:09:10.869118+00:00 ubuntu sshd[998521]: Connection closed by authenticating user root 20.106.172.62 port 40890 [preauth]
2026-09-06T08:09:30.545261+00:00 ubuntu sshd[999535]: pam_unix(sshd:auth): authentication failure; logname= uid=0 euid=0 tty=ssh ruser= rhost=151.158.2.135 user=root
2026-09-06T08:09:30.606320+00:00 ubuntu sshd[999530]: Invalid user user from 120.48.90.166 port 36930
2026-09-06T08:09:31.929123+00:00 ubuntu sshd[999535]: Failed password for root from 151.158.2.135 port 45112 ssh2
2026-09-06T08:09:32.588642+00:00 ubuntu sshd[999530]: pam_unix(sshd:auth): check pass; user unknown
2026-09-06T08:09:32.588888+00:00 ubuntu sshd[999530]: pam_unix(sshd:auth): authentication failure; logname= uid=0 euid=0 tty=ssh ruser= rhost=120.48.90.166
2026-09-06T08:09:34.526332+00:00 ubuntu sshd[999535]: Connection closed by authenticating user root 151.158.2.135 port 45112 [preauth]
2026-09-06T08:09:35.247111+00:00 ubuntu sshd[999530]: Failed password for invalid user user from 120.48.90.166 port 36930 ssh2
2026-09-06T08:09:36.960390+00:00 ubuntu sshd[999530]: Connection closed by invalid user user 120.48.90.166 port 36930 [preauth]
2026-09-06T08:09:37.262373+00:00 ubuntu sshd[1000067]: pam_unix(sshd:auth): authentication failure; logname= uid=0 euid=0 tty=ssh ruser= rhost=45.148.10.141 user=root
2026-09-06T08:09:39.271569+00:00 ubuntu sshd[1000067]: Failed password for root from 45.148.10.141 port 42132 ssh2
2026-09-06T08:09:41.900511+00:00 ubuntu sshd[1000067]: Failed password for root from 45.148.10.141 port 42132 ssh2
2026-09-06T08:09:43.641188+00:00 ubuntu sshd[1000067]: Failed password for root from 45.148.10.141 port 42132 ssh2
2026-09-06T08:09:47.400094+00:00 ubuntu sshd[1000067]: Failed password for root from 45.148.10.141 port 42132 ssh2
2026-09-06T08:09:50.355207+00:00 ubuntu sshd[1000067]: Failed password for root from 45.148.10.141 port 42132 ssh2
2026-09-06T08:09:51.012000+00:00 ubuntu sshd[1000517]: Invalid user builder from 171.25.158.47 port 37184
2026-09-06T08:09:51.013602+00:00 ubuntu sshd[1000517]: pam_unix(sshd:auth): check pass; user unknown
2026-09-06T08:09:51.013671+00:00 ubuntu sshd[1000517]: pam_unix(sshd:auth): authentication failure; logname= uid=0 euid=0 tty=ssh ruser= rhost=171.25.158.47
2026-09-06T08:09:51.618535+00:00 ubuntu sshd[1000067]: Connection reset by authenticating user root 45.148.10.141 port 42132 [preauth]
2026-09-06T08:09:51.618664+00:00 ubuntu sshd[1000067]: PAM 4 more authentication failures; logname= uid=0 euid=0 tty=ssh ruser= rhost=45.148.10.141 user=root
2026-09-06T08:09:51.618718+00:00 ubuntu sshd[1000067]: PAM service(sshd) ignoring max retries; 5 > 3
2026-09-06T08:09:53.280228+00:00 ubuntu sshd[1000517]: Failed password for invalid user builder from 171.25.158.47 port 37184 ssh2
2026-09-06T08:09:54.175460+00:00 ubuntu sshd[1000561]: Invalid user gl from 103.123.53.88 port 37930
2026-09-06T08:09:54.177400+00:00 ubuntu sshd[1000561]: pam_unix(sshd:auth): check pass; user unknown
2026-09-06T08:09:54.177467+00:00 ubuntu sshd[1000561]: pam_unix(sshd:auth): authentication failure; logname= uid=0 euid=0 tty=ssh ruser= rhost=103.123.53.88
2026-09-06T08:09:54.938190+00:00 ubuntu sshd[1000517]: Received disconnect from 171.25.158.47 port 37184:11: Bye Bye [preauth]
2026-09-06T08:09:54.938336+00:00 ubuntu sshd[1000517]: Disconnected from invalid user builder 171.25.158.47 port 37184 [preauth]
2026-09-06T08:09:55.521191+00:00 ubuntu sshd[1000561]: Failed password for invalid user gl from 103.123.53.88 port 37930 ssh2
2026-09-06T08:09:56.651506+00:00 ubuntu sshd[1000561]: Received disconnect from 103.123.53.88 port 37930:11: Bye Bye [preauth]
2026-09-06T08:09:56.651935+00:00 ubuntu sshd[1000561]: Disconnected from invalid user gl 103.123.53.88 port 37930 [preauth]
2026-09-06T08:10:05.834869+00:00 ubuntu sshd[1001482]: Invalid user agentsolutionsmallorca from 192.253.248.222 port 50744
2026-09-06T08:10:05.849448+00:00 ubuntu sshd[1001482]: pam_unix(sshd:auth): check pass; user unknown
2026-09-06T08:10:05.849578+00:00 ubuntu sshd[1001482]: pam_unix(sshd:auth): authentication failure; logname= uid=0 euid=0 tty=ssh ruser= rhost=192.253.248.222
2026-09-06T08:10:07.037905+00:00 ubuntu sshd[1001482]: Failed password for invalid user agentsolutionsmallorca from 192.253.248.222 port 50744 ssh2
2026-09-06T08:10:08.079050+00:00 ubuntu sshd[1001482]: Connection closed by invalid user agentsolutionsmallorca 192.253.248.222 port 50744 [preauth]
2026-09-06T08:10:09.831451+00:00 ubuntu sshd[1000222]: Invalid user user from 120.48.90.166 port 58658
2026-09-06T08:10:10.070446+00:00 ubuntu sshd[1000222]: pam_unix(sshd:auth): check pass; user unknown
2026-09-06T08:10:10.070567+00:00 ubuntu sshd[1000222]: pam_unix(sshd:auth): authentication failure; logname= uid=0 euid=0 tty=ssh ruser= rhost=120.48.90.166
2026-09-06T08:10:11.946191+00:00 ubuntu sshd[1000222]: Failed password for invalid user user from 120.48.90.166 port 58658 ssh2
2026-09-06T08:10:12.404051+00:00 ubuntu sshd[1000222]: Connection closed by invalid user user 120.48.90.166 port 58658 [preauth]
2026-09-06T08:10:14.338120+00:00 ubuntu sshd[1001710]: Invalid user user from 120.48.90.166 port 57860
2026-09-06T08:10:14.535075+00:00 ubuntu sshd[1001710]: pam_unix(sshd:auth): check pass; user unknown
2026-09-06T08:10:14.535195+00:00 ubuntu sshd[1001710]: pam_unix(sshd:auth): authentication failure; logname= uid=0 euid=0 tty=ssh ruser= rhost=120.48.90.166
2026-09-06T08:10:16.626730+00:00 ubuntu sshd[1001710]: Failed password for invalid user user from 120.48.90.166 port 57860 ssh2
2026-09-06T08:10:16.827322+00:00 ubuntu sshd[1001710]: Connection closed by invalid user user 120.48.90.166 port 57860 [preauth]
2026-09-06T08:10:18.149195+00:00 ubuntu sshd[1001791]: Invalid user user from 120.48.90.166 port 47058
2026-09-06T08:10:18.755639+00:00 ubuntu sshd[1001791]: pam_unix(sshd:auth): check pass; user unknown
2026-09-06T08:10:18.755811+00:00 ubuntu sshd[1001791]: pam_unix(sshd:auth): authentication failure; logname= uid=0 euid=0 tty=ssh ruser= rhost=120.48.90.166
2026-09-06T08:10:20.730092+00:00 ubuntu sshd[1001791]: Failed password for invalid user user from 120.48.90.166 port 47058 ssh2
2026-09-06T08:10:21.023572+00:00 ubuntu sshd[1001791]: Connection closed by invalid user user 120.48.90.166 port 47058 [preauth]
2026-09-06T08:10:53.874399+00:00 ubuntu sshd[1002907]: Invalid user tecnopos from 171.25.158.47 port 47550
2026-09-06T08:10:53.876154+00:00 ubuntu sshd[1002907]: pam_unix(sshd:auth): check pass; user unknown
2026-09-06T08:10:53.876233+00:00 ubuntu sshd[1002907]: pam_unix(sshd:auth): authentication failure; logname= uid=0 euid=0 tty=ssh ruser= rhost=171.25.158.47
2026-09-06T08:10:55.656287+00:00 ubuntu sshd[1002907]: Failed password for invalid user tecnopos from 171.25.158.47 port 47550 ssh2
2026-09-06T08:10:56.463128+00:00 ubuntu sshd[1002907]: Received disconnect from 171.25.158.47 port 47550:11: Bye Bye [preauth]
2026-09-06T08:10:56.463268+00:00 ubuntu sshd[1002907]: Disconnected from invalid user tecnopos 171.25.158.47 port 47550 [preauth]
2026-09-06T08:11:00.185603+00:00 ubuntu sshd[1002121]: Invalid user user from 120.48.90.166 port 47068
2026-09-06T08:11:04.132411+00:00 ubuntu sshd[1003696]: Invalid user angie from 103.123.53.88 port 37512
2026-09-06T08:11:04.134618+00:00 ubuntu sshd[1003696]: pam_unix(sshd:auth): check pass; user unknown
2026-09-06T08:11:04.134691+00:00 ubuntu sshd[1003696]: pam_unix(sshd:auth): authentication failure; logname= uid=0 euid=0 tty=ssh ruser= rhost=103.123.53.88
2026-09-06T08:11:06.090729+00:00 ubuntu sshd[1003696]: Failed password for invalid user angie from 103.123.53.88 port 37512 ssh2
2026-09-06T08:11:06.443473+00:00 ubuntu sshd[1003696]: Received disconnect from 103.123.53.88 port 37512:11: Bye Bye [preauth]
2026-09-06T08:11:06.443606+00:00 ubuntu sshd[1003696]: Disconnected from invalid user angie 103.123.53.88 port 37512 [preauth]
2026-09-06T08:11:07.377013+00:00 ubuntu sshd[1002121]: pam_unix(sshd:auth): check pass; user unknown
2026-09-06T08:11:07.377147+00:00 ubuntu sshd[1002121]: pam_unix(sshd:auth): authentication failure; logname= uid=0 euid=0 tty=ssh ruser= rhost=120.48.90.166
2026-09-06T08:11:09.076907+00:00 ubuntu sshd[1002121]: Failed password for invalid user user from 120.48.90.166 port 47068 ssh2
2026-09-06T08:11:20.212781+00:00 ubuntu sshd[1004132]: Invalid user user from 120.48.90.166 port 59742
2026-09-06T08:11:20.893911+00:00 ubuntu sshd[1004132]: pam_unix(sshd:auth): check pass; user unknown
2026-09-06T08:11:20.894007+00:00 ubuntu sshd[1004132]: pam_unix(sshd:auth): authentication failure; logname= uid=0 euid=0 tty=ssh ruser= rhost=120.48.90.166
2026-09-06T08:11:22.417355+00:00 ubuntu sshd[1002121]: Connection closed by invalid user user 120.48.90.166 port 47068 [preauth]
2026-09-06T08:11:23.045428+00:00 ubuntu sshd[1004132]: Failed password for invalid user user from 120.48.90.166 port 59742 ssh2
2026-09-06T08:11:25.751418+00:00 ubuntu sshd[1004132]: Connection closed by invalid user user 120.48.90.166 port 59742 [preauth]
2026-09-06T08:11:29.703651+00:00 ubuntu sshd[1004384]: Invalid user user from 120.48.90.166 port 59550
2026-09-06T08:11:29.949954+00:00 ubuntu sshd[1004384]: pam_unix(sshd:auth): check pass; user unknown
2026-09-06T08:11:29.950112+00:00 ubuntu sshd[1004384]: pam_unix(sshd:auth): authentication failure; logname= uid=0 euid=0 tty=ssh ruser= rhost=120.48.90.166
2026-09-06T08:11:31.670368+00:00 ubuntu sshd[1004384]: Failed password for invalid user user from 120.48.90.166 port 59550 ssh2
2026-09-06T08:11:32.288790+00:00 ubuntu sshd[1004384]: Connection closed by invalid user user 120.48.90.166 port 59550 [preauth]
2026-09-06T08:11:33.122161+00:00 ubuntu sshd[1004505]: Invalid user user from 120.48.90.166 port 59566
2026-09-06T08:11:33.297790+00:00 ubuntu sshd[1004505]: pam_unix(sshd:auth): check pass; user unknown
2026-09-06T08:11:33.297926+00:00 ubuntu sshd[1004505]: pam_unix(sshd:auth): authentication failure; logname= uid=0 euid=0 tty=ssh ruser= rhost=120.48.90.166
2026-09-06T08:11:35.233939+00:00 ubuntu sshd[1004505]: Failed password for invalid user user from 120.48.90.166 port 59566 ssh2
2026-09-06T08:11:37.264364+00:00 ubuntu sshd[1004505]: Connection closed by invalid user user 120.48.90.166 port 59566 [preauth]
2026-09-06T08:11:37.522062+00:00 ubuntu sshd[1004664]: Invalid user user from 120.48.90.166 port 34492
2026-09-06T08:11:37.695688+00:00 ubuntu sshd[1004664]: pam_unix(sshd:auth): check pass; user unknown
2026-09-06T08:11:37.695874+00:00 ubuntu sshd[1004664]: pam_unix(sshd:auth): authentication failure; logname= uid=0 euid=0 tty=ssh ruser= rhost=120.48.90.166
2026-09-06T08:11:39.516444+00:00 ubuntu sshd[1004664]: Failed password for invalid user user from 120.48.90.166 port 34492 ssh2
2026-09-06T08:11:40.390801+00:00 ubuntu sshd[1004664]: Connection closed by invalid user user 120.48.90.166 port 34492 [preauth]
2026-09-06T08:11:49.952624+00:00 ubuntu sshd[1004791]: Invalid user user from 120.48.90.166 port 34506
2026-09-06T08:11:54.873556+00:00 ubuntu sshd[1004791]: pam_unix(sshd:auth): check pass; user unknown
2026-09-06T08:11:54.873841+00:00 ubuntu sshd[1004791]: pam_unix(sshd:auth): authentication failure; logname= uid=0 euid=0 tty=ssh ruser= rhost=120.48.90.166
2026-09-06T08:11:57.024486+00:00 ubuntu sshd[1004791]: Failed password for invalid user user from 120.48.90.166 port 34506 ssh2
2026-09-06T08:11:59.248916+00:00 ubuntu sshd[1004791]: Connection closed by invalid user user 120.48.90.166 port 34506 [preauth]
2026-09-06T08:12:01.216165+00:00 ubuntu sshd[1005833]: Invalid user user from 120.48.90.166 port 48466
2026-09-06T08:12:02.203022+00:00 ubuntu sshd[1005992]: Invalid user family from 171.25.158.47 port 35032
2026-09-06T08:12:02.205503+00:00 ubuntu sshd[1005992]: pam_unix(sshd:auth): check pass; user unknown
2026-09-06T08:12:02.205600+00:00 ubuntu sshd[1005992]: pam_unix(sshd:auth): authentication failure; logname= uid=0 euid=0 tty=ssh ruser= rhost=171.25.158.47
2026-09-06T08:12:03.377126+00:00 ubuntu sshd[1005833]: pam_unix(sshd:auth): check pass; user unknown
2026-09-06T08:12:03.377516+00:00 ubuntu sshd[1005833]: pam_unix(sshd:auth): authentication failure; logname= uid=0 euid=0 tty=ssh ruser= rhost=120.48.90.166
2026-09-06T08:12:04.457613+00:00 ubuntu sshd[1005992]: Failed password for invalid user family from 171.25.158.47 port 35032 ssh2
2026-09-06T08:12:05.764402+00:00 ubuntu sshd[1005833]: Failed password for invalid user user from 120.48.90.166 port 48466 ssh2
2026-09-06T08:12:05.982406+00:00 ubuntu sshd[1005992]: Received disconnect from 171.25.158.47 port 35032:11: Bye Bye [preauth]
2026-09-06T08:12:05.982543+00:00 ubuntu sshd[1005992]: Disconnected from invalid user family 171.25.158.47 port 35032 [preauth]
2026-09-06T08:12:09.048256+00:00 ubuntu sshd[1005833]: Connection closed by invalid user user 120.48.90.166 port 48466 [preauth]
2026-09-06T08:12:10.554274+00:00 ubuntu sshd[1006125]: Invalid user user from 120.48.90.166 port 58582
2026-09-06T08:12:10.745118+00:00 ubuntu sshd[1006125]: pam_unix(sshd:auth): check pass; user unknown
2026-09-06T08:12:10.745245+00:00 ubuntu sshd[1006125]: pam_unix(sshd:auth): authentication failure; logname= uid=0 euid=0 tty=ssh ruser= rhost=120.48.90.166
2026-09-06T08:12:13.428716+00:00 ubuntu sshd[1006125]: Failed password for invalid user user from 120.48.90.166 port 58582 ssh2
2026-09-06T08:12:15.129279+00:00 ubuntu sshd[1006125]: Connection closed by invalid user user 120.48.90.166 port 58582 [preauth]
2026-09-06T08:12:19.221888+00:00 ubuntu sshd[1006321]: Invalid user user from 120.48.90.166 port 47306
2026-09-06T08:12:19.811884+00:00 ubuntu sshd[1006429]: pam_unix(sshd:auth): authentication failure; logname= uid=0 euid=0 tty=ssh ruser= rhost=103.123.53.88 user=root
2026-09-06T08:12:20.098260+00:00 ubuntu sshd[1006321]: pam_unix(sshd:auth): check pass; user unknown
2026-09-06T08:12:20.098370+00:00 ubuntu sshd[1006321]: pam_unix(sshd:auth): authentication failure; logname= uid=0 euid=0 tty=ssh ruser= rhost=120.48.90.166
2026-09-06T08:12:22.063262+00:00 ubuntu sshd[1006429]: Failed password for root from 103.123.53.88 port 33686 ssh2
2026-09-06T08:12:22.154636+00:00 ubuntu sshd[1006321]: Failed password for invalid user user from 120.48.90.166 port 47306 ssh2
2026-09-06T08:12:22.380102+00:00 ubuntu sshd[1006321]: Connection closed by invalid user user 120.48.90.166 port 47306 [preauth]
2026-09-06T08:12:23.135131+00:00 ubuntu sshd[1006429]: Received disconnect from 103.123.53.88 port 33686:11: Bye Bye [preauth]
2026-09-06T08:12:23.135298+00:00 ubuntu sshd[1006429]: Disconnected from authenticating user root 103.123.53.88 port 33686 [preauth]
2026-09-06T08:13:40.866255+00:00 ubuntu sshd[1009286]: Invalid user gitlab-runner from 103.123.53.88 port 55498
2026-09-06T08:13:40.868234+00:00 ubuntu sshd[1009286]: pam_unix(sshd:auth): check pass; user unknown
2026-09-06T08:13:40.868308+00:00 ubuntu sshd[1009286]: pam_unix(sshd:auth): authentication failure; logname= uid=0 euid=0 tty=ssh ruser= rhost=103.123.53.88
2026-09-06T08:13:43.240661+00:00 ubuntu sshd[1009286]: Failed password for invalid user gitlab-runner from 103.123.53.88 port 55498 ssh2
2026-09-06T08:13:45.103852+00:00 ubuntu sshd[1009286]: Received disconnect from 103.123.53.88 port 55498:11: Bye Bye [preauth]
2026-09-06T08:13:45.103977+00:00 ubuntu sshd[1009286]: Disconnected from invalid user gitlab-runner 103.123.53.88 port 55498 [preauth]
2026-09-06T08:14:42.123987+00:00 ubuntu sshd[1011643]: pam_unix(sshd:auth): authentication failure; logname= uid=0 euid=0 tty=ssh ruser= rhost=45.148.10.141 user=root
2026-09-06T08:14:43.673181+00:00 ubuntu sshd[1011643]: Failed password for root from 45.148.10.141 port 5934 ssh2
2026-09-06T08:14:47.289229+00:00 ubuntu sshd[1011643]: Failed password for root from 45.148.10.141 port 5934 ssh2
2026-09-06T08:14:50.909191+00:00 ubuntu sshd[1011643]: Failed password for root from 45.148.10.141 port 5934 ssh2
2026-09-06T08:14:51.531505+00:00 ubuntu sshd[1011561]: pam_unix(sshd:auth): authentication failure; logname= uid=0 euid=0 tty=ssh ruser= rhost=151.158.2.135 user=root
2026-09-06T08:14:53.648155+00:00 ubuntu sshd[1011561]: Failed password for root from 151.158.2.135 port 36468 ssh2
2026-09-06T08:14:53.864218+00:00 ubuntu sshd[1011643]: Failed password for root from 45.148.10.141 port 5934 ssh2
2026-09-06T08:14:56.594227+00:00 ubuntu sshd[1011561]: Connection closed by authenticating user root 151.158.2.135 port 36468 [preauth]
2026-09-06T08:14:56.821231+00:00 ubuntu sshd[1011643]: Failed password for root from 45.148.10.141 port 5934 ssh2
2026-09-06T08:14:58.073556+00:00 ubuntu sshd[1011643]: Connection reset by authenticating user root 45.148.10.141 port 5934 [preauth]
2026-09-06T08:14:58.073865+00:00 ubuntu sshd[1011643]: PAM 4 more authentication failures; logname= uid=0 euid=0 tty=ssh ruser= rhost=45.148.10.141 user=root
2026-09-06T08:14:58.073947+00:00 ubuntu sshd[1011643]: PAM service(sshd) ignoring max retries; 5 > 3
2026-09-06T08:14:59.397088+00:00 ubuntu sshd[1012670]: Invalid user prueba from 103.123.53.88 port 55558
2026-09-06T08:14:59.399278+00:00 ubuntu sshd[1012670]: pam_unix(sshd:auth): check pass; user unknown
2026-09-06T08:14:59.399346+00:00 ubuntu sshd[1012670]: pam_unix(sshd:auth): authentication failure; logname= uid=0 euid=0 tty=ssh ruser= rhost=103.123.53.88
2026-09-06T08:15:00.949049+00:00 ubuntu sshd[1012670]: Failed password for invalid user prueba from 103.123.53.88 port 55558 ssh2
2026-09-06T08:15:01.640489+00:00 ubuntu sshd[1012670]: Received disconnect from 103.123.53.88 port 55558:11: Bye Bye [preauth]
2026-09-06T08:15:01.640721+00:00 ubuntu sshd[1012670]: Disconnected from invalid user prueba 103.123.53.88 port 55558 [preauth]
2026-09-06T08:15:01.660046+00:00 ubuntu CRON[1012732]: pam_unix(cron:session): session opened for user root(uid=0) by root(uid=0)
2026-09-06T08:15:01.663956+00:00 ubuntu CRON[1012732]: pam_unix(cron:session): session closed for user root
2026-09-06T08:16:10.797365+00:00 ubuntu sshd[1015270]: pam_unix(sshd:auth): authentication failure; logname= uid=0 euid=0 tty=ssh ruser= rhost=103.123.53.88 user=root
2026-09-06T08:16:12.762169+00:00 ubuntu sshd[1015270]: Failed password for root from 103.123.53.88 port 56318 ssh2
2026-09-06T08:16:14.117541+00:00 ubuntu sshd[1015270]: Received disconnect from 103.123.53.88 port 56318:11: Bye Bye [preauth]
2026-09-06T08:16:14.117840+00:00 ubuntu sshd[1015270]: Disconnected from authenticating user root 103.123.53.88 port 56318 [preauth]
2026-09-06T08:16:34.729648+00:00 ubuntu sshd[1015992]: Invalid user agentsolutionsmallorca from 192.253.248.222 port 54824
2026-09-06T08:16:34.744379+00:00 ubuntu sshd[1015992]: pam_unix(sshd:auth): check pass; user unknown
2026-09-06T08:16:34.744519+00:00 ubuntu sshd[1015992]: pam_unix(sshd:auth): authentication failure; logname= uid=0 euid=0 tty=ssh ruser= rhost=192.253.248.222
2026-09-06T08:16:37.335104+00:00 ubuntu sshd[1015992]: Failed password for invalid user agentsolutionsmallorca from 192.253.248.222 port 54824 ssh2
2026-09-06T08:16:39.191702+00:00 ubuntu sshd[1015992]: Connection closed by invalid user agentsolutionsmallorca 192.253.248.222 port 54824 [preauth]
2026-09-06T08:17:01.668665+00:00 ubuntu CRON[1017275]: pam_unix(cron:session): session opened for user root(uid=0) by root(uid=0)
2026-09-06T08:17:01.672283+00:00 ubuntu CRON[1017275]: pam_unix(cron:session): session closed for user root
2026-09-06T08:17:21.027485+00:00 ubuntu sshd[1017816]: pam_unix(sshd:auth): authentication failure; logname= uid=0 euid=0 tty=ssh ruser= rhost=103.123.53.88 user=root
2026-09-06T08:17:23.268304+00:00 ubuntu sshd[1017816]: Failed password for root from 103.123.53.88 port 36938 ssh2
2026-09-06T08:17:23.283803+00:00 ubuntu sshd[1017616]: pam_unix(sshd:auth): authentication failure; logname= uid=0 euid=0 tty=ssh ruser= rhost=20.106.172.62 user=root
2026-09-06T08:17:24.331051+00:00 ubuntu sshd[1017816]: Received disconnect from 103.123.53.88 port 36938:11: Bye Bye [preauth]
2026-09-06T08:17:24.331208+00:00 ubuntu sshd[1017816]: Disconnected from authenticating user root 103.123.53.88 port 36938 [preauth]
2026-09-06T08:17:24.602312+00:00 ubuntu sshd[1017616]: Failed password for root from 20.106.172.62 port 48998 ssh2
2026-09-06T08:17:26.553298+00:00 ubuntu sshd[1017616]: Connection closed by authenticating user root 20.106.172.62 port 48998 [preauth]
2026-09-06T08:18:50.626986+00:00 ubuntu sudo: hermes : PWD=/home/hermes ; USER=root ; COMMAND=/usr/bin/true
2026-09-06T08:18:50.627888+00:00 ubuntu sudo: pam_unix(sudo:session): session opened for user root(uid=0) by hermes(uid=1000)
2026-09-06T08:18:50.628932+00:00 ubuntu sudo: pam_unix(sudo:session): session closed for user root
