2026-09-06T04:40:51.886185+00:00 ubuntu sshd[578402]: Connection closed by invalid user webadmin 109.160.32.23 port 36456 [preauth]
2026-09-06T04:40:52.511872+00:00 ubuntu sshd[578640]: Invalid user steam from 109.160.32.23 port 36472
2026-09-06T04:40:52.530017+00:00 ubuntu sshd[578640]: pam_unix(sshd:auth): check pass; user unknown
2026-09-06T04:40:52.530137+00:00 ubuntu sshd[578640]: pam_unix(sshd:auth): authentication failure; logname= uid=0 euid=0 tty=ssh ruser= rhost=109.160.32.23
2026-09-06T04:40:52.793182+00:00 ubuntu sshd[578592]: Failed password for root from 45.148.10.151 port 19170 ssh2
2026-09-06T04:40:53.158833+00:00 ubuntu sshd[578200]: Failed password for invalid user fty from 176.53.159.198 port 28112 ssh2
2026-09-06T04:40:53.572950+00:00 ubuntu sshd[578200]: pam_unix(sshd:auth): check pass; user unknown
2026-09-06T04:40:54.412276+00:00 ubuntu sshd[578640]: Failed password for invalid user steam from 109.160.32.23 port 36472 ssh2
2026-09-06T04:40:54.765398+00:00 ubuntu sshd[578640]: Connection closed by invalid user steam 109.160.32.23 port 36472 [preauth]
2026-09-06T04:40:54.878948+00:00 ubuntu sshd[578592]: Failed password for root from 45.148.10.151 port 19170 ssh2
2026-09-06T04:40:55.590836+00:00 ubuntu sshd[578200]: Failed password for invalid user fty from 176.53.159.198 port 28112 ssh2
2026-09-06T04:40:56.545606+00:00 ubuntu sshd[578208]: pam_unix(sshd:auth): authentication failure; logname= uid=0 euid=0 tty=ssh ruser= rhost=151.158.2.135 user=root
2026-09-06T04:40:57.167451+00:00 ubuntu sshd[578812]: pam_unix(sshd:auth): authentication failure; logname= uid=0 euid=0 tty=ssh ruser= rhost=109.160.32.23 user=root
2026-09-06T04:40:57.232377+00:00 ubuntu sshd[578200]: Connection reset by invalid user fty 176.53.159.198 port 28112 [preauth]
2026-09-06T04:40:57.232773+00:00 ubuntu sshd[578200]: PAM 4 more authentication failures; logname= uid=0 euid=0 tty=ssh ruser= rhost=176.53.159.198
2026-09-06T04:40:57.232842+00:00 ubuntu sshd[578200]: PAM service(sshd) ignoring max retries; 5 > 3
2026-09-06T04:40:57.278481+00:00 ubuntu sshd[578818]: Invalid user inspur from 176.53.159.198 port 6284
2026-09-06T04:40:57.294987+00:00 ubuntu sshd[578818]: pam_unix(sshd:auth): check pass; user unknown
2026-09-06T04:40:57.295089+00:00 ubuntu sshd[578818]: pam_unix(sshd:auth): authentication failure; logname= uid=0 euid=0 tty=ssh ruser= rhost=176.53.159.198
2026-09-06T04:40:58.632568+00:00 ubuntu sshd[578592]: Failed password for root from 45.148.10.151 port 19170 ssh2
2026-09-06T04:40:58.733584+00:00 ubuntu sshd[578812]: Failed password for root from 109.160.32.23 port 59802 ssh2
2026-09-06T04:40:58.861291+00:00 ubuntu sshd[578818]: Failed password for invalid user inspur from 176.53.159.198 port 6284 ssh2
2026-09-06T04:40:58.974775+00:00 ubuntu sshd[578208]: Failed password for root from 151.158.2.135 port 45864 ssh2
2026-09-06T04:40:59.416742+00:00 ubuntu sshd[578818]: pam_unix(sshd:auth): check pass; user unknown
2026-09-06T04:41:00.294676+00:00 ubuntu sshd[578812]: Connection closed by authenticating user root 109.160.32.23 port 59802 [preauth]
2026-09-06T04:41:00.918007+00:00 ubuntu sshd[578592]: Failed password for root from 45.148.10.151 port 19170 ssh2
2026-09-06T04:41:00.922545+00:00 ubuntu sshd[578818]: Failed password for invalid user inspur from 176.53.159.198 port 6284 ssh2
2026-09-06T04:41:01.319313+00:00 ubuntu sshd[578979]: Invalid user deploy from 109.160.32.23 port 59842
2026-09-06T04:41:01.337497+00:00 ubuntu sshd[578979]: pam_unix(sshd:auth): check pass; user unknown
2026-09-06T04:41:01.337623+00:00 ubuntu sshd[578979]: pam_unix(sshd:auth): authentication failure; logname= uid=0 euid=0 tty=ssh ruser= rhost=109.160.32.23
2026-09-06T04:41:01.538229+00:00 ubuntu sshd[578818]: pam_unix(sshd:auth): check pass; user unknown
2026-09-06T04:41:03.072214+00:00 ubuntu sshd[578208]: Connection closed by authenticating user root 151.158.2.135 port 45864 [preauth]
2026-09-06T04:41:03.340132+00:00 ubuntu sshd[578592]: Failed password for root from 45.148.10.151 port 19170 ssh2
2026-09-06T04:41:03.455447+00:00 ubuntu sshd[578979]: Failed password for invalid user deploy from 109.160.32.23 port 59842 ssh2
2026-09-06T04:41:03.656191+00:00 ubuntu sshd[578818]: Failed password for invalid user inspur from 176.53.159.198 port 6284 ssh2
2026-09-06T04:41:03.659442+00:00 ubuntu sshd[578818]: pam_unix(sshd:auth): check pass; user unknown
2026-09-06T04:41:03.721359+00:00 ubuntu sshd[578979]: Connection closed by invalid user deploy 109.160.32.23 port 59842 [preauth]
2026-09-06T04:41:04.144245+00:00 ubuntu sshd[578592]: Connection reset by authenticating user root 45.148.10.151 port 19170 [preauth]
2026-09-06T04:41:04.144581+00:00 ubuntu sshd[578592]: PAM 4 more authentication failures; logname= uid=0 euid=0 tty=ssh ruser= rhost=45.148.10.151 user=root
2026-09-06T04:41:04.144639+00:00 ubuntu sshd[578592]: PAM service(sshd) ignoring max retries; 5 > 3
2026-09-06T04:41:05.050049+00:00 ubuntu sshd[578818]: Failed password for invalid user inspur from 176.53.159.198 port 6284 ssh2
2026-09-06T04:41:05.780995+00:00 ubuntu sshd[578818]: pam_unix(sshd:auth): check pass; user unknown
2026-09-06T04:41:06.026112+00:00 ubuntu sshd[579174]: Invalid user admin1 from 109.160.32.23 port 43788
2026-09-06T04:41:06.043952+00:00 ubuntu sshd[579174]: pam_unix(sshd:auth): check pass; user unknown
2026-09-06T04:41:06.044063+00:00 ubuntu sshd[579174]: pam_unix(sshd:auth): authentication failure; logname= uid=0 euid=0 tty=ssh ruser= rhost=109.160.32.23
2026-09-06T04:41:07.778962+00:00 ubuntu sshd[578818]: Failed password for invalid user inspur from 176.53.159.198 port 6284 ssh2
2026-09-06T04:41:07.846098+00:00 ubuntu sshd[579174]: Failed password for invalid user admin1 from 109.160.32.23 port 43788 ssh2
2026-09-06T04:41:07.910974+00:00 ubuntu sshd[578818]: Connection reset by invalid user inspur 176.53.159.198 port 6284 [preauth]
2026-09-06T04:41:07.911243+00:00 ubuntu sshd[578818]: PAM 4 more authentication failures; logname= uid=0 euid=0 tty=ssh ruser= rhost=176.53.159.198
2026-09-06T04:41:07.911316+00:00 ubuntu sshd[578818]: PAM service(sshd) ignoring max retries; 5 > 3
2026-09-06T04:41:07.958291+00:00 ubuntu sshd[579241]: Invalid user jiadon from 176.53.159.198 port 22712
2026-09-06T04:41:07.974818+00:00 ubuntu sshd[579241]: pam_unix(sshd:auth): check pass; user unknown
2026-09-06T04:41:07.974917+00:00 ubuntu sshd[579241]: pam_unix(sshd:auth): authentication failure; logname= uid=0 euid=0 tty=ssh ruser= rhost=176.53.159.198
2026-09-06T04:41:08.458572+00:00 ubuntu sshd[579174]: Connection closed by invalid user admin1 109.160.32.23 port 43788 [preauth]
2026-09-06T04:41:10.248166+00:00 ubuntu sshd[579241]: Failed password for invalid user jiadon from 176.53.159.198 port 22712 ssh2
2026-09-06T04:41:10.545002+00:00 ubuntu sshd[579341]: pam_unix(sshd:auth): authentication failure; logname= uid=0 euid=0 tty=ssh ruser= rhost=109.160.32.23 user=root
2026-09-06T04:41:11.895121+00:00 ubuntu sshd[579341]: Failed password for root from 109.160.32.23 port 43866 ssh2
2026-09-06T04:41:12.012219+00:00 ubuntu sshd[579241]: pam_unix(sshd:auth): check pass; user unknown
2026-09-06T04:41:12.077367+00:00 ubuntu sshd[579341]: Connection closed by authenticating user root 109.160.32.23 port 43866 [preauth]
2026-09-06T04:41:14.305172+00:00 ubuntu sshd[579241]: Failed password for invalid user jiadon from 176.53.159.198 port 22712 ssh2
2026-09-06T04:41:15.062432+00:00 ubuntu sshd[579412]: pam_unix(sshd:auth): authentication failure; logname= uid=0 euid=0 tty=ssh ruser= rhost=109.160.32.23 user=root
2026-09-06T04:41:16.049264+00:00 ubuntu sshd[579241]: pam_unix(sshd:auth): check pass; user unknown
2026-09-06T04:41:17.631516+00:00 ubuntu sshd[579412]: Failed password for root from 109.160.32.23 port 44892 ssh2
2026-09-06T04:41:17.891266+00:00 ubuntu sshd[579241]: Failed password for invalid user jiadon from 176.53.159.198 port 22712 ssh2
2026-09-06T04:41:18.067583+00:00 ubuntu sshd[579241]: pam_unix(sshd:auth): check pass; user unknown
2026-09-06T04:41:18.187521+00:00 ubuntu sshd[579412]: Connection closed by authenticating user root 109.160.32.23 port 44892 [preauth]
2026-09-06T04:41:19.179916+00:00 ubuntu sshd[579607]: Invalid user steam from 109.160.32.23 port 44944
2026-09-06T04:41:19.204409+00:00 ubuntu sshd[579607]: pam_unix(sshd:auth): check pass; user unknown
2026-09-06T04:41:19.204485+00:00 ubuntu sshd[579607]: pam_unix(sshd:auth): authentication failure; logname= uid=0 euid=0 tty=ssh ruser= rhost=109.160.32.23
2026-09-06T04:41:19.849870+00:00 ubuntu sshd[579241]: Failed password for invalid user jiadon from 176.53.159.198 port 22712 ssh2
2026-09-06T04:41:20.086322+00:00 ubuntu sshd[579241]: pam_unix(sshd:auth): check pass; user unknown
2026-09-06T04:41:21.458192+00:00 ubuntu sshd[579607]: Failed password for invalid user steam from 109.160.32.23 port 44944 ssh2
2026-09-06T04:41:22.144312+00:00 ubuntu sshd[579241]: Failed password for invalid user jiadon from 176.53.159.198 port 22712 ssh2
2026-09-06T04:41:23.684885+00:00 ubuntu sshd[579607]: Connection closed by invalid user steam 109.160.32.23 port 44944 [preauth]
2026-09-06T04:41:23.774652+00:00 ubuntu sshd[579841]: pam_unix(sshd:auth): authentication failure; logname= uid=0 euid=0 tty=ssh ruser= rhost=109.160.32.23 user=root
2026-09-06T04:41:24.132085+00:00 ubuntu sshd[579241]: Connection reset by invalid user jiadon 176.53.159.198 port 22712 [preauth]
2026-09-06T04:41:24.132205+00:00 ubuntu sshd[579241]: PAM 4 more authentication failures; logname= uid=0 euid=0 tty=ssh ruser= rhost=176.53.159.198
2026-09-06T04:41:24.132262+00:00 ubuntu sshd[579241]: PAM service(sshd) ignoring max retries; 5 > 3
2026-09-06T04:41:24.180211+00:00 ubuntu sshd[579852]: Invalid user john from 176.53.159.198 port 26618
2026-09-06T04:41:24.196539+00:00 ubuntu sshd[579852]: pam_unix(sshd:auth): check pass; user unknown
2026-09-06T04:41:24.196646+00:00 ubuntu sshd[579852]: pam_unix(sshd:auth): authentication failure; logname= uid=0 euid=0 tty=ssh ruser= rhost=176.53.159.198
2026-09-06T04:41:25.912268+00:00 ubuntu sshd[579841]: Failed password for root from 109.160.32.23 port 44994 ssh2
2026-09-06T04:41:26.470283+00:00 ubuntu sshd[579852]: Failed password for invalid user john from 176.53.159.198 port 26618 ssh2
2026-09-06T04:41:26.895850+00:00 ubuntu sshd[579841]: Connection closed by authenticating user root 109.160.32.23 port 44994 [preauth]
2026-09-06T04:41:27.660201+00:00 ubuntu sshd[579852]: pam_unix(sshd:auth): check pass; user unknown
2026-09-06T04:41:28.011687+00:00 ubuntu sshd[580007]: Invalid user test from 109.160.32.23 port 34070
2026-09-06T04:41:28.045284+00:00 ubuntu sshd[580007]: pam_unix(sshd:auth): check pass; user unknown
2026-09-06T04:41:28.045354+00:00 ubuntu sshd[580007]: pam_unix(sshd:auth): authentication failure; logname= uid=0 euid=0 tty=ssh ruser= rhost=109.160.32.23
2026-09-06T04:41:29.677953+00:00 ubuntu sshd[579852]: Failed password for invalid user john from 176.53.159.198 port 26618 ssh2
2026-09-06T04:41:29.867536+00:00 ubuntu sshd[580007]: Failed password for invalid user test from 109.160.32.23 port 34070 ssh2
2026-09-06T04:41:31.092661+00:00 ubuntu sshd[580007]: Connection closed by invalid user test 109.160.32.23 port 34070 [preauth]
2026-09-06T04:41:31.123468+00:00 ubuntu sshd[579852]: pam_unix(sshd:auth): check pass; user unknown
2026-09-06T04:41:32.507150+00:00 ubuntu sshd[580135]: Invalid user steam from 109.160.32.23 port 34114
2026-09-06T04:41:32.544467+00:00 ubuntu sshd[580135]: pam_unix(sshd:auth): check pass; user unknown
2026-09-06T04:41:32.544580+00:00 ubuntu sshd[580135]: pam_unix(sshd:auth): authentication failure; logname= uid=0 euid=0 tty=ssh ruser= rhost=109.160.32.23
2026-09-06T04:41:33.357076+00:00 ubuntu sshd[579852]: Failed password for invalid user john from 176.53.159.198 port 26618 ssh2
2026-09-06T04:41:34.582465+00:00 ubuntu sshd[580135]: Failed password for invalid user steam from 109.160.32.23 port 34114 ssh2
2026-09-06T04:41:34.586490+00:00 ubuntu sshd[579852]: pam_unix(sshd:auth): check pass; user unknown
2026-09-06T04:41:34.788575+00:00 ubuntu sshd[580135]: Connection closed by invalid user steam 109.160.32.23 port 34114 [preauth]
2026-09-06T04:41:36.232954+00:00 ubuntu sshd[579852]: Failed password for invalid user john from 176.53.159.198 port 26618 ssh2
2026-09-06T04:41:36.318285+00:00 ubuntu sshd[579852]: pam_unix(sshd:auth): check pass; user unknown
2026-09-06T04:41:36.933297+00:00 ubuntu sshd[580295]: Invalid user fastuser from 109.160.32.23 port 56970
2026-09-06T04:41:36.955033+00:00 ubuntu sshd[580295]: pam_unix(sshd:auth): check pass; user unknown
2026-09-06T04:41:36.955150+00:00 ubuntu sshd[580295]: pam_unix(sshd:auth): authentication failure; logname= uid=0 euid=0 tty=ssh ruser= rhost=109.160.32.23
2026-09-06T04:41:38.239289+00:00 ubuntu sshd[579852]: Failed password for invalid user john from 176.53.159.198 port 26618 ssh2
2026-09-06T04:41:38.876575+00:00 ubuntu sshd[580295]: Failed password for invalid user fastuser from 109.160.32.23 port 56970 ssh2
2026-09-06T04:41:39.026948+00:00 ubuntu sshd[580295]: Connection closed by invalid user fastuser 109.160.32.23 port 56970 [preauth]
2026-09-06T04:41:39.790056+00:00 ubuntu sshd[579852]: Connection reset by invalid user john 176.53.159.198 port 26618 [preauth]
2026-09-06T04:41:39.790185+00:00 ubuntu sshd[579852]: PAM 4 more authentication failures; logname= uid=0 euid=0 tty=ssh ruser= rhost=176.53.159.198
2026-09-06T04:41:39.790257+00:00 ubuntu sshd[579852]: PAM service(sshd) ignoring max retries; 5 > 3
2026-09-06T04:41:41.535739+00:00 ubuntu sshd[580452]: pam_unix(sshd:auth): authentication failure; logname= uid=0 euid=0 tty=ssh ruser= rhost=109.160.32.23 user=root
2026-09-06T04:41:43.142081+00:00 ubuntu sshd[580452]: Failed password for root from 109.160.32.23 port 57026 ssh2
2026-09-06T04:41:44.662304+00:00 ubuntu sshd[580452]: Connection closed by authenticating user root 109.160.32.23 port 57026 [preauth]
2026-09-06T04:41:46.177161+00:00 ubuntu sshd[580550]: Invalid user work from 109.160.32.23 port 38696
2026-09-06T04:41:46.225593+00:00 ubuntu sshd[580550]: pam_unix(sshd:auth): check pass; user unknown
2026-09-06T04:41:46.225742+00:00 ubuntu sshd[580550]: pam_unix(sshd:auth): authentication failure; logname= uid=0 euid=0 tty=ssh ruser= rhost=109.160.32.23
2026-09-06T04:41:48.187346+00:00 ubuntu sshd[580550]: Failed password for invalid user work from 109.160.32.23 port 38696 ssh2
2026-09-06T04:41:48.789731+00:00 ubuntu sshd[580550]: Connection closed by invalid user work 109.160.32.23 port 38696 [preauth]
2026-09-06T04:41:50.703853+00:00 ubuntu sshd[580596]: pam_unix(sshd:auth): authentication failure; logname= uid=0 euid=0 tty=ssh ruser= rhost=109.160.32.23 user=root
2026-09-06T04:41:53.213136+00:00 ubuntu sshd[580596]: Failed password for root from 109.160.32.23 port 38742 ssh2
2026-09-06T04:41:53.837471+00:00 ubuntu sshd[580596]: Connection closed by authenticating user root 109.160.32.23 port 38742 [preauth]
2026-09-06T04:41:55.385039+00:00 ubuntu sshd[580839]: Invalid user azureuser from 109.160.32.23 port 35646
2026-09-06T04:41:55.417591+00:00 ubuntu sshd[580839]: pam_unix(sshd:auth): check pass; user unknown
2026-09-06T04:41:55.417721+00:00 ubuntu sshd[580839]: pam_unix(sshd:auth): authentication failure; logname= uid=0 euid=0 tty=ssh ruser= rhost=109.160.32.23
2026-09-06T04:41:57.615028+00:00 ubuntu sshd[580839]: Failed password for invalid user azureuser from 109.160.32.23 port 35646 ssh2
2026-09-06T04:41:59.240237+00:00 ubuntu sshd[580839]: Connection closed by invalid user azureuser 109.160.32.23 port 35646 [preauth]
2026-09-06T04:41:59.785011+00:00 ubuntu sshd[581034]: Invalid user postgres from 109.160.32.23 port 35666
2026-09-06T04:41:59.803024+00:00 ubuntu sshd[581034]: pam_unix(sshd:auth): check pass; user unknown
2026-09-06T04:41:59.803096+00:00 ubuntu sshd[581034]: pam_unix(sshd:auth): authentication failure; logname= uid=0 euid=0 tty=ssh ruser= rhost=109.160.32.23
2026-09-06T04:42:01.881122+00:00 ubuntu sshd[581034]: Failed password for invalid user postgres from 109.160.32.23 port 35666 ssh2
2026-09-06T04:42:03.907292+00:00 ubuntu sshd[581034]: Connection closed by invalid user postgres 109.160.32.23 port 35666 [preauth]
2026-09-06T04:42:04.635233+00:00 ubuntu sshd[581231]: pam_unix(sshd:auth): authentication failure; logname= uid=0 euid=0 tty=ssh ruser= rhost=109.160.32.23 user=root
2026-09-06T04:42:06.065939+00:00 ubuntu sshd[581231]: Failed password for root from 109.160.32.23 port 53180 ssh2
2026-09-06T04:42:06.179097+00:00 ubuntu sshd[581231]: Connection closed by authenticating user root 109.160.32.23 port 53180 [preauth]
2026-09-06T04:42:09.160197+00:00 ubuntu sshd[581399]: Invalid user admin from 109.160.32.23 port 53220
2026-09-06T04:42:09.179038+00:00 ubuntu sshd[581399]: pam_unix(sshd:auth): check pass; user unknown
2026-09-06T04:42:09.179129+00:00 ubuntu sshd[581399]: pam_unix(sshd:auth): authentication failure; logname= uid=0 euid=0 tty=ssh ruser= rhost=109.160.32.23
2026-09-06T04:42:11.297206+00:00 ubuntu sshd[581399]: Failed password for invalid user admin from 109.160.32.23 port 53220 ssh2
2026-09-06T04:42:12.059782+00:00 ubuntu sshd[581399]: Connection closed by invalid user admin 109.160.32.23 port 53220 [preauth]
2026-09-06T04:42:12.853300+00:00 ubuntu sshd[581519]: pam_unix(sshd:auth): authentication failure; logname= uid=0 euid=0 tty=ssh ruser= rhost=109.160.32.23 user=root
2026-09-06T04:42:14.715579+00:00 ubuntu sshd[581519]: Failed password for root from 109.160.32.23 port 53250 ssh2
2026-09-06T04:42:15.976746+00:00 ubuntu sshd[581519]: Connection closed by authenticating user root 109.160.32.23 port 53250 [preauth]
2026-09-06T04:42:16.667246+00:00 ubuntu sshd[581657]: pam_unix(sshd:auth): authentication failure; logname= uid=0 euid=0 tty=ssh ruser= rhost=109.160.32.23 user=root
2026-09-06T04:42:18.078053+00:00 ubuntu sshd[581657]: Failed password for root from 109.160.32.23 port 57982 ssh2
2026-09-06T04:42:18.193013+00:00 ubuntu sshd[581657]: Connection closed by authenticating user root 109.160.32.23 port 57982 [preauth]
2026-09-06T04:42:23.979426+00:00 ubuntu sshd[581883]: pam_unix(sshd:auth): authentication failure; logname= uid=0 euid=0 tty=ssh ruser= rhost=109.160.32.23 user=root
2026-09-06T04:42:25.685845+00:00 ubuntu sshd[581883]: Failed password for root from 109.160.32.23 port 58090 ssh2
2026-09-06T04:42:27.108901+00:00 ubuntu sshd[581883]: Connection closed by authenticating user root 109.160.32.23 port 58090 [preauth]
2026-09-06T04:42:35.217508+00:00 ubuntu sshd[582321]: Invalid user marcu1 from 109.160.32.23 port 59674
2026-09-06T04:42:35.235051+00:00 ubuntu sshd[582321]: pam_unix(sshd:auth): check pass; user unknown
2026-09-06T04:42:35.235199+00:00 ubuntu sshd[582321]: pam_unix(sshd:auth): authentication failure; logname= uid=0 euid=0 tty=ssh ruser= rhost=109.160.32.23
2026-09-06T04:42:36.921733+00:00 ubuntu sshd[582321]: Failed password for invalid user marcu1 from 109.160.32.23 port 59674 ssh2
2026-09-06T04:42:37.365975+00:00 ubuntu sshd[582321]: Connection closed by invalid user marcu1 109.160.32.23 port 59674 [preauth]
2026-09-06T04:42:39.470450+00:00 ubuntu sshd[582517]: Invalid user kubernetes from 109.160.32.23 port 59700
2026-09-06T04:42:39.487793+00:00 ubuntu sshd[582517]: pam_unix(sshd:auth): check pass; user unknown
2026-09-06T04:42:39.487875+00:00 ubuntu sshd[582517]: pam_unix(sshd:auth): authentication failure; logname= uid=0 euid=0 tty=ssh ruser= rhost=109.160.32.23
2026-09-06T04:42:41.726173+00:00 ubuntu sshd[582517]: Failed password for invalid user kubernetes from 109.160.32.23 port 59700 ssh2
2026-09-06T04:42:43.943700+00:00 ubuntu sshd[582517]: Connection closed by invalid user kubernetes 109.160.32.23 port 59700 [preauth]
2026-09-06T04:42:46.967895+00:00 ubuntu sshd[582775]: Invalid user sedu from 109.160.32.23 port 44062
2026-09-06T04:42:46.985003+00:00 ubuntu sshd[582775]: pam_unix(sshd:auth): check pass; user unknown
2026-09-06T04:42:46.985116+00:00 ubuntu sshd[582775]: pam_unix(sshd:auth): authentication failure; logname= uid=0 euid=0 tty=ssh ruser= rhost=109.160.32.23
2026-09-06T04:42:49.183439+00:00 ubuntu sshd[582775]: Failed password for invalid user sedu from 109.160.32.23 port 44062 ssh2
2026-09-06T04:42:51.168118+00:00 ubuntu sshd[582775]: Connection closed by invalid user sedu 109.160.32.23 port 44062 [preauth]
2026-09-06T04:43:18.522488+00:00 ubuntu sshd[583896]: Invalid user crafty from 109.160.32.23 port 34950
2026-09-06T04:43:18.540052+00:00 ubuntu sshd[583896]: pam_unix(sshd:auth): check pass; user unknown
2026-09-06T04:43:18.540181+00:00 ubuntu sshd[583896]: pam_unix(sshd:auth): authentication failure; logname= uid=0 euid=0 tty=ssh ruser= rhost=109.160.32.23
2026-09-06T04:43:20.462666+00:00 ubuntu sshd[583896]: Failed password for invalid user crafty from 109.160.32.23 port 34950 ssh2
2026-09-06T04:43:22.193175+00:00 ubuntu sshd[583896]: Connection closed by invalid user crafty 109.160.32.23 port 34950 [preauth]
2026-09-06T04:43:28.671593+00:00 ubuntu sshd[583479]: Invalid user ftpuser from 109.160.32.23 port 39120
2026-09-06T04:43:35.196035+00:00 ubuntu sshd[584476]: Invalid user student from 109.160.32.23 port 42922
2026-09-06T04:43:35.213026+00:00 ubuntu sshd[584476]: pam_unix(sshd:auth): check pass; user unknown
2026-09-06T04:43:35.213127+00:00 ubuntu sshd[584476]: pam_unix(sshd:auth): authentication failure; logname= uid=0 euid=0 tty=ssh ruser= rhost=109.160.32.23
2026-09-06T04:43:36.804162+00:00 ubuntu sshd[584476]: Failed password for invalid user student from 109.160.32.23 port 42922 ssh2
2026-09-06T04:43:38.108165+00:00 ubuntu sshd[584476]: Connection closed by invalid user student 109.160.32.23 port 42922 [preauth]
2026-09-06T04:43:39.385969+00:00 ubuntu sshd[584671]: Invalid user test from 109.160.32.23 port 42934
2026-09-06T04:43:39.403601+00:00 ubuntu sshd[584671]: pam_unix(sshd:auth): check pass; user unknown
2026-09-06T04:43:39.403799+00:00 ubuntu sshd[584671]: pam_unix(sshd:auth): authentication failure; logname= uid=0 euid=0 tty=ssh ruser= rhost=109.160.32.23
2026-09-06T04:43:41.878029+00:00 ubuntu sshd[584671]: Failed password for invalid user test from 109.160.32.23 port 42934 ssh2
2026-09-06T04:43:42.447382+00:00 ubuntu sshd[584671]: Connection closed by invalid user test 109.160.32.23 port 42934 [preauth]
2026-09-06T04:43:57.534057+00:00 ubuntu sshd[583479]: pam_unix(sshd:auth): check pass; user unknown
2026-09-06T04:43:57.534229+00:00 ubuntu sshd[583479]: pam_unix(sshd:auth): authentication failure; logname= uid=0 euid=0 tty=ssh ruser= rhost=109.160.32.23
2026-09-06T04:43:59.812210+00:00 ubuntu sshd[583479]: Failed password for invalid user ftpuser from 109.160.32.23 port 39120 ssh2
2026-09-06T04:44:50.938791+00:00 ubuntu sshd[587171]: pam_unix(sshd:auth): authentication failure; logname= uid=0 euid=0 tty=ssh ruser= rhost=192.253.248.222 user=root
2026-09-06T04:44:53.157177+00:00 ubuntu sshd[587171]: Failed password for root from 192.253.248.222 port 51962 ssh2
2026-09-06T04:44:54.061088+00:00 ubuntu sshd[587171]: Connection closed by authenticating user root 192.253.248.222 port 51962 [preauth]
2026-09-06T04:44:56.759956+00:00 ubuntu sshd[586829]: pam_unix(sshd:auth): authentication failure; logname= uid=0 euid=0 tty=ssh ruser= rhost=109.160.32.23 user=root
2026-09-06T04:44:58.471164+00:00 ubuntu sshd[586829]: Failed password for root from 109.160.32.23 port 45130 ssh2
2026-09-06T04:44:59.892595+00:00 ubuntu sshd[586829]: Connection closed by authenticating user root 109.160.32.23 port 45130 [preauth]
2026-09-06T04:45:01.886037+00:00 ubuntu CRON[587530]: pam_unix(cron:session): session opened for user root(uid=0) by root(uid=0)
2026-09-06T04:45:01.889916+00:00 ubuntu CRON[587530]: pam_unix(cron:session): session closed for user root
2026-09-06T04:45:09.919080+00:00 ubuntu sshd[587987]: pam_unix(sshd:auth): authentication failure; logname= uid=0 euid=0 tty=ssh ruser= rhost=109.160.32.23 user=root
2026-09-06T04:45:11.746046+00:00 ubuntu sshd[587987]: Failed password for root from 109.160.32.23 port 51772 ssh2
2026-09-06T04:45:13.043092+00:00 ubuntu sshd[587987]: Connection closed by authenticating user root 109.160.32.23 port 51772 [preauth]
2026-09-06T04:45:49.040278+00:00 ubuntu sshd[589379]: pam_unix(sshd:auth): authentication failure; logname= uid=0 euid=0 tty=ssh ruser= rhost=45.148.10.152 user=root
2026-09-06T04:45:51.222149+00:00 ubuntu sshd[589379]: Failed password for root from 45.148.10.152 port 23692 ssh2
2026-09-06T04:45:53.983660+00:00 ubuntu sshd[589379]: Failed password for root from 45.148.10.152 port 23692 ssh2
2026-09-06T04:45:56.933141+00:00 ubuntu sshd[589379]: Failed password for root from 45.148.10.152 port 23692 ssh2
2026-09-06T04:45:59.013281+00:00 ubuntu sshd[589379]: Failed password for root from 45.148.10.152 port 23692 ssh2
2026-09-06T04:46:02.442646+00:00 ubuntu sshd[589379]: Failed password for root from 45.148.10.152 port 23692 ssh2
2026-09-06T04:46:03.396394+00:00 ubuntu sshd[589379]: Connection reset by authenticating user root 45.148.10.152 port 23692 [preauth]
2026-09-06T04:46:03.396882+00:00 ubuntu sshd[589379]: PAM 4 more authentication failures; logname= uid=0 euid=0 tty=ssh ruser= rhost=45.148.10.152 user=root
2026-09-06T04:46:03.396952+00:00 ubuntu sshd[589379]: PAM service(sshd) ignoring max retries; 5 > 3
2026-09-06T04:46:03.914744+00:00 ubuntu sshd[589700]: Invalid user ts3 from 109.160.32.23 port 33726
2026-09-06T04:46:04.061106+00:00 ubuntu sshd[589446]: pam_unix(sshd:auth): authentication failure; logname= uid=0 euid=0 tty=ssh ruser= rhost=151.158.2.135 user=root
2026-09-06T04:46:05.724348+00:00 ubuntu sshd[589700]: pam_unix(sshd:auth): check pass; user unknown
2026-09-06T04:46:05.724527+00:00 ubuntu sshd[589700]: pam_unix(sshd:auth): authentication failure; logname= uid=0 euid=0 tty=ssh ruser= rhost=109.160.32.23
2026-09-06T04:46:05.968505+00:00 ubuntu sshd[589446]: Failed password for root from 151.158.2.135 port 46000 ssh2
2026-09-06T04:46:07.240249+00:00 ubuntu sshd[589700]: Failed password for invalid user ts3 from 109.160.32.23 port 33726 ssh2
2026-09-06T04:46:09.551850+00:00 ubuntu sshd[589446]: Connection closed by authenticating user root 151.158.2.135 port 46000 [preauth]
2026-09-06T04:46:09.883982+00:00 ubuntu sshd[589700]: Connection closed by invalid user ts3 109.160.32.23 port 33726 [preauth]
2026-09-06T04:47:10.055703+00:00 ubuntu sshd[591973]: Connection closed by 167.172.46.213 port 43642 [preauth]
2026-09-06T04:48:03.417462+00:00 ubuntu sshd[593682]: pam_unix(sshd:auth): authentication failure; logname= uid=0 euid=0 tty=ssh ruser= rhost=20.106.172.62 user=root
2026-09-06T04:48:05.801289+00:00 ubuntu sshd[593682]: Failed password for root from 20.106.172.62 port 41900 ssh2
2026-09-06T04:48:08.391361+00:00 ubuntu sshd[593682]: Connection closed by authenticating user root 20.106.172.62 port 41900 [preauth]
2026-09-06T04:48:59.674554+00:00 ubuntu sshd[595449]: Invalid user test from 109.160.32.23 port 47128
2026-09-06T04:48:59.681456+00:00 ubuntu sshd[595372]: Invalid user milad from 109.160.32.23 port 55098
2026-09-06T04:48:59.702272+00:00 ubuntu sshd[595449]: pam_unix(sshd:auth): check pass; user unknown
2026-09-06T04:48:59.702431+00:00 ubuntu sshd[595449]: pam_unix(sshd:auth): authentication failure; logname= uid=0 euid=0 tty=ssh ruser= rhost=109.160.32.23
2026-09-06T04:48:59.935689+00:00 ubuntu sshd[595372]: pam_unix(sshd:auth): check pass; user unknown
2026-09-06T04:48:59.935855+00:00 ubuntu sshd[595372]: pam_unix(sshd:auth): authentication failure; logname= uid=0 euid=0 tty=ssh ruser= rhost=109.160.32.23
2026-09-06T04:49:01.174829+00:00 ubuntu sshd[595491]: Invalid user dolphinscheduler from 109.160.32.23 port 55118
2026-09-06T04:49:01.192295+00:00 ubuntu sshd[595491]: pam_unix(sshd:auth): check pass; user unknown
2026-09-06T04:49:01.192467+00:00 ubuntu sshd[595491]: pam_unix(sshd:auth): authentication failure; logname= uid=0 euid=0 tty=ssh ruser= rhost=109.160.32.23
2026-09-06T04:49:01.439192+00:00 ubuntu sshd[595449]: Failed password for invalid user test from 109.160.32.23 port 47128 ssh2
2026-09-06T04:49:01.672447+00:00 ubuntu sshd[595372]: Failed password for invalid user milad from 109.160.32.23 port 55098 ssh2
2026-09-06T04:49:02.746000+00:00 ubuntu sshd[595449]: Connection closed by invalid user test 109.160.32.23 port 47128 [preauth]
2026-09-06T04:49:03.536573+00:00 ubuntu sshd[595491]: Failed password for invalid user dolphinscheduler from 109.160.32.23 port 55118 ssh2
2026-09-06T04:49:05.647406+00:00 ubuntu sshd[595491]: Connection closed by invalid user dolphinscheduler 109.160.32.23 port 55118 [preauth]
2026-09-06T04:49:29.646916+00:00 ubuntu sshd[596237]: Invalid user coder from 109.160.32.23 port 53138
2026-09-06T04:49:29.664096+00:00 ubuntu sshd[596237]: pam_unix(sshd:auth): check pass; user unknown
2026-09-06T04:49:29.664194+00:00 ubuntu sshd[596237]: pam_unix(sshd:auth): authentication failure; logname= uid=0 euid=0 tty=ssh ruser= rhost=109.160.32.23
2026-09-06T04:49:31.521347+00:00 ubuntu sshd[596237]: Failed password for invalid user coder from 109.160.32.23 port 53138 ssh2
2026-09-06T04:49:33.306595+00:00 ubuntu sshd[596237]: Connection closed by invalid user coder 109.160.32.23 port 53138 [preauth]
2026-09-06T04:49:33.846466+00:00 ubuntu sshd[596357]: Invalid user steam from 109.160.32.23 port 53154
2026-09-06T04:49:33.863738+00:00 ubuntu sshd[596357]: pam_unix(sshd:auth): check pass; user unknown
2026-09-06T04:49:33.863890+00:00 ubuntu sshd[596357]: pam_unix(sshd:auth): authentication failure; logname= uid=0 euid=0 tty=ssh ruser= rhost=109.160.32.23
2026-09-06T04:49:36.267741+00:00 ubuntu sshd[596357]: Failed password for invalid user steam from 109.160.32.23 port 53154 ssh2
2026-09-06T04:49:38.319568+00:00 ubuntu sshd[596357]: Connection closed by invalid user steam 109.160.32.23 port 53154 [preauth]
2026-09-06T04:49:52.925408+00:00 ubuntu sshd[596906]: Invalid user debian from 109.160.32.23 port 42570
2026-09-06T04:49:53.180169+00:00 ubuntu sshd[596906]: pam_unix(sshd:auth): check pass; user unknown
2026-09-06T04:49:53.180321+00:00 ubuntu sshd[596906]: pam_unix(sshd:auth): authentication failure; logname= uid=0 euid=0 tty=ssh ruser= rhost=109.160.32.23
2026-09-06T04:49:54.996176+00:00 ubuntu sshd[596906]: Failed password for invalid user debian from 109.160.32.23 port 42570 ssh2
2026-09-06T04:49:55.786680+00:00 ubuntu sshd[596906]: Connection closed by invalid user debian 109.160.32.23 port 42570 [preauth]
2026-09-06T04:50:12.775531+00:00 ubuntu sshd[597416]: Invalid user ubuntu from 109.160.32.23 port 59564
2026-09-06T04:50:12.792835+00:00 ubuntu sshd[597416]: pam_unix(sshd:auth): check pass; user unknown
2026-09-06T04:50:12.792948+00:00 ubuntu sshd[597416]: pam_unix(sshd:auth): authentication failure; logname= uid=0 euid=0 tty=ssh ruser= rhost=109.160.32.23
2026-09-06T04:50:14.218490+00:00 ubuntu sshd[597416]: Failed password for invalid user ubuntu from 109.160.32.23 port 59564 ssh2
2026-09-06T04:50:14.906619+00:00 ubuntu sshd[597416]: Connection closed by invalid user ubuntu 109.160.32.23 port 59564 [preauth]
2026-09-06T04:50:25.528474+00:00 ubuntu sshd[597854]: Invalid user term2 from 109.160.32.23 port 39590
2026-09-06T04:50:25.545604+00:00 ubuntu sshd[597854]: pam_unix(sshd:auth): check pass; user unknown
2026-09-06T04:50:25.545725+00:00 ubuntu sshd[597854]: pam_unix(sshd:auth): authentication failure; logname= uid=0 euid=0 tty=ssh ruser= rhost=109.160.32.23
2026-09-06T04:50:27.423042+00:00 ubuntu sshd[597854]: Failed password for invalid user term2 from 109.160.32.23 port 39590 ssh2
2026-09-06T04:50:29.204019+00:00 ubuntu sshd[597854]: Connection closed by invalid user term2 109.160.32.23 port 39590 [preauth]
2026-09-06T04:50:47.331961+00:00 ubuntu sshd[598308]: pam_unix(sshd:auth): authentication failure; logname= uid=0 euid=0 tty=ssh ruser= rhost=45.148.10.151 user=root
2026-09-06T04:50:48.561670+00:00 ubuntu sshd[598308]: Failed password for root from 45.148.10.151 port 36542 ssh2
2026-09-06T04:50:50.643333+00:00 ubuntu sshd[598308]: Failed password for root from 45.148.10.151 port 36542 ssh2
2026-09-06T04:50:54.398105+00:00 ubuntu sshd[598308]: Failed password for root from 45.148.10.151 port 36542 ssh2
2026-09-06T04:50:57.019567+00:00 ubuntu sshd[598308]: Failed password for root from 45.148.10.151 port 36542 ssh2
2026-09-06T04:50:59.967348+00:00 ubuntu sshd[598308]: Failed password for root from 45.148.10.151 port 36542 ssh2
2026-09-06T04:51:00.088775+00:00 ubuntu sshd[598308]: Connection reset by authenticating user root 45.148.10.151 port 36542 [preauth]
2026-09-06T04:51:00.089077+00:00 ubuntu sshd[598308]: PAM 4 more authentication failures; logname= uid=0 euid=0 tty=ssh ruser= rhost=45.148.10.151 user=root
2026-09-06T04:51:00.089154+00:00 ubuntu sshd[598308]: PAM service(sshd) ignoring max retries; 5 > 3
2026-09-06T04:51:13.017465+00:00 ubuntu sshd[598660]: pam_unix(sshd:auth): authentication failure; logname= uid=0 euid=0 tty=ssh ruser= rhost=151.158.2.135 user=root
2026-09-06T04:51:14.678786+00:00 ubuntu sshd[598660]: Failed password for root from 151.158.2.135 port 40450 ssh2
2026-09-06T04:51:19.345615+00:00 ubuntu sshd[598660]: Connection closed by authenticating user root 151.158.2.135 port 40450 [preauth]
2026-09-06T04:51:19.531231+00:00 ubuntu sshd[599176]: Invalid user agentsolutionsmallorca from 192.253.248.222 port 50148
2026-09-06T04:51:19.546016+00:00 ubuntu sshd[599176]: pam_unix(sshd:auth): check pass; user unknown
2026-09-06T04:51:19.546106+00:00 ubuntu sshd[599176]: pam_unix(sshd:auth): authentication failure; logname= uid=0 euid=0 tty=ssh ruser= rhost=192.253.248.222
2026-09-06T04:51:21.503499+00:00 ubuntu sshd[599176]: Failed password for invalid user agentsolutionsmallorca from 192.253.248.222 port 50148 ssh2
2026-09-06T04:51:21.775504+00:00 ubuntu sshd[599176]: Connection closed by invalid user agentsolutionsmallorca 192.253.248.222 port 50148 [preauth]
2026-09-06T04:51:46.553163+00:00 ubuntu sshd[599832]: Invalid user appuser from 109.160.32.23 port 59466
2026-09-06T04:51:46.775686+00:00 ubuntu sshd[599832]: pam_unix(sshd:auth): check pass; user unknown
2026-09-06T04:51:46.775902+00:00 ubuntu sshd[599832]: pam_unix(sshd:auth): authentication failure; logname= uid=0 euid=0 tty=ssh ruser= rhost=109.160.32.23
2026-09-06T04:51:48.437478+00:00 ubuntu sshd[599832]: Failed password for invalid user appuser from 109.160.32.23 port 59466 ssh2
2026-09-06T04:51:50.461309+00:00 ubuntu sshd[599832]: Connection closed by invalid user appuser 109.160.32.23 port 59466 [preauth]
2026-09-06T04:52:07.408345+00:00 ubuntu sshd[600536]: pam_unix(sshd:auth): authentication failure; logname= uid=0 euid=0 tty=ssh ruser= rhost=109.160.32.23 user=root
2026-09-06T04:52:08.954112+00:00 ubuntu sshd[600536]: Failed password for root from 109.160.32.23 port 36180 ssh2
2026-09-06T04:52:10.533358+00:00 ubuntu sshd[600536]: Connection closed by authenticating user root 109.160.32.23 port 36180 [preauth]
2026-09-06T04:52:57.253042+00:00 ubuntu sshd[601742]: pam_unix(sshd:auth): authentication failure; logname= uid=0 euid=0 tty=ssh ruser= rhost=109.160.32.23 user=root
2026-09-06T04:52:59.330293+00:00 ubuntu sshd[601742]: Failed password for root from 109.160.32.23 port 45786 ssh2
2026-09-06T04:53:05.765840+00:00 ubuntu sshd[601742]: Connection closed by authenticating user root 109.160.32.23 port 45786 [preauth]
2026-09-06T04:54:29.755905+00:00 ubuntu sshd[604261]: Invalid user www from 109.160.32.23 port 33662
2026-09-06T04:54:29.789379+00:00 ubuntu sshd[604261]: pam_unix(sshd:auth): check pass; user unknown
2026-09-06T04:54:29.789493+00:00 ubuntu sshd[604261]: pam_unix(sshd:auth): authentication failure; logname= uid=0 euid=0 tty=ssh ruser= rhost=109.160.32.23
2026-09-06T04:54:31.496179+00:00 ubuntu sshd[604261]: Failed password for invalid user www from 109.160.32.23 port 33662 ssh2
2026-09-06T04:54:31.579348+00:00 ubuntu sshd[604261]: Connection closed by invalid user www 109.160.32.23 port 33662 [preauth]
2026-09-06T04:55:01.896683+00:00 ubuntu CRON[605099]: pam_unix(cron:session): session opened for user root(uid=0) by root(uid=0)
2026-09-06T04:55:01.900407+00:00 ubuntu CRON[605099]: pam_unix(cron:session): session closed for user root
2026-09-06T04:55:42.022591+00:00 ubuntu sshd[606313]: pam_unix(sshd:auth): authentication failure; logname= uid=0 euid=0 tty=ssh ruser= rhost=45.148.10.151 user=root
2026-09-06T04:55:43.945123+00:00 ubuntu sshd[606313]: Failed password for root from 45.148.10.151 port 62232 ssh2
2026-09-06T04:55:47.702337+00:00 ubuntu sshd[606313]: Failed password for root from 45.148.10.151 port 62232 ssh2
2026-09-06T04:55:50.658140+00:00 ubuntu sshd[606313]: Failed password for root from 45.148.10.151 port 62232 ssh2
2026-09-06T04:55:53.606722+00:00 ubuntu sshd[606313]: Failed password for root from 45.148.10.151 port 62232 ssh2
2026-09-06T04:55:56.897853+00:00 ubuntu sshd[606313]: Failed password for root from 45.148.10.151 port 62232 ssh2
2026-09-06T04:55:57.976534+00:00 ubuntu sshd[606313]: Connection reset by authenticating user root 45.148.10.151 port 62232 [preauth]
2026-09-06T04:55:57.976851+00:00 ubuntu sshd[606313]: PAM 4 more authentication failures; logname= uid=0 euid=0 tty=ssh ruser= rhost=45.148.10.151 user=root
2026-09-06T04:55:57.976916+00:00 ubuntu sshd[606313]: PAM service(sshd) ignoring max retries; 5 > 3
2026-09-06T04:56:25.259388+00:00 ubuntu sshd[607245]: pam_unix(sshd:auth): authentication failure; logname= uid=0 euid=0 tty=ssh ruser= rhost=151.158.2.135 user=root
2026-09-06T04:56:27.222131+00:00 ubuntu sshd[607245]: Failed password for root from 151.158.2.135 port 43282 ssh2
2026-09-06T04:56:27.449654+00:00 ubuntu sshd[607326]: pam_unix(sshd:auth): authentication failure; logname= uid=0 euid=0 tty=ssh ruser= rhost=20.106.172.62 user=root
2026-09-06T04:56:29.356709+00:00 ubuntu sshd[607326]: Failed password for root from 20.106.172.62 port 45534 ssh2
2026-09-06T04:56:30.682413+00:00 ubuntu sshd[607245]: Connection closed by authenticating user root 151.158.2.135 port 43282 [preauth]
2026-09-06T04:56:32.277317+00:00 ubuntu sshd[607326]: Connection closed by authenticating user root 20.106.172.62 port 45534 [preauth]
2026-09-06T04:56:51.600281+00:00 ubuntu sshd[608215]: Invalid user aaa from 109.160.32.23 port 57116
2026-09-06T04:56:51.617431+00:00 ubuntu sshd[608215]: pam_unix(sshd:auth): check pass; user unknown
2026-09-06T04:56:51.617552+00:00 ubuntu sshd[608215]: pam_unix(sshd:auth): authentication failure; logname= uid=0 euid=0 tty=ssh ruser= rhost=109.160.32.23
2026-09-06T04:56:53.483303+00:00 ubuntu sshd[608215]: Failed password for invalid user aaa from 109.160.32.23 port 57116 ssh2
2026-09-06T04:56:54.963174+00:00 ubuntu sshd[608215]: Connection closed by invalid user aaa 109.160.32.23 port 57116 [preauth]
2026-09-06T04:56:56.143589+00:00 ubuntu sshd[608335]: pam_unix(sshd:auth): authentication failure; logname= uid=0 euid=0 tty=ssh ruser= rhost=109.160.32.23 user=root
2026-09-06T04:56:58.697991+00:00 ubuntu sshd[608335]: Failed password for root from 109.160.32.23 port 34490 ssh2
2026-09-06T04:56:59.265086+00:00 ubuntu sshd[608335]: Connection closed by authenticating user root 109.160.32.23 port 34490 [preauth]
2026-09-06T04:57:21.770157+00:00 ubuntu sshd[609069]: Invalid user test from 193.24.211.218 port 16944
2026-09-06T04:57:21.771763+00:00 ubuntu sshd[609069]: pam_unix(sshd:auth): check pass; user unknown
2026-09-06T04:57:21.771841+00:00 ubuntu sshd[609069]: pam_unix(sshd:auth): authentication failure; logname= uid=0 euid=0 tty=ssh ruser= rhost=193.24.211.218
2026-09-06T04:57:23.759264+00:00 ubuntu sshd[609069]: Failed password for invalid user test from 193.24.211.218 port 16944 ssh2
2026-09-06T04:57:24.772456+00:00 ubuntu sshd[609193]: Invalid user agentsolutionsmallorca from 213.209.159.208 port 47924
2026-09-06T04:57:24.787469+00:00 ubuntu sshd[609193]: pam_unix(sshd:auth): check pass; user unknown
2026-09-06T04:57:24.787585+00:00 ubuntu sshd[609193]: pam_unix(sshd:auth): authentication failure; logname= uid=0 euid=0 tty=ssh ruser= rhost=213.209.159.208
2026-09-06T04:57:24.831545+00:00 ubuntu sshd[609069]: Received disconnect from 193.24.211.218 port 16944:11: Client disconnecting normally [preauth]
2026-09-06T04:57:24.831693+00:00 ubuntu sshd[609069]: Disconnected from invalid user test 193.24.211.218 port 16944 [preauth]
2026-09-06T04:57:26.519300+00:00 ubuntu sshd[609193]: Failed password for invalid user agentsolutionsmallorca from 213.209.159.208 port 47924 ssh2
2026-09-06T04:57:27.016545+00:00 ubuntu sshd[609193]: Connection closed by invalid user agentsolutionsmallorca 213.209.159.208 port 47924 [preauth]
2026-09-06T04:57:43.020065+00:00 ubuntu sshd[609683]: Invalid user agentsolutionsmallorca from 192.253.248.222 port 58784
2026-09-06T04:57:43.034802+00:00 ubuntu sshd[609683]: pam_unix(sshd:auth): check pass; user unknown
2026-09-06T04:57:43.034892+00:00 ubuntu sshd[609683]: pam_unix(sshd:auth): authentication failure; logname= uid=0 euid=0 tty=ssh ruser= rhost=192.253.248.222
2026-09-06T04:57:45.042587+00:00 ubuntu sshd[609683]: Failed password for invalid user agentsolutionsmallorca from 192.253.248.222 port 58784 ssh2
2026-09-06T04:57:45.264187+00:00 ubuntu sshd[609683]: Connection closed by invalid user agentsolutionsmallorca 192.253.248.222 port 58784 [preauth]
2026-09-06T04:57:45.446259+00:00 ubuntu sshd[608415]: Invalid user zlm from 109.160.32.23 port 34500
2026-09-06T04:57:45.730380+00:00 ubuntu sshd[609767]: Invalid user bob from 109.160.32.23 port 54486
2026-09-06T04:57:45.747743+00:00 ubuntu sshd[609767]: pam_unix(sshd:auth): check pass; user unknown
2026-09-06T04:57:45.747869+00:00 ubuntu sshd[609767]: pam_unix(sshd:auth): authentication failure; logname= uid=0 euid=0 tty=ssh ruser= rhost=109.160.32.23
2026-09-06T04:57:46.395963+00:00 ubuntu sshd[608415]: pam_unix(sshd:auth): check pass; user unknown
2026-09-06T04:57:46.396108+00:00 ubuntu sshd[608415]: pam_unix(sshd:auth): authentication failure; logname= uid=0 euid=0 tty=ssh ruser= rhost=109.160.32.23
2026-09-06T04:57:47.695275+00:00 ubuntu sshd[609767]: Failed password for invalid user bob from 109.160.32.23 port 54486 ssh2
2026-09-06T04:57:48.815428+00:00 ubuntu sshd[608415]: Failed password for invalid user zlm from 109.160.32.23 port 34500 ssh2
2026-09-06T04:57:54.456856+00:00 ubuntu sshd[609767]: Connection closed by invalid user bob 109.160.32.23 port 54486 [preauth]
2026-09-06T04:57:58.472143+00:00 ubuntu sshd[608415]: Connection closed by invalid user zlm 109.160.32.23 port 34500 [preauth]
2026-09-06T04:58:14.304357+00:00 ubuntu sshd[610483]: pam_unix(sshd:auth): authentication failure; logname= uid=0 euid=0 tty=ssh ruser= rhost=180.100.217.164 user=root
2026-09-06T04:58:16.898832+00:00 ubuntu sshd[610483]: Failed password for root from 180.100.217.164 port 42204 ssh2
2026-09-06T04:58:17.656354+00:00 ubuntu sshd[610483]: Received disconnect from 180.100.217.164 port 42204:11: Bye Bye [preauth]
2026-09-06T04:58:17.656493+00:00 ubuntu sshd[610483]: Disconnected from authenticating user root 180.100.217.164 port 42204 [preauth]
2026-09-06T04:58:37.255341+00:00 ubuntu sshd[611140]: Invalid user dev from 109.160.32.23 port 52260
2026-09-06T04:58:37.296225+00:00 ubuntu sshd[611140]: pam_unix(sshd:auth): check pass; user unknown
2026-09-06T04:58:37.296366+00:00 ubuntu sshd[611140]: pam_unix(sshd:auth): authentication failure; logname= uid=0 euid=0 tty=ssh ruser= rhost=109.160.32.23
2026-09-06T04:58:39.048116+00:00 ubuntu sshd[611140]: Failed password for invalid user dev from 109.160.32.23 port 52260 ssh2
2026-09-06T04:58:39.274419+00:00 ubuntu sshd[611140]: Connection closed by invalid user dev 109.160.32.23 port 52260 [preauth]
2026-09-06T04:58:41.496477+00:00 ubuntu sshd[611016]: Invalid user parsa from 109.160.32.23 port 59730
2026-09-06T04:58:41.658459+00:00 ubuntu sshd[611016]: pam_unix(sshd:auth): check pass; user unknown
2026-09-06T04:58:41.658584+00:00 ubuntu sshd[611016]: pam_unix(sshd:auth): authentication failure; logname= uid=0 euid=0 tty=ssh ruser= rhost=109.160.32.23
2026-09-06T04:58:43.626316+00:00 ubuntu sshd[611016]: Failed password for invalid user parsa from 109.160.32.23 port 59730 ssh2
2026-09-06T04:59:11.320687+00:00 ubuntu sshd[612039]: pam_unix(sshd:auth): authentication failure; logname= uid=0 euid=0 tty=ssh ruser= rhost=109.160.32.23 user=root
2026-09-06T04:59:13.407677+00:00 ubuntu sshd[612039]: Failed password for root from 109.160.32.23 port 35804 ssh2
2026-09-06T04:59:13.602574+00:00 ubuntu sshd[611016]: Connection closed by invalid user parsa 109.160.32.23 port 59730 [preauth]
2026-09-06T04:59:15.027133+00:00 ubuntu sshd[612039]: Connection closed by authenticating user root 109.160.32.23 port 35804 [preauth]
2026-09-06T04:59:51.437853+00:00 ubuntu sshd[612863]: Invalid user app from 109.160.32.23 port 42064
2026-09-06T04:59:51.550026+00:00 ubuntu sshd[612863]: pam_unix(sshd:auth): check pass; user unknown
2026-09-06T04:59:51.550210+00:00 ubuntu sshd[612863]: pam_unix(sshd:auth): authentication failure; logname= uid=0 euid=0 tty=ssh ruser= rhost=109.160.32.23
2026-09-06T04:59:53.793725+00:00 ubuntu sshd[612863]: Failed password for invalid user app from 109.160.32.23 port 42064 ssh2
2026-09-06T04:59:54.776197+00:00 ubuntu sshd[612863]: Connection closed by invalid user app 109.160.32.23 port 42064 [preauth]
2026-09-06T04:59:54.810624+00:00 ubuntu sshd[613193]: Invalid user minecraft from 109.160.32.23 port 46234
2026-09-06T04:59:54.828436+00:00 ubuntu sshd[613193]: pam_unix(sshd:auth): check pass; user unknown
2026-09-06T04:59:54.828564+00:00 ubuntu sshd[613193]: pam_unix(sshd:auth): authentication failure; logname= uid=0 euid=0 tty=ssh ruser= rhost=109.160.32.23
2026-09-06T04:59:56.816558+00:00 ubuntu sshd[613193]: Failed password for invalid user minecraft from 109.160.32.23 port 46234 ssh2
2026-09-06T04:59:57.920060+00:00 ubuntu sshd[613193]: Connection closed by invalid user minecraft 109.160.32.23 port 46234 [preauth]
2026-09-06T04:59:58.291076+00:00 ubuntu sshd[613274]: Invalid user devuser from 109.160.32.23 port 46258
2026-09-06T04:59:58.308566+00:00 ubuntu sshd[613274]: pam_unix(sshd:auth): check pass; user unknown
2026-09-06T04:59:58.308692+00:00 ubuntu sshd[613274]: pam_unix(sshd:auth): authentication failure; logname= uid=0 euid=0 tty=ssh ruser= rhost=109.160.32.23
2026-09-06T05:00:00.848272+00:00 ubuntu sshd[613274]: Failed password for invalid user devuser from 109.160.32.23 port 46258 ssh2
2026-09-06T05:00:02.054133+00:00 ubuntu sshd[613274]: Connection closed by invalid user devuser 109.160.32.23 port 46258 [preauth]
2026-09-06T05:00:33.415083+00:00 ubuntu sshd[614049]: pam_unix(sshd:auth): authentication failure; logname= uid=0 euid=0 tty=ssh ruser= rhost=109.160.32.23 user=root
2026-09-06T05:00:35.758681+00:00 ubuntu sshd[614049]: Failed password for root from 109.160.32.23 port 42472 ssh2
2026-09-06T05:00:36.536969+00:00 ubuntu sshd[614049]: Connection closed by authenticating user root 109.160.32.23 port 42472 [preauth]
2026-09-06T05:00:40.399598+00:00 ubuntu sshd[614331]: pam_unix(sshd:auth): authentication failure; logname= uid=0 euid=0 tty=ssh ruser= rhost=62.60.130.253 user=root
2026-09-06T05:00:43.039223+00:00 ubuntu sshd[614331]: Failed password for root from 62.60.130.253 port 42424 ssh2
2026-09-06T05:00:45.327253+00:00 ubuntu sshd[614331]: Failed password for root from 62.60.130.253 port 42424 ssh2
2026-09-06T05:00:48.951255+00:00 ubuntu sshd[614331]: Failed password for root from 62.60.130.253 port 42424 ssh2
2026-09-06T05:00:51.908270+00:00 ubuntu sshd[614331]: Failed password for root from 62.60.130.253 port 42424 ssh2
2026-09-06T05:00:55.008597+00:00 ubuntu sshd[614331]: Failed password for root from 62.60.130.253 port 42424 ssh2
2026-09-06T05:00:56.368837+00:00 ubuntu sshd[614331]: Connection reset by authenticating user root 62.60.130.253 port 42424 [preauth]
2026-09-06T05:00:56.368993+00:00 ubuntu sshd[614331]: PAM 4 more authentication failures; logname= uid=0 euid=0 tty=ssh ruser= rhost=62.60.130.253 user=root
2026-09-06T05:00:56.369053+00:00 ubuntu sshd[614331]: PAM service(sshd) ignoring max retries; 5 > 3
2026-09-06T05:01:36.460341+00:00 ubuntu sshd[615722]: pam_unix(sshd:auth): authentication failure; logname= uid=0 euid=0 tty=ssh ruser= rhost=151.158.2.135 user=root
2026-09-06T05:01:38.452799+00:00 ubuntu sshd[615722]: Failed password for root from 151.158.2.135 port 58426 ssh2
2026-09-06T05:01:43.225214+00:00 ubuntu sshd[615722]: Connection closed by authenticating user root 151.158.2.135 port 58426 [preauth]
2026-09-06T05:02:15.252177+00:00 ubuntu sshd[616938]: pam_unix(sshd:auth): authentication failure; logname= uid=0 euid=0 tty=ssh ruser= rhost=109.160.32.23 user=root
2026-09-06T05:02:17.264699+00:00 ubuntu sshd[616938]: Failed password for root from 109.160.32.23 port 47376 ssh2
2026-09-06T05:02:18.379171+00:00 ubuntu sshd[616938]: Connection closed by authenticating user root 109.160.32.23 port 47376 [preauth]
2026-09-06T05:02:41.119220+00:00 ubuntu sshd[617533]: Invalid user user from 109.160.32.23 port 43466
2026-09-06T05:02:41.367793+00:00 ubuntu sshd[617533]: pam_unix(sshd:auth): check pass; user unknown
2026-09-06T05:02:41.367908+00:00 ubuntu sshd[617533]: pam_unix(sshd:auth): authentication failure; logname= uid=0 euid=0 tty=ssh ruser= rhost=109.160.32.23
2026-09-06T05:02:42.953569+00:00 ubuntu sshd[617533]: Failed password for invalid user user from 109.160.32.23 port 43466 ssh2
2026-09-06T05:02:43.485689+00:00 ubuntu sshd[617533]: Connection closed by invalid user user 109.160.32.23 port 43466 [preauth]
2026-09-06T05:02:51.822191+00:00 ubuntu sshd[617866]: Connection closed by 178.218.117.179 port 33571
2026-09-06T05:03:44.674714+00:00 ubuntu sshd[619370]: Connection closed by 178.218.117.179 port 58724
2026-09-06T05:04:10.826397+00:00 ubuntu sshd[620043]: Invalid user agentsolutionsmallorca from 192.253.248.222 port 46826
