2026-09-06T02:59:18.356825+00:00 ubuntu sshd[359605]: Received disconnect from 85.198.19.242 port 50176:11: Bye Bye [preauth]
2026-09-06T02:59:18.356935+00:00 ubuntu sshd[359605]: Disconnected from authenticating user root 85.198.19.242 port 50176 [preauth]
2026-09-06T02:59:33.821825+00:00 ubuntu sshd[360331]: pam_unix(sshd:auth): authentication failure; logname= uid=0 euid=0 tty=ssh ruser= rhost=103.25.47.94 user=root
2026-09-06T02:59:35.493973+00:00 ubuntu sshd[360331]: Failed password for root from 103.25.47.94 port 49358 ssh2
2026-09-06T02:59:37.121007+00:00 ubuntu sshd[360331]: Received disconnect from 103.25.47.94 port 49358:11: Bye Bye [preauth]
2026-09-06T02:59:37.121116+00:00 ubuntu sshd[360331]: Disconnected from authenticating user root 103.25.47.94 port 49358 [preauth]
2026-09-06T02:59:38.918285+00:00 ubuntu sshd[360540]: Invalid user alberto from 125.21.59.218 port 53674
2026-09-06T02:59:38.920024+00:00 ubuntu sshd[360540]: pam_unix(sshd:auth): check pass; user unknown
2026-09-06T02:59:38.920112+00:00 ubuntu sshd[360540]: pam_unix(sshd:auth): authentication failure; logname= uid=0 euid=0 tty=ssh ruser= rhost=125.21.59.218
2026-09-06T02:59:40.948435+00:00 ubuntu sshd[360540]: Failed password for invalid user alberto from 125.21.59.218 port 53674 ssh2
2026-09-06T02:59:41.188871+00:00 ubuntu sshd[360576]: pam_unix(sshd:auth): authentication failure; logname= uid=0 euid=0 tty=ssh ruser= rhost=207.154.247.140 user=root
2026-09-06T02:59:42.954163+00:00 ubuntu sshd[360540]: Received disconnect from 125.21.59.218 port 53674:11: Bye Bye [preauth]
2026-09-06T02:59:42.954285+00:00 ubuntu sshd[360540]: Disconnected from invalid user alberto 125.21.59.218 port 53674 [preauth]
2026-09-06T02:59:42.960034+00:00 ubuntu sshd[360576]: Failed password for root from 207.154.247.140 port 50148 ssh2
2026-09-06T02:59:44.298513+00:00 ubuntu sshd[360576]: Received disconnect from 207.154.247.140 port 50148:11: Bye Bye [preauth]
2026-09-06T02:59:44.298605+00:00 ubuntu sshd[360576]: Disconnected from authenticating user root 207.154.247.140 port 50148 [preauth]
2026-09-06T02:59:49.059817+00:00 ubuntu sshd[360548]: pam_unix(sshd:auth): authentication failure; logname= uid=0 euid=0 tty=ssh ruser= rhost=20.106.172.62 user=root
2026-09-06T02:59:51.459318+00:00 ubuntu sshd[360548]: Failed password for root from 20.106.172.62 port 46612 ssh2
2026-09-06T02:59:53.954939+00:00 ubuntu sshd[360548]: Connection closed by authenticating user root 20.106.172.62 port 46612 [preauth]
2026-09-06T03:00:08.382677+00:00 ubuntu sshd[361646]: pam_unix(sshd:auth): authentication failure; logname= uid=0 euid=0 tty=ssh ruser= rhost=125.21.59.218 user=root
2026-09-06T03:00:10.195166+00:00 ubuntu sshd[361646]: Failed password for root from 125.21.59.218 port 32828 ssh2
2026-09-06T03:00:11.627883+00:00 ubuntu sshd[361646]: Received disconnect from 125.21.59.218 port 32828:11: Bye Bye [preauth]
2026-09-06T03:00:11.628016+00:00 ubuntu sshd[361646]: Disconnected from authenticating user root 125.21.59.218 port 32828 [preauth]
2026-09-06T03:00:18.333272+00:00 ubuntu sshd[361968]: pam_unix(sshd:auth): authentication failure; logname= uid=0 euid=0 tty=ssh ruser= rhost=61.76.112.4 user=root
2026-09-06T03:00:18.658663+00:00 ubuntu sshd[362027]: Invalid user whatever from 103.30.40.129 port 47242
2026-09-06T03:00:18.660949+00:00 ubuntu sshd[362027]: pam_unix(sshd:auth): check pass; user unknown
2026-09-06T03:00:18.661019+00:00 ubuntu sshd[362027]: pam_unix(sshd:auth): authentication failure; logname= uid=0 euid=0 tty=ssh ruser= rhost=103.30.40.129
2026-09-06T03:00:19.836095+00:00 ubuntu sshd[361544]: pam_unix(sshd:auth): authentication failure; logname= uid=0 euid=0 tty=ssh ruser= rhost=151.158.2.135 user=root
2026-09-06T03:00:20.853102+00:00 ubuntu sshd[361968]: Failed password for root from 61.76.112.4 port 49731 ssh2
2026-09-06T03:00:21.181195+00:00 ubuntu sshd[362027]: Failed password for invalid user whatever from 103.30.40.129 port 47242 ssh2
2026-09-06T03:00:21.457321+00:00 ubuntu sshd[362027]: Received disconnect from 103.30.40.129 port 47242:11: Bye Bye [preauth]
2026-09-06T03:00:21.457433+00:00 ubuntu sshd[362027]: Disconnected from invalid user whatever 103.30.40.129 port 47242 [preauth]
2026-09-06T03:00:21.749203+00:00 ubuntu sshd[361968]: Received disconnect from 61.76.112.4 port 49731:11: Bye Bye [preauth]
2026-09-06T03:00:21.749347+00:00 ubuntu sshd[361968]: Disconnected from authenticating user root 61.76.112.4 port 49731 [preauth]
2026-09-06T03:00:22.160047+00:00 ubuntu sshd[361544]: Failed password for root from 151.158.2.135 port 37944 ssh2
2026-09-06T03:00:22.527629+00:00 ubuntu sshd[362161]: Invalid user lemon from 45.123.110.70 port 48298
2026-09-06T03:00:22.529725+00:00 ubuntu sshd[362161]: pam_unix(sshd:auth): check pass; user unknown
2026-09-06T03:00:22.529838+00:00 ubuntu sshd[362161]: pam_unix(sshd:auth): authentication failure; logname= uid=0 euid=0 tty=ssh ruser= rhost=45.123.110.70
2026-09-06T03:00:24.598259+00:00 ubuntu sshd[362161]: Failed password for invalid user lemon from 45.123.110.70 port 48298 ssh2
2026-09-06T03:00:25.014887+00:00 ubuntu sshd[362161]: Received disconnect from 45.123.110.70 port 48298:11: Bye Bye [preauth]
2026-09-06T03:00:25.015030+00:00 ubuntu sshd[362161]: Disconnected from invalid user lemon 45.123.110.70 port 48298 [preauth]
2026-09-06T03:00:26.338558+00:00 ubuntu sshd[361544]: Connection closed by authenticating user root 151.158.2.135 port 37944 [preauth]
2026-09-06T03:00:36.563224+00:00 ubuntu sshd[362659]: Invalid user wyy from 125.21.59.218 port 40214
2026-09-06T03:00:36.565306+00:00 ubuntu sshd[362659]: pam_unix(sshd:auth): check pass; user unknown
2026-09-06T03:00:36.565400+00:00 ubuntu sshd[362659]: pam_unix(sshd:auth): authentication failure; logname= uid=0 euid=0 tty=ssh ruser= rhost=125.21.59.218
2026-09-06T03:00:38.553881+00:00 ubuntu sshd[362659]: Failed password for invalid user wyy from 125.21.59.218 port 40214 ssh2
2026-09-06T03:00:38.717666+00:00 ubuntu sshd[362809]: pam_unix(sshd:auth): authentication failure; logname= uid=0 euid=0 tty=ssh ruser= rhost=192.253.248.222 user=root
2026-09-06T03:00:38.898828+00:00 ubuntu sshd[362659]: Received disconnect from 125.21.59.218 port 40214:11: Bye Bye [preauth]
2026-09-06T03:00:38.898952+00:00 ubuntu sshd[362659]: Disconnected from invalid user wyy 125.21.59.218 port 40214 [preauth]
2026-09-06T03:00:40.314432+00:00 ubuntu sshd[362809]: Failed password for root from 192.253.248.222 port 48516 ssh2
2026-09-06T03:00:41.245507+00:00 ubuntu sshd[362837]: Invalid user khan from 207.154.247.140 port 40060
2026-09-06T03:00:41.247255+00:00 ubuntu sshd[362837]: pam_unix(sshd:auth): check pass; user unknown
2026-09-06T03:00:41.247333+00:00 ubuntu sshd[362837]: pam_unix(sshd:auth): authentication failure; logname= uid=0 euid=0 tty=ssh ruser= rhost=207.154.247.140
2026-09-06T03:00:41.838493+00:00 ubuntu sshd[362809]: Connection closed by authenticating user root 192.253.248.222 port 48516 [preauth]
2026-09-06T03:00:43.591644+00:00 ubuntu sshd[362837]: Failed password for invalid user khan from 207.154.247.140 port 40060 ssh2
2026-09-06T03:00:44.046054+00:00 ubuntu sshd[362940]: Invalid user moxa from 103.25.47.94 port 43812
2026-09-06T03:00:44.047791+00:00 ubuntu sshd[362940]: pam_unix(sshd:auth): check pass; user unknown
2026-09-06T03:00:44.047863+00:00 ubuntu sshd[362940]: pam_unix(sshd:auth): authentication failure; logname= uid=0 euid=0 tty=ssh ruser= rhost=103.25.47.94
2026-09-06T03:00:45.673681+00:00 ubuntu sshd[362837]: Received disconnect from 207.154.247.140 port 40060:11: Bye Bye [preauth]
2026-09-06T03:00:45.673813+00:00 ubuntu sshd[362837]: Disconnected from invalid user khan 207.154.247.140 port 40060 [preauth]
2026-09-06T03:00:46.136137+00:00 ubuntu sshd[362940]: Failed password for invalid user moxa from 103.25.47.94 port 43812 ssh2
2026-09-06T03:00:47.136686+00:00 ubuntu sshd[362975]: Invalid user rise from 85.198.19.242 port 34758
2026-09-06T03:00:47.138735+00:00 ubuntu sshd[362975]: pam_unix(sshd:auth): check pass; user unknown
2026-09-06T03:00:47.138840+00:00 ubuntu sshd[362975]: pam_unix(sshd:auth): authentication failure; logname= uid=0 euid=0 tty=ssh ruser= rhost=85.198.19.242
2026-09-06T03:00:48.022046+00:00 ubuntu sshd[362940]: Received disconnect from 103.25.47.94 port 43812:11: Bye Bye [preauth]
2026-09-06T03:00:48.022221+00:00 ubuntu sshd[362940]: Disconnected from invalid user moxa 103.25.47.94 port 43812 [preauth]
2026-09-06T03:00:49.638931+00:00 ubuntu sshd[362975]: Failed password for invalid user rise from 85.198.19.242 port 34758 ssh2
2026-09-06T03:00:50.625020+00:00 ubuntu sshd[362975]: Received disconnect from 85.198.19.242 port 34758:11: Bye Bye [preauth]
2026-09-06T03:00:50.625144+00:00 ubuntu sshd[362975]: Disconnected from invalid user rise 85.198.19.242 port 34758 [preauth]
2026-09-06T03:01:05.081850+00:00 ubuntu sshd[363799]: Invalid user ens from 125.21.59.218 port 47498
2026-09-06T03:01:05.083702+00:00 ubuntu sshd[363799]: pam_unix(sshd:auth): check pass; user unknown
2026-09-06T03:01:05.083802+00:00 ubuntu sshd[363799]: pam_unix(sshd:auth): authentication failure; logname= uid=0 euid=0 tty=ssh ruser= rhost=125.21.59.218
2026-09-06T03:01:07.387197+00:00 ubuntu sshd[363799]: Failed password for invalid user ens from 125.21.59.218 port 47498 ssh2
2026-09-06T03:01:08.697474+00:00 ubuntu sshd[363799]: Received disconnect from 125.21.59.218 port 47498:11: Bye Bye [preauth]
2026-09-06T03:01:08.697586+00:00 ubuntu sshd[363799]: Disconnected from invalid user ens 125.21.59.218 port 47498 [preauth]
2026-09-06T03:01:31.340982+00:00 ubuntu sshd[364795]: pam_unix(sshd:auth): authentication failure; logname= uid=0 euid=0 tty=ssh ruser= rhost=103.30.40.129 user=root
2026-09-06T03:01:33.880990+00:00 ubuntu sshd[364795]: Failed password for root from 103.30.40.129 port 34304 ssh2
2026-09-06T03:01:33.947862+00:00 ubuntu sshd[364902]: pam_unix(sshd:auth): authentication failure; logname= uid=0 euid=0 tty=ssh ruser= rhost=125.21.59.218 user=root
2026-09-06T03:01:34.599320+00:00 ubuntu sshd[364795]: Received disconnect from 103.30.40.129 port 34304:11: Bye Bye [preauth]
2026-09-06T03:01:34.599453+00:00 ubuntu sshd[364795]: Disconnected from authenticating user root 103.30.40.129 port 34304 [preauth]
2026-09-06T03:01:35.760538+00:00 ubuntu sshd[364902]: Failed password for root from 125.21.59.218 port 54842 ssh2
2026-09-06T03:01:36.268634+00:00 ubuntu sshd[364960]: Invalid user wei from 45.123.110.70 port 14560
2026-09-06T03:01:36.270226+00:00 ubuntu sshd[364960]: pam_unix(sshd:auth): check pass; user unknown
2026-09-06T03:01:36.270300+00:00 ubuntu sshd[364960]: pam_unix(sshd:auth): authentication failure; logname= uid=0 euid=0 tty=ssh ruser= rhost=45.123.110.70
2026-09-06T03:01:37.190323+00:00 ubuntu sshd[364902]: Received disconnect from 125.21.59.218 port 54842:11: Bye Bye [preauth]
2026-09-06T03:01:37.190447+00:00 ubuntu sshd[364902]: Disconnected from authenticating user root 125.21.59.218 port 54842 [preauth]
2026-09-06T03:01:38.163169+00:00 ubuntu sshd[364960]: Failed password for invalid user wei from 45.123.110.70 port 14560 ssh2
2026-09-06T03:01:38.538695+00:00 ubuntu sshd[364960]: Received disconnect from 45.123.110.70 port 14560:11: Bye Bye [preauth]
2026-09-06T03:01:38.538883+00:00 ubuntu sshd[364960]: Disconnected from invalid user wei 45.123.110.70 port 14560 [preauth]
2026-09-06T03:01:42.698510+00:00 ubuntu sshd[365237]: Invalid user k from 207.154.247.140 port 46856
2026-09-06T03:01:42.700380+00:00 ubuntu sshd[365237]: pam_unix(sshd:auth): check pass; user unknown
2026-09-06T03:01:42.700445+00:00 ubuntu sshd[365237]: pam_unix(sshd:auth): authentication failure; logname= uid=0 euid=0 tty=ssh ruser= rhost=207.154.247.140
2026-09-06T03:01:45.085022+00:00 ubuntu sshd[365237]: Failed password for invalid user k from 207.154.247.140 port 46856 ssh2
2026-09-06T03:01:46.821825+00:00 ubuntu sshd[365237]: Received disconnect from 207.154.247.140 port 46856:11: Bye Bye [preauth]
2026-09-06T03:01:46.821978+00:00 ubuntu sshd[365237]: Disconnected from invalid user k 207.154.247.140 port 46856 [preauth]
2026-09-06T03:01:53.610767+00:00 ubuntu sshd[365624]: pam_unix(sshd:auth): authentication failure; logname= uid=0 euid=0 tty=ssh ruser= rhost=103.25.47.94 user=root
2026-09-06T03:01:56.170225+00:00 ubuntu sshd[365624]: Failed password for root from 103.25.47.94 port 38266 ssh2
2026-09-06T03:01:56.925901+00:00 ubuntu sshd[365624]: Received disconnect from 103.25.47.94 port 38266:11: Bye Bye [preauth]
2026-09-06T03:01:56.926007+00:00 ubuntu sshd[365624]: Disconnected from authenticating user root 103.25.47.94 port 38266 [preauth]
2026-09-06T03:02:01.881719+00:00 ubuntu sshd[365965]: pam_unix(sshd:auth): authentication failure; logname= uid=0 euid=0 tty=ssh ruser= rhost=61.76.112.4 user=root
2026-09-06T03:02:04.156919+00:00 ubuntu sshd[366084]: Invalid user jitendra from 125.21.59.218 port 33964
2026-09-06T03:02:04.159100+00:00 ubuntu sshd[366084]: pam_unix(sshd:auth): check pass; user unknown
2026-09-06T03:02:04.159200+00:00 ubuntu sshd[366084]: pam_unix(sshd:auth): authentication failure; logname= uid=0 euid=0 tty=ssh ruser= rhost=125.21.59.218
2026-09-06T03:02:04.542160+00:00 ubuntu sshd[365965]: Failed password for root from 61.76.112.4 port 47795 ssh2
2026-09-06T03:02:05.292614+00:00 ubuntu sshd[365965]: Received disconnect from 61.76.112.4 port 47795:11: Bye Bye [preauth]
2026-09-06T03:02:05.292737+00:00 ubuntu sshd[365965]: Disconnected from authenticating user root 61.76.112.4 port 47795 [preauth]
2026-09-06T03:02:06.563934+00:00 ubuntu sshd[366084]: Failed password for invalid user jitendra from 125.21.59.218 port 33964 ssh2
2026-09-06T03:02:08.343579+00:00 ubuntu sshd[366084]: Received disconnect from 125.21.59.218 port 33964:11: Bye Bye [preauth]
2026-09-06T03:02:08.343774+00:00 ubuntu sshd[366084]: Disconnected from invalid user jitendra 125.21.59.218 port 33964 [preauth]
2026-09-06T03:02:18.361535+00:00 ubuntu sshd[366464]: Invalid user na from 85.198.19.242 port 45924
2026-09-06T03:02:18.363425+00:00 ubuntu sshd[366464]: pam_unix(sshd:auth): check pass; user unknown
2026-09-06T03:02:18.363494+00:00 ubuntu sshd[366464]: pam_unix(sshd:auth): authentication failure; logname= uid=0 euid=0 tty=ssh ruser= rhost=85.198.19.242
2026-09-06T03:02:20.688338+00:00 ubuntu sshd[366464]: Failed password for invalid user na from 85.198.19.242 port 45924 ssh2
2026-09-06T03:02:21.979604+00:00 ubuntu sshd[366464]: Received disconnect from 85.198.19.242 port 45924:11: Bye Bye [preauth]
2026-09-06T03:02:21.979737+00:00 ubuntu sshd[366464]: Disconnected from invalid user na 85.198.19.242 port 45924 [preauth]
2026-09-06T03:02:37.457917+00:00 ubuntu sshd[367223]: Invalid user luke from 125.21.59.218 port 41318
2026-09-06T03:02:37.461076+00:00 ubuntu sshd[367223]: pam_unix(sshd:auth): check pass; user unknown
2026-09-06T03:02:37.461148+00:00 ubuntu sshd[367223]: pam_unix(sshd:auth): authentication failure; logname= uid=0 euid=0 tty=ssh ruser= rhost=125.21.59.218
2026-09-06T03:02:40.061910+00:00 ubuntu sshd[367223]: Failed password for invalid user luke from 125.21.59.218 port 41318 ssh2
2026-09-06T03:02:40.203665+00:00 ubuntu sshd[367223]: Received disconnect from 125.21.59.218 port 41318:11: Bye Bye [preauth]
2026-09-06T03:02:40.203829+00:00 ubuntu sshd[367223]: Disconnected from invalid user luke 125.21.59.218 port 41318 [preauth]
2026-09-06T03:02:41.433841+00:00 ubuntu sshd[367393]: Invalid user luke from 207.154.247.140 port 37162
2026-09-06T03:02:41.435468+00:00 ubuntu sshd[367393]: pam_unix(sshd:auth): check pass; user unknown
2026-09-06T03:02:41.435543+00:00 ubuntu sshd[367393]: pam_unix(sshd:auth): authentication failure; logname= uid=0 euid=0 tty=ssh ruser= rhost=207.154.247.140
2026-09-06T03:02:43.214287+00:00 ubuntu sshd[367407]: Invalid user filezilla from 103.30.40.129 port 44658
2026-09-06T03:02:43.216288+00:00 ubuntu sshd[367407]: pam_unix(sshd:auth): check pass; user unknown
2026-09-06T03:02:43.216353+00:00 ubuntu sshd[367407]: pam_unix(sshd:auth): authentication failure; logname= uid=0 euid=0 tty=ssh ruser= rhost=103.30.40.129
2026-09-06T03:02:43.253012+00:00 ubuntu sshd[367393]: Failed password for invalid user luke from 207.154.247.140 port 37162 ssh2
2026-09-06T03:02:44.054517+00:00 ubuntu sshd[367393]: Received disconnect from 207.154.247.140 port 37162:11: Bye Bye [preauth]
2026-09-06T03:02:44.054649+00:00 ubuntu sshd[367393]: Disconnected from invalid user luke 207.154.247.140 port 37162 [preauth]
2026-09-06T03:02:44.973843+00:00 ubuntu sshd[367407]: Failed password for invalid user filezilla from 103.30.40.129 port 44658 ssh2
2026-09-06T03:02:45.371365+00:00 ubuntu sshd[367407]: Received disconnect from 103.30.40.129 port 44658:11: Bye Bye [preauth]
2026-09-06T03:02:45.371480+00:00 ubuntu sshd[367407]: Disconnected from invalid user filezilla 103.30.40.129 port 44658 [preauth]
2026-09-06T03:02:48.472496+00:00 ubuntu sshd[367548]: Invalid user cyprien from 45.123.110.70 port 37318
2026-09-06T03:02:48.474908+00:00 ubuntu sshd[367548]: pam_unix(sshd:auth): check pass; user unknown
2026-09-06T03:02:48.474996+00:00 ubuntu sshd[367548]: pam_unix(sshd:auth): authentication failure; logname= uid=0 euid=0 tty=ssh ruser= rhost=45.123.110.70
2026-09-06T03:02:50.919847+00:00 ubuntu sshd[367548]: Failed password for invalid user cyprien from 45.123.110.70 port 37318 ssh2
2026-09-06T03:02:52.117049+00:00 ubuntu sshd[367548]: Received disconnect from 45.123.110.70 port 37318:11: Bye Bye [preauth]
2026-09-06T03:02:52.117174+00:00 ubuntu sshd[367548]: Disconnected from invalid user cyprien 45.123.110.70 port 37318 [preauth]
2026-09-06T03:02:59.923431+00:00 ubuntu sshd[368098]: Invalid user pierre from 103.25.47.94 port 60952
2026-09-06T03:02:59.925227+00:00 ubuntu sshd[368098]: pam_unix(sshd:auth): check pass; user unknown
2026-09-06T03:02:59.925310+00:00 ubuntu sshd[368098]: pam_unix(sshd:auth): authentication failure; logname= uid=0 euid=0 tty=ssh ruser= rhost=103.25.47.94
2026-09-06T03:03:02.545966+00:00 ubuntu sshd[368098]: Failed password for invalid user pierre from 103.25.47.94 port 60952 ssh2
2026-09-06T03:03:02.836366+00:00 ubuntu sshd[368098]: Received disconnect from 103.25.47.94 port 60952:11: Bye Bye [preauth]
2026-09-06T03:03:02.836521+00:00 ubuntu sshd[368098]: Disconnected from invalid user pierre 103.25.47.94 port 60952 [preauth]
2026-09-06T03:03:06.109243+00:00 ubuntu sshd[368353]: Invalid user hduser from 125.21.59.218 port 48650
2026-09-06T03:03:06.110894+00:00 ubuntu sshd[368353]: pam_unix(sshd:auth): check pass; user unknown
2026-09-06T03:03:06.110947+00:00 ubuntu sshd[368353]: pam_unix(sshd:auth): authentication failure; logname= uid=0 euid=0 tty=ssh ruser= rhost=125.21.59.218
2026-09-06T03:03:08.359101+00:00 ubuntu sshd[368353]: Failed password for invalid user hduser from 125.21.59.218 port 48650 ssh2
2026-09-06T03:03:10.318821+00:00 ubuntu sshd[368353]: Received disconnect from 125.21.59.218 port 48650:11: Bye Bye [preauth]
2026-09-06T03:03:10.319012+00:00 ubuntu sshd[368353]: Disconnected from invalid user hduser 125.21.59.218 port 48650 [preauth]
2026-09-06T03:03:39.128029+00:00 ubuntu sshd[369588]: pam_unix(sshd:auth): authentication failure; logname= uid=0 euid=0 tty=ssh ruser= rhost=207.154.247.140 user=root
2026-09-06T03:03:40.574136+00:00 ubuntu sshd[369588]: Failed password for root from 207.154.247.140 port 53120 ssh2
2026-09-06T03:03:40.647831+00:00 ubuntu sshd[369588]: Received disconnect from 207.154.247.140 port 53120:11: Bye Bye [preauth]
2026-09-06T03:03:40.647954+00:00 ubuntu sshd[369588]: Disconnected from authenticating user root 207.154.247.140 port 53120 [preauth]
2026-09-06T03:03:41.751176+00:00 ubuntu sshd[369614]: Invalid user rodrigo from 125.21.59.218 port 56194
2026-09-06T03:03:41.752779+00:00 ubuntu sshd[369614]: pam_unix(sshd:auth): check pass; user unknown
2026-09-06T03:03:41.752867+00:00 ubuntu sshd[369614]: pam_unix(sshd:auth): authentication failure; logname= uid=0 euid=0 tty=ssh ruser= rhost=125.21.59.218
2026-09-06T03:03:43.806371+00:00 ubuntu sshd[369614]: Failed password for invalid user rodrigo from 125.21.59.218 port 56194 ssh2
2026-09-06T03:03:45.778911+00:00 ubuntu sshd[369614]: Received disconnect from 125.21.59.218 port 56194:11: Bye Bye [preauth]
2026-09-06T03:03:45.779059+00:00 ubuntu sshd[369614]: Disconnected from invalid user rodrigo 125.21.59.218 port 56194 [preauth]
2026-09-06T03:03:47.149092+00:00 ubuntu sshd[369753]: pam_unix(sshd:auth): authentication failure; logname= uid=0 euid=0 tty=ssh ruser= rhost=103.30.40.129 user=root
2026-09-06T03:03:47.585527+00:00 ubuntu sshd[369748]: Invalid user ubadmin from 61.76.112.4 port 47202
2026-09-06T03:03:47.587345+00:00 ubuntu sshd[369748]: pam_unix(sshd:auth): check pass; user unknown
2026-09-06T03:03:47.587425+00:00 ubuntu sshd[369748]: pam_unix(sshd:auth): authentication failure; logname= uid=0 euid=0 tty=ssh ruser= rhost=61.76.112.4
2026-09-06T03:03:49.358190+00:00 ubuntu sshd[369753]: Failed password for root from 103.30.40.129 port 34906 ssh2
2026-09-06T03:03:49.796684+00:00 ubuntu sshd[369748]: Failed password for invalid user ubadmin from 61.76.112.4 port 47202 ssh2
2026-09-06T03:03:50.312564+00:00 ubuntu sshd[369963]: Invalid user technik from 85.198.19.242 port 36626
2026-09-06T03:03:50.314397+00:00 ubuntu sshd[369963]: pam_unix(sshd:auth): check pass; user unknown
2026-09-06T03:03:50.314474+00:00 ubuntu sshd[369963]: pam_unix(sshd:auth): authentication failure; logname= uid=0 euid=0 tty=ssh ruser= rhost=85.198.19.242
2026-09-06T03:03:50.405466+00:00 ubuntu sshd[369753]: Received disconnect from 103.30.40.129 port 34906:11: Bye Bye [preauth]
2026-09-06T03:03:50.405651+00:00 ubuntu sshd[369753]: Disconnected from authenticating user root 103.30.40.129 port 34906 [preauth]
2026-09-06T03:03:51.128984+00:00 ubuntu sshd[369748]: Received disconnect from 61.76.112.4 port 47202:11: Bye Bye [preauth]
2026-09-06T03:03:51.129101+00:00 ubuntu sshd[369748]: Disconnected from invalid user ubadmin 61.76.112.4 port 47202 [preauth]
2026-09-06T03:03:51.936509+00:00 ubuntu sshd[369963]: Failed password for invalid user technik from 85.198.19.242 port 36626 ssh2
2026-09-06T03:03:52.392996+00:00 ubuntu sshd[369963]: Received disconnect from 85.198.19.242 port 36626:11: Bye Bye [preauth]
2026-09-06T03:03:52.393067+00:00 ubuntu sshd[369963]: Disconnected from invalid user technik 85.198.19.242 port 36626 [preauth]
2026-09-06T03:03:59.619693+00:00 ubuntu sshd[370273]: Invalid user moxa from 45.123.110.70 port 60078
2026-09-06T03:03:59.621701+00:00 ubuntu sshd[370273]: pam_unix(sshd:auth): check pass; user unknown
2026-09-06T03:03:59.621828+00:00 ubuntu sshd[370273]: pam_unix(sshd:auth): authentication failure; logname= uid=0 euid=0 tty=ssh ruser= rhost=45.123.110.70
2026-09-06T03:04:01.479301+00:00 ubuntu sshd[370273]: Failed password for invalid user moxa from 45.123.110.70 port 60078 ssh2
2026-09-06T03:04:01.694618+00:00 ubuntu sshd[370273]: Received disconnect from 45.123.110.70 port 60078:11: Bye Bye [preauth]
2026-09-06T03:04:01.694945+00:00 ubuntu sshd[370273]: Disconnected from invalid user moxa 45.123.110.70 port 60078 [preauth]
2026-09-06T03:04:10.774629+00:00 ubuntu sshd[370713]: Invalid user flavia from 103.25.47.94 port 55404
2026-09-06T03:04:10.776634+00:00 ubuntu sshd[370713]: pam_unix(sshd:auth): check pass; user unknown
2026-09-06T03:04:10.776766+00:00 ubuntu sshd[370713]: pam_unix(sshd:auth): authentication failure; logname= uid=0 euid=0 tty=ssh ruser= rhost=103.25.47.94
2026-09-06T03:04:11.723138+00:00 ubuntu sshd[370715]: Invalid user gitlab-runner from 125.21.59.218 port 35200
2026-09-06T03:04:11.726231+00:00 ubuntu sshd[370715]: pam_unix(sshd:auth): check pass; user unknown
2026-09-06T03:04:11.726316+00:00 ubuntu sshd[370715]: pam_unix(sshd:auth): authentication failure; logname= uid=0 euid=0 tty=ssh ruser= rhost=125.21.59.218
2026-09-06T03:04:12.478930+00:00 ubuntu sshd[370713]: Failed password for invalid user flavia from 103.25.47.94 port 55404 ssh2
2026-09-06T03:04:13.128880+00:00 ubuntu sshd[370713]: Received disconnect from 103.25.47.94 port 55404:11: Bye Bye [preauth]
2026-09-06T03:04:13.129041+00:00 ubuntu sshd[370713]: Disconnected from invalid user flavia 103.25.47.94 port 55404 [preauth]
2026-09-06T03:04:13.899278+00:00 ubuntu sshd[370715]: Failed password for invalid user gitlab-runner from 125.21.59.218 port 35200 ssh2
2026-09-06T03:04:15.883368+00:00 ubuntu sshd[370715]: Received disconnect from 125.21.59.218 port 35200:11: Bye Bye [preauth]
2026-09-06T03:04:15.883522+00:00 ubuntu sshd[370715]: Disconnected from invalid user gitlab-runner 125.21.59.218 port 35200 [preauth]
2026-09-06T03:04:36.915207+00:00 ubuntu sshd[371421]: pam_unix(sshd:auth): authentication failure; logname= uid=0 euid=0 tty=ssh ruser= rhost=207.154.247.140 user=root
2026-09-06T03:04:38.852848+00:00 ubuntu sshd[371421]: Failed password for root from 207.154.247.140 port 51866 ssh2
2026-09-06T03:04:39.587457+00:00 ubuntu sshd[371503]: Invalid user miladmim from 125.21.59.218 port 42482
2026-09-06T03:04:39.590503+00:00 ubuntu sshd[371503]: pam_unix(sshd:auth): check pass; user unknown
2026-09-06T03:04:39.590606+00:00 ubuntu sshd[371503]: pam_unix(sshd:auth): authentication failure; logname= uid=0 euid=0 tty=ssh ruser= rhost=125.21.59.218
2026-09-06T03:04:40.031131+00:00 ubuntu sshd[371421]: Received disconnect from 207.154.247.140 port 51866:11: Bye Bye [preauth]
2026-09-06T03:04:40.031290+00:00 ubuntu sshd[371421]: Disconnected from authenticating user root 207.154.247.140 port 51866 [preauth]
2026-09-06T03:04:41.272808+00:00 ubuntu sshd[371503]: Failed password for invalid user miladmim from 125.21.59.218 port 42482 ssh2
2026-09-06T03:04:42.676881+00:00 ubuntu sshd[371503]: Received disconnect from 125.21.59.218 port 42482:11: Bye Bye [preauth]
2026-09-06T03:04:42.677047+00:00 ubuntu sshd[371503]: Disconnected from invalid user miladmim 125.21.59.218 port 42482 [preauth]
2026-09-06T03:04:52.986621+00:00 ubuntu sshd[371821]: Invalid user ubadmin from 103.30.40.129 port 38692
2026-09-06T03:04:52.988386+00:00 ubuntu sshd[371821]: pam_unix(sshd:auth): check pass; user unknown
2026-09-06T03:04:52.988478+00:00 ubuntu sshd[371821]: pam_unix(sshd:auth): authentication failure; logname= uid=0 euid=0 tty=ssh ruser= rhost=103.30.40.129
2026-09-06T03:04:54.454299+00:00 ubuntu sshd[371821]: Failed password for invalid user ubadmin from 103.30.40.129 port 38692 ssh2
2026-09-06T03:04:54.761369+00:00 ubuntu sshd[371821]: Received disconnect from 103.30.40.129 port 38692:11: Bye Bye [preauth]
2026-09-06T03:04:54.761506+00:00 ubuntu sshd[371821]: Disconnected from invalid user ubadmin 103.30.40.129 port 38692 [preauth]
2026-09-06T03:04:59.654932+00:00 ubuntu sshd[372049]: pam_unix(sshd:auth): authentication failure; logname= uid=0 euid=0 tty=ssh ruser= rhost=176.53.159.197 user=root
2026-09-06T03:05:01.748541+00:00 ubuntu sshd[372049]: Failed password for root from 176.53.159.197 port 31720 ssh2
2026-09-06T03:05:01.761019+00:00 ubuntu CRON[372056]: pam_unix(cron:session): session opened for user root(uid=0) by root(uid=0)
2026-09-06T03:05:01.763877+00:00 ubuntu CRON[372056]: pam_unix(cron:session): session closed for user root
2026-09-06T03:05:04.689826+00:00 ubuntu sshd[372049]: Failed password for root from 176.53.159.197 port 31720 ssh2
2026-09-06T03:05:06.542277+00:00 ubuntu sshd[372203]: pam_unix(sshd:auth): authentication failure; logname= uid=0 euid=0 tty=ssh ruser= rhost=125.21.59.218 user=root
2026-09-06T03:05:08.122450+00:00 ubuntu sshd[372247]: pam_unix(sshd:auth): authentication failure; logname= uid=0 euid=0 tty=ssh ruser= rhost=45.123.110.70 user=root
2026-09-06T03:05:08.298849+00:00 ubuntu sshd[372049]: Failed password for root from 176.53.159.197 port 31720 ssh2
2026-09-06T03:05:08.931614+00:00 ubuntu sshd[372203]: Failed password for root from 125.21.59.218 port 49844 ssh2
2026-09-06T03:05:09.793525+00:00 ubuntu sshd[372203]: Received disconnect from 125.21.59.218 port 49844:11: Bye Bye [preauth]
2026-09-06T03:05:09.793731+00:00 ubuntu sshd[372203]: Disconnected from authenticating user root 125.21.59.218 port 49844 [preauth]
2026-09-06T03:05:10.120351+00:00 ubuntu sshd[372247]: Failed password for root from 45.123.110.70 port 26332 ssh2
2026-09-06T03:05:10.707197+00:00 ubuntu sshd[372049]: Failed password for root from 176.53.159.197 port 31720 ssh2
2026-09-06T03:05:11.384077+00:00 ubuntu sshd[372247]: Received disconnect from 45.123.110.70 port 26332:11: Bye Bye [preauth]
2026-09-06T03:05:11.384237+00:00 ubuntu sshd[372247]: Disconnected from authenticating user root 45.123.110.70 port 26332 [preauth]
2026-09-06T03:05:12.774084+00:00 ubuntu sshd[372049]: Failed password for root from 176.53.159.197 port 31720 ssh2
2026-09-06T03:05:13.954674+00:00 ubuntu sshd[372049]: Connection reset by authenticating user root 176.53.159.197 port 31720 [preauth]
2026-09-06T03:05:13.954867+00:00 ubuntu sshd[372049]: PAM 4 more authentication failures; logname= uid=0 euid=0 tty=ssh ruser= rhost=176.53.159.197 user=root
2026-09-06T03:05:13.954933+00:00 ubuntu sshd[372049]: PAM service(sshd) ignoring max retries; 5 > 3
2026-09-06T03:05:14.104877+00:00 ubuntu sshd[372368]: pam_unix(sshd:auth): authentication failure; logname= uid=0 euid=0 tty=ssh ruser= rhost=176.53.159.197 user=root
2026-09-06T03:05:15.591221+00:00 ubuntu sshd[372368]: Failed password for root from 176.53.159.197 port 37494 ssh2
2026-09-06T03:05:15.858427+00:00 ubuntu sshd[372481]: Invalid user michelle from 103.25.47.94 port 49856
2026-09-06T03:05:15.860412+00:00 ubuntu sshd[372481]: pam_unix(sshd:auth): check pass; user unknown
2026-09-06T03:05:15.860490+00:00 ubuntu sshd[372481]: pam_unix(sshd:auth): authentication failure; logname= uid=0 euid=0 tty=ssh ruser= rhost=103.25.47.94
2026-09-06T03:05:17.324644+00:00 ubuntu sshd[372368]: Failed password for root from 176.53.159.197 port 37494 ssh2
2026-09-06T03:05:17.482718+00:00 ubuntu sshd[372481]: Failed password for invalid user michelle from 103.25.47.94 port 49856 ssh2
2026-09-06T03:05:19.271592+00:00 ubuntu sshd[372481]: Received disconnect from 103.25.47.94 port 49856:11: Bye Bye [preauth]
2026-09-06T03:05:19.271725+00:00 ubuntu sshd[372481]: Disconnected from invalid user michelle 103.25.47.94 port 49856 [preauth]
2026-09-06T03:05:20.115688+00:00 ubuntu sshd[372484]: Invalid user wei from 85.198.19.242 port 35328
2026-09-06T03:05:20.117453+00:00 ubuntu sshd[372484]: pam_unix(sshd:auth): check pass; user unknown
2026-09-06T03:05:20.117518+00:00 ubuntu sshd[372484]: pam_unix(sshd:auth): authentication failure; logname= uid=0 euid=0 tty=ssh ruser= rhost=85.198.19.242
2026-09-06T03:05:21.262687+00:00 ubuntu sshd[372368]: Failed password for root from 176.53.159.197 port 37494 ssh2
2026-09-06T03:05:22.095640+00:00 ubuntu sshd[372484]: Failed password for invalid user wei from 85.198.19.242 port 35328 ssh2
2026-09-06T03:05:22.506670+00:00 ubuntu sshd[372484]: Received disconnect from 85.198.19.242 port 35328:11: Bye Bye [preauth]
2026-09-06T03:05:22.506873+00:00 ubuntu sshd[372484]: Disconnected from invalid user wei 85.198.19.242 port 35328 [preauth]
2026-09-06T03:05:24.006802+00:00 ubuntu sshd[372368]: Failed password for root from 176.53.159.197 port 37494 ssh2
2026-09-06T03:05:24.775408+00:00 ubuntu sshd[372249]: pam_unix(sshd:auth): authentication failure; logname= uid=0 euid=0 tty=ssh ruser= rhost=151.158.2.135 user=root
2026-09-06T03:05:26.967826+00:00 ubuntu sshd[372249]: Failed password for root from 151.158.2.135 port 43986 ssh2
2026-09-06T03:05:27.611696+00:00 ubuntu sshd[372368]: Failed password for root from 176.53.159.197 port 37494 ssh2
2026-09-06T03:05:28.402546+00:00 ubuntu sshd[372368]: Connection reset by authenticating user root 176.53.159.197 port 37494 [preauth]
2026-09-06T03:05:28.403124+00:00 ubuntu sshd[372368]: PAM 4 more authentication failures; logname= uid=0 euid=0 tty=ssh ruser= rhost=176.53.159.197 user=root
2026-09-06T03:05:28.403192+00:00 ubuntu sshd[372368]: PAM service(sshd) ignoring max retries; 5 > 3
2026-09-06T03:05:28.550473+00:00 ubuntu sshd[372700]: pam_unix(sshd:auth): authentication failure; logname= uid=0 euid=0 tty=ssh ruser= rhost=176.53.159.197 user=root
2026-09-06T03:05:30.292693+00:00 ubuntu sshd[372700]: Failed password for root from 176.53.159.197 port 58660 ssh2
2026-09-06T03:05:31.113528+00:00 ubuntu sshd[372249]: Connection closed by authenticating user root 151.158.2.135 port 43986 [preauth]
2026-09-06T03:05:31.453308+00:00 ubuntu sshd[372819]: Invalid user bitnami from 61.76.112.4 port 47602
2026-09-06T03:05:31.455016+00:00 ubuntu sshd[372819]: pam_unix(sshd:auth): check pass; user unknown
2026-09-06T03:05:31.455091+00:00 ubuntu sshd[372819]: pam_unix(sshd:auth): authentication failure; logname= uid=0 euid=0 tty=ssh ruser= rhost=61.76.112.4
2026-09-06T03:05:33.609086+00:00 ubuntu sshd[372819]: Failed password for invalid user bitnami from 61.76.112.4 port 47602 ssh2
2026-09-06T03:05:33.901280+00:00 ubuntu sshd[372700]: Failed password for root from 176.53.159.197 port 58660 ssh2
2026-09-06T03:05:34.152948+00:00 ubuntu sshd[372825]: Invalid user user from 207.154.247.140 port 60030
2026-09-06T03:05:34.154335+00:00 ubuntu sshd[372825]: pam_unix(sshd:auth): check pass; user unknown
2026-09-06T03:05:34.154404+00:00 ubuntu sshd[372825]: pam_unix(sshd:auth): authentication failure; logname= uid=0 euid=0 tty=ssh ruser= rhost=207.154.247.140
2026-09-06T03:05:35.057254+00:00 ubuntu sshd[372819]: Received disconnect from 61.76.112.4 port 47602:11: Bye Bye [preauth]
2026-09-06T03:05:35.057347+00:00 ubuntu sshd[372819]: Disconnected from invalid user bitnami 61.76.112.4 port 47602 [preauth]
2026-09-06T03:05:36.052618+00:00 ubuntu sshd[372825]: Failed password for invalid user user from 207.154.247.140 port 60030 ssh2
2026-09-06T03:05:36.257948+00:00 ubuntu sshd[372825]: Received disconnect from 207.154.247.140 port 60030:11: Bye Bye [preauth]
2026-09-06T03:05:36.258104+00:00 ubuntu sshd[372825]: Disconnected from invalid user user 207.154.247.140 port 60030 [preauth]
2026-09-06T03:05:36.838314+00:00 ubuntu sshd[372700]: Failed password for root from 176.53.159.197 port 58660 ssh2
2026-09-06T03:05:37.383696+00:00 ubuntu sshd[372936]: pam_unix(sshd:auth): authentication failure; logname= uid=0 euid=0 tty=ssh ruser= rhost=125.21.59.218 user=root
2026-09-06T03:05:39.693287+00:00 ubuntu sshd[372936]: Failed password for root from 125.21.59.218 port 57182 ssh2
2026-09-06T03:05:39.919333+00:00 ubuntu sshd[372700]: Failed password for root from 176.53.159.197 port 58660 ssh2
2026-09-06T03:05:40.632084+00:00 ubuntu sshd[372936]: Received disconnect from 125.21.59.218 port 57182:11: Bye Bye [preauth]
2026-09-06T03:05:40.632222+00:00 ubuntu sshd[372936]: Disconnected from authenticating user root 125.21.59.218 port 57182 [preauth]
2026-09-06T03:05:43.523552+00:00 ubuntu sshd[372700]: Failed password for root from 176.53.159.197 port 58660 ssh2
2026-09-06T03:05:44.448073+00:00 ubuntu sshd[372700]: Connection reset by authenticating user root 176.53.159.197 port 58660 [preauth]
2026-09-06T03:05:44.448451+00:00 ubuntu sshd[372700]: PAM 4 more authentication failures; logname= uid=0 euid=0 tty=ssh ruser= rhost=176.53.159.197 user=root
2026-09-06T03:05:44.448536+00:00 ubuntu sshd[372700]: PAM service(sshd) ignoring max retries; 5 > 3
2026-09-06T03:05:44.597073+00:00 ubuntu sshd[373245]: pam_unix(sshd:auth): authentication failure; logname= uid=0 euid=0 tty=ssh ruser= rhost=176.53.159.197 user=root
2026-09-06T03:05:46.535267+00:00 ubuntu sshd[373245]: Failed password for root from 176.53.159.197 port 42422 ssh2
2026-09-06T03:05:49.472677+00:00 ubuntu sshd[373245]: Failed password for root from 176.53.159.197 port 42422 ssh2
2026-09-06T03:05:52.749803+00:00 ubuntu sshd[373245]: Failed password for root from 176.53.159.197 port 42422 ssh2
2026-09-06T03:05:56.163073+00:00 ubuntu sshd[373245]: Failed password for root from 176.53.159.197 port 42422 ssh2
2026-09-06T03:05:57.468944+00:00 ubuntu sshd[373649]: Invalid user erpnext from 103.30.40.129 port 59584
2026-09-06T03:05:57.470518+00:00 ubuntu sshd[373649]: pam_unix(sshd:auth): check pass; user unknown
2026-09-06T03:05:57.470613+00:00 ubuntu sshd[373649]: pam_unix(sshd:auth): authentication failure; logname= uid=0 euid=0 tty=ssh ruser= rhost=103.30.40.129
2026-09-06T03:05:59.099177+00:00 ubuntu sshd[373245]: Failed password for root from 176.53.159.197 port 42422 ssh2
2026-09-06T03:05:59.193039+00:00 ubuntu sshd[373649]: Failed password for invalid user erpnext from 103.30.40.129 port 59584 ssh2
2026-09-06T03:05:59.883439+00:00 ubuntu sshd[373649]: Received disconnect from 103.30.40.129 port 59584:11: Bye Bye [preauth]
2026-09-06T03:05:59.883627+00:00 ubuntu sshd[373649]: Disconnected from invalid user erpnext 103.30.40.129 port 59584 [preauth]
2026-09-06T03:06:00.493947+00:00 ubuntu sshd[373245]: Connection reset by authenticating user root 176.53.159.197 port 42422 [preauth]
2026-09-06T03:06:00.494077+00:00 ubuntu sshd[373245]: PAM 4 more authentication failures; logname= uid=0 euid=0 tty=ssh ruser= rhost=176.53.159.197 user=root
2026-09-06T03:06:00.494147+00:00 ubuntu sshd[373245]: PAM service(sshd) ignoring max retries; 5 > 3
2026-09-06T03:06:00.541278+00:00 ubuntu sshd[373808]: Invalid user ubnt from 176.53.159.197 port 21412
2026-09-06T03:06:00.557567+00:00 ubuntu sshd[373808]: pam_unix(sshd:auth): check pass; user unknown
2026-09-06T03:06:00.557669+00:00 ubuntu sshd[373808]: pam_unix(sshd:auth): authentication failure; logname= uid=0 euid=0 tty=ssh ruser= rhost=176.53.159.197
2026-09-06T03:06:03.027472+00:00 ubuntu sshd[373808]: Failed password for invalid user ubnt from 176.53.159.197 port 21412 ssh2
2026-09-06T03:06:03.230305+00:00 ubuntu sshd[373808]: pam_unix(sshd:auth): check pass; user unknown
2026-09-06T03:06:05.444373+00:00 ubuntu sshd[373808]: Failed password for invalid user ubnt from 176.53.159.197 port 21412 ssh2
2026-09-06T03:06:05.902670+00:00 ubuntu sshd[373808]: pam_unix(sshd:auth): check pass; user unknown
2026-09-06T03:06:06.088879+00:00 ubuntu sshd[373944]: pam_unix(sshd:auth): authentication failure; logname= uid=0 euid=0 tty=ssh ruser= rhost=125.21.59.218 user=root
2026-09-06T03:06:07.725264+00:00 ubuntu sshd[373808]: Failed password for invalid user ubnt from 176.53.159.197 port 21412 ssh2
2026-09-06T03:06:07.910536+00:00 ubuntu sshd[373944]: Failed password for root from 125.21.59.218 port 36146 ssh2
2026-09-06T03:06:08.575049+00:00 ubuntu sshd[373808]: pam_unix(sshd:auth): check pass; user unknown
2026-09-06T03:06:09.330636+00:00 ubuntu sshd[373944]: Received disconnect from 125.21.59.218 port 36146:11: Bye Bye [preauth]
2026-09-06T03:06:09.330742+00:00 ubuntu sshd[373944]: Disconnected from authenticating user root 125.21.59.218 port 36146 [preauth]
2026-09-06T03:06:10.141726+00:00 ubuntu sshd[373808]: Failed password for invalid user ubnt from 176.53.159.197 port 21412 ssh2
2026-09-06T03:06:11.247780+00:00 ubuntu sshd[373808]: pam_unix(sshd:auth): check pass; user unknown
2026-09-06T03:06:13.561923+00:00 ubuntu sshd[373808]: Failed password for invalid user ubnt from 176.53.159.197 port 21412 ssh2
2026-09-06T03:06:13.927966+00:00 ubuntu sshd[373808]: Connection reset by invalid user ubnt 176.53.159.197 port 21412 [preauth]
2026-09-06T03:06:13.928328+00:00 ubuntu sshd[373808]: PAM 4 more authentication failures; logname= uid=0 euid=0 tty=ssh ruser= rhost=176.53.159.197
2026-09-06T03:06:13.928385+00:00 ubuntu sshd[373808]: PAM service(sshd) ignoring max retries; 5 > 3
2026-09-06T03:06:24.608344+00:00 ubuntu sshd[374621]: pam_unix(sshd:auth): authentication failure; logname= uid=0 euid=0 tty=ssh ruser= rhost=103.25.47.94 user=root
2026-09-06T03:06:26.495833+00:00 ubuntu sshd[374718]: Invalid user testuser from 45.123.110.70 port 49096
2026-09-06T03:06:26.497519+00:00 ubuntu sshd[374718]: pam_unix(sshd:auth): check pass; user unknown
2026-09-06T03:06:26.497603+00:00 ubuntu sshd[374718]: pam_unix(sshd:auth): authentication failure; logname= uid=0 euid=0 tty=ssh ruser= rhost=45.123.110.70
2026-09-06T03:06:26.705097+00:00 ubuntu sshd[374621]: Failed password for root from 103.25.47.94 port 44310 ssh2
2026-09-06T03:06:27.876198+00:00 ubuntu sshd[374621]: Received disconnect from 103.25.47.94 port 44310:11: Bye Bye [preauth]
2026-09-06T03:06:27.876325+00:00 ubuntu sshd[374621]: Disconnected from authenticating user root 103.25.47.94 port 44310 [preauth]
2026-09-06T03:06:28.535937+00:00 ubuntu sshd[374718]: Failed password for invalid user testuser from 45.123.110.70 port 49096 ssh2
2026-09-06T03:06:30.609716+00:00 ubuntu sshd[374718]: Received disconnect from 45.123.110.70 port 49096:11: Bye Bye [preauth]
2026-09-06T03:06:30.609898+00:00 ubuntu sshd[374718]: Disconnected from invalid user testuser 45.123.110.70 port 49096 [preauth]
2026-09-06T03:06:32.629305+00:00 ubuntu sshd[374915]: Invalid user hduser from 207.154.247.140 port 49538
2026-09-06T03:06:32.631105+00:00 ubuntu sshd[374915]: pam_unix(sshd:auth): check pass; user unknown
2026-09-06T03:06:32.631183+00:00 ubuntu sshd[374915]: pam_unix(sshd:auth): authentication failure; logname= uid=0 euid=0 tty=ssh ruser= rhost=207.154.247.140
2026-09-06T03:06:34.158052+00:00 ubuntu sshd[374915]: Failed password for invalid user hduser from 207.154.247.140 port 49538 ssh2
2026-09-06T03:06:34.679133+00:00 ubuntu sshd[374915]: Received disconnect from 207.154.247.140 port 49538:11: Bye Bye [preauth]
2026-09-06T03:06:34.679258+00:00 ubuntu sshd[374915]: Disconnected from invalid user hduser 207.154.247.140 port 49538 [preauth]
2026-09-06T03:06:35.094146+00:00 ubuntu sshd[374937]: pam_unix(sshd:auth): authentication failure; logname= uid=0 euid=0 tty=ssh ruser= rhost=125.21.59.218 user=root
2026-09-06T03:06:37.368306+00:00 ubuntu sshd[374937]: Failed password for root from 125.21.59.218 port 43642 ssh2
2026-09-06T03:06:38.338563+00:00 ubuntu sshd[374937]: Received disconnect from 125.21.59.218 port 43642:11: Bye Bye [preauth]
2026-09-06T03:06:38.338724+00:00 ubuntu sshd[374937]: Disconnected from authenticating user root 125.21.59.218 port 43642 [preauth]
2026-09-06T03:06:53.135986+00:00 ubuntu sshd[375745]: Invalid user moxa from 85.198.19.242 port 54192
2026-09-06T03:06:53.137648+00:00 ubuntu sshd[375745]: pam_unix(sshd:auth): check pass; user unknown
2026-09-06T03:06:53.137722+00:00 ubuntu sshd[375745]: pam_unix(sshd:auth): authentication failure; logname= uid=0 euid=0 tty=ssh ruser= rhost=85.198.19.242
2026-09-06T03:06:54.880288+00:00 ubuntu sshd[375745]: Failed password for invalid user moxa from 85.198.19.242 port 54192 ssh2
2026-09-06T03:06:55.125244+00:00 ubuntu sshd[375745]: Received disconnect from 85.198.19.242 port 54192:11: Bye Bye [preauth]
2026-09-06T03:06:55.125382+00:00 ubuntu sshd[375745]: Disconnected from invalid user moxa 85.198.19.242 port 54192 [preauth]
2026-09-06T03:07:05.280960+00:00 ubuntu sshd[376111]: Invalid user khan from 125.21.59.218 port 50984
2026-09-06T03:07:05.282641+00:00 ubuntu sshd[376111]: pam_unix(sshd:auth): check pass; user unknown
2026-09-06T03:07:05.282720+00:00 ubuntu sshd[376111]: pam_unix(sshd:auth): authentication failure; logname= uid=0 euid=0 tty=ssh ruser= rhost=125.21.59.218
2026-09-06T03:07:05.892287+00:00 ubuntu sshd[376196]: Invalid user wyy from 103.30.40.129 port 45970
2026-09-06T03:07:05.894443+00:00 ubuntu sshd[376196]: pam_unix(sshd:auth): check pass; user unknown
2026-09-06T03:07:05.894518+00:00 ubuntu sshd[376196]: pam_unix(sshd:auth): authentication failure; logname= uid=0 euid=0 tty=ssh ruser= rhost=103.30.40.129
2026-09-06T03:07:07.341324+00:00 ubuntu sshd[376111]: Failed password for invalid user khan from 125.21.59.218 port 50984 ssh2
2026-09-06T03:07:07.626589+00:00 ubuntu sshd[376111]: Received disconnect from 125.21.59.218 port 50984:11: Bye Bye [preauth]
2026-09-06T03:07:07.626676+00:00 ubuntu sshd[376111]: Disconnected from invalid user khan 125.21.59.218 port 50984 [preauth]
2026-09-06T03:07:07.953139+00:00 ubuntu sshd[376196]: Failed password for invalid user wyy from 103.30.40.129 port 45970 ssh2
2026-09-06T03:07:08.279654+00:00 ubuntu sshd[376196]: Received disconnect from 103.30.40.129 port 45970:11: Bye Bye [preauth]
2026-09-06T03:07:08.279765+00:00 ubuntu sshd[376196]: Disconnected from invalid user wyy 103.30.40.129 port 45970 [preauth]
2026-09-06T03:07:18.457904+00:00 ubuntu sshd[376704]: pam_unix(sshd:auth): authentication failure; logname= uid=0 euid=0 tty=ssh ruser= rhost=61.76.112.4 user=root
2026-09-06T03:07:19.181739+00:00 ubuntu sshd[376731]: pam_unix(sshd:auth): authentication failure; logname= uid=0 euid=0 tty=ssh ruser= rhost=192.253.248.222 user=root
2026-09-06T03:07:20.635145+00:00 ubuntu sshd[376704]: Failed password for root from 61.76.112.4 port 47112 ssh2
2026-09-06T03:07:21.496118+00:00 ubuntu sshd[376731]: Failed password for root from 192.253.248.222 port 40760 ssh2
2026-09-06T03:07:21.876515+00:00 ubuntu sshd[376704]: Received disconnect from 61.76.112.4 port 47112:11: Bye Bye [preauth]
2026-09-06T03:07:21.876640+00:00 ubuntu sshd[376704]: Disconnected from authenticating user root 61.76.112.4 port 47112 [preauth]
2026-09-06T03:07:22.304588+00:00 ubuntu sshd[376731]: Connection closed by authenticating user root 192.253.248.222 port 40760 [preauth]
2026-09-06T03:07:33.619399+00:00 ubuntu sshd[377214]: Invalid user whatever from 125.21.59.218 port 58444
2026-09-06T03:07:33.621359+00:00 ubuntu sshd[377214]: pam_unix(sshd:auth): check pass; user unknown
2026-09-06T03:07:33.621483+00:00 ubuntu sshd[377214]: pam_unix(sshd:auth): authentication failure; logname= uid=0 euid=0 tty=ssh ruser= rhost=125.21.59.218
2026-09-06T03:07:35.524429+00:00 ubuntu sshd[377214]: Failed password for invalid user whatever from 125.21.59.218 port 58444 ssh2
2026-09-06T03:07:36.401485+00:00 ubuntu sshd[377214]: Received disconnect from 125.21.59.218 port 58444:11: Bye Bye [preauth]
2026-09-06T03:07:36.401615+00:00 ubuntu sshd[377214]: Disconnected from invalid user whatever 125.21.59.218 port 58444 [preauth]
2026-09-06T03:07:37.707254+00:00 ubuntu sshd[377365]: Invalid user jira from 45.123.110.70 port 15356
2026-09-06T03:07:37.709645+00:00 ubuntu sshd[377365]: pam_unix(sshd:auth): check pass; user unknown
2026-09-06T03:07:37.709717+00:00 ubuntu sshd[377365]: pam_unix(sshd:auth): authentication failure; logname= uid=0 euid=0 tty=ssh ruser= rhost=45.123.110.70
2026-09-06T03:07:38.023241+00:00 ubuntu sshd[377367]: Invalid user na from 103.25.47.94 port 38766
2026-09-06T03:07:38.025274+00:00 ubuntu sshd[377367]: pam_unix(sshd:auth): check pass; user unknown
2026-09-06T03:07:38.025332+00:00 ubuntu sshd[377367]: pam_unix(sshd:auth): authentication failure; logname= uid=0 euid=0 tty=ssh ruser= rhost=103.25.47.94
2026-09-06T03:07:38.315607+00:00 ubuntu sshd[377382]: pam_unix(sshd:auth): authentication failure; logname= uid=0 euid=0 tty=ssh ruser= rhost=207.154.247.140 user=root
2026-09-06T03:07:39.612513+00:00 ubuntu sshd[377367]: Failed password for invalid user na from 103.25.47.94 port 38766 ssh2
2026-09-06T03:07:39.828536+00:00 ubuntu sshd[377365]: Failed password for invalid user jira from 45.123.110.70 port 15356 ssh2
2026-09-06T03:07:39.902547+00:00 ubuntu sshd[377382]: Failed password for root from 207.154.247.140 port 59216 ssh2
2026-09-06T03:07:39.920443+00:00 ubuntu sshd[377367]: Received disconnect from 103.25.47.94 port 38766:11: Bye Bye [preauth]
2026-09-06T03:07:39.920558+00:00 ubuntu sshd[377367]: Disconnected from invalid user na 103.25.47.94 port 38766 [preauth]
2026-09-06T03:07:41.357245+00:00 ubuntu sshd[377365]: Received disconnect from 45.123.110.70 port 15356:11: Bye Bye [preauth]
2026-09-06T03:07:41.357369+00:00 ubuntu sshd[377365]: Disconnected from invalid user jira 45.123.110.70 port 15356 [preauth]
2026-09-06T03:07:41.431044+00:00 ubuntu sshd[377382]: Received disconnect from 207.154.247.140 port 59216:11: Bye Bye [preauth]
2026-09-06T03:07:41.431155+00:00 ubuntu sshd[377382]: Disconnected from authenticating user root 207.154.247.140 port 59216 [preauth]
2026-09-06T03:08:02.299460+00:00 ubuntu sshd[378364]: pam_unix(sshd:auth): authentication failure; logname= uid=0 euid=0 tty=ssh ruser= rhost=125.21.59.218 user=root
2026-09-06T03:08:03.850637+00:00 ubuntu sshd[378364]: Failed password for root from 125.21.59.218 port 37578 ssh2
2026-09-06T03:08:05.548446+00:00 ubuntu sshd[378364]: Received disconnect from 125.21.59.218 port 37578:11: Bye Bye [preauth]
2026-09-06T03:08:05.548527+00:00 ubuntu sshd[378364]: Disconnected from authenticating user root 125.21.59.218 port 37578 [preauth]
2026-09-06T03:08:11.823816+00:00 ubuntu sshd[378366]: pam_unix(sshd:auth): authentication failure; logname= uid=0 euid=0 tty=ssh ruser= rhost=20.106.172.62 user=root
2026-09-06T03:08:13.942416+00:00 ubuntu sshd[378366]: Failed password for root from 20.106.172.62 port 45628 ssh2
2026-09-06T03:08:15.295566+00:00 ubuntu sshd[378793]: Invalid user karim from 103.30.40.129 port 58514
2026-09-06T03:08:15.297633+00:00 ubuntu sshd[378793]: pam_unix(sshd:auth): check pass; user unknown
2026-09-06T03:08:15.297820+00:00 ubuntu sshd[378793]: pam_unix(sshd:auth): authentication failure; logname= uid=0 euid=0 tty=ssh ruser= rhost=103.30.40.129
2026-09-06T03:08:16.774552+00:00 ubuntu sshd[378366]: Connection closed by authenticating user root 20.106.172.62 port 45628 [preauth]
2026-09-06T03:08:17.300714+00:00 ubuntu sshd[378793]: Failed password for invalid user karim from 103.30.40.129 port 58514 ssh2
2026-09-06T03:08:17.568154+00:00 ubuntu sshd[378793]: Received disconnect from 103.30.40.129 port 58514:11: Bye Bye [preauth]
2026-09-06T03:08:17.568261+00:00 ubuntu sshd[378793]: Disconnected from invalid user karim 103.30.40.129 port 58514 [preauth]
2026-09-06T03:08:26.151375+00:00 ubuntu sshd[379186]: pam_unix(sshd:auth): authentication failure; logname= uid=0 euid=0 tty=ssh ruser= rhost=85.198.19.242 user=root
2026-09-06T03:08:27.662772+00:00 ubuntu sshd[379186]: Failed password for root from 85.198.19.242 port 36914 ssh2
