2026-09-06T03:08:27.826918+00:00 ubuntu sshd[379289]: pam_unix(sshd:auth): authentication failure; logname= uid=0 euid=0 tty=ssh ruser= rhost=193.24.211.218 user=root
2026-09-06T03:08:29.345219+00:00 ubuntu sshd[379186]: Received disconnect from 85.198.19.242 port 36914:11: Bye Bye [preauth]
2026-09-06T03:08:29.345368+00:00 ubuntu sshd[379186]: Disconnected from authenticating user root 85.198.19.242 port 36914 [preauth]
2026-09-06T03:08:29.809606+00:00 ubuntu sshd[379289]: Failed password for root from 193.24.211.218 port 2464 ssh2
2026-09-06T03:08:29.886906+00:00 ubuntu sshd[379312]: Invalid user hunter from 125.21.59.218 port 44818
2026-09-06T03:08:29.889112+00:00 ubuntu sshd[379312]: pam_unix(sshd:auth): check pass; user unknown
2026-09-06T03:08:29.889183+00:00 ubuntu sshd[379312]: pam_unix(sshd:auth): authentication failure; logname= uid=0 euid=0 tty=ssh ruser= rhost=125.21.59.218
2026-09-06T03:08:30.969669+00:00 ubuntu sshd[379289]: Received disconnect from 193.24.211.218 port 2464:11: Client disconnecting normally [preauth]
2026-09-06T03:08:30.969848+00:00 ubuntu sshd[379289]: Disconnected from authenticating user root 193.24.211.218 port 2464 [preauth]
2026-09-06T03:08:32.479703+00:00 ubuntu sshd[379312]: Failed password for invalid user hunter from 125.21.59.218 port 44818 ssh2
2026-09-06T03:08:33.026484+00:00 ubuntu sshd[379312]: Received disconnect from 125.21.59.218 port 44818:11: Bye Bye [preauth]
2026-09-06T03:08:33.026625+00:00 ubuntu sshd[379312]: Disconnected from invalid user hunter 125.21.59.218 port 44818 [preauth]
2026-09-06T03:08:39.409856+00:00 ubuntu sshd[379622]: pam_unix(sshd:auth): authentication failure; logname= uid=0 euid=0 tty=ssh ruser= rhost=207.154.247.140 user=root
2026-09-06T03:08:41.372869+00:00 ubuntu sshd[379622]: Failed password for root from 207.154.247.140 port 39640 ssh2
2026-09-06T03:08:42.527173+00:00 ubuntu sshd[379622]: Received disconnect from 207.154.247.140 port 39640:11: Bye Bye [preauth]
2026-09-06T03:08:42.527300+00:00 ubuntu sshd[379622]: Disconnected from authenticating user root 207.154.247.140 port 39640 [preauth]
2026-09-06T03:08:48.726531+00:00 ubuntu sshd[380026]: Invalid user na from 45.123.110.70 port 38116
2026-09-06T03:08:48.728325+00:00 ubuntu sshd[380026]: pam_unix(sshd:auth): check pass; user unknown
2026-09-06T03:08:48.728435+00:00 ubuntu sshd[380026]: pam_unix(sshd:auth): authentication failure; logname= uid=0 euid=0 tty=ssh ruser= rhost=45.123.110.70
2026-09-06T03:08:49.831948+00:00 ubuntu sshd[380039]: Invalid user tms from 103.25.47.94 port 33218
2026-09-06T03:08:49.833648+00:00 ubuntu sshd[380039]: pam_unix(sshd:auth): check pass; user unknown
2026-09-06T03:08:49.833725+00:00 ubuntu sshd[380039]: pam_unix(sshd:auth): authentication failure; logname= uid=0 euid=0 tty=ssh ruser= rhost=103.25.47.94
2026-09-06T03:08:50.260066+00:00 ubuntu sshd[380026]: Failed password for invalid user na from 45.123.110.70 port 38116 ssh2
2026-09-06T03:08:50.582983+00:00 ubuntu sshd[380026]: Received disconnect from 45.123.110.70 port 38116:11: Bye Bye [preauth]
2026-09-06T03:08:50.583116+00:00 ubuntu sshd[380026]: Disconnected from invalid user na 45.123.110.70 port 38116 [preauth]
2026-09-06T03:08:51.837125+00:00 ubuntu sshd[380039]: Failed password for invalid user tms from 103.25.47.94 port 33218 ssh2
2026-09-06T03:08:53.019030+00:00 ubuntu sshd[380039]: Received disconnect from 103.25.47.94 port 33218:11: Bye Bye [preauth]
2026-09-06T03:08:53.019160+00:00 ubuntu sshd[380039]: Disconnected from invalid user tms 103.25.47.94 port 33218 [preauth]
2026-09-06T03:09:00.353908+00:00 ubuntu sshd[380457]: Invalid user deploy from 61.76.112.4 port 44383
2026-09-06T03:09:00.355572+00:00 ubuntu sshd[380457]: pam_unix(sshd:auth): check pass; user unknown
2026-09-06T03:09:00.355683+00:00 ubuntu sshd[380457]: pam_unix(sshd:auth): authentication failure; logname= uid=0 euid=0 tty=ssh ruser= rhost=61.76.112.4
2026-09-06T03:09:01.128431+00:00 ubuntu sshd[380489]: pam_unix(sshd:auth): authentication failure; logname= uid=0 euid=0 tty=ssh ruser= rhost=125.21.59.218 user=root
2026-09-06T03:09:01.867436+00:00 ubuntu sshd[380457]: Failed password for invalid user deploy from 61.76.112.4 port 44383 ssh2
2026-09-06T03:09:03.029243+00:00 ubuntu sshd[380457]: Received disconnect from 61.76.112.4 port 44383:11: Bye Bye [preauth]
2026-09-06T03:09:03.029376+00:00 ubuntu sshd[380457]: Disconnected from invalid user deploy 61.76.112.4 port 44383 [preauth]
2026-09-06T03:09:03.111168+00:00 ubuntu sshd[380489]: Failed password for root from 125.21.59.218 port 52184 ssh2
2026-09-06T03:09:04.368333+00:00 ubuntu sshd[380489]: Received disconnect from 125.21.59.218 port 52184:11: Bye Bye [preauth]
2026-09-06T03:09:04.368455+00:00 ubuntu sshd[380489]: Disconnected from authenticating user root 125.21.59.218 port 52184 [preauth]
2026-09-06T03:09:07.850341+00:00 ubuntu sshd[380750]: Invalid user mallorca from 78.100.129.165 port 59126
2026-09-06T03:09:07.971979+00:00 ubuntu sshd[380750]: pam_unix(sshd:auth): check pass; user unknown
2026-09-06T03:09:07.972140+00:00 ubuntu sshd[380750]: pam_unix(sshd:auth): authentication failure; logname= uid=0 euid=0 tty=ssh ruser= rhost=78.100.129.165
2026-09-06T03:09:09.779564+00:00 ubuntu sshd[380750]: Failed password for invalid user mallorca from 78.100.129.165 port 59126 ssh2
2026-09-06T03:09:11.371310+00:00 ubuntu sshd[380750]: Connection closed by invalid user mallorca 78.100.129.165 port 59126 [preauth]
2026-09-06T03:09:23.360344+00:00 ubuntu sshd[381386]: pam_unix(sshd:auth): authentication failure; logname= uid=0 euid=0 tty=ssh ruser= rhost=103.30.40.129 user=root
2026-09-06T03:09:25.363492+00:00 ubuntu sshd[381386]: Failed password for root from 103.30.40.129 port 37274 ssh2
2026-09-06T03:09:26.612309+00:00 ubuntu sshd[381386]: Received disconnect from 103.30.40.129 port 37274:11: Bye Bye [preauth]
2026-09-06T03:09:26.612449+00:00 ubuntu sshd[381386]: Disconnected from authenticating user root 103.30.40.129 port 37274 [preauth]
2026-09-06T03:09:31.581909+00:00 ubuntu sshd[381596]: Invalid user erpnext from 125.21.59.218 port 59506
2026-09-06T03:09:31.583593+00:00 ubuntu sshd[381596]: pam_unix(sshd:auth): check pass; user unknown
2026-09-06T03:09:31.583681+00:00 ubuntu sshd[381596]: pam_unix(sshd:auth): authentication failure; logname= uid=0 euid=0 tty=ssh ruser= rhost=125.21.59.218
2026-09-06T03:09:33.685474+00:00 ubuntu sshd[381596]: Failed password for invalid user erpnext from 125.21.59.218 port 59506 ssh2
2026-09-06T03:09:33.984002+00:00 ubuntu sshd[381596]: Received disconnect from 125.21.59.218 port 59506:11: Bye Bye [preauth]
2026-09-06T03:09:33.984128+00:00 ubuntu sshd[381596]: Disconnected from invalid user erpnext 125.21.59.218 port 59506 [preauth]
2026-09-06T03:09:39.766581+00:00 ubuntu sshd[381878]: Invalid user farid from 207.154.247.140 port 43320
2026-09-06T03:09:39.768158+00:00 ubuntu sshd[381878]: pam_unix(sshd:auth): check pass; user unknown
2026-09-06T03:09:39.768243+00:00 ubuntu sshd[381878]: pam_unix(sshd:auth): authentication failure; logname= uid=0 euid=0 tty=ssh ruser= rhost=207.154.247.140
2026-09-06T03:09:41.967129+00:00 ubuntu sshd[381878]: Failed password for invalid user farid from 207.154.247.140 port 43320 ssh2
2026-09-06T03:09:42.097328+00:00 ubuntu sshd[381878]: Received disconnect from 207.154.247.140 port 43320:11: Bye Bye [preauth]
2026-09-06T03:09:42.097453+00:00 ubuntu sshd[381878]: Disconnected from invalid user farid 207.154.247.140 port 43320 [preauth]
2026-09-06T03:09:56.696236+00:00 ubuntu sshd[382569]: Invalid user user from 85.198.19.242 port 43360
2026-09-06T03:09:56.697966+00:00 ubuntu sshd[382569]: pam_unix(sshd:auth): check pass; user unknown
2026-09-06T03:09:56.698035+00:00 ubuntu sshd[382569]: pam_unix(sshd:auth): authentication failure; logname= uid=0 euid=0 tty=ssh ruser= rhost=85.198.19.242
2026-09-06T03:09:57.898410+00:00 ubuntu sshd[382569]: Failed password for invalid user user from 85.198.19.242 port 43360 ssh2
2026-09-06T03:09:59.174742+00:00 ubuntu sshd[382569]: Received disconnect from 85.198.19.242 port 43360:11: Bye Bye [preauth]
2026-09-06T03:09:59.174929+00:00 ubuntu sshd[382569]: Disconnected from invalid user user 85.198.19.242 port 43360 [preauth]
2026-09-06T03:09:59.635835+00:00 ubuntu sshd[382651]: pam_unix(sshd:auth): authentication failure; logname= uid=0 euid=0 tty=ssh ruser= rhost=103.25.47.94 user=root
2026-09-06T03:09:59.918548+00:00 ubuntu sshd[382653]: Invalid user mani from 45.123.110.70 port 60874
2026-09-06T03:09:59.920085+00:00 ubuntu sshd[382653]: pam_unix(sshd:auth): check pass; user unknown
2026-09-06T03:09:59.920145+00:00 ubuntu sshd[382653]: pam_unix(sshd:auth): authentication failure; logname= uid=0 euid=0 tty=ssh ruser= rhost=45.123.110.70
2026-09-06T03:10:01.208339+00:00 ubuntu sshd[382662]: Invalid user ubuntu from 125.21.59.218 port 38614
2026-09-06T03:10:01.210596+00:00 ubuntu sshd[382662]: pam_unix(sshd:auth): check pass; user unknown
2026-09-06T03:10:01.210706+00:00 ubuntu sshd[382662]: pam_unix(sshd:auth): authentication failure; logname= uid=0 euid=0 tty=ssh ruser= rhost=125.21.59.218
2026-09-06T03:10:01.247600+00:00 ubuntu sshd[382651]: Failed password for root from 103.25.47.94 port 55908 ssh2
2026-09-06T03:10:01.532253+00:00 ubuntu sshd[382653]: Failed password for invalid user mani from 45.123.110.70 port 60874 ssh2
2026-09-06T03:10:01.769437+00:00 ubuntu CRON[382779]: pam_unix(cron:session): session opened for user root(uid=0) by root(uid=0)
2026-09-06T03:10:01.772130+00:00 ubuntu CRON[382779]: pam_unix(cron:session): session closed for user root
2026-09-06T03:10:01.931492+00:00 ubuntu sshd[382653]: Received disconnect from 45.123.110.70 port 60874:11: Bye Bye [preauth]
2026-09-06T03:10:01.931735+00:00 ubuntu sshd[382653]: Disconnected from invalid user mani 45.123.110.70 port 60874 [preauth]
2026-09-06T03:10:02.912048+00:00 ubuntu sshd[382651]: Received disconnect from 103.25.47.94 port 55908:11: Bye Bye [preauth]
2026-09-06T03:10:02.912199+00:00 ubuntu sshd[382651]: Disconnected from authenticating user root 103.25.47.94 port 55908 [preauth]
2026-09-06T03:10:03.430088+00:00 ubuntu sshd[382662]: Failed password for invalid user ubuntu from 125.21.59.218 port 38614 ssh2
2026-09-06T03:10:05.543211+00:00 ubuntu sshd[382662]: Received disconnect from 125.21.59.218 port 38614:11: Bye Bye [preauth]
2026-09-06T03:10:05.543339+00:00 ubuntu sshd[382662]: Disconnected from invalid user ubuntu 125.21.59.218 port 38614 [preauth]
2026-09-06T03:10:23.800203+00:00 ubuntu sshd[382864]: pam_unix(sshd:auth): authentication failure; logname= uid=0 euid=0 tty=ssh ruser= rhost=151.158.2.135 user=root
2026-09-06T03:10:25.371955+00:00 ubuntu sshd[382864]: Failed password for root from 151.158.2.135 port 35346 ssh2
2026-09-06T03:10:29.607913+00:00 ubuntu sshd[383658]: Invalid user liang from 103.30.40.129 port 36364
2026-09-06T03:10:29.609920+00:00 ubuntu sshd[383658]: pam_unix(sshd:auth): check pass; user unknown
2026-09-06T03:10:29.610026+00:00 ubuntu sshd[383658]: pam_unix(sshd:auth): authentication failure; logname= uid=0 euid=0 tty=ssh ruser= rhost=103.30.40.129
2026-09-06T03:10:29.804212+00:00 ubuntu sshd[383656]: pam_unix(sshd:auth): authentication failure; logname= uid=0 euid=0 tty=ssh ruser= rhost=125.21.59.218 user=root
2026-09-06T03:10:30.322017+00:00 ubuntu sshd[382864]: Connection closed by authenticating user root 151.158.2.135 port 35346 [preauth]
2026-09-06T03:10:31.673610+00:00 ubuntu sshd[383658]: Failed password for invalid user liang from 103.30.40.129 port 36364 ssh2
2026-09-06T03:10:31.867113+00:00 ubuntu sshd[383656]: Failed password for root from 125.21.59.218 port 45976 ssh2
2026-09-06T03:10:32.920048+00:00 ubuntu sshd[383658]: Received disconnect from 103.30.40.129 port 36364:11: Bye Bye [preauth]
2026-09-06T03:10:32.920159+00:00 ubuntu sshd[383658]: Disconnected from invalid user liang 103.30.40.129 port 36364 [preauth]
2026-09-06T03:10:33.051407+00:00 ubuntu sshd[383656]: Received disconnect from 125.21.59.218 port 45976:11: Bye Bye [preauth]
2026-09-06T03:10:33.051533+00:00 ubuntu sshd[383656]: Disconnected from authenticating user root 125.21.59.218 port 45976 [preauth]
2026-09-06T03:10:35.890623+00:00 ubuntu sshd[383833]: Invalid user liang from 61.76.112.4 port 40548
2026-09-06T03:10:35.892368+00:00 ubuntu sshd[383833]: pam_unix(sshd:auth): check pass; user unknown
2026-09-06T03:10:35.892439+00:00 ubuntu sshd[383833]: pam_unix(sshd:auth): authentication failure; logname= uid=0 euid=0 tty=ssh ruser= rhost=61.76.112.4
2026-09-06T03:10:37.780438+00:00 ubuntu sshd[383833]: Failed password for invalid user liang from 61.76.112.4 port 40548 ssh2
2026-09-06T03:10:39.352243+00:00 ubuntu sshd[383833]: Received disconnect from 61.76.112.4 port 40548:11: Bye Bye [preauth]
2026-09-06T03:10:39.352463+00:00 ubuntu sshd[383833]: Disconnected from invalid user liang 61.76.112.4 port 40548 [preauth]
2026-09-06T03:10:41.145362+00:00 ubuntu sshd[384059]: Invalid user erpnext from 207.154.247.140 port 49050
2026-09-06T03:10:41.147194+00:00 ubuntu sshd[384059]: pam_unix(sshd:auth): check pass; user unknown
2026-09-06T03:10:41.147270+00:00 ubuntu sshd[384059]: pam_unix(sshd:auth): authentication failure; logname= uid=0 euid=0 tty=ssh ruser= rhost=207.154.247.140
2026-09-06T03:10:42.859459+00:00 ubuntu sshd[384059]: Failed password for invalid user erpnext from 207.154.247.140 port 49050 ssh2
2026-09-06T03:10:43.427347+00:00 ubuntu sshd[384059]: Received disconnect from 207.154.247.140 port 49050:11: Bye Bye [preauth]
2026-09-06T03:10:43.427485+00:00 ubuntu sshd[384059]: Disconnected from invalid user erpnext 207.154.247.140 port 49050 [preauth]
2026-09-06T03:11:08.731552+00:00 ubuntu sshd[385134]: Invalid user technik from 45.123.110.70 port 27130
2026-09-06T03:11:08.733498+00:00 ubuntu sshd[385134]: pam_unix(sshd:auth): check pass; user unknown
2026-09-06T03:11:08.733569+00:00 ubuntu sshd[385134]: pam_unix(sshd:auth): authentication failure; logname= uid=0 euid=0 tty=ssh ruser= rhost=45.123.110.70
2026-09-06T03:11:10.149512+00:00 ubuntu sshd[385134]: Failed password for invalid user technik from 45.123.110.70 port 27130 ssh2
2026-09-06T03:11:10.649879+00:00 ubuntu sshd[385134]: Received disconnect from 45.123.110.70 port 27130:11: Bye Bye [preauth]
2026-09-06T03:11:10.650058+00:00 ubuntu sshd[385134]: Disconnected from invalid user technik 45.123.110.70 port 27130 [preauth]
2026-09-06T03:11:11.073115+00:00 ubuntu sshd[385159]: pam_unix(sshd:auth): authentication failure; logname= uid=0 euid=0 tty=ssh ruser= rhost=103.25.47.94 user=root
2026-09-06T03:11:12.765175+00:00 ubuntu sshd[385159]: Failed password for root from 103.25.47.94 port 50364 ssh2
2026-09-06T03:11:14.373625+00:00 ubuntu sshd[385159]: Received disconnect from 103.25.47.94 port 50364:11: Bye Bye [preauth]
2026-09-06T03:11:14.373854+00:00 ubuntu sshd[385159]: Disconnected from authenticating user root 103.25.47.94 port 50364 [preauth]
2026-09-06T03:11:25.344940+00:00 ubuntu sshd[385757]: pam_unix(sshd:auth): authentication failure; logname= uid=0 euid=0 tty=ssh ruser= rhost=85.198.19.242 user=root
2026-09-06T03:11:27.764291+00:00 ubuntu sshd[385757]: Failed password for root from 85.198.19.242 port 48264 ssh2
2026-09-06T03:11:28.545239+00:00 ubuntu sshd[385757]: Received disconnect from 85.198.19.242 port 48264:11: Bye Bye [preauth]
2026-09-06T03:11:28.545330+00:00 ubuntu sshd[385757]: Disconnected from authenticating user root 85.198.19.242 port 48264 [preauth]
2026-09-06T03:11:35.313173+00:00 ubuntu sshd[386099]: Invalid user bitnami from 103.30.40.129 port 48102
2026-09-06T03:11:35.314769+00:00 ubuntu sshd[386099]: pam_unix(sshd:auth): check pass; user unknown
2026-09-06T03:11:35.314865+00:00 ubuntu sshd[386099]: pam_unix(sshd:auth): authentication failure; logname= uid=0 euid=0 tty=ssh ruser= rhost=103.30.40.129
2026-09-06T03:11:37.107265+00:00 ubuntu sshd[386099]: Failed password for invalid user bitnami from 103.30.40.129 port 48102 ssh2
2026-09-06T03:11:38.750961+00:00 ubuntu sshd[386099]: Received disconnect from 103.30.40.129 port 48102:11: Bye Bye [preauth]
2026-09-06T03:11:38.751075+00:00 ubuntu sshd[386099]: Disconnected from invalid user bitnami 103.30.40.129 port 48102 [preauth]
2026-09-06T03:11:39.907592+00:00 ubuntu sshd[386260]: Invalid user liang from 207.154.247.140 port 53066
2026-09-06T03:11:39.909282+00:00 ubuntu sshd[386260]: pam_unix(sshd:auth): check pass; user unknown
2026-09-06T03:11:39.909348+00:00 ubuntu sshd[386260]: pam_unix(sshd:auth): authentication failure; logname= uid=0 euid=0 tty=ssh ruser= rhost=207.154.247.140
2026-09-06T03:11:41.581685+00:00 ubuntu sshd[386260]: Failed password for invalid user liang from 207.154.247.140 port 53066 ssh2
2026-09-06T03:11:43.083260+00:00 ubuntu sshd[386260]: Received disconnect from 207.154.247.140 port 53066:11: Bye Bye [preauth]
2026-09-06T03:11:43.083371+00:00 ubuntu sshd[386260]: Disconnected from invalid user liang 207.154.247.140 port 53066 [preauth]
2026-09-06T03:12:13.429595+00:00 ubuntu sshd[387454]: Invalid user user from 61.76.112.4 port 35717
2026-09-06T03:12:13.431309+00:00 ubuntu sshd[387454]: pam_unix(sshd:auth): check pass; user unknown
2026-09-06T03:12:13.431384+00:00 ubuntu sshd[387454]: pam_unix(sshd:auth): authentication failure; logname= uid=0 euid=0 tty=ssh ruser= rhost=61.76.112.4
2026-09-06T03:12:15.439702+00:00 ubuntu sshd[387454]: Failed password for invalid user user from 61.76.112.4 port 35717 ssh2
2026-09-06T03:12:15.816603+00:00 ubuntu sshd[387454]: Received disconnect from 61.76.112.4 port 35717:11: Bye Bye [preauth]
2026-09-06T03:12:15.816735+00:00 ubuntu sshd[387454]: Disconnected from invalid user user 61.76.112.4 port 35717 [preauth]
2026-09-06T03:12:18.648679+00:00 ubuntu sshd[387624]: Invalid user test from 103.25.47.94 port 44816
2026-09-06T03:12:18.650218+00:00 ubuntu sshd[387624]: pam_unix(sshd:auth): check pass; user unknown
2026-09-06T03:12:18.650318+00:00 ubuntu sshd[387624]: pam_unix(sshd:auth): authentication failure; logname= uid=0 euid=0 tty=ssh ruser= rhost=103.25.47.94
2026-09-06T03:12:20.639917+00:00 ubuntu sshd[387725]: pam_unix(sshd:auth): authentication failure; logname= uid=0 euid=0 tty=ssh ruser= rhost=45.123.110.70 user=root
2026-09-06T03:12:20.678703+00:00 ubuntu sshd[387624]: Failed password for invalid user test from 103.25.47.94 port 44816 ssh2
2026-09-06T03:12:21.854746+00:00 ubuntu sshd[387624]: Received disconnect from 103.25.47.94 port 44816:11: Bye Bye [preauth]
2026-09-06T03:12:21.854968+00:00 ubuntu sshd[387624]: Disconnected from invalid user test 103.25.47.94 port 44816 [preauth]
2026-09-06T03:12:23.275354+00:00 ubuntu sshd[387725]: Failed password for root from 45.123.110.70 port 49890 ssh2
2026-09-06T03:12:23.906346+00:00 ubuntu sshd[387725]: Received disconnect from 45.123.110.70 port 49890:11: Bye Bye [preauth]
2026-09-06T03:12:23.906463+00:00 ubuntu sshd[387725]: Disconnected from authenticating user root 45.123.110.70 port 49890 [preauth]
2026-09-06T03:12:38.878907+00:00 ubuntu sshd[388484]: Invalid user rodrigo from 207.154.247.140 port 51134
2026-09-06T03:12:38.880773+00:00 ubuntu sshd[388484]: pam_unix(sshd:auth): check pass; user unknown
2026-09-06T03:12:38.880871+00:00 ubuntu sshd[388484]: pam_unix(sshd:auth): authentication failure; logname= uid=0 euid=0 tty=ssh ruser= rhost=207.154.247.140
2026-09-06T03:12:41.656638+00:00 ubuntu sshd[388484]: Failed password for invalid user rodrigo from 207.154.247.140 port 51134 ssh2
2026-09-06T03:12:42.779321+00:00 ubuntu sshd[388484]: Received disconnect from 207.154.247.140 port 51134:11: Bye Bye [preauth]
2026-09-06T03:12:42.779508+00:00 ubuntu sshd[388484]: Disconnected from invalid user rodrigo 207.154.247.140 port 51134 [preauth]
2026-09-06T03:12:46.000967+00:00 ubuntu sshd[388676]: Invalid user farid from 103.30.40.129 port 50964
2026-09-06T03:12:46.003251+00:00 ubuntu sshd[388676]: pam_unix(sshd:auth): check pass; user unknown
2026-09-06T03:12:46.003349+00:00 ubuntu sshd[388676]: pam_unix(sshd:auth): authentication failure; logname= uid=0 euid=0 tty=ssh ruser= rhost=103.30.40.129
2026-09-06T03:12:47.540177+00:00 ubuntu sshd[388676]: Failed password for invalid user farid from 103.30.40.129 port 50964 ssh2
2026-09-06T03:12:48.463181+00:00 ubuntu sshd[388676]: Received disconnect from 103.30.40.129 port 50964:11: Bye Bye [preauth]
2026-09-06T03:12:48.463323+00:00 ubuntu sshd[388676]: Disconnected from invalid user farid 103.30.40.129 port 50964 [preauth]
2026-09-06T03:12:57.060602+00:00 ubuntu sshd[389106]: pam_unix(sshd:auth): authentication failure; logname= uid=0 euid=0 tty=ssh ruser= rhost=85.198.19.242 user=root
2026-09-06T03:12:59.304690+00:00 ubuntu sshd[389106]: Failed password for root from 85.198.19.242 port 58658 ssh2
2026-09-06T03:13:00.467580+00:00 ubuntu sshd[389106]: Received disconnect from 85.198.19.242 port 58658:11: Bye Bye [preauth]
2026-09-06T03:13:00.467694+00:00 ubuntu sshd[389106]: Disconnected from authenticating user root 85.198.19.242 port 58658 [preauth]
2026-09-06T03:13:23.709569+00:00 ubuntu sshd[390192]: pam_unix(sshd:auth): authentication failure; logname= uid=0 euid=0 tty=ssh ruser= rhost=176.53.159.198 user=root
2026-09-06T03:13:25.992570+00:00 ubuntu sshd[390192]: Failed password for root from 176.53.159.198 port 22668 ssh2
2026-09-06T03:13:28.548168+00:00 ubuntu sshd[390239]: Invalid user ftp-user from 103.25.47.94 port 39270
2026-09-06T03:13:28.549894+00:00 ubuntu sshd[390239]: pam_unix(sshd:auth): check pass; user unknown
2026-09-06T03:13:28.550006+00:00 ubuntu sshd[390239]: pam_unix(sshd:auth): authentication failure; logname= uid=0 euid=0 tty=ssh ruser= rhost=103.25.47.94
2026-09-06T03:13:29.270244+00:00 ubuntu sshd[390192]: Failed password for root from 176.53.159.198 port 22668 ssh2
2026-09-06T03:13:30.186184+00:00 ubuntu sshd[390239]: Failed password for invalid user ftp-user from 103.25.47.94 port 39270 ssh2
2026-09-06T03:13:30.875655+00:00 ubuntu sshd[390239]: Received disconnect from 103.25.47.94 port 39270:11: Bye Bye [preauth]
2026-09-06T03:13:30.875829+00:00 ubuntu sshd[390239]: Disconnected from invalid user ftp-user 103.25.47.94 port 39270 [preauth]
2026-09-06T03:13:32.345323+00:00 ubuntu sshd[390192]: Failed password for root from 176.53.159.198 port 22668 ssh2
2026-09-06T03:13:32.647971+00:00 ubuntu sshd[390507]: Invalid user trial from 45.123.110.70 port 16148
2026-09-06T03:13:32.649818+00:00 ubuntu sshd[390507]: pam_unix(sshd:auth): check pass; user unknown
2026-09-06T03:13:32.649915+00:00 ubuntu sshd[390507]: pam_unix(sshd:auth): authentication failure; logname= uid=0 euid=0 tty=ssh ruser= rhost=45.123.110.70
2026-09-06T03:13:35.504470+00:00 ubuntu sshd[390507]: Failed password for invalid user trial from 45.123.110.70 port 16148 ssh2
2026-09-06T03:13:35.619404+00:00 ubuntu sshd[390192]: Failed password for root from 176.53.159.198 port 22668 ssh2
2026-09-06T03:13:36.442629+00:00 ubuntu sshd[390507]: Received disconnect from 45.123.110.70 port 16148:11: Bye Bye [preauth]
2026-09-06T03:13:36.442775+00:00 ubuntu sshd[390507]: Disconnected from invalid user trial 45.123.110.70 port 16148 [preauth]
2026-09-06T03:13:38.558295+00:00 ubuntu sshd[390192]: Failed password for root from 176.53.159.198 port 22668 ssh2
2026-09-06T03:13:39.191912+00:00 ubuntu sshd[390742]: pam_unix(sshd:auth): authentication failure; logname= uid=0 euid=0 tty=ssh ruser= rhost=207.154.247.140 user=root
2026-09-06T03:13:39.609027+00:00 ubuntu sshd[390192]: Connection reset by authenticating user root 176.53.159.198 port 22668 [preauth]
2026-09-06T03:13:39.609129+00:00 ubuntu sshd[390192]: PAM 4 more authentication failures; logname= uid=0 euid=0 tty=ssh ruser= rhost=176.53.159.198 user=root
2026-09-06T03:13:39.609180+00:00 ubuntu sshd[390192]: PAM service(sshd) ignoring max retries; 5 > 3
2026-09-06T03:13:39.755648+00:00 ubuntu sshd[390744]: pam_unix(sshd:auth): authentication failure; logname= uid=0 euid=0 tty=ssh ruser= rhost=176.53.159.198 user=root
2026-09-06T03:13:41.004573+00:00 ubuntu sshd[390742]: Failed password for root from 207.154.247.140 port 46274 ssh2
2026-09-06T03:13:41.568252+00:00 ubuntu sshd[390744]: Failed password for root from 176.53.159.198 port 15084 ssh2
2026-09-06T03:13:42.310606+00:00 ubuntu sshd[390742]: Received disconnect from 207.154.247.140 port 46274:11: Bye Bye [preauth]
2026-09-06T03:13:42.310744+00:00 ubuntu sshd[390742]: Disconnected from authenticating user root 207.154.247.140 port 46274 [preauth]
2026-09-06T03:13:44.331802+00:00 ubuntu sshd[390915]: Invalid user agentsolutionsmallorca from 192.253.248.222 port 51202
2026-09-06T03:13:44.346526+00:00 ubuntu sshd[390915]: pam_unix(sshd:auth): check pass; user unknown
2026-09-06T03:13:44.346632+00:00 ubuntu sshd[390915]: pam_unix(sshd:auth): authentication failure; logname= uid=0 euid=0 tty=ssh ruser= rhost=192.253.248.222
2026-09-06T03:13:44.842065+00:00 ubuntu sshd[390744]: Failed password for root from 176.53.159.198 port 15084 ssh2
2026-09-06T03:13:47.182592+00:00 ubuntu sshd[390915]: Failed password for invalid user agentsolutionsmallorca from 192.253.248.222 port 51202 ssh2
2026-09-06T03:13:48.257295+00:00 ubuntu sshd[390744]: Failed password for root from 176.53.159.198 port 15084 ssh2
2026-09-06T03:13:48.791681+00:00 ubuntu sshd[390915]: Connection closed by invalid user agentsolutionsmallorca 192.253.248.222 port 51202 [preauth]
2026-09-06T03:13:51.858701+00:00 ubuntu sshd[390744]: Failed password for root from 176.53.159.198 port 15084 ssh2
2026-09-06T03:13:54.131444+00:00 ubuntu sshd[390744]: Failed password for root from 176.53.159.198 port 15084 ssh2
2026-09-06T03:13:55.472046+00:00 ubuntu sshd[391309]: Invalid user ens from 103.30.40.129 port 35390
2026-09-06T03:13:55.474190+00:00 ubuntu sshd[391309]: pam_unix(sshd:auth): check pass; user unknown
2026-09-06T03:13:55.474282+00:00 ubuntu sshd[391309]: pam_unix(sshd:auth): authentication failure; logname= uid=0 euid=0 tty=ssh ruser= rhost=103.30.40.129
2026-09-06T03:13:55.653903+00:00 ubuntu sshd[390744]: Connection reset by authenticating user root 176.53.159.198 port 15084 [preauth]
2026-09-06T03:13:55.654175+00:00 ubuntu sshd[390744]: PAM 4 more authentication failures; logname= uid=0 euid=0 tty=ssh ruser= rhost=176.53.159.198 user=root
2026-09-06T03:13:55.654236+00:00 ubuntu sshd[390744]: PAM service(sshd) ignoring max retries; 5 > 3
2026-09-06T03:13:55.662419+00:00 ubuntu sshd[391300]: Invalid user yang from 61.76.112.4 port 60483
2026-09-06T03:13:55.664869+00:00 ubuntu sshd[391300]: pam_unix(sshd:auth): check pass; user unknown
2026-09-06T03:13:55.664937+00:00 ubuntu sshd[391300]: pam_unix(sshd:auth): authentication failure; logname= uid=0 euid=0 tty=ssh ruser= rhost=61.76.112.4
2026-09-06T03:13:55.700305+00:00 ubuntu sshd[391323]: Invalid user ansible from 176.53.159.198 port 14864
2026-09-06T03:13:55.716946+00:00 ubuntu sshd[391323]: pam_unix(sshd:auth): check pass; user unknown
2026-09-06T03:13:55.717050+00:00 ubuntu sshd[391323]: pam_unix(sshd:auth): authentication failure; logname= uid=0 euid=0 tty=ssh ruser= rhost=176.53.159.198
2026-09-06T03:13:57.818710+00:00 ubuntu sshd[391309]: Failed password for invalid user ens from 103.30.40.129 port 35390 ssh2
2026-09-06T03:13:58.009438+00:00 ubuntu sshd[391300]: Failed password for invalid user yang from 61.76.112.4 port 60483 ssh2
2026-09-06T03:13:58.061095+00:00 ubuntu sshd[391323]: Failed password for invalid user ansible from 176.53.159.198 port 14864 ssh2
2026-09-06T03:13:58.785861+00:00 ubuntu sshd[391300]: Received disconnect from 61.76.112.4 port 60483:11: Bye Bye [preauth]
2026-09-06T03:13:58.785994+00:00 ubuntu sshd[391300]: Disconnected from invalid user yang 61.76.112.4 port 60483 [preauth]
2026-09-06T03:13:59.040879+00:00 ubuntu sshd[391323]: pam_unix(sshd:auth): check pass; user unknown
2026-09-06T03:13:59.093730+00:00 ubuntu sshd[391309]: Received disconnect from 103.30.40.129 port 35390:11: Bye Bye [preauth]
2026-09-06T03:13:59.093869+00:00 ubuntu sshd[391309]: Disconnected from invalid user ens 103.30.40.129 port 35390 [preauth]
2026-09-06T03:14:00.933203+00:00 ubuntu sshd[391323]: Failed password for invalid user ansible from 176.53.159.198 port 14864 ssh2
2026-09-06T03:14:02.364965+00:00 ubuntu sshd[391323]: pam_unix(sshd:auth): check pass; user unknown
2026-09-06T03:14:04.669270+00:00 ubuntu sshd[391323]: Failed password for invalid user ansible from 176.53.159.198 port 14864 ssh2
2026-09-06T03:14:05.688873+00:00 ubuntu sshd[391323]: pam_unix(sshd:auth): check pass; user unknown
2026-09-06T03:14:07.405908+00:00 ubuntu sshd[391323]: Failed password for invalid user ansible from 176.53.159.198 port 14864 ssh2
2026-09-06T03:14:09.012668+00:00 ubuntu sshd[391323]: pam_unix(sshd:auth): check pass; user unknown
2026-09-06T03:14:10.944033+00:00 ubuntu sshd[391323]: Failed password for invalid user ansible from 176.53.159.198 port 14864 ssh2
2026-09-06T03:14:12.344711+00:00 ubuntu sshd[391323]: Connection reset by invalid user ansible 176.53.159.198 port 14864 [preauth]
2026-09-06T03:14:12.344834+00:00 ubuntu sshd[391323]: PAM 4 more authentication failures; logname= uid=0 euid=0 tty=ssh ruser= rhost=176.53.159.198
2026-09-06T03:14:12.344898+00:00 ubuntu sshd[391323]: PAM service(sshd) ignoring max retries; 5 > 3
2026-09-06T03:14:12.390547+00:00 ubuntu sshd[391962]: Invalid user builder from 176.53.159.198 port 6758
2026-09-06T03:14:12.407142+00:00 ubuntu sshd[391962]: pam_unix(sshd:auth): check pass; user unknown
2026-09-06T03:14:12.407238+00:00 ubuntu sshd[391962]: pam_unix(sshd:auth): authentication failure; logname= uid=0 euid=0 tty=ssh ruser= rhost=176.53.159.198
2026-09-06T03:14:14.751941+00:00 ubuntu sshd[391962]: Failed password for invalid user builder from 176.53.159.198 port 6758 ssh2
2026-09-06T03:14:16.307021+00:00 ubuntu sshd[391962]: pam_unix(sshd:auth): check pass; user unknown
2026-09-06T03:14:17.867872+00:00 ubuntu sshd[391962]: Failed password for invalid user builder from 176.53.159.198 port 6758 ssh2
2026-09-06T03:14:18.256447+00:00 ubuntu sshd[391962]: pam_unix(sshd:auth): check pass; user unknown
2026-09-06T03:14:20.425310+00:00 ubuntu sshd[391962]: Failed password for invalid user builder from 176.53.159.198 port 6758 ssh2
2026-09-06T03:14:22.156442+00:00 ubuntu sshd[391962]: pam_unix(sshd:auth): check pass; user unknown
2026-09-06T03:14:24.540975+00:00 ubuntu sshd[391962]: Failed password for invalid user builder from 176.53.159.198 port 6758 ssh2
2026-09-06T03:14:26.056048+00:00 ubuntu sshd[391962]: pam_unix(sshd:auth): check pass; user unknown
2026-09-06T03:14:28.655361+00:00 ubuntu sshd[391962]: Failed password for invalid user builder from 176.53.159.198 port 6758 ssh2
2026-09-06T03:14:29.748341+00:00 ubuntu sshd[392464]: Invalid user sysadmin from 85.198.19.242 port 58890
2026-09-06T03:14:29.750191+00:00 ubuntu sshd[392464]: pam_unix(sshd:auth): check pass; user unknown
2026-09-06T03:14:29.750299+00:00 ubuntu sshd[392464]: pam_unix(sshd:auth): authentication failure; logname= uid=0 euid=0 tty=ssh ruser= rhost=85.198.19.242
2026-09-06T03:14:29.963778+00:00 ubuntu sshd[391962]: Connection reset by invalid user builder 176.53.159.198 port 6758 [preauth]
2026-09-06T03:14:29.963926+00:00 ubuntu sshd[391962]: PAM 4 more authentication failures; logname= uid=0 euid=0 tty=ssh ruser= rhost=176.53.159.198
2026-09-06T03:14:29.963980+00:00 ubuntu sshd[391962]: PAM service(sshd) ignoring max retries; 5 > 3
2026-09-06T03:14:30.009408+00:00 ubuntu sshd[392556]: Invalid user chaixq from 176.53.159.198 port 24836
2026-09-06T03:14:30.025988+00:00 ubuntu sshd[392556]: pam_unix(sshd:auth): check pass; user unknown
2026-09-06T03:14:30.026096+00:00 ubuntu sshd[392556]: pam_unix(sshd:auth): authentication failure; logname= uid=0 euid=0 tty=ssh ruser= rhost=176.53.159.198
2026-09-06T03:14:31.763378+00:00 ubuntu sshd[392464]: Failed password for invalid user sysadmin from 85.198.19.242 port 58890 ssh2
2026-09-06T03:14:32.122608+00:00 ubuntu sshd[392464]: Received disconnect from 85.198.19.242 port 58890:11: Bye Bye [preauth]
2026-09-06T03:14:32.122724+00:00 ubuntu sshd[392464]: Disconnected from invalid user sysadmin 85.198.19.242 port 58890 [preauth]
2026-09-06T03:14:32.173152+00:00 ubuntu sshd[392556]: Failed password for invalid user chaixq from 176.53.159.198 port 24836 ssh2
2026-09-06T03:14:33.443254+00:00 ubuntu sshd[392556]: pam_unix(sshd:auth): check pass; user unknown
2026-09-06T03:14:35.336188+00:00 ubuntu sshd[392556]: Failed password for invalid user chaixq from 176.53.159.198 port 24836 ssh2
2026-09-06T03:14:36.331540+00:00 ubuntu sshd[392845]: Invalid user rise from 103.25.47.94 port 33724
2026-09-06T03:14:36.333224+00:00 ubuntu sshd[392845]: pam_unix(sshd:auth): check pass; user unknown
2026-09-06T03:14:36.333287+00:00 ubuntu sshd[392845]: pam_unix(sshd:auth): authentication failure; logname= uid=0 euid=0 tty=ssh ruser= rhost=103.25.47.94
2026-09-06T03:14:36.860586+00:00 ubuntu sshd[392556]: pam_unix(sshd:auth): check pass; user unknown
2026-09-06T03:14:38.637915+00:00 ubuntu sshd[392845]: Failed password for invalid user rise from 103.25.47.94 port 33724 ssh2
2026-09-06T03:14:39.164892+00:00 ubuntu sshd[392556]: Failed password for invalid user chaixq from 176.53.159.198 port 24836 ssh2
2026-09-06T03:14:39.811652+00:00 ubuntu sshd[392845]: Received disconnect from 103.25.47.94 port 33724:11: Bye Bye [preauth]
2026-09-06T03:14:39.811794+00:00 ubuntu sshd[392845]: Disconnected from invalid user rise 103.25.47.94 port 33724 [preauth]
2026-09-06T03:14:40.277524+00:00 ubuntu sshd[392556]: pam_unix(sshd:auth): check pass; user unknown
2026-09-06T03:14:41.799074+00:00 ubuntu sshd[392556]: Failed password for invalid user chaixq from 176.53.159.198 port 24836 ssh2
2026-09-06T03:14:41.985991+00:00 ubuntu sshd[392556]: pam_unix(sshd:auth): check pass; user unknown
2026-09-06T03:14:42.789574+00:00 ubuntu sshd[393071]: pam_unix(sshd:auth): authentication failure; logname= uid=0 euid=0 tty=ssh ruser= rhost=207.154.247.140 user=root
2026-09-06T03:14:43.979154+00:00 ubuntu sshd[392556]: Failed password for invalid user chaixq from 176.53.159.198 port 24836 ssh2
2026-09-06T03:14:44.389305+00:00 ubuntu sshd[393084]: Invalid user dev from 45.123.110.70 port 38906
2026-09-06T03:14:44.391361+00:00 ubuntu sshd[393084]: pam_unix(sshd:auth): check pass; user unknown
2026-09-06T03:14:44.391426+00:00 ubuntu sshd[393084]: pam_unix(sshd:auth): authentication failure; logname= uid=0 euid=0 tty=ssh ruser= rhost=45.123.110.70
2026-09-06T03:14:45.254165+00:00 ubuntu sshd[393071]: Failed password for root from 207.154.247.140 port 46662 ssh2
2026-09-06T03:14:45.411893+00:00 ubuntu sshd[392556]: Connection reset by invalid user chaixq 176.53.159.198 port 24836 [preauth]
2026-09-06T03:14:45.412083+00:00 ubuntu sshd[392556]: PAM 4 more authentication failures; logname= uid=0 euid=0 tty=ssh ruser= rhost=176.53.159.198
2026-09-06T03:14:45.412159+00:00 ubuntu sshd[392556]: PAM service(sshd) ignoring max retries; 5 > 3
2026-09-06T03:14:45.908432+00:00 ubuntu sshd[393071]: Received disconnect from 207.154.247.140 port 46662:11: Bye Bye [preauth]
2026-09-06T03:14:45.908566+00:00 ubuntu sshd[393071]: Disconnected from authenticating user root 207.154.247.140 port 46662 [preauth]
2026-09-06T03:14:46.796277+00:00 ubuntu sshd[393084]: Failed password for invalid user dev from 45.123.110.70 port 38906 ssh2
2026-09-06T03:14:48.111072+00:00 ubuntu sshd[393084]: Received disconnect from 45.123.110.70 port 38906:11: Bye Bye [preauth]
2026-09-06T03:14:48.111204+00:00 ubuntu sshd[393084]: Disconnected from invalid user dev 45.123.110.70 port 38906 [preauth]
2026-09-06T03:15:01.776382+00:00 ubuntu CRON[393754]: pam_unix(cron:session): session opened for user root(uid=0) by root(uid=0)
2026-09-06T03:15:01.780175+00:00 ubuntu CRON[393754]: pam_unix(cron:session): session closed for user root
2026-09-06T03:15:05.504909+00:00 ubuntu sshd[393987]: pam_unix(sshd:auth): authentication failure; logname= uid=0 euid=0 tty=ssh ruser= rhost=103.30.40.129 user=root
2026-09-06T03:15:07.457993+00:00 ubuntu sshd[393987]: Failed password for root from 103.30.40.129 port 40622 ssh2
2026-09-06T03:15:08.757586+00:00 ubuntu sshd[393987]: Received disconnect from 103.30.40.129 port 40622:11: Bye Bye [preauth]
2026-09-06T03:15:08.757692+00:00 ubuntu sshd[393987]: Disconnected from authenticating user root 103.30.40.129 port 40622 [preauth]
2026-09-06T03:15:30.770516+00:00 ubuntu sshd[394334]: pam_unix(sshd:auth): authentication failure; logname= uid=0 euid=0 tty=ssh ruser= rhost=151.158.2.135 user=root
2026-09-06T03:15:33.155357+00:00 ubuntu sshd[394334]: Failed password for root from 151.158.2.135 port 56052 ssh2
2026-09-06T03:15:37.123411+00:00 ubuntu sshd[394334]: Connection closed by authenticating user root 151.158.2.135 port 56052 [preauth]
2026-09-06T03:15:39.386045+00:00 ubuntu sshd[395151]: Invalid user k from 61.76.112.4 port 59807
2026-09-06T03:15:39.388309+00:00 ubuntu sshd[395151]: pam_unix(sshd:auth): check pass; user unknown
2026-09-06T03:15:39.388403+00:00 ubuntu sshd[395151]: pam_unix(sshd:auth): authentication failure; logname= uid=0 euid=0 tty=ssh ruser= rhost=61.76.112.4
2026-09-06T03:15:41.010253+00:00 ubuntu sshd[395151]: Failed password for invalid user k from 61.76.112.4 port 59807 ssh2
2026-09-06T03:15:41.736811+00:00 ubuntu sshd[395151]: Received disconnect from 61.76.112.4 port 59807:11: Bye Bye [preauth]
2026-09-06T03:15:41.737020+00:00 ubuntu sshd[395151]: Disconnected from invalid user k 61.76.112.4 port 59807 [preauth]
2026-09-06T03:15:42.072105+00:00 ubuntu sshd[395273]: pam_unix(sshd:auth): authentication failure; logname= uid=0 euid=0 tty=ssh ruser= rhost=207.154.247.140 user=root
2026-09-06T03:15:43.930817+00:00 ubuntu sshd[395329]: Invalid user itt from 103.25.47.94 port 56416
2026-09-06T03:15:43.933066+00:00 ubuntu sshd[395329]: pam_unix(sshd:auth): check pass; user unknown
2026-09-06T03:15:43.933148+00:00 ubuntu sshd[395329]: pam_unix(sshd:auth): authentication failure; logname= uid=0 euid=0 tty=ssh ruser= rhost=103.25.47.94
2026-09-06T03:15:44.301310+00:00 ubuntu sshd[395273]: Failed password for root from 207.154.247.140 port 51584 ssh2
2026-09-06T03:15:45.188375+00:00 ubuntu sshd[395273]: Received disconnect from 207.154.247.140 port 51584:11: Bye Bye [preauth]
2026-09-06T03:15:45.188455+00:00 ubuntu sshd[395273]: Disconnected from authenticating user root 207.154.247.140 port 51584 [preauth]
2026-09-06T03:15:46.102296+00:00 ubuntu sshd[395329]: Failed password for invalid user itt from 103.25.47.94 port 56416 ssh2
2026-09-06T03:15:46.384914+00:00 ubuntu sshd[395329]: Received disconnect from 103.25.47.94 port 56416:11: Bye Bye [preauth]
2026-09-06T03:15:46.385059+00:00 ubuntu sshd[395329]: Disconnected from invalid user itt 103.25.47.94 port 56416 [preauth]
2026-09-06T03:15:55.301555+00:00 ubuntu sshd[395743]: pam_unix(sshd:auth): authentication failure; logname= uid=0 euid=0 tty=ssh ruser= rhost=45.123.110.70 user=root
2026-09-06T03:15:57.454909+00:00 ubuntu sshd[395743]: Failed password for root from 45.123.110.70 port 61664 ssh2
2026-09-06T03:15:58.582929+00:00 ubuntu sshd[395743]: Received disconnect from 45.123.110.70 port 61664:11: Bye Bye [preauth]
2026-09-06T03:15:58.583045+00:00 ubuntu sshd[395743]: Disconnected from authenticating user root 45.123.110.70 port 61664 [preauth]
2026-09-06T03:16:00.649851+00:00 ubuntu sshd[395910]: Invalid user sebastian from 85.198.19.242 port 59232
2026-09-06T03:16:00.651399+00:00 ubuntu sshd[395910]: pam_unix(sshd:auth): check pass; user unknown
2026-09-06T03:16:00.651514+00:00 ubuntu sshd[395910]: pam_unix(sshd:auth): authentication failure; logname= uid=0 euid=0 tty=ssh ruser= rhost=85.198.19.242
2026-09-06T03:16:02.489131+00:00 ubuntu sshd[395910]: Failed password for invalid user sebastian from 85.198.19.242 port 59232 ssh2
2026-09-06T03:16:02.701598+00:00 ubuntu sshd[395910]: Received disconnect from 85.198.19.242 port 59232:11: Bye Bye [preauth]
2026-09-06T03:16:02.701717+00:00 ubuntu sshd[395910]: Disconnected from invalid user sebastian 85.198.19.242 port 59232 [preauth]
2026-09-06T03:16:18.850964+00:00 ubuntu sshd[396690]: Invalid user deploy from 103.30.40.129 port 56068
2026-09-06T03:16:18.852591+00:00 ubuntu sshd[396690]: pam_unix(sshd:auth): check pass; user unknown
2026-09-06T03:16:18.852659+00:00 ubuntu sshd[396690]: pam_unix(sshd:auth): authentication failure; logname= uid=0 euid=0 tty=ssh ruser= rhost=103.30.40.129
2026-09-06T03:16:20.494715+00:00 ubuntu sshd[396690]: Failed password for invalid user deploy from 103.30.40.129 port 56068 ssh2
2026-09-06T03:16:21.356803+00:00 ubuntu sshd[396690]: Received disconnect from 103.30.40.129 port 56068:11: Bye Bye [preauth]
2026-09-06T03:16:21.356943+00:00 ubuntu sshd[396690]: Disconnected from invalid user deploy 103.30.40.129 port 56068 [preauth]
2026-09-06T03:16:23.812541+00:00 ubuntu sshd[396532]: pam_unix(sshd:auth): authentication failure; logname= uid=0 euid=0 tty=ssh ruser= rhost=20.106.172.62 user=root
2026-09-06T03:16:25.474466+00:00 ubuntu sshd[396532]: Failed password for root from 20.106.172.62 port 54620 ssh2
2026-09-06T03:16:28.707260+00:00 ubuntu sshd[396532]: Connection closed by authenticating user root 20.106.172.62 port 54620 [preauth]
2026-09-06T03:16:40.010306+00:00 ubuntu sshd[397453]: pam_unix(sshd:auth): authentication failure; logname= uid=0 euid=0 tty=ssh ruser= rhost=207.154.247.140 user=root
2026-09-06T03:16:41.536626+00:00 ubuntu sshd[397453]: Failed password for root from 207.154.247.140 port 59568 ssh2
2026-09-06T03:16:43.127291+00:00 ubuntu sshd[397453]: Received disconnect from 207.154.247.140 port 59568:11: Bye Bye [preauth]
2026-09-06T03:16:43.127409+00:00 ubuntu sshd[397453]: Disconnected from authenticating user root 207.154.247.140 port 59568 [preauth]
2026-09-06T03:16:55.301721+00:00 ubuntu sshd[398031]: pam_unix(sshd:auth): authentication failure; logname= uid=0 euid=0 tty=ssh ruser= rhost=103.25.47.94 user=root
2026-09-06T03:16:57.023669+00:00 ubuntu sshd[398031]: Failed password for root from 103.25.47.94 port 50872 ssh2
2026-09-06T03:16:58.595502+00:00 ubuntu sshd[398031]: Received disconnect from 103.25.47.94 port 50872:11: Bye Bye [preauth]
2026-09-06T03:16:58.595690+00:00 ubuntu sshd[398031]: Disconnected from authenticating user root 103.25.47.94 port 50872 [preauth]
2026-09-06T03:17:01.784593+00:00 ubuntu CRON[398290]: pam_unix(cron:session): session opened for user root(uid=0) by root(uid=0)
2026-09-06T03:17:01.788206+00:00 ubuntu CRON[398290]: pam_unix(cron:session): session closed for user root
2026-09-06T03:17:02.523221+00:00 ubuntu sshd[398288]: Invalid user nakamura from 45.123.110.70 port 27916
2026-09-06T03:17:02.525385+00:00 ubuntu sshd[398288]: pam_unix(sshd:auth): check pass; user unknown
2026-09-06T03:17:02.525497+00:00 ubuntu sshd[398288]: pam_unix(sshd:auth): authentication failure; logname= uid=0 euid=0 tty=ssh ruser= rhost=45.123.110.70
2026-09-06T03:17:04.875067+00:00 ubuntu sshd[398288]: Failed password for invalid user nakamura from 45.123.110.70 port 27916 ssh2
2026-09-06T03:17:06.725221+00:00 ubuntu sshd[398288]: Received disconnect from 45.123.110.70 port 27916:11: Bye Bye [preauth]
2026-09-06T03:17:06.725340+00:00 ubuntu sshd[398288]: Disconnected from invalid user nakamura 45.123.110.70 port 27916 [preauth]
2026-09-06T03:17:18.172893+00:00 ubuntu sshd[398860]: Invalid user agentsolutionsmallorca from 213.209.159.208 port 38566
2026-09-06T03:17:18.187745+00:00 ubuntu sshd[398860]: pam_unix(sshd:auth): check pass; user unknown
2026-09-06T03:17:18.187861+00:00 ubuntu sshd[398860]: pam_unix(sshd:auth): authentication failure; logname= uid=0 euid=0 tty=ssh ruser= rhost=213.209.159.208
2026-09-06T03:17:20.066033+00:00 ubuntu sshd[398860]: Failed password for invalid user agentsolutionsmallorca from 213.209.159.208 port 38566 ssh2
2026-09-06T03:17:20.416938+00:00 ubuntu sshd[398860]: Connection closed by invalid user agentsolutionsmallorca 213.209.159.208 port 38566 [preauth]
2026-09-06T03:17:23.123181+00:00 ubuntu sshd[398975]: Invalid user polls from 61.76.112.4 port 59374
2026-09-06T03:17:23.125736+00:00 ubuntu sshd[398975]: pam_unix(sshd:auth): check pass; user unknown
2026-09-06T03:17:23.125886+00:00 ubuntu sshd[398975]: pam_unix(sshd:auth): authentication failure; logname= uid=0 euid=0 tty=ssh ruser= rhost=61.76.112.4
2026-09-06T03:17:23.279685+00:00 ubuntu sshd[398992]: Invalid user dockeruser from 103.30.40.129 port 33376
2026-09-06T03:17:23.281352+00:00 ubuntu sshd[398992]: pam_unix(sshd:auth): check pass; user unknown
2026-09-06T03:17:23.281421+00:00 ubuntu sshd[398992]: pam_unix(sshd:auth): authentication failure; logname= uid=0 euid=0 tty=ssh ruser= rhost=103.30.40.129
2026-09-06T03:17:25.359838+00:00 ubuntu sshd[398975]: Failed password for invalid user polls from 61.76.112.4 port 59374 ssh2
2026-09-06T03:17:25.515344+00:00 ubuntu sshd[398992]: Failed password for invalid user dockeruser from 103.30.40.129 port 33376 ssh2
2026-09-06T03:17:27.109395+00:00 ubuntu sshd[398992]: Received disconnect from 103.30.40.129 port 33376:11: Bye Bye [preauth]
2026-09-06T03:17:27.109540+00:00 ubuntu sshd[398992]: Disconnected from invalid user dockeruser 103.30.40.129 port 33376 [preauth]
2026-09-06T03:17:27.422254+00:00 ubuntu sshd[398975]: Received disconnect from 61.76.112.4 port 59374:11: Bye Bye [preauth]
2026-09-06T03:17:27.422371+00:00 ubuntu sshd[398975]: Disconnected from invalid user polls 61.76.112.4 port 59374 [preauth]
2026-09-06T03:17:29.119468+00:00 ubuntu sshd[399188]: Invalid user hl from 85.198.19.242 port 60412
2026-09-06T03:17:29.121141+00:00 ubuntu sshd[399188]: pam_unix(sshd:auth): check pass; user unknown
2026-09-06T03:17:29.121203+00:00 ubuntu sshd[399188]: pam_unix(sshd:auth): authentication failure; logname= uid=0 euid=0 tty=ssh ruser= rhost=85.198.19.242
2026-09-06T03:17:30.843502+00:00 ubuntu sshd[399188]: Failed password for invalid user hl from 85.198.19.242 port 60412 ssh2
2026-09-06T03:17:31.116128+00:00 ubuntu sshd[399188]: Received disconnect from 85.198.19.242 port 60412:11: Bye Bye [preauth]
2026-09-06T03:17:31.116254+00:00 ubuntu sshd[399188]: Disconnected from invalid user hl 85.198.19.242 port 60412 [preauth]
2026-09-06T03:17:37.861302+00:00 ubuntu sshd[399519]: pam_unix(sshd:auth): authentication failure; logname= uid=0 euid=0 tty=ssh ruser= rhost=207.154.247.140 user=root
2026-09-06T03:17:40.014987+00:00 ubuntu sshd[399519]: Failed password for root from 207.154.247.140 port 58682 ssh2
2026-09-06T03:17:40.978105+00:00 ubuntu sshd[399519]: Received disconnect from 207.154.247.140 port 58682:11: Bye Bye [preauth]
2026-09-06T03:17:40.978214+00:00 ubuntu sshd[399519]: Disconnected from authenticating user root 207.154.247.140 port 58682 [preauth]
2026-09-06T03:18:01.604161+00:00 ubuntu sshd[400391]: pam_unix(sshd:auth): authentication failure; logname= uid=0 euid=0 tty=ssh ruser= rhost=103.25.47.94 user=root
2026-09-06T03:18:04.053575+00:00 ubuntu sshd[400391]: Failed password for root from 103.25.47.94 port 45328 ssh2
2026-09-06T03:18:04.902032+00:00 ubuntu sshd[400391]: Received disconnect from 103.25.47.94 port 45328:11: Bye Bye [preauth]
2026-09-06T03:18:04.902151+00:00 ubuntu sshd[400391]: Disconnected from authenticating user root 103.25.47.94 port 45328 [preauth]
2026-09-06T03:18:13.405230+00:00 ubuntu sshd[400799]: pam_unix(sshd:auth): authentication failure; logname= uid=0 euid=0 tty=ssh ruser= rhost=45.123.110.70 user=root
2026-09-06T03:18:15.834960+00:00 ubuntu sshd[400799]: Failed password for root from 45.123.110.70 port 50676 ssh2
2026-09-06T03:18:16.676424+00:00 ubuntu sshd[400799]: Received disconnect from 45.123.110.70 port 50676:11: Bye Bye [preauth]
2026-09-06T03:18:16.676599+00:00 ubuntu sshd[400799]: Disconnected from authenticating user root 45.123.110.70 port 50676 [preauth]
2026-09-06T03:18:29.768413+00:00 ubuntu sshd[401430]: pam_unix(sshd:auth): authentication failure; logname= uid=0 euid=0 tty=ssh ruser= rhost=103.30.40.129 user=root
2026-09-06T03:18:31.726489+00:00 ubuntu sshd[401430]: Failed password for root from 103.30.40.129 port 47684 ssh2
2026-09-06T03:18:33.016364+00:00 ubuntu sshd[401430]: Received disconnect from 103.30.40.129 port 47684:11: Bye Bye [preauth]
2026-09-06T03:18:33.016501+00:00 ubuntu sshd[401430]: Disconnected from authenticating user root 103.30.40.129 port 47684 [preauth]
2026-09-06T03:18:36.744576+00:00 ubuntu sshd[401628]: Invalid user ubadmin from 207.154.247.140 port 45880
2026-09-06T03:18:36.746507+00:00 ubuntu sshd[401628]: pam_unix(sshd:auth): check pass; user unknown
2026-09-06T03:18:36.746649+00:00 ubuntu sshd[401628]: pam_unix(sshd:auth): authentication failure; logname= uid=0 euid=0 tty=ssh ruser= rhost=207.154.247.140
2026-09-06T03:18:39.000955+00:00 ubuntu sshd[401628]: Failed password for invalid user ubadmin from 207.154.247.140 port 45880 ssh2
2026-09-06T03:18:39.981101+00:00 ubuntu sshd[401628]: Received disconnect from 207.154.247.140 port 45880:11: Bye Bye [preauth]
2026-09-06T03:18:39.981261+00:00 ubuntu sshd[401628]: Disconnected from invalid user ubadmin 207.154.247.140 port 45880 [preauth]
2026-09-06T03:19:00.192091+00:00 ubuntu sshd[402246]: Invalid user itt from 85.198.19.242 port 49640
2026-09-06T03:19:00.194610+00:00 ubuntu sshd[402246]: pam_unix(sshd:auth): check pass; user unknown
2026-09-06T03:19:00.194710+00:00 ubuntu sshd[402246]: pam_unix(sshd:auth): authentication failure; logname= uid=0 euid=0 tty=ssh ruser= rhost=85.198.19.242
2026-09-06T03:19:02.407243+00:00 ubuntu sshd[402246]: Failed password for invalid user itt from 85.198.19.242 port 49640 ssh2
2026-09-06T03:19:02.652486+00:00 ubuntu sshd[402246]: Received disconnect from 85.198.19.242 port 49640:11: Bye Bye [preauth]
2026-09-06T03:19:02.652603+00:00 ubuntu sshd[402246]: Disconnected from invalid user itt 85.198.19.242 port 49640 [preauth]
2026-09-06T03:19:08.641900+00:00 ubuntu sshd[402502]: Invalid user karim from 61.76.112.4 port 59106
2026-09-06T03:19:08.643747+00:00 ubuntu sshd[402502]: pam_unix(sshd:auth): check pass; user unknown
