2026-09-06T02:49:44.371605+00:00 ubuntu sshd[338636]: pam_unix(sshd:auth): authentication failure; logname= uid=0 euid=0 tty=ssh ruser= rhost=45.123.110.70
2026-09-06T02:49:44.833841+00:00 ubuntu sshd[338629]: Failed password for invalid user alberto from 207.154.247.140 port 58186 ssh2
2026-09-06T02:49:44.914006+00:00 ubuntu sshd[338629]: Received disconnect from 207.154.247.140 port 58186:11: Bye Bye [preauth]
2026-09-06T02:49:44.914127+00:00 ubuntu sshd[338629]: Disconnected from invalid user alberto 207.154.247.140 port 58186 [preauth]
2026-09-06T02:49:46.852125+00:00 ubuntu sshd[338636]: Failed password for invalid user flavia from 45.123.110.70 port 12982 ssh2
2026-09-06T02:49:48.887224+00:00 ubuntu sshd[338636]: Received disconnect from 45.123.110.70 port 12982:11: Bye Bye [preauth]
2026-09-06T02:49:48.887383+00:00 ubuntu sshd[338636]: Disconnected from invalid user flavia 45.123.110.70 port 12982 [preauth]
2026-09-06T02:49:52.038793+00:00 ubuntu sshd[339102]: Invalid user farid from 125.21.59.218 port 47886
2026-09-06T02:49:52.040564+00:00 ubuntu sshd[339102]: pam_unix(sshd:auth): check pass; user unknown
2026-09-06T02:49:52.040635+00:00 ubuntu sshd[339102]: pam_unix(sshd:auth): authentication failure; logname= uid=0 euid=0 tty=ssh ruser= rhost=125.21.59.218
2026-09-06T02:49:53.618026+00:00 ubuntu sshd[339102]: Failed password for invalid user farid from 125.21.59.218 port 47886 ssh2
2026-09-06T02:49:54.497131+00:00 ubuntu sshd[339102]: Received disconnect from 125.21.59.218 port 47886:11: Bye Bye [preauth]
2026-09-06T02:49:54.497271+00:00 ubuntu sshd[339102]: Disconnected from invalid user farid 125.21.59.218 port 47886 [preauth]
2026-09-06T02:50:01.912535+00:00 ubuntu sshd[339315]: pam_unix(sshd:auth): authentication failure; logname= uid=0 euid=0 tty=ssh ruser= rhost=92.118.39.14 user=root
2026-09-06T02:50:02.934129+00:00 ubuntu sshd[339398]: pam_unix(sshd:auth): authentication failure; logname= uid=0 euid=0 tty=ssh ruser= rhost=61.76.112.4 user=root
2026-09-06T02:50:03.743517+00:00 ubuntu sshd[339425]: Invalid user zabbix from 85.198.19.242 port 44290
2026-09-06T02:50:03.745084+00:00 ubuntu sshd[339425]: pam_unix(sshd:auth): check pass; user unknown
2026-09-06T02:50:03.745175+00:00 ubuntu sshd[339425]: pam_unix(sshd:auth): authentication failure; logname= uid=0 euid=0 tty=ssh ruser= rhost=85.198.19.242
2026-09-06T02:50:04.061195+00:00 ubuntu sshd[339315]: Failed password for root from 92.118.39.14 port 38756 ssh2
2026-09-06T02:50:05.116072+00:00 ubuntu sshd[339315]: Connection closed by authenticating user root 92.118.39.14 port 38756 [preauth]
2026-09-06T02:50:05.218609+00:00 ubuntu sshd[339398]: Failed password for root from 61.76.112.4 port 34700 ssh2
2026-09-06T02:50:05.834128+00:00 ubuntu sshd[339425]: Failed password for invalid user zabbix from 85.198.19.242 port 44290 ssh2
2026-09-06T02:50:06.195153+00:00 ubuntu sshd[339425]: Received disconnect from 85.198.19.242 port 44290:11: Bye Bye [preauth]
2026-09-06T02:50:06.195299+00:00 ubuntu sshd[339425]: Disconnected from invalid user zabbix 85.198.19.242 port 44290 [preauth]
2026-09-06T02:50:06.336644+00:00 ubuntu sshd[339398]: Received disconnect from 61.76.112.4 port 34700:11: Bye Bye [preauth]
2026-09-06T02:50:06.336830+00:00 ubuntu sshd[339398]: Disconnected from authenticating user root 61.76.112.4 port 34700 [preauth]
2026-09-06T02:50:13.810326+00:00 ubuntu sshd[339299]: pam_unix(sshd:auth): authentication failure; logname= uid=0 euid=0 tty=ssh ruser= rhost=151.158.2.135 user=root
2026-09-06T02:50:14.054296+00:00 ubuntu sshd[339793]: Invalid user ftp_test from 103.30.40.129 port 45504
2026-09-06T02:50:14.056683+00:00 ubuntu sshd[339793]: pam_unix(sshd:auth): check pass; user unknown
2026-09-06T02:50:14.056818+00:00 ubuntu sshd[339793]: pam_unix(sshd:auth): authentication failure; logname= uid=0 euid=0 tty=ssh ruser= rhost=103.30.40.129
2026-09-06T02:50:15.939005+00:00 ubuntu sshd[339299]: Failed password for root from 151.158.2.135 port 35108 ssh2
2026-09-06T02:50:16.321471+00:00 ubuntu sshd[339793]: Failed password for invalid user ftp_test from 103.30.40.129 port 45504 ssh2
2026-09-06T02:50:16.538387+00:00 ubuntu sshd[339793]: Received disconnect from 103.30.40.129 port 45504:11: Bye Bye [preauth]
2026-09-06T02:50:16.538570+00:00 ubuntu sshd[339793]: Disconnected from invalid user ftp_test 103.30.40.129 port 45504 [preauth]
2026-09-06T02:50:19.721299+00:00 ubuntu sshd[339299]: Connection closed by authenticating user root 151.158.2.135 port 35108 [preauth]
2026-09-06T02:50:19.907030+00:00 ubuntu sshd[340001]: Invalid user julian from 125.21.59.218 port 55196
2026-09-06T02:50:19.908790+00:00 ubuntu sshd[340001]: pam_unix(sshd:auth): check pass; user unknown
2026-09-06T02:50:19.908879+00:00 ubuntu sshd[340001]: pam_unix(sshd:auth): authentication failure; logname= uid=0 euid=0 tty=ssh ruser= rhost=125.21.59.218
2026-09-06T02:50:22.193563+00:00 ubuntu sshd[340001]: Failed password for invalid user julian from 125.21.59.218 port 55196 ssh2
2026-09-06T02:50:23.587264+00:00 ubuntu sshd[340001]: Received disconnect from 125.21.59.218 port 55196:11: Bye Bye [preauth]
2026-09-06T02:50:23.587420+00:00 ubuntu sshd[340001]: Disconnected from invalid user julian 125.21.59.218 port 55196 [preauth]
2026-09-06T02:50:33.404177+00:00 ubuntu sshd[340560]: pam_unix(sshd:auth): authentication failure; logname= uid=0 euid=0 tty=ssh ruser= rhost=103.25.47.94 user=root
2026-09-06T02:50:35.608617+00:00 ubuntu sshd[340560]: Failed password for root from 103.25.47.94 port 37244 ssh2
2026-09-06T02:50:36.709160+00:00 ubuntu sshd[340560]: Received disconnect from 103.25.47.94 port 37244:11: Bye Bye [preauth]
2026-09-06T02:50:36.709286+00:00 ubuntu sshd[340560]: Disconnected from authenticating user root 103.25.47.94 port 37244 [preauth]
2026-09-06T02:50:42.233949+00:00 ubuntu sshd[340873]: Invalid user yang from 207.154.247.140 port 60368
2026-09-06T02:50:42.237510+00:00 ubuntu sshd[340873]: pam_unix(sshd:auth): check pass; user unknown
2026-09-06T02:50:42.237608+00:00 ubuntu sshd[340873]: pam_unix(sshd:auth): authentication failure; logname= uid=0 euid=0 tty=ssh ruser= rhost=207.154.247.140
2026-09-06T02:50:44.346585+00:00 ubuntu sshd[340873]: Failed password for invalid user yang from 207.154.247.140 port 60368 ssh2
2026-09-06T02:50:45.058254+00:00 ubuntu sshd[340873]: Received disconnect from 207.154.247.140 port 60368:11: Bye Bye [preauth]
2026-09-06T02:50:45.058390+00:00 ubuntu sshd[340873]: Disconnected from invalid user yang 207.154.247.140 port 60368 [preauth]
2026-09-06T02:50:50.202396+00:00 ubuntu sshd[341157]: pam_unix(sshd:auth): authentication failure; logname= uid=0 euid=0 tty=ssh ruser= rhost=125.21.59.218 user=root
2026-09-06T02:50:52.075491+00:00 ubuntu sshd[341157]: Failed password for root from 125.21.59.218 port 34466 ssh2
2026-09-06T02:50:53.446328+00:00 ubuntu sshd[341157]: Received disconnect from 125.21.59.218 port 34466:11: Bye Bye [preauth]
2026-09-06T02:50:53.446450+00:00 ubuntu sshd[341157]: Disconnected from authenticating user root 125.21.59.218 port 34466 [preauth]
2026-09-06T02:50:53.972374+00:00 ubuntu sshd[341321]: Invalid user pierre from 45.123.110.70 port 35738
2026-09-06T02:50:53.974087+00:00 ubuntu sshd[341321]: pam_unix(sshd:auth): check pass; user unknown
2026-09-06T02:50:53.974159+00:00 ubuntu sshd[341321]: pam_unix(sshd:auth): authentication failure; logname= uid=0 euid=0 tty=ssh ruser= rhost=45.123.110.70
2026-09-06T02:50:55.591678+00:00 ubuntu sshd[341321]: Failed password for invalid user pierre from 45.123.110.70 port 35738 ssh2
2026-09-06T02:50:56.870637+00:00 ubuntu sshd[341321]: Received disconnect from 45.123.110.70 port 35738:11: Bye Bye [preauth]
2026-09-06T02:50:56.870796+00:00 ubuntu sshd[341321]: Disconnected from invalid user pierre 45.123.110.70 port 35738 [preauth]
2026-09-06T02:51:19.392462+00:00 ubuntu sshd[342251]: pam_unix(sshd:auth): authentication failure; logname= uid=0 euid=0 tty=ssh ruser= rhost=103.30.40.129 user=root
2026-09-06T02:51:21.581548+00:00 ubuntu sshd[342251]: Failed password for root from 103.30.40.129 port 49318 ssh2
2026-09-06T02:51:21.731672+00:00 ubuntu sshd[342281]: Invalid user ftp_test from 125.21.59.218 port 41680
2026-09-06T02:51:21.733447+00:00 ubuntu sshd[342281]: pam_unix(sshd:auth): check pass; user unknown
2026-09-06T02:51:21.733552+00:00 ubuntu sshd[342281]: pam_unix(sshd:auth): authentication failure; logname= uid=0 euid=0 tty=ssh ruser= rhost=125.21.59.218
2026-09-06T02:51:22.647677+00:00 ubuntu sshd[342251]: Received disconnect from 103.30.40.129 port 49318:11: Bye Bye [preauth]
2026-09-06T02:51:22.647791+00:00 ubuntu sshd[342251]: Disconnected from authenticating user root 103.30.40.129 port 49318 [preauth]
2026-09-06T02:51:23.862629+00:00 ubuntu sshd[342281]: Failed password for invalid user ftp_test from 125.21.59.218 port 41680 ssh2
2026-09-06T02:51:24.225383+00:00 ubuntu sshd[342281]: Received disconnect from 125.21.59.218 port 41680:11: Bye Bye [preauth]
2026-09-06T02:51:24.225533+00:00 ubuntu sshd[342281]: Disconnected from invalid user ftp_test 125.21.59.218 port 41680 [preauth]
2026-09-06T02:51:32.957095+00:00 ubuntu sshd[342296]: pam_unix(sshd:auth): authentication failure; logname= uid=0 euid=0 tty=ssh ruser= rhost=20.106.172.62 user=root
2026-09-06T02:51:33.021571+00:00 ubuntu sshd[342737]: Invalid user jira from 85.198.19.242 port 49104
2026-09-06T02:51:33.023532+00:00 ubuntu sshd[342737]: pam_unix(sshd:auth): check pass; user unknown
2026-09-06T02:51:33.023612+00:00 ubuntu sshd[342737]: pam_unix(sshd:auth): authentication failure; logname= uid=0 euid=0 tty=ssh ruser= rhost=85.198.19.242
2026-09-06T02:51:34.930510+00:00 ubuntu sshd[342296]: Failed password for root from 20.106.172.62 port 50664 ssh2
2026-09-06T02:51:35.468578+00:00 ubuntu sshd[342737]: Failed password for invalid user jira from 85.198.19.242 port 49104 ssh2
2026-09-06T02:51:36.803376+00:00 ubuntu sshd[342737]: Received disconnect from 85.198.19.242 port 49104:11: Bye Bye [preauth]
2026-09-06T02:51:36.803499+00:00 ubuntu sshd[342737]: Disconnected from invalid user jira 85.198.19.242 port 49104 [preauth]
2026-09-06T02:51:37.775733+00:00 ubuntu sshd[342296]: Connection closed by authenticating user root 20.106.172.62 port 50664 [preauth]
2026-09-06T02:51:39.360257+00:00 ubuntu sshd[343006]: Invalid user duo from 103.25.47.94 port 59932
2026-09-06T02:51:39.362294+00:00 ubuntu sshd[343006]: pam_unix(sshd:auth): check pass; user unknown
2026-09-06T02:51:39.362401+00:00 ubuntu sshd[343006]: pam_unix(sshd:auth): authentication failure; logname= uid=0 euid=0 tty=ssh ruser= rhost=103.25.47.94
2026-09-06T02:51:41.295167+00:00 ubuntu sshd[343006]: Failed password for invalid user duo from 103.25.47.94 port 59932 ssh2
2026-09-06T02:51:42.640381+00:00 ubuntu sshd[343006]: Received disconnect from 103.25.47.94 port 59932:11: Bye Bye [preauth]
2026-09-06T02:51:42.640532+00:00 ubuntu sshd[343006]: Disconnected from invalid user duo 103.25.47.94 port 59932 [preauth]
2026-09-06T02:51:43.588301+00:00 ubuntu sshd[343140]: Invalid user deploy from 207.154.247.140 port 48432
2026-09-06T02:51:43.590208+00:00 ubuntu sshd[343140]: pam_unix(sshd:auth): check pass; user unknown
2026-09-06T02:51:43.590276+00:00 ubuntu sshd[343140]: pam_unix(sshd:auth): authentication failure; logname= uid=0 euid=0 tty=ssh ruser= rhost=207.154.247.140
2026-09-06T02:51:45.739471+00:00 ubuntu sshd[343140]: Failed password for invalid user deploy from 207.154.247.140 port 48432 ssh2
2026-09-06T02:51:45.963245+00:00 ubuntu sshd[343140]: Received disconnect from 207.154.247.140 port 48432:11: Bye Bye [preauth]
2026-09-06T02:51:45.963371+00:00 ubuntu sshd[343140]: Disconnected from invalid user deploy 207.154.247.140 port 48432 [preauth]
2026-09-06T02:51:49.418494+00:00 ubuntu sshd[343398]: Invalid user yang from 125.21.59.218 port 48958
2026-09-06T02:51:49.420121+00:00 ubuntu sshd[343398]: pam_unix(sshd:auth): check pass; user unknown
2026-09-06T02:51:49.420205+00:00 ubuntu sshd[343398]: pam_unix(sshd:auth): authentication failure; logname= uid=0 euid=0 tty=ssh ruser= rhost=125.21.59.218
2026-09-06T02:51:50.267049+00:00 ubuntu sshd[343401]: Invalid user gitlab-runner from 61.76.112.4 port 50281
2026-09-06T02:51:50.268699+00:00 ubuntu sshd[343401]: pam_unix(sshd:auth): check pass; user unknown
2026-09-06T02:51:50.268841+00:00 ubuntu sshd[343401]: pam_unix(sshd:auth): authentication failure; logname= uid=0 euid=0 tty=ssh ruser= rhost=61.76.112.4
2026-09-06T02:51:51.057651+00:00 ubuntu sshd[343398]: Failed password for invalid user yang from 125.21.59.218 port 48958 ssh2
2026-09-06T02:51:52.371281+00:00 ubuntu sshd[343398]: Received disconnect from 125.21.59.218 port 48958:11: Bye Bye [preauth]
2026-09-06T02:51:52.371392+00:00 ubuntu sshd[343398]: Disconnected from invalid user yang 125.21.59.218 port 48958 [preauth]
2026-09-06T02:51:52.377918+00:00 ubuntu sshd[343401]: Failed password for invalid user gitlab-runner from 61.76.112.4 port 50281 ssh2
2026-09-06T02:51:54.583266+00:00 ubuntu sshd[343401]: Received disconnect from 61.76.112.4 port 50281:11: Bye Bye [preauth]
2026-09-06T02:51:54.583393+00:00 ubuntu sshd[343401]: Disconnected from invalid user gitlab-runner 61.76.112.4 port 50281 [preauth]
2026-09-06T02:52:01.868102+00:00 ubuntu sshd[343876]: pam_unix(sshd:auth): authentication failure; logname= uid=0 euid=0 tty=ssh ruser= rhost=45.123.110.70 user=root
2026-09-06T02:52:03.821106+00:00 ubuntu sshd[343876]: Failed password for root from 45.123.110.70 port 58492 ssh2
2026-09-06T02:52:05.139355+00:00 ubuntu sshd[343876]: Received disconnect from 45.123.110.70 port 58492:11: Bye Bye [preauth]
2026-09-06T02:52:05.139484+00:00 ubuntu sshd[343876]: Disconnected from authenticating user root 45.123.110.70 port 58492 [preauth]
2026-09-06T02:52:17.947440+00:00 ubuntu sshd[344446]: pam_unix(sshd:auth): authentication failure; logname= uid=0 euid=0 tty=ssh ruser= rhost=125.21.59.218 user=root
2026-09-06T02:52:19.765138+00:00 ubuntu sshd[344446]: Failed password for root from 125.21.59.218 port 56358 ssh2
2026-09-06T02:52:21.197170+00:00 ubuntu sshd[344446]: Received disconnect from 125.21.59.218 port 56358:11: Bye Bye [preauth]
2026-09-06T02:52:21.197333+00:00 ubuntu sshd[344446]: Disconnected from authenticating user root 125.21.59.218 port 56358 [preauth]
2026-09-06T02:52:26.652159+00:00 ubuntu sshd[344711]: Invalid user yang from 103.30.40.129 port 33392
2026-09-06T02:52:26.655557+00:00 ubuntu sshd[344711]: pam_unix(sshd:auth): check pass; user unknown
2026-09-06T02:52:26.655638+00:00 ubuntu sshd[344711]: pam_unix(sshd:auth): authentication failure; logname= uid=0 euid=0 tty=ssh ruser= rhost=103.30.40.129
2026-09-06T02:52:28.709252+00:00 ubuntu sshd[344711]: Failed password for invalid user yang from 103.30.40.129 port 33392 ssh2
2026-09-06T02:52:29.610226+00:00 ubuntu sshd[344711]: Received disconnect from 103.30.40.129 port 33392:11: Bye Bye [preauth]
2026-09-06T02:52:29.610364+00:00 ubuntu sshd[344711]: Disconnected from invalid user yang 103.30.40.129 port 33392 [preauth]
2026-09-06T02:52:41.731444+00:00 ubuntu sshd[345125]: Invalid user julian from 207.154.247.140 port 43516
2026-09-06T02:52:41.733845+00:00 ubuntu sshd[345125]: pam_unix(sshd:auth): check pass; user unknown
2026-09-06T02:52:41.733938+00:00 ubuntu sshd[345125]: pam_unix(sshd:auth): authentication failure; logname= uid=0 euid=0 tty=ssh ruser= rhost=207.154.247.140
2026-09-06T02:52:43.511969+00:00 ubuntu sshd[345125]: Failed password for invalid user julian from 207.154.247.140 port 43516 ssh2
2026-09-06T02:52:44.204821+00:00 ubuntu sshd[345208]: pam_unix(sshd:auth): authentication failure; logname= uid=0 euid=0 tty=ssh ruser= rhost=103.25.47.94 user=root
2026-09-06T02:52:45.292648+00:00 ubuntu sshd[345125]: Received disconnect from 207.154.247.140 port 43516:11: Bye Bye [preauth]
2026-09-06T02:52:45.292833+00:00 ubuntu sshd[345125]: Disconnected from invalid user julian 207.154.247.140 port 43516 [preauth]
2026-09-06T02:52:45.929514+00:00 ubuntu sshd[345210]: Invalid user karim from 125.21.59.218 port 35620
2026-09-06T02:52:45.931167+00:00 ubuntu sshd[345210]: pam_unix(sshd:auth): check pass; user unknown
2026-09-06T02:52:45.931244+00:00 ubuntu sshd[345210]: pam_unix(sshd:auth): authentication failure; logname= uid=0 euid=0 tty=ssh ruser= rhost=125.21.59.218
2026-09-06T02:52:46.394037+00:00 ubuntu sshd[345208]: Failed password for root from 103.25.47.94 port 54386 ssh2
2026-09-06T02:52:47.515252+00:00 ubuntu sshd[345208]: Received disconnect from 103.25.47.94 port 54386:11: Bye Bye [preauth]
2026-09-06T02:52:47.515402+00:00 ubuntu sshd[345208]: Disconnected from authenticating user root 103.25.47.94 port 54386 [preauth]
2026-09-06T02:52:47.925004+00:00 ubuntu sshd[345210]: Failed password for invalid user karim from 125.21.59.218 port 35620 ssh2
2026-09-06T02:52:48.201426+00:00 ubuntu sshd[345210]: Received disconnect from 125.21.59.218 port 35620:11: Bye Bye [preauth]
2026-09-06T02:52:48.201683+00:00 ubuntu sshd[345210]: Disconnected from invalid user karim 125.21.59.218 port 35620 [preauth]
2026-09-06T02:53:02.147823+00:00 ubuntu sshd[345718]: Invalid user dambrosio from 85.198.19.242 port 34866
2026-09-06T02:53:02.149879+00:00 ubuntu sshd[345718]: pam_unix(sshd:auth): check pass; user unknown
2026-09-06T02:53:02.149982+00:00 ubuntu sshd[345718]: pam_unix(sshd:auth): authentication failure; logname= uid=0 euid=0 tty=ssh ruser= rhost=85.198.19.242
2026-09-06T02:53:04.143877+00:00 ubuntu sshd[345718]: Failed password for invalid user dambrosio from 85.198.19.242 port 34866 ssh2
2026-09-06T02:53:05.211194+00:00 ubuntu sshd[345718]: Received disconnect from 85.198.19.242 port 34866:11: Bye Bye [preauth]
2026-09-06T02:53:05.211594+00:00 ubuntu sshd[345718]: Disconnected from invalid user dambrosio 85.198.19.242 port 34866 [preauth]
2026-09-06T02:53:10.545313+00:00 ubuntu sshd[345964]: pam_unix(sshd:auth): authentication failure; logname= uid=0 euid=0 tty=ssh ruser= rhost=45.123.110.70 user=root
2026-09-06T02:53:12.639021+00:00 ubuntu sshd[345964]: Failed password for root from 45.123.110.70 port 24746 ssh2
2026-09-06T02:53:13.817572+00:00 ubuntu sshd[345964]: Received disconnect from 45.123.110.70 port 24746:11: Bye Bye [preauth]
2026-09-06T02:53:13.817721+00:00 ubuntu sshd[345964]: Disconnected from authenticating user root 45.123.110.70 port 24746 [preauth]
2026-09-06T02:53:16.067031+00:00 ubuntu sshd[346139]: Invalid user bitnami from 125.21.59.218 port 42838
2026-09-06T02:53:16.068828+00:00 ubuntu sshd[346139]: pam_unix(sshd:auth): check pass; user unknown
2026-09-06T02:53:16.068917+00:00 ubuntu sshd[346139]: pam_unix(sshd:auth): authentication failure; logname= uid=0 euid=0 tty=ssh ruser= rhost=125.21.59.218
2026-09-06T02:53:17.651238+00:00 ubuntu sshd[346139]: Failed password for invalid user bitnami from 125.21.59.218 port 42838 ssh2
2026-09-06T02:53:17.838401+00:00 ubuntu sshd[346139]: Received disconnect from 125.21.59.218 port 42838:11: Bye Bye [preauth]
2026-09-06T02:53:17.838523+00:00 ubuntu sshd[346139]: Disconnected from invalid user bitnami 125.21.59.218 port 42838 [preauth]
2026-09-06T02:53:31.446177+00:00 ubuntu sshd[346637]: Invalid user gitlab-runner from 103.30.40.129 port 36236
2026-09-06T02:53:31.448075+00:00 ubuntu sshd[346637]: pam_unix(sshd:auth): check pass; user unknown
2026-09-06T02:53:31.448150+00:00 ubuntu sshd[346637]: pam_unix(sshd:auth): authentication failure; logname= uid=0 euid=0 tty=ssh ruser= rhost=103.30.40.129
2026-09-06T02:53:33.426360+00:00 ubuntu sshd[346637]: Failed password for invalid user gitlab-runner from 103.30.40.129 port 36236 ssh2
2026-09-06T02:53:33.600530+00:00 ubuntu sshd[346637]: Received disconnect from 103.30.40.129 port 36236:11: Bye Bye [preauth]
2026-09-06T02:53:33.600660+00:00 ubuntu sshd[346637]: Disconnected from invalid user gitlab-runner 103.30.40.129 port 36236 [preauth]
2026-09-06T02:53:37.212616+00:00 ubuntu sshd[346881]: Invalid user alberto from 61.76.112.4 port 41835
2026-09-06T02:53:37.214362+00:00 ubuntu sshd[346881]: pam_unix(sshd:auth): check pass; user unknown
2026-09-06T02:53:37.214448+00:00 ubuntu sshd[346881]: pam_unix(sshd:auth): authentication failure; logname= uid=0 euid=0 tty=ssh ruser= rhost=61.76.112.4
2026-09-06T02:53:38.681048+00:00 ubuntu sshd[346881]: Failed password for invalid user alberto from 61.76.112.4 port 41835 ssh2
2026-09-06T02:53:39.357561+00:00 ubuntu sshd[347037]: Invalid user comp from 207.154.247.140 port 43700
2026-09-06T02:53:39.359544+00:00 ubuntu sshd[347037]: pam_unix(sshd:auth): check pass; user unknown
2026-09-06T02:53:39.359597+00:00 ubuntu sshd[347037]: pam_unix(sshd:auth): authentication failure; logname= uid=0 euid=0 tty=ssh ruser= rhost=207.154.247.140
2026-09-06T02:53:39.467495+00:00 ubuntu sshd[346881]: Received disconnect from 61.76.112.4 port 41835:11: Bye Bye [preauth]
2026-09-06T02:53:39.467621+00:00 ubuntu sshd[346881]: Disconnected from invalid user alberto 61.76.112.4 port 41835 [preauth]
2026-09-06T02:53:41.102259+00:00 ubuntu sshd[347037]: Failed password for invalid user comp from 207.154.247.140 port 43700 ssh2
2026-09-06T02:53:41.449516+00:00 ubuntu sshd[347037]: Received disconnect from 207.154.247.140 port 43700:11: Bye Bye [preauth]
2026-09-06T02:53:41.449645+00:00 ubuntu sshd[347037]: Disconnected from invalid user comp 207.154.247.140 port 43700 [preauth]
2026-09-06T02:53:44.096979+00:00 ubuntu sshd[347160]: pam_unix(sshd:auth): authentication failure; logname= uid=0 euid=0 tty=ssh ruser= rhost=125.21.59.218 user=root
2026-09-06T02:53:45.859362+00:00 ubuntu sshd[347160]: Failed password for root from 125.21.59.218 port 50042 ssh2
2026-09-06T02:53:47.346989+00:00 ubuntu sshd[347160]: Received disconnect from 125.21.59.218 port 50042:11: Bye Bye [preauth]
2026-09-06T02:53:47.347088+00:00 ubuntu sshd[347160]: Disconnected from authenticating user root 125.21.59.218 port 50042 [preauth]
2026-09-06T02:53:50.772609+00:00 ubuntu sshd[347434]: Invalid user sebastian from 103.25.47.94 port 48840
2026-09-06T02:53:50.774277+00:00 ubuntu sshd[347434]: pam_unix(sshd:auth): check pass; user unknown
2026-09-06T02:53:50.774408+00:00 ubuntu sshd[347434]: pam_unix(sshd:auth): authentication failure; logname= uid=0 euid=0 tty=ssh ruser= rhost=103.25.47.94
2026-09-06T02:53:52.692532+00:00 ubuntu sshd[347434]: Failed password for invalid user sebastian from 103.25.47.94 port 48840 ssh2
2026-09-06T02:53:54.693305+00:00 ubuntu sshd[347434]: Received disconnect from 103.25.47.94 port 48840:11: Bye Bye [preauth]
2026-09-06T02:53:54.693431+00:00 ubuntu sshd[347434]: Disconnected from invalid user sebastian 103.25.47.94 port 48840 [preauth]
2026-09-06T02:54:03.035084+00:00 ubuntu sshd[347805]: pam_unix(sshd:auth): authentication failure; logname= uid=0 euid=0 tty=ssh ruser= rhost=192.253.248.222 user=root
2026-09-06T02:54:04.601597+00:00 ubuntu sshd[347805]: Failed password for root from 192.253.248.222 port 56296 ssh2
2026-09-06T02:54:06.155607+00:00 ubuntu sshd[347805]: Connection closed by authenticating user root 192.253.248.222 port 56296 [preauth]
2026-09-06T02:54:15.886485+00:00 ubuntu sshd[348350]: Invalid user user from 125.21.59.218 port 57502
2026-09-06T02:54:15.891179+00:00 ubuntu sshd[348350]: pam_unix(sshd:auth): check pass; user unknown
2026-09-06T02:54:15.891254+00:00 ubuntu sshd[348350]: pam_unix(sshd:auth): authentication failure; logname= uid=0 euid=0 tty=ssh ruser= rhost=125.21.59.218
2026-09-06T02:54:17.909567+00:00 ubuntu sshd[348350]: Failed password for invalid user user from 125.21.59.218 port 57502 ssh2
2026-09-06T02:54:18.127012+00:00 ubuntu sshd[348350]: Received disconnect from 125.21.59.218 port 57502:11: Bye Bye [preauth]
2026-09-06T02:54:18.127221+00:00 ubuntu sshd[348350]: Disconnected from invalid user user 125.21.59.218 port 57502 [preauth]
2026-09-06T02:54:21.810020+00:00 ubuntu sshd[348549]: pam_unix(sshd:auth): authentication failure; logname= uid=0 euid=0 tty=ssh ruser= rhost=45.123.110.70 user=root
2026-09-06T02:54:23.652305+00:00 ubuntu sshd[348549]: Failed password for root from 45.123.110.70 port 47506 ssh2
2026-09-06T02:54:25.088477+00:00 ubuntu sshd[348549]: Received disconnect from 45.123.110.70 port 47506:11: Bye Bye [preauth]
2026-09-06T02:54:25.088586+00:00 ubuntu sshd[348549]: Disconnected from authenticating user root 45.123.110.70 port 47506 [preauth]
2026-09-06T02:54:35.804100+00:00 ubuntu sshd[349046]: Invalid user pedro from 85.198.19.242 port 46326
2026-09-06T02:54:35.806003+00:00 ubuntu sshd[349046]: pam_unix(sshd:auth): check pass; user unknown
2026-09-06T02:54:35.806103+00:00 ubuntu sshd[349046]: pam_unix(sshd:auth): authentication failure; logname= uid=0 euid=0 tty=ssh ruser= rhost=85.198.19.242
2026-09-06T02:54:38.235195+00:00 ubuntu sshd[349046]: Failed password for invalid user pedro from 85.198.19.242 port 46326 ssh2
2026-09-06T02:54:39.610196+00:00 ubuntu sshd[349046]: Received disconnect from 85.198.19.242 port 46326:11: Bye Bye [preauth]
2026-09-06T02:54:39.610308+00:00 ubuntu sshd[349046]: Disconnected from invalid user pedro 85.198.19.242 port 46326 [preauth]
2026-09-06T02:54:39.831619+00:00 ubuntu sshd[349301]: Invalid user ubuntu from 103.30.40.129 port 48428
2026-09-06T02:54:39.833323+00:00 ubuntu sshd[349301]: pam_unix(sshd:auth): check pass; user unknown
2026-09-06T02:54:39.833414+00:00 ubuntu sshd[349301]: pam_unix(sshd:auth): authentication failure; logname= uid=0 euid=0 tty=ssh ruser= rhost=103.30.40.129
2026-09-06T02:54:42.147675+00:00 ubuntu sshd[349301]: Failed password for invalid user ubuntu from 103.30.40.129 port 48428 ssh2
2026-09-06T02:54:42.477930+00:00 ubuntu sshd[349345]: Invalid user jitendra from 207.154.247.140 port 35492
2026-09-06T02:54:42.479681+00:00 ubuntu sshd[349345]: pam_unix(sshd:auth): check pass; user unknown
2026-09-06T02:54:42.479781+00:00 ubuntu sshd[349345]: pam_unix(sshd:auth): authentication failure; logname= uid=0 euid=0 tty=ssh ruser= rhost=207.154.247.140
2026-09-06T02:54:43.860222+00:00 ubuntu sshd[349357]: Invalid user k from 125.21.59.218 port 36982
2026-09-06T02:54:43.862669+00:00 ubuntu sshd[349357]: pam_unix(sshd:auth): check pass; user unknown
2026-09-06T02:54:43.862739+00:00 ubuntu sshd[349357]: pam_unix(sshd:auth): authentication failure; logname= uid=0 euid=0 tty=ssh ruser= rhost=125.21.59.218
2026-09-06T02:54:44.175478+00:00 ubuntu sshd[349301]: Received disconnect from 103.30.40.129 port 48428:11: Bye Bye [preauth]
2026-09-06T02:54:44.175620+00:00 ubuntu sshd[349301]: Disconnected from invalid user ubuntu 103.30.40.129 port 48428 [preauth]
2026-09-06T02:54:45.205591+00:00 ubuntu sshd[349345]: Failed password for invalid user jitendra from 207.154.247.140 port 35492 ssh2
2026-09-06T02:54:45.725620+00:00 ubuntu sshd[349357]: Failed password for invalid user k from 125.21.59.218 port 36982 ssh2
2026-09-06T02:54:46.049247+00:00 ubuntu sshd[349357]: Received disconnect from 125.21.59.218 port 36982:11: Bye Bye [preauth]
2026-09-06T02:54:46.049402+00:00 ubuntu sshd[349357]: Disconnected from invalid user k 125.21.59.218 port 36982 [preauth]
2026-09-06T02:54:46.532547+00:00 ubuntu sshd[349345]: Received disconnect from 207.154.247.140 port 35492:11: Bye Bye [preauth]
2026-09-06T02:54:46.532697+00:00 ubuntu sshd[349345]: Disconnected from invalid user jitendra 207.154.247.140 port 35492 [preauth]
2026-09-06T02:54:59.857811+00:00 ubuntu sshd[350077]: Invalid user kafka from 103.25.47.94 port 43292
2026-09-06T02:54:59.859576+00:00 ubuntu sshd[350077]: pam_unix(sshd:auth): check pass; user unknown
2026-09-06T02:54:59.859672+00:00 ubuntu sshd[350077]: pam_unix(sshd:auth): authentication failure; logname= uid=0 euid=0 tty=ssh ruser= rhost=103.25.47.94
2026-09-06T02:55:01.752859+00:00 ubuntu CRON[350115]: pam_unix(cron:session): session opened for user root(uid=0) by root(uid=0)
2026-09-06T02:55:01.756054+00:00 ubuntu CRON[350115]: pam_unix(cron:session): session closed for user root
2026-09-06T02:55:02.253136+00:00 ubuntu sshd[350077]: Failed password for invalid user kafka from 103.25.47.94 port 43292 ssh2
2026-09-06T02:55:03.231236+00:00 ubuntu sshd[350077]: Received disconnect from 103.25.47.94 port 43292:11: Bye Bye [preauth]
2026-09-06T02:55:03.231385+00:00 ubuntu sshd[350077]: Disconnected from invalid user kafka 103.25.47.94 port 43292 [preauth]
2026-09-06T02:55:14.163972+00:00 ubuntu sshd[350631]: pam_unix(sshd:auth): authentication failure; logname= uid=0 euid=0 tty=ssh ruser= rhost=125.21.59.218 user=root
2026-09-06T02:55:16.281234+00:00 ubuntu sshd[350631]: Failed password for root from 125.21.59.218 port 43938 ssh2
2026-09-06T02:55:17.107472+00:00 ubuntu sshd[350138]: pam_unix(sshd:auth): authentication failure; logname= uid=0 euid=0 tty=ssh ruser= rhost=151.158.2.135 user=root
2026-09-06T02:55:17.412041+00:00 ubuntu sshd[350631]: Received disconnect from 125.21.59.218 port 43938:11: Bye Bye [preauth]
2026-09-06T02:55:17.412236+00:00 ubuntu sshd[350631]: Disconnected from authenticating user root 125.21.59.218 port 43938 [preauth]
2026-09-06T02:55:19.637445+00:00 ubuntu sshd[350138]: Failed password for root from 151.158.2.135 port 38656 ssh2
2026-09-06T02:55:20.994130+00:00 ubuntu sshd[350910]: pam_unix(sshd:auth): authentication failure; logname= uid=0 euid=0 tty=ssh ruser= rhost=61.76.112.4 user=root
2026-09-06T02:55:22.269564+00:00 ubuntu sshd[350910]: Failed password for root from 61.76.112.4 port 60422 ssh2
2026-09-06T02:55:22.811349+00:00 ubuntu sshd[350910]: Received disconnect from 61.76.112.4 port 60422:11: Bye Bye [preauth]
2026-09-06T02:55:22.811464+00:00 ubuntu sshd[350910]: Disconnected from authenticating user root 61.76.112.4 port 60422 [preauth]
2026-09-06T02:55:23.376959+00:00 ubuntu sshd[350138]: Connection closed by authenticating user root 151.158.2.135 port 38656 [preauth]
2026-09-06T02:55:32.756938+00:00 ubuntu sshd[351248]: Invalid user ftp-user from 45.123.110.70 port 13764
2026-09-06T02:55:32.758815+00:00 ubuntu sshd[351248]: pam_unix(sshd:auth): check pass; user unknown
2026-09-06T02:55:32.758885+00:00 ubuntu sshd[351248]: pam_unix(sshd:auth): authentication failure; logname= uid=0 euid=0 tty=ssh ruser= rhost=45.123.110.70
2026-09-06T02:55:34.014268+00:00 ubuntu sshd[351248]: Failed password for invalid user ftp-user from 45.123.110.70 port 13764 ssh2
2026-09-06T02:55:35.062476+00:00 ubuntu sshd[351248]: Received disconnect from 45.123.110.70 port 13764:11: Bye Bye [preauth]
2026-09-06T02:55:35.062633+00:00 ubuntu sshd[351248]: Disconnected from invalid user ftp-user 45.123.110.70 port 13764 [preauth]
2026-09-06T02:55:45.242711+00:00 ubuntu sshd[351808]: Invalid user vpn from 193.46.255.86 port 4790
2026-09-06T02:55:45.271629+00:00 ubuntu sshd[351808]: pam_unix(sshd:auth): check pass; user unknown
2026-09-06T02:55:45.271744+00:00 ubuntu sshd[351808]: pam_unix(sshd:auth): authentication failure; logname= uid=0 euid=0 tty=ssh ruser= rhost=193.46.255.86
2026-09-06T02:55:45.301516+00:00 ubuntu sshd[351811]: Invalid user miladmim from 207.154.247.140 port 38832
2026-09-06T02:55:45.303392+00:00 ubuntu sshd[351811]: pam_unix(sshd:auth): check pass; user unknown
2026-09-06T02:55:45.303448+00:00 ubuntu sshd[351811]: pam_unix(sshd:auth): authentication failure; logname= uid=0 euid=0 tty=ssh ruser= rhost=207.154.247.140
2026-09-06T02:55:46.598322+00:00 ubuntu sshd[351819]: pam_unix(sshd:auth): authentication failure; logname= uid=0 euid=0 tty=ssh ruser= rhost=125.21.59.218 user=root
2026-09-06T02:55:46.979081+00:00 ubuntu sshd[351808]: Failed password for invalid user vpn from 193.46.255.86 port 4790 ssh2
2026-09-06T02:55:47.010628+00:00 ubuntu sshd[351811]: Failed password for invalid user miladmim from 207.154.247.140 port 38832 ssh2
2026-09-06T02:55:48.235307+00:00 ubuntu sshd[351808]: pam_unix(sshd:auth): check pass; user unknown
2026-09-06T02:55:48.266940+00:00 ubuntu sshd[351811]: Received disconnect from 207.154.247.140 port 38832:11: Bye Bye [preauth]
2026-09-06T02:55:48.267062+00:00 ubuntu sshd[351811]: Disconnected from invalid user miladmim 207.154.247.140 port 38832 [preauth]
2026-09-06T02:55:48.777009+00:00 ubuntu sshd[351819]: Failed password for root from 125.21.59.218 port 51368 ssh2
2026-09-06T02:55:48.846604+00:00 ubuntu sshd[351950]: Invalid user user from 103.30.40.129 port 44400
2026-09-06T02:55:48.848373+00:00 ubuntu sshd[351950]: pam_unix(sshd:auth): check pass; user unknown
2026-09-06T02:55:48.848501+00:00 ubuntu sshd[351950]: pam_unix(sshd:auth): authentication failure; logname= uid=0 euid=0 tty=ssh ruser= rhost=103.30.40.129
2026-09-06T02:55:49.844404+00:00 ubuntu sshd[351819]: Received disconnect from 125.21.59.218 port 51368:11: Bye Bye [preauth]
2026-09-06T02:55:49.844504+00:00 ubuntu sshd[351819]: Disconnected from authenticating user root 125.21.59.218 port 51368 [preauth]
2026-09-06T02:55:51.021280+00:00 ubuntu sshd[351808]: Failed password for invalid user vpn from 193.46.255.86 port 4790 ssh2
2026-09-06T02:55:51.199288+00:00 ubuntu sshd[351808]: pam_unix(sshd:auth): check pass; user unknown
2026-09-06T02:55:51.634513+00:00 ubuntu sshd[351950]: Failed password for invalid user user from 103.30.40.129 port 44400 ssh2
2026-09-06T02:55:53.062336+00:00 ubuntu sshd[351808]: Failed password for invalid user vpn from 193.46.255.86 port 4790 ssh2
2026-09-06T02:55:53.181306+00:00 ubuntu sshd[351950]: Received disconnect from 103.30.40.129 port 44400:11: Bye Bye [preauth]
2026-09-06T02:55:53.181432+00:00 ubuntu sshd[351950]: Disconnected from invalid user user 103.30.40.129 port 44400 [preauth]
2026-09-06T02:55:54.165002+00:00 ubuntu sshd[351808]: Connection closed by invalid user vpn 193.46.255.86 port 4790 [preauth]
2026-09-06T02:55:54.165144+00:00 ubuntu sshd[351808]: PAM 2 more authentication failures; logname= uid=0 euid=0 tty=ssh ruser= rhost=193.46.255.86
2026-09-06T02:56:09.216139+00:00 ubuntu sshd[352633]: Invalid user nakamura from 103.25.47.94 port 37744
2026-09-06T02:56:09.217856+00:00 ubuntu sshd[352633]: pam_unix(sshd:auth): check pass; user unknown
2026-09-06T02:56:09.217946+00:00 ubuntu sshd[352633]: pam_unix(sshd:auth): authentication failure; logname= uid=0 euid=0 tty=ssh ruser= rhost=103.25.47.94
2026-09-06T02:56:10.553116+00:00 ubuntu sshd[352633]: Failed password for invalid user nakamura from 103.25.47.94 port 37744 ssh2
2026-09-06T02:56:11.168910+00:00 ubuntu sshd[352798]: Invalid user duo from 85.198.19.242 port 50040
2026-09-06T02:56:11.170534+00:00 ubuntu sshd[352798]: pam_unix(sshd:auth): check pass; user unknown
2026-09-06T02:56:11.170658+00:00 ubuntu sshd[352798]: pam_unix(sshd:auth): authentication failure; logname= uid=0 euid=0 tty=ssh ruser= rhost=85.198.19.242
2026-09-06T02:56:11.422395+00:00 ubuntu sshd[352633]: Received disconnect from 103.25.47.94 port 37744:11: Bye Bye [preauth]
2026-09-06T02:56:11.422536+00:00 ubuntu sshd[352633]: Disconnected from invalid user nakamura 103.25.47.94 port 37744 [preauth]
2026-09-06T02:56:13.780986+00:00 ubuntu sshd[352798]: Failed password for invalid user duo from 85.198.19.242 port 50040 ssh2
2026-09-06T02:56:14.582366+00:00 ubuntu sshd[352908]: pam_unix(sshd:auth): authentication failure; logname= uid=0 euid=0 tty=ssh ruser= rhost=125.21.59.218 user=root
2026-09-06T02:56:14.633006+00:00 ubuntu sshd[352798]: Received disconnect from 85.198.19.242 port 50040:11: Bye Bye [preauth]
2026-09-06T02:56:14.633174+00:00 ubuntu sshd[352798]: Disconnected from invalid user duo 85.198.19.242 port 50040 [preauth]
2026-09-06T02:56:16.269436+00:00 ubuntu sshd[352908]: Failed password for root from 125.21.59.218 port 58640 ssh2
2026-09-06T02:56:17.819245+00:00 ubuntu sshd[352908]: Received disconnect from 125.21.59.218 port 58640:11: Bye Bye [preauth]
2026-09-06T02:56:17.819417+00:00 ubuntu sshd[352908]: Disconnected from authenticating user root 125.21.59.218 port 58640 [preauth]
2026-09-06T02:56:42.666601+00:00 ubuntu sshd[353955]: Invalid user ubuntu from 125.21.59.218 port 37862
2026-09-06T02:56:42.668445+00:00 ubuntu sshd[353955]: pam_unix(sshd:auth): check pass; user unknown
2026-09-06T02:56:42.668518+00:00 ubuntu sshd[353955]: pam_unix(sshd:auth): authentication failure; logname= uid=0 euid=0 tty=ssh ruser= rhost=125.21.59.218
2026-09-06T02:56:44.867529+00:00 ubuntu sshd[353955]: Failed password for invalid user ubuntu from 125.21.59.218 port 37862 ssh2
2026-09-06T02:56:45.284434+00:00 ubuntu sshd[354016]: Invalid user tms from 45.123.110.70 port 36522
2026-09-06T02:56:45.286156+00:00 ubuntu sshd[354016]: pam_unix(sshd:auth): check pass; user unknown
2026-09-06T02:56:45.286240+00:00 ubuntu sshd[354016]: pam_unix(sshd:auth): authentication failure; logname= uid=0 euid=0 tty=ssh ruser= rhost=45.123.110.70
2026-09-06T02:56:45.353923+00:00 ubuntu sshd[354102]: Invalid user polls from 207.154.247.140 port 40710
2026-09-06T02:56:45.356226+00:00 ubuntu sshd[354102]: pam_unix(sshd:auth): check pass; user unknown
2026-09-06T02:56:45.356291+00:00 ubuntu sshd[354102]: pam_unix(sshd:auth): authentication failure; logname= uid=0 euid=0 tty=ssh ruser= rhost=207.154.247.140
2026-09-06T02:56:47.003464+00:00 ubuntu sshd[353955]: Received disconnect from 125.21.59.218 port 37862:11: Bye Bye [preauth]
2026-09-06T02:56:47.003571+00:00 ubuntu sshd[353955]: Disconnected from invalid user ubuntu 125.21.59.218 port 37862 [preauth]
2026-09-06T02:56:47.229411+00:00 ubuntu sshd[354016]: Failed password for invalid user tms from 45.123.110.70 port 36522 ssh2
2026-09-06T02:56:47.299166+00:00 ubuntu sshd[354102]: Failed password for invalid user polls from 207.154.247.140 port 40710 ssh2
2026-09-06T02:56:47.354794+00:00 ubuntu sshd[354102]: Received disconnect from 207.154.247.140 port 40710:11: Bye Bye [preauth]
2026-09-06T02:56:47.354947+00:00 ubuntu sshd[354102]: Disconnected from invalid user polls 207.154.247.140 port 40710 [preauth]
2026-09-06T02:56:48.466389+00:00 ubuntu sshd[354016]: Received disconnect from 45.123.110.70 port 36522:11: Bye Bye [preauth]
2026-09-06T02:56:48.466518+00:00 ubuntu sshd[354016]: Disconnected from invalid user tms 45.123.110.70 port 36522 [preauth]
2026-09-06T02:57:00.583183+00:00 ubuntu sshd[354639]: Invalid user ens from 61.76.112.4 port 56133
2026-09-06T02:57:00.585065+00:00 ubuntu sshd[354639]: pam_unix(sshd:auth): check pass; user unknown
2026-09-06T02:57:00.585161+00:00 ubuntu sshd[354639]: pam_unix(sshd:auth): authentication failure; logname= uid=0 euid=0 tty=ssh ruser= rhost=61.76.112.4
2026-09-06T02:57:00.641279+00:00 ubuntu sshd[354727]: pam_unix(sshd:auth): authentication failure; logname= uid=0 euid=0 tty=ssh ruser= rhost=103.30.40.129 user=root
2026-09-06T02:57:02.588536+00:00 ubuntu sshd[354639]: Failed password for invalid user ens from 61.76.112.4 port 56133 ssh2
2026-09-06T02:57:02.644651+00:00 ubuntu sshd[354727]: Failed password for root from 103.30.40.129 port 56538 ssh2
2026-09-06T02:57:03.885045+00:00 ubuntu sshd[354727]: Received disconnect from 103.30.40.129 port 56538:11: Bye Bye [preauth]
2026-09-06T02:57:03.885168+00:00 ubuntu sshd[354727]: Disconnected from authenticating user root 103.30.40.129 port 56538 [preauth]
2026-09-06T02:57:04.362070+00:00 ubuntu sshd[354639]: Received disconnect from 61.76.112.4 port 56133:11: Bye Bye [preauth]
2026-09-06T02:57:04.362207+00:00 ubuntu sshd[354639]: Disconnected from invalid user ens 61.76.112.4 port 56133 [preauth]
2026-09-06T02:57:12.026160+00:00 ubuntu sshd[355049]: Invalid user filezilla from 125.21.59.218 port 45162
2026-09-06T02:57:12.027762+00:00 ubuntu sshd[355049]: pam_unix(sshd:auth): check pass; user unknown
2026-09-06T02:57:12.027858+00:00 ubuntu sshd[355049]: pam_unix(sshd:auth): authentication failure; logname= uid=0 euid=0 tty=ssh ruser= rhost=125.21.59.218
2026-09-06T02:57:14.347219+00:00 ubuntu sshd[355049]: Failed password for invalid user filezilla from 125.21.59.218 port 45162 ssh2
2026-09-06T02:57:16.181527+00:00 ubuntu sshd[355049]: Received disconnect from 125.21.59.218 port 45162:11: Bye Bye [preauth]
2026-09-06T02:57:16.181708+00:00 ubuntu sshd[355049]: Disconnected from invalid user filezilla 125.21.59.218 port 45162 [preauth]
2026-09-06T02:57:19.409396+00:00 ubuntu sshd[355381]: Invalid user jira from 103.25.47.94 port 60438
2026-09-06T02:57:19.411051+00:00 ubuntu sshd[355381]: pam_unix(sshd:auth): check pass; user unknown
2026-09-06T02:57:19.411125+00:00 ubuntu sshd[355381]: pam_unix(sshd:auth): authentication failure; logname= uid=0 euid=0 tty=ssh ruser= rhost=103.25.47.94
2026-09-06T02:57:20.686086+00:00 ubuntu sshd[355381]: Failed password for invalid user jira from 103.25.47.94 port 60438 ssh2
2026-09-06T02:57:21.346829+00:00 ubuntu sshd[355381]: Received disconnect from 103.25.47.94 port 60438:11: Bye Bye [preauth]
2026-09-06T02:57:21.346977+00:00 ubuntu sshd[355381]: Disconnected from invalid user jira 103.25.47.94 port 60438 [preauth]
2026-09-06T02:57:40.446112+00:00 ubuntu sshd[356049]: Invalid user es from 85.198.19.242 port 42392
2026-09-06T02:57:40.447856+00:00 ubuntu sshd[356049]: pam_unix(sshd:auth): check pass; user unknown
2026-09-06T02:57:40.447949+00:00 ubuntu sshd[356049]: pam_unix(sshd:auth): authentication failure; logname= uid=0 euid=0 tty=ssh ruser= rhost=85.198.19.242
2026-09-06T02:57:42.275690+00:00 ubuntu sshd[356049]: Failed password for invalid user es from 85.198.19.242 port 42392 ssh2
2026-09-06T02:57:42.753124+00:00 ubuntu sshd[356157]: Invalid user polls from 125.21.59.218 port 52528
2026-09-06T02:57:42.754926+00:00 ubuntu sshd[356157]: pam_unix(sshd:auth): check pass; user unknown
2026-09-06T02:57:42.755040+00:00 ubuntu sshd[356157]: pam_unix(sshd:auth): authentication failure; logname= uid=0 euid=0 tty=ssh ruser= rhost=125.21.59.218
2026-09-06T02:57:44.127983+00:00 ubuntu sshd[356049]: Received disconnect from 85.198.19.242 port 42392:11: Bye Bye [preauth]
2026-09-06T02:57:44.128140+00:00 ubuntu sshd[356049]: Disconnected from invalid user es 85.198.19.242 port 42392 [preauth]
2026-09-06T02:57:44.522666+00:00 ubuntu sshd[356157]: Failed password for invalid user polls from 125.21.59.218 port 52528 ssh2
2026-09-06T02:57:44.891036+00:00 ubuntu sshd[356157]: Received disconnect from 125.21.59.218 port 52528:11: Bye Bye [preauth]
2026-09-06T02:57:44.891182+00:00 ubuntu sshd[356157]: Disconnected from invalid user polls 125.21.59.218 port 52528 [preauth]
2026-09-06T02:57:44.999259+00:00 ubuntu sshd[356271]: pam_unix(sshd:auth): authentication failure; logname= uid=0 euid=0 tty=ssh ruser= rhost=207.154.247.140 user=root
2026-09-06T02:57:46.711106+00:00 ubuntu sshd[356271]: Failed password for root from 207.154.247.140 port 46656 ssh2
2026-09-06T02:57:48.113955+00:00 ubuntu sshd[356271]: Received disconnect from 207.154.247.140 port 46656:11: Bye Bye [preauth]
2026-09-06T02:57:48.114075+00:00 ubuntu sshd[356271]: Disconnected from authenticating user root 207.154.247.140 port 46656 [preauth]
2026-09-06T02:57:57.694713+00:00 ubuntu sshd[356824]: pam_unix(sshd:auth): authentication failure; logname= uid=0 euid=0 tty=ssh ruser= rhost=45.123.110.70 user=root
2026-09-06T02:57:59.522236+00:00 ubuntu sshd[356824]: Failed password for root from 45.123.110.70 port 59280 ssh2
2026-09-06T02:58:00.992041+00:00 ubuntu sshd[356824]: Received disconnect from 45.123.110.70 port 59280:11: Bye Bye [preauth]
2026-09-06T02:58:00.992149+00:00 ubuntu sshd[356824]: Disconnected from authenticating user root 45.123.110.70 port 59280 [preauth]
2026-09-06T02:58:07.351509+00:00 ubuntu sshd[357129]: Invalid user k from 103.30.40.129 port 50518
2026-09-06T02:58:07.353157+00:00 ubuntu sshd[357129]: pam_unix(sshd:auth): check pass; user unknown
2026-09-06T02:58:07.353240+00:00 ubuntu sshd[357129]: pam_unix(sshd:auth): authentication failure; logname= uid=0 euid=0 tty=ssh ruser= rhost=103.30.40.129
2026-09-06T02:58:09.221058+00:00 ubuntu sshd[357129]: Failed password for invalid user k from 103.30.40.129 port 50518 ssh2
2026-09-06T02:58:09.550641+00:00 ubuntu sshd[357129]: Received disconnect from 103.30.40.129 port 50518:11: Bye Bye [preauth]
2026-09-06T02:58:09.550716+00:00 ubuntu sshd[357129]: Disconnected from invalid user k 103.30.40.129 port 50518 [preauth]
2026-09-06T02:58:12.196593+00:00 ubuntu sshd[357303]: Invalid user comp from 125.21.59.218 port 59712
2026-09-06T02:58:12.198281+00:00 ubuntu sshd[357303]: pam_unix(sshd:auth): check pass; user unknown
2026-09-06T02:58:12.198362+00:00 ubuntu sshd[357303]: pam_unix(sshd:auth): authentication failure; logname= uid=0 euid=0 tty=ssh ruser= rhost=125.21.59.218
2026-09-06T02:58:14.086251+00:00 ubuntu sshd[357303]: Failed password for invalid user comp from 125.21.59.218 port 59712 ssh2
2026-09-06T02:58:14.407568+00:00 ubuntu sshd[357303]: Received disconnect from 125.21.59.218 port 59712:11: Bye Bye [preauth]
2026-09-06T02:58:14.407729+00:00 ubuntu sshd[357303]: Disconnected from invalid user comp 125.21.59.218 port 59712 [preauth]
2026-09-06T02:58:21.560207+00:00 ubuntu sshd[357691]: pam_unix(sshd:auth): authentication failure; logname= uid=0 euid=0 tty=ssh ruser= rhost=103.69.107.122 user=root
2026-09-06T02:58:23.683590+00:00 ubuntu sshd[357691]: Failed password for root from 103.69.107.122 port 48801 ssh2
2026-09-06T02:58:25.158338+00:00 ubuntu sshd[357691]: Connection closed by authenticating user root 103.69.107.122 port 48801 [preauth]
2026-09-06T02:58:26.722570+00:00 ubuntu sshd[357934]: pam_unix(sshd:auth): authentication failure; logname= uid=0 euid=0 tty=ssh ruser= rhost=103.25.47.94 user=root
2026-09-06T02:58:28.530361+00:00 ubuntu sshd[357934]: Failed password for root from 103.25.47.94 port 54896 ssh2
2026-09-06T02:58:30.021563+00:00 ubuntu sshd[357934]: Received disconnect from 103.25.47.94 port 54896:11: Bye Bye [preauth]
2026-09-06T02:58:30.021696+00:00 ubuntu sshd[357934]: Disconnected from authenticating user root 103.25.47.94 port 54896 [preauth]
2026-09-06T02:58:37.390530+00:00 ubuntu sshd[358238]: pam_unix(sshd:auth): authentication failure; logname= uid=0 euid=0 tty=ssh ruser= rhost=61.76.112.4 user=root
2026-09-06T02:58:39.709940+00:00 ubuntu sshd[358238]: Failed password for root from 61.76.112.4 port 52347 ssh2
2026-09-06T02:58:40.615176+00:00 ubuntu sshd[358324]: Invalid user sumit from 125.21.59.218 port 39006
2026-09-06T02:58:40.617354+00:00 ubuntu sshd[358324]: pam_unix(sshd:auth): check pass; user unknown
2026-09-06T02:58:40.617479+00:00 ubuntu sshd[358324]: pam_unix(sshd:auth): authentication failure; logname= uid=0 euid=0 tty=ssh ruser= rhost=125.21.59.218
2026-09-06T02:58:40.805663+00:00 ubuntu sshd[358238]: Received disconnect from 61.76.112.4 port 52347:11: Bye Bye [preauth]
2026-09-06T02:58:40.805739+00:00 ubuntu sshd[358238]: Disconnected from authenticating user root 61.76.112.4 port 52347 [preauth]
2026-09-06T02:58:42.349606+00:00 ubuntu sshd[358324]: Failed password for invalid user sumit from 125.21.59.218 port 39006 ssh2
2026-09-06T02:58:42.581988+00:00 ubuntu sshd[358430]: Invalid user hunter from 207.154.247.140 port 48494
2026-09-06T02:58:42.583690+00:00 ubuntu sshd[358430]: pam_unix(sshd:auth): check pass; user unknown
2026-09-06T02:58:42.583772+00:00 ubuntu sshd[358430]: pam_unix(sshd:auth): authentication failure; logname= uid=0 euid=0 tty=ssh ruser= rhost=207.154.247.140
2026-09-06T02:58:43.056048+00:00 ubuntu sshd[358324]: Received disconnect from 125.21.59.218 port 39006:11: Bye Bye [preauth]
2026-09-06T02:58:43.056169+00:00 ubuntu sshd[358324]: Disconnected from invalid user sumit 125.21.59.218 port 39006 [preauth]
2026-09-06T02:58:44.921828+00:00 ubuntu sshd[358430]: Failed password for invalid user hunter from 207.154.247.140 port 48494 ssh2
2026-09-06T02:58:45.591135+00:00 ubuntu sshd[358430]: Received disconnect from 207.154.247.140 port 48494:11: Bye Bye [preauth]
2026-09-06T02:58:45.591274+00:00 ubuntu sshd[358430]: Disconnected from invalid user hunter 207.154.247.140 port 48494 [preauth]
2026-09-06T02:59:09.607570+00:00 ubuntu sshd[359432]: pam_unix(sshd:auth): authentication failure; logname= uid=0 euid=0 tty=ssh ruser= rhost=125.21.59.218 user=root
2026-09-06T02:59:10.906847+00:00 ubuntu sshd[359452]: Invalid user sysadmin from 45.123.110.70 port 25542
2026-09-06T02:59:10.909105+00:00 ubuntu sshd[359452]: pam_unix(sshd:auth): check pass; user unknown
2026-09-06T02:59:10.909187+00:00 ubuntu sshd[359452]: pam_unix(sshd:auth): authentication failure; logname= uid=0 euid=0 tty=ssh ruser= rhost=45.123.110.70
2026-09-06T02:59:11.319638+00:00 ubuntu sshd[359432]: Failed password for root from 125.21.59.218 port 46312 ssh2
2026-09-06T02:59:12.732368+00:00 ubuntu sshd[359550]: Invalid user ubuntu from 103.30.40.129 port 52528
2026-09-06T02:59:12.734201+00:00 ubuntu sshd[359550]: pam_unix(sshd:auth): check pass; user unknown
2026-09-06T02:59:12.734266+00:00 ubuntu sshd[359550]: pam_unix(sshd:auth): authentication failure; logname= uid=0 euid=0 tty=ssh ruser= rhost=103.30.40.129
2026-09-06T02:59:12.757166+00:00 ubuntu sshd[359452]: Failed password for invalid user sysadmin from 45.123.110.70 port 25542 ssh2
2026-09-06T02:59:12.852559+00:00 ubuntu sshd[359432]: Received disconnect from 125.21.59.218 port 46312:11: Bye Bye [preauth]
2026-09-06T02:59:12.852643+00:00 ubuntu sshd[359432]: Disconnected from authenticating user root 125.21.59.218 port 46312 [preauth]
2026-09-06T02:59:13.379812+00:00 ubuntu sshd[359452]: Received disconnect from 45.123.110.70 port 25542:11: Bye Bye [preauth]
2026-09-06T02:59:13.379953+00:00 ubuntu sshd[359452]: Disconnected from invalid user sysadmin 45.123.110.70 port 25542 [preauth]
2026-09-06T02:59:15.153553+00:00 ubuntu sshd[359605]: pam_unix(sshd:auth): authentication failure; logname= uid=0 euid=0 tty=ssh ruser= rhost=85.198.19.242 user=root
2026-09-06T02:59:15.194036+00:00 ubuntu sshd[359550]: Failed password for invalid user ubuntu from 103.30.40.129 port 52528 ssh2
2026-09-06T02:59:17.075676+00:00 ubuntu sshd[359550]: Received disconnect from 103.30.40.129 port 52528:11: Bye Bye [preauth]
2026-09-06T02:59:17.075833+00:00 ubuntu sshd[359550]: Disconnected from invalid user ubuntu 103.30.40.129 port 52528 [preauth]
2026-09-06T02:59:17.357247+00:00 ubuntu sshd[359605]: Failed password for root from 85.198.19.242 port 50176 ssh2
