2026-09-06T07:24:15.915700+00:00 ubuntu sudo: pam_unix(sudo:session): session closed for user root
2026-09-06T07:24:16.071913+00:00 ubuntu sudo: hermes : PWD=/home/hermes ; USER=root ; COMMAND=/usr/bin/true
2026-09-06T07:24:16.072278+00:00 ubuntu sudo: pam_unix(sudo:session): session opened for user root(uid=0) by hermes(uid=1000)
2026-09-06T07:24:16.073741+00:00 ubuntu sudo: pam_unix(sudo:session): session closed for user root
2026-09-06T07:24:16.097516+00:00 ubuntu sudo: hermes : PWD=/home/hermes ; USER=root ; COMMAND=/usr/bin/python3 -
2026-09-06T07:24:16.098300+00:00 ubuntu sudo: pam_unix(sudo:session): session opened for user root(uid=0) by hermes(uid=1000)
2026-09-06T07:24:16.117648+00:00 ubuntu sudo: pam_unix(sudo:session): session closed for user root
2026-09-06T07:24:26.066732+00:00 ubuntu sshd[881212]: pam_unix(sshd:auth): authentication failure; logname= uid=0 euid=0 tty=ssh ruser= rhost=192.253.248.222 user=root
2026-09-06T07:24:26.845081+00:00 ubuntu sshd[881208]: Invalid user bp from 103.123.53.88 port 58786
2026-09-06T07:24:26.847515+00:00 ubuntu sshd[881208]: pam_unix(sshd:auth): check pass; user unknown
2026-09-06T07:24:26.847599+00:00 ubuntu sshd[881208]: pam_unix(sshd:auth): authentication failure; logname= uid=0 euid=0 tty=ssh ruser= rhost=103.123.53.88
2026-09-06T07:24:28.102946+00:00 ubuntu sshd[881212]: Failed password for root from 192.253.248.222 port 51546 ssh2
2026-09-06T07:24:29.018848+00:00 ubuntu sshd[881208]: Failed password for invalid user bp from 103.123.53.88 port 58786 ssh2
2026-09-06T07:24:29.185466+00:00 ubuntu sshd[881212]: Connection closed by authenticating user root 192.253.248.222 port 51546 [preauth]
2026-09-06T07:24:30.668441+00:00 ubuntu sshd[881208]: Received disconnect from 103.123.53.88 port 58786:11: Bye Bye [preauth]
2026-09-06T07:24:30.668613+00:00 ubuntu sshd[881208]: Disconnected from invalid user bp 103.123.53.88 port 58786 [preauth]
2026-09-06T07:25:01.186562+00:00 ubuntu CRON[883175]: pam_unix(cron:session): session opened for user root(uid=0) by root(uid=0)
2026-09-06T07:25:01.190775+00:00 ubuntu CRON[883175]: pam_unix(cron:session): session closed for user root
2026-09-06T07:25:02.029011+00:00 ubuntu sudo: hermes : PWD=/home/hermes ; USER=root ; COMMAND=/usr/bin/true
2026-09-06T07:25:02.029542+00:00 ubuntu sudo: pam_unix(sudo:session): session opened for user root(uid=0) by hermes(uid=1000)
2026-09-06T07:25:02.031286+00:00 ubuntu sudo: pam_unix(sudo:session): session closed for user root
2026-09-06T07:25:02.050094+00:00 ubuntu sudo: hermes : PWD=/home/hermes ; USER=root ; COMMAND=/usr/bin/cp /opt/struktur/mas-visual-library/database/visual_library.db /opt/struktur/mas-visual-library/database/visual_library.db.pre-rights-correction-20260905
2026-09-06T07:25:02.050433+00:00 ubuntu sudo: pam_unix(sudo:session): session opened for user root(uid=0) by hermes(uid=1000)
2026-09-06T07:25:02.056932+00:00 ubuntu sudo: pam_unix(sudo:session): session closed for user root
2026-09-06T07:25:02.069526+00:00 ubuntu sudo: hermes : PWD=/home/hermes ; USER=root ; COMMAND=/usr/bin/python3 -c 'from pathlib import Path; p=Path("/opt/struktur/social-media-agent/app.py"); s=p.read_text(); old="""@app.route(\\"/visuals/<path:filename>\\")\\ndef serve_visual(filename):\\n return _send_from_dir(str(VISUALS_DIR), filename)\\n# ── Ende SMA Visual Engine ────────────────────────────────────────────────"""; new="""@app.route(\\"/visuals/<path:filename>\\")\\ndef serve_visual(filename):\\n return _send_from_dir(str(VISUALS_DIR), filename)\\n\\n# Read-only serving of approved originals from the canonical MAS visual library.\\n# No derivative or second image store is created.\\nMAS_VISUAL_DB = _Path(os.environ.get(\\n \\"MAS_VISUAL_LIBRARY_DB\\", \\"/opt/struktur/mas-visual-library/database/visual_library.db\\"\\n)).resolve()\\nMAS_VISUAL_ORIGINALS =
2026-09-06T07:25:02.069740+00:00 ubuntu sudo: hermes : (command continued) _Path(os.environ.get(\\n \\"MAS_VISUAL_LIBRARY_ORIGINALS\\", \\"/opt/struktur/mas-visual-library/originals\\"\\n)).resolve()\\n\\n@app.route(\\"/library-assets/<visual_id>\\")\\ndef serve_library_asset(visual_id):\\n if not visual_id.startswith(\\"VIS-\\"):\\n abort(404)\\n try:\\n with sqlite3.connect(f\\"file:{MAS_VISUAL_DB.as_posix()}?mode=ro\\", uri=True) as con:\\n row = con.execute(\\n \\"SELECT stored_filename, usage_rights, approved FROM visuals WHERE visual_id=?\\",\\n (visual_id,),\\n ).fetchone()\\n except sqlite3.Error:\\n abort(404)\\n if not row or row[1] != \\"GEKLÄRT\\" or not int(row[2] or 0):\\n abort(404)\\n path = (MAS_VISUAL_ORIGINALS / row[0]).resolve()\\n if MAS_VISUAL_ORIGINALS not in path.parents or not path.is_file():\\n abort(404)\\n return send_file(path, conditional=True)\\n#
2026-09-06T07:25:02.069940+00:00 ubuntu sudo: hermes : (command continued) ── Ende SMA Visual Engine ────────────────────────────────────────────────"""; assert old in s; p.write_text(s.replace(old,new,1))'
2026-09-06T07:25:02.070374+00:00 ubuntu sudo: pam_unix(sudo:session): session opened for user root(uid=0) by hermes(uid=1000)
2026-09-06T07:25:02.105043+00:00 ubuntu sudo: pam_unix(sudo:session): session closed for user root
2026-09-06T07:25:02.115664+00:00 ubuntu sudo: hermes : PWD=/home/hermes ; USER=root ; COMMAND=/usr/bin/python3 -
2026-09-06T07:25:02.116295+00:00 ubuntu sudo: pam_unix(sudo:session): session opened for user root(uid=0) by hermes(uid=1000)
2026-09-06T07:25:02.144377+00:00 ubuntu sudo: pam_unix(sudo:session): session closed for user root
2026-09-06T07:25:05.339376+00:00 ubuntu sshd[883328]: Invalid user ftpuser from 176.53.159.197 port 53092
2026-09-06T07:25:05.396638+00:00 ubuntu sshd[883328]: pam_unix(sshd:auth): check pass; user unknown
2026-09-06T07:25:05.396814+00:00 ubuntu sshd[883328]: pam_unix(sshd:auth): authentication failure; logname= uid=0 euid=0 tty=ssh ruser= rhost=176.53.159.197
2026-09-06T07:25:07.257149+00:00 ubuntu sshd[883328]: Failed password for invalid user ftpuser from 176.53.159.197 port 53092 ssh2
2026-09-06T07:25:08.738268+00:00 ubuntu sshd[883328]: pam_unix(sshd:auth): check pass; user unknown
2026-09-06T07:25:11.010489+00:00 ubuntu sshd[883328]: Failed password for invalid user ftpuser from 176.53.159.197 port 53092 ssh2
2026-09-06T07:25:12.079920+00:00 ubuntu sshd[883328]: pam_unix(sshd:auth): check pass; user unknown
2026-09-06T07:25:13.899596+00:00 ubuntu sshd[883328]: Failed password for invalid user ftpuser from 176.53.159.197 port 53092 ssh2
2026-09-06T07:25:14.789019+00:00 ubuntu sudo: hermes : PWD=/home/hermes ; USER=root ; COMMAND=/usr/bin/true
2026-09-06T07:25:14.789301+00:00 ubuntu sudo: pam_unix(sudo:session): session opened for user root(uid=0) by hermes(uid=1000)
2026-09-06T07:25:14.790720+00:00 ubuntu sudo: pam_unix(sudo:session): session closed for user root
2026-09-06T07:25:14.808010+00:00 ubuntu sudo: hermes : PWD=/home/hermes ; USER=root ; COMMAND=/usr/bin/python3 -
2026-09-06T07:25:14.808664+00:00 ubuntu sudo: pam_unix(sudo:session): session opened for user root(uid=0) by hermes(uid=1000)
2026-09-06T07:25:14.905541+00:00 ubuntu sudo: pam_unix(sudo:session): session closed for user root
2026-09-06T07:25:15.421433+00:00 ubuntu sshd[883328]: pam_unix(sshd:auth): check pass; user unknown
2026-09-06T07:25:16.047028+00:00 ubuntu sshd[883694]: pam_unix(sshd:auth): authentication failure; logname= uid=0 euid=0 tty=ssh ruser= rhost=171.25.158.47 user=root
2026-09-06T07:25:17.653591+00:00 ubuntu sshd[883328]: Failed password for invalid user ftpuser from 176.53.159.197 port 53092 ssh2
2026-09-06T07:25:18.279351+00:00 ubuntu sshd[883694]: Failed password for root from 171.25.158.47 port 47312 ssh2
2026-09-06T07:25:18.762923+00:00 ubuntu sshd[883328]: pam_unix(sshd:auth): check pass; user unknown
2026-09-06T07:25:19.175309+00:00 ubuntu sshd[883694]: Received disconnect from 171.25.158.47 port 47312:11: Bye Bye [preauth]
2026-09-06T07:25:19.175466+00:00 ubuntu sshd[883694]: Disconnected from authenticating user root 171.25.158.47 port 47312 [preauth]
2026-09-06T07:25:19.898199+00:00 ubuntu sudo: hermes : PWD=/home/hermes ; USER=root ; COMMAND=/usr/bin/true
2026-09-06T07:25:19.898532+00:00 ubuntu sudo: pam_unix(sudo:session): session opened for user root(uid=0) by hermes(uid=1000)
2026-09-06T07:25:19.900194+00:00 ubuntu sudo: pam_unix(sudo:session): session closed for user root
2026-09-06T07:25:19.919213+00:00 ubuntu sudo: hermes : PWD=/home/hermes ; USER=root ; COMMAND=/usr/bin/python3 -
2026-09-06T07:25:19.919699+00:00 ubuntu sudo: pam_unix(sudo:session): session opened for user root(uid=0) by hermes(uid=1000)
2026-09-06T07:25:19.940040+00:00 ubuntu sudo: pam_unix(sudo:session): session closed for user root
2026-09-06T07:25:20.407747+00:00 ubuntu sshd[883328]: Failed password for invalid user ftpuser from 176.53.159.197 port 53092 ssh2
2026-09-06T07:25:20.441742+00:00 ubuntu sshd[883328]: Connection reset by invalid user ftpuser 176.53.159.197 port 53092 [preauth]
2026-09-06T07:25:20.442180+00:00 ubuntu sshd[883328]: PAM 4 more authentication failures; logname= uid=0 euid=0 tty=ssh ruser= rhost=176.53.159.197
2026-09-06T07:25:20.442255+00:00 ubuntu sshd[883328]: PAM service(sshd) ignoring max retries; 5 > 3
2026-09-06T07:25:20.488743+00:00 ubuntu sshd[883908]: Invalid user gg from 176.53.159.197 port 25754
2026-09-06T07:25:20.505842+00:00 ubuntu sshd[883908]: pam_unix(sshd:auth): check pass; user unknown
2026-09-06T07:25:20.505964+00:00 ubuntu sshd[883908]: pam_unix(sshd:auth): authentication failure; logname= uid=0 euid=0 tty=ssh ruser= rhost=176.53.159.197
2026-09-06T07:25:22.758233+00:00 ubuntu sshd[883908]: Failed password for invalid user gg from 176.53.159.197 port 25754 ssh2
2026-09-06T07:25:24.371032+00:00 ubuntu sshd[883908]: pam_unix(sshd:auth): check pass; user unknown
2026-09-06T07:25:26.171589+00:00 ubuntu sshd[883908]: Failed password for invalid user gg from 176.53.159.197 port 25754 ssh2
2026-09-06T07:25:26.303205+00:00 ubuntu sshd[883908]: pam_unix(sshd:auth): check pass; user unknown
2026-09-06T07:25:28.044112+00:00 ubuntu sshd[883908]: Failed password for invalid user gg from 176.53.159.197 port 25754 ssh2
2026-09-06T07:25:28.235844+00:00 ubuntu sshd[883908]: pam_unix(sshd:auth): check pass; user unknown
2026-09-06T07:25:29.530668+00:00 ubuntu sudo: hermes : PWD=/home/hermes ; USER=root ; COMMAND=/usr/bin/true
2026-09-06T07:25:29.530996+00:00 ubuntu sudo: pam_unix(sudo:session): session opened for user root(uid=0) by hermes(uid=1000)
2026-09-06T07:25:29.532954+00:00 ubuntu sudo: pam_unix(sudo:session): session closed for user root
2026-09-06T07:25:29.550511+00:00 ubuntu sudo: hermes : PWD=/home/hermes ; USER=root ; COMMAND=/usr/bin/python3 -m py_compile /opt/struktur/social-media-agent/app.py
2026-09-06T07:25:29.550933+00:00 ubuntu sudo: pam_unix(sudo:session): session opened for user root(uid=0) by hermes(uid=1000)
2026-09-06T07:25:29.595093+00:00 ubuntu sudo: pam_unix(sudo:session): session closed for user root
2026-09-06T07:25:29.605429+00:00 ubuntu sudo: hermes : PWD=/home/hermes ; USER=root ; COMMAND=/usr/bin/python3 -
2026-09-06T07:25:29.606191+00:00 ubuntu sudo: pam_unix(sudo:session): session opened for user root(uid=0) by hermes(uid=1000)
2026-09-06T07:25:29.800125+00:00 ubuntu sudo: pam_unix(sudo:session): session closed for user root
2026-09-06T07:25:29.810288+00:00 ubuntu sudo: hermes : PWD=/home/hermes ; USER=root ; COMMAND=/usr/bin/python3 -
2026-09-06T07:25:29.810668+00:00 ubuntu sudo: pam_unix(sudo:session): session opened for user root(uid=0) by hermes(uid=1000)
2026-09-06T07:25:29.831511+00:00 ubuntu sudo: pam_unix(sudo:session): session closed for user root
2026-09-06T07:25:29.920201+00:00 ubuntu sshd[883908]: Failed password for invalid user gg from 176.53.159.197 port 25754 ssh2
2026-09-06T07:25:30.167909+00:00 ubuntu sshd[883908]: pam_unix(sshd:auth): check pass; user unknown
2026-09-06T07:25:31.793123+00:00 ubuntu sshd[883908]: Failed password for invalid user gg from 176.53.159.197 port 25754 ssh2
2026-09-06T07:25:32.109254+00:00 ubuntu sshd[883908]: Connection reset by invalid user gg 176.53.159.197 port 25754 [preauth]
2026-09-06T07:25:32.109711+00:00 ubuntu sshd[883908]: PAM 4 more authentication failures; logname= uid=0 euid=0 tty=ssh ruser= rhost=176.53.159.197
2026-09-06T07:25:32.109860+00:00 ubuntu sshd[883908]: PAM service(sshd) ignoring max retries; 5 > 3
2026-09-06T07:25:32.157260+00:00 ubuntu sshd[884443]: Invalid user guest from 176.53.159.197 port 2920
2026-09-06T07:25:32.173676+00:00 ubuntu sshd[884443]: pam_unix(sshd:auth): check pass; user unknown
2026-09-06T07:25:32.173821+00:00 ubuntu sshd[884443]: pam_unix(sshd:auth): authentication failure; logname= uid=0 euid=0 tty=ssh ruser= rhost=176.53.159.197
2026-09-06T07:25:34.129463+00:00 ubuntu sshd[884471]: Invalid user server from 103.123.53.88 port 33956
2026-09-06T07:25:34.131874+00:00 ubuntu sshd[884471]: pam_unix(sshd:auth): check pass; user unknown
2026-09-06T07:25:34.132051+00:00 ubuntu sshd[884471]: pam_unix(sshd:auth): authentication failure; logname= uid=0 euid=0 tty=ssh ruser= rhost=103.123.53.88
2026-09-06T07:25:34.406188+00:00 ubuntu sshd[884443]: Failed password for invalid user guest from 176.53.159.197 port 2920 ssh2
2026-09-06T07:25:34.438698+00:00 ubuntu sshd[884443]: pam_unix(sshd:auth): check pass; user unknown
2026-09-06T07:25:35.721867+00:00 ubuntu sudo: hermes : PWD=/home/hermes ; USER=root ; COMMAND=/usr/bin/true
2026-09-06T07:25:35.722351+00:00 ubuntu sudo: pam_unix(sudo:session): session opened for user root(uid=0) by hermes(uid=1000)
2026-09-06T07:25:35.723935+00:00 ubuntu sudo: pam_unix(sudo:session): session closed for user root
2026-09-06T07:25:35.740859+00:00 ubuntu sudo: hermes : PWD=/home/hermes ; USER=root ; COMMAND=/usr/bin/env SMA_BRAND_CONFIG=/home/hermes/mas-brand.json python3 -
2026-09-06T07:25:35.741735+00:00 ubuntu sudo: pam_unix(sudo:session): session opened for user root(uid=0) by hermes(uid=1000)
2026-09-06T07:25:35.972995+00:00 ubuntu sshd[884471]: Failed password for invalid user server from 103.123.53.88 port 33956 ssh2
2026-09-06T07:25:36.037122+00:00 ubuntu sudo: pam_unix(sudo:session): session closed for user root
2026-09-06T07:25:36.279535+00:00 ubuntu sshd[884443]: Failed password for invalid user guest from 176.53.159.197 port 2920 ssh2
2026-09-06T07:25:36.703819+00:00 ubuntu sshd[884443]: pam_unix(sshd:auth): check pass; user unknown
2026-09-06T07:25:36.732102+00:00 ubuntu sshd[884471]: Received disconnect from 103.123.53.88 port 33956:11: Bye Bye [preauth]
2026-09-06T07:25:36.732231+00:00 ubuntu sshd[884471]: Disconnected from invalid user server 103.123.53.88 port 33956 [preauth]
2026-09-06T07:25:38.484834+00:00 ubuntu sshd[884443]: Failed password for invalid user guest from 176.53.159.197 port 2920 ssh2
2026-09-06T07:25:38.775125+00:00 ubuntu sshd[884142]: pam_unix(sshd:auth): authentication failure; logname= uid=0 euid=0 tty=ssh ruser= rhost=151.158.2.135 user=root
2026-09-06T07:25:38.968334+00:00 ubuntu sshd[884443]: pam_unix(sshd:auth): check pass; user unknown
2026-09-06T07:25:41.167552+00:00 ubuntu sshd[884142]: Failed password for root from 151.158.2.135 port 33834 ssh2
2026-09-06T07:25:41.359309+00:00 ubuntu sshd[884443]: Failed password for invalid user guest from 176.53.159.197 port 2920 ssh2
2026-09-06T07:25:43.497945+00:00 ubuntu sshd[884443]: pam_unix(sshd:auth): check pass; user unknown
2026-09-06T07:25:44.198464+00:00 ubuntu sshd[884142]: Connection closed by authenticating user root 151.158.2.135 port 33834 [preauth]
2026-09-06T07:25:45.574568+00:00 ubuntu sshd[884443]: Failed password for invalid user guest from 176.53.159.197 port 2920 ssh2
2026-09-06T07:25:45.770963+00:00 ubuntu sshd[884443]: Connection reset by invalid user guest 176.53.159.197 port 2920 [preauth]
2026-09-06T07:25:45.771300+00:00 ubuntu sshd[884443]: PAM 4 more authentication failures; logname= uid=0 euid=0 tty=ssh ruser= rhost=176.53.159.197
2026-09-06T07:25:45.771372+00:00 ubuntu sshd[884443]: PAM service(sshd) ignoring max retries; 5 > 3
2026-09-06T07:25:45.819674+00:00 ubuntu sshd[884930]: Invalid user logout from 176.53.159.197 port 21960
2026-09-06T07:25:45.836060+00:00 ubuntu sshd[884930]: pam_unix(sshd:auth): check pass; user unknown
2026-09-06T07:25:45.836134+00:00 ubuntu sshd[884930]: pam_unix(sshd:auth): authentication failure; logname= uid=0 euid=0 tty=ssh ruser= rhost=176.53.159.197
2026-09-06T07:25:47.852933+00:00 ubuntu sshd[884930]: Failed password for invalid user logout from 176.53.159.197 port 21960 ssh2
2026-09-06T07:25:48.420268+00:00 ubuntu sshd[884930]: pam_unix(sshd:auth): check pass; user unknown
2026-09-06T07:25:50.181229+00:00 ubuntu sshd[884930]: Failed password for invalid user logout from 176.53.159.197 port 21960 ssh2
2026-09-06T07:25:51.004548+00:00 ubuntu sshd[884930]: pam_unix(sshd:auth): check pass; user unknown
2026-09-06T07:25:53.512198+00:00 ubuntu sshd[884930]: Failed password for invalid user logout from 176.53.159.197 port 21960 ssh2
2026-09-06T07:25:53.588733+00:00 ubuntu sshd[884930]: pam_unix(sshd:auth): check pass; user unknown
2026-09-06T07:25:55.038276+00:00 ubuntu sshd[884930]: Failed password for invalid user logout from 176.53.159.197 port 21960 ssh2
2026-09-06T07:25:56.173257+00:00 ubuntu sshd[884930]: pam_unix(sshd:auth): check pass; user unknown
2026-09-06T07:25:58.033203+00:00 ubuntu sshd[884930]: Failed password for invalid user logout from 176.53.159.197 port 21960 ssh2
2026-09-06T07:25:58.765686+00:00 ubuntu sshd[884930]: Connection reset by invalid user logout 176.53.159.197 port 21960 [preauth]
2026-09-06T07:25:58.765945+00:00 ubuntu sshd[884930]: PAM 4 more authentication failures; logname= uid=0 euid=0 tty=ssh ruser= rhost=176.53.159.197
2026-09-06T07:25:58.766012+00:00 ubuntu sshd[884930]: PAM service(sshd) ignoring max retries; 5 > 3
2026-09-06T07:25:58.816841+00:00 ubuntu sshd[886096]: Invalid user nginx from 176.53.159.197 port 35814
2026-09-06T07:25:58.833014+00:00 ubuntu sshd[886096]: pam_unix(sshd:auth): check pass; user unknown
2026-09-06T07:25:58.833143+00:00 ubuntu sshd[886096]: pam_unix(sshd:auth): authentication failure; logname= uid=0 euid=0 tty=ssh ruser= rhost=176.53.159.197
2026-09-06T07:26:00.634224+00:00 ubuntu sshd[886096]: Failed password for invalid user nginx from 176.53.159.197 port 35814 ssh2
2026-09-06T07:26:00.655966+00:00 ubuntu sshd[886096]: pam_unix(sshd:auth): check pass; user unknown
2026-09-06T07:26:02.401214+00:00 ubuntu sshd[886096]: Failed password for invalid user nginx from 176.53.159.197 port 35814 ssh2
2026-09-06T07:26:02.478593+00:00 ubuntu sshd[886096]: pam_unix(sshd:auth): check pass; user unknown
2026-09-06T07:26:04.831317+00:00 ubuntu sshd[886096]: Failed password for invalid user nginx from 176.53.159.197 port 35814 ssh2
2026-09-06T07:26:06.124630+00:00 ubuntu sshd[886096]: pam_unix(sshd:auth): check pass; user unknown
2026-09-06T07:26:08.025490+00:00 ubuntu sshd[886096]: Failed password for invalid user nginx from 176.53.159.197 port 35814 ssh2
2026-09-06T07:26:09.769823+00:00 ubuntu sshd[886096]: pam_unix(sshd:auth): check pass; user unknown
2026-09-06T07:26:12.082238+00:00 ubuntu sshd[886096]: Failed password for invalid user nginx from 176.53.159.197 port 35814 ssh2
2026-09-06T07:26:13.423985+00:00 ubuntu sshd[886096]: Connection reset by invalid user nginx 176.53.159.197 port 35814 [preauth]
2026-09-06T07:26:13.424268+00:00 ubuntu sshd[886096]: PAM 4 more authentication failures; logname= uid=0 euid=0 tty=ssh ruser= rhost=176.53.159.197
2026-09-06T07:26:13.424378+00:00 ubuntu sshd[886096]: PAM service(sshd) ignoring max retries; 5 > 3
2026-09-06T07:26:17.906460+00:00 ubuntu sshd[886806]: Invalid user ubuntu from 171.25.158.47 port 42306
2026-09-06T07:26:17.908494+00:00 ubuntu sshd[886806]: pam_unix(sshd:auth): check pass; user unknown
2026-09-06T07:26:17.908583+00:00 ubuntu sshd[886806]: pam_unix(sshd:auth): authentication failure; logname= uid=0 euid=0 tty=ssh ruser= rhost=171.25.158.47
2026-09-06T07:26:19.985401+00:00 ubuntu sshd[886806]: Failed password for invalid user ubuntu from 171.25.158.47 port 42306 ssh2
2026-09-06T07:26:20.031031+00:00 ubuntu sshd[886806]: Received disconnect from 171.25.158.47 port 42306:11: Bye Bye [preauth]
2026-09-06T07:26:20.031142+00:00 ubuntu sshd[886806]: Disconnected from invalid user ubuntu 171.25.158.47 port 42306 [preauth]
2026-09-06T07:26:44.141370+00:00 ubuntu sshd[887800]: pam_unix(sshd:auth): authentication failure; logname= uid=0 euid=0 tty=ssh ruser= rhost=103.123.53.88 user=root
2026-09-06T07:26:46.594050+00:00 ubuntu sshd[887800]: Failed password for root from 103.123.53.88 port 44094 ssh2
2026-09-06T07:26:47.467098+00:00 ubuntu sshd[887800]: Received disconnect from 103.123.53.88 port 44094:11: Bye Bye [preauth]
2026-09-06T07:26:47.467374+00:00 ubuntu sshd[887800]: Disconnected from authenticating user root 103.123.53.88 port 44094 [preauth]
2026-09-06T07:27:16.300837+00:00 ubuntu sshd[889261]: pam_unix(sshd:auth): authentication failure; logname= uid=0 euid=0 tty=ssh ruser= rhost=20.106.172.62 user=root
2026-09-06T07:27:17.808679+00:00 ubuntu sshd[889261]: Failed password for root from 20.106.172.62 port 34930 ssh2
2026-09-06T07:27:20.391707+00:00 ubuntu sshd[889639]: Invalid user deamon from 171.25.158.47 port 59166
2026-09-06T07:27:20.394037+00:00 ubuntu sshd[889639]: pam_unix(sshd:auth): check pass; user unknown
2026-09-06T07:27:20.394119+00:00 ubuntu sshd[889639]: pam_unix(sshd:auth): authentication failure; logname= uid=0 euid=0 tty=ssh ruser= rhost=171.25.158.47
2026-09-06T07:27:20.977630+00:00 ubuntu sshd[889261]: Connection closed by authenticating user root 20.106.172.62 port 34930 [preauth]
2026-09-06T07:27:22.787139+00:00 ubuntu sshd[889639]: Failed password for invalid user deamon from 171.25.158.47 port 59166 ssh2
2026-09-06T07:27:24.199185+00:00 ubuntu sshd[889639]: Received disconnect from 171.25.158.47 port 59166:11: Bye Bye [preauth]
2026-09-06T07:27:24.199428+00:00 ubuntu sshd[889639]: Disconnected from invalid user deamon 171.25.158.47 port 59166 [preauth]
2026-09-06T07:27:54.097140+00:00 ubuntu sshd[890841]: Invalid user adib from 103.123.53.88 port 48910
2026-09-06T07:27:54.099083+00:00 ubuntu sshd[890841]: pam_unix(sshd:auth): check pass; user unknown
2026-09-06T07:27:54.099152+00:00 ubuntu sshd[890841]: pam_unix(sshd:auth): authentication failure; logname= uid=0 euid=0 tty=ssh ruser= rhost=103.123.53.88
2026-09-06T07:27:56.160739+00:00 ubuntu sshd[890841]: Failed password for invalid user adib from 103.123.53.88 port 48910 ssh2
2026-09-06T07:27:57.283264+00:00 ubuntu sshd[890841]: Received disconnect from 103.123.53.88 port 48910:11: Bye Bye [preauth]
2026-09-06T07:27:57.283381+00:00 ubuntu sshd[890841]: Disconnected from invalid user adib 103.123.53.88 port 48910 [preauth]
2026-09-06T07:28:24.943681+00:00 ubuntu sshd[892286]: Invalid user deploy from 171.25.158.47 port 46332
2026-09-06T07:28:24.945799+00:00 ubuntu sshd[892286]: pam_unix(sshd:auth): check pass; user unknown
2026-09-06T07:28:24.945910+00:00 ubuntu sshd[892286]: pam_unix(sshd:auth): authentication failure; logname= uid=0 euid=0 tty=ssh ruser= rhost=171.25.158.47
2026-09-06T07:28:27.459142+00:00 ubuntu sshd[892286]: Failed password for invalid user deploy from 171.25.158.47 port 46332 ssh2
2026-09-06T07:28:29.700005+00:00 ubuntu sshd[892286]: Received disconnect from 171.25.158.47 port 46332:11: Bye Bye [preauth]
2026-09-06T07:28:29.700151+00:00 ubuntu sshd[892286]: Disconnected from invalid user deploy 171.25.158.47 port 46332 [preauth]
2026-09-06T07:29:03.131424+00:00 ubuntu sshd[894124]: pam_unix(sshd:auth): authentication failure; logname= uid=0 euid=0 tty=ssh ruser= rhost=45.148.10.152 user=root
2026-09-06T07:29:05.664416+00:00 ubuntu sshd[894124]: Failed password for root from 45.148.10.152 port 21464 ssh2
2026-09-06T07:29:08.614175+00:00 ubuntu sshd[894124]: Failed password for root from 45.148.10.152 port 21464 ssh2
2026-09-06T07:29:10.263055+00:00 ubuntu sshd[894281]: Invalid user ec2-user from 103.123.53.88 port 60144
2026-09-06T07:29:10.264724+00:00 ubuntu sshd[894281]: pam_unix(sshd:auth): check pass; user unknown
2026-09-06T07:29:10.264817+00:00 ubuntu sshd[894281]: pam_unix(sshd:auth): authentication failure; logname= uid=0 euid=0 tty=ssh ruser= rhost=103.123.53.88
2026-09-06T07:29:11.235255+00:00 ubuntu sshd[894124]: Failed password for root from 45.148.10.152 port 21464 ssh2
2026-09-06T07:29:12.426635+00:00 ubuntu sshd[894281]: Failed password for invalid user ec2-user from 103.123.53.88 port 60144 ssh2
2026-09-06T07:29:13.083060+00:00 ubuntu sshd[894281]: Received disconnect from 103.123.53.88 port 60144:11: Bye Bye [preauth]
2026-09-06T07:29:13.083242+00:00 ubuntu sshd[894281]: Disconnected from invalid user ec2-user 103.123.53.88 port 60144 [preauth]
2026-09-06T07:29:14.856391+00:00 ubuntu sshd[894124]: Failed password for root from 45.148.10.152 port 21464 ssh2
2026-09-06T07:29:18.475333+00:00 ubuntu sshd[894124]: Failed password for root from 45.148.10.152 port 21464 ssh2
2026-09-06T07:29:19.079273+00:00 ubuntu sshd[894124]: Connection reset by authenticating user root 45.148.10.152 port 21464 [preauth]
2026-09-06T07:29:19.079559+00:00 ubuntu sshd[894124]: PAM 4 more authentication failures; logname= uid=0 euid=0 tty=ssh ruser= rhost=45.148.10.152 user=root
2026-09-06T07:29:19.079621+00:00 ubuntu sshd[894124]: PAM service(sshd) ignoring max retries; 5 > 3
2026-09-06T07:29:30.220601+00:00 ubuntu sshd[894842]: Invalid user mysql from 171.25.158.47 port 43854
2026-09-06T07:29:30.222576+00:00 ubuntu sshd[894842]: pam_unix(sshd:auth): check pass; user unknown
2026-09-06T07:29:30.222658+00:00 ubuntu sshd[894842]: pam_unix(sshd:auth): authentication failure; logname= uid=0 euid=0 tty=ssh ruser= rhost=171.25.158.47
2026-09-06T07:29:32.128247+00:00 ubuntu sshd[894842]: Failed password for invalid user mysql from 171.25.158.47 port 43854 ssh2
2026-09-06T07:29:33.529179+00:00 ubuntu sshd[894842]: Received disconnect from 171.25.158.47 port 43854:11: Bye Bye [preauth]
2026-09-06T07:29:33.529319+00:00 ubuntu sshd[894842]: Disconnected from invalid user mysql 171.25.158.47 port 43854 [preauth]
2026-09-06T07:29:50.580527+00:00 ubuntu sudo: hermes : PWD=/home/hermes ; USER=root ; COMMAND=/usr/bin/true
2026-09-06T07:29:50.581208+00:00 ubuntu sudo: pam_unix(sudo:session): session opened for user root(uid=0) by hermes(uid=1000)
2026-09-06T07:29:50.582880+00:00 ubuntu sudo: pam_unix(sudo:session): session closed for user root
2026-09-06T07:29:50.600655+00:00 ubuntu sudo: hermes : PWD=/home/hermes ; USER=root ; COMMAND=/usr/bin/python3 -
2026-09-06T07:29:50.601332+00:00 ubuntu sudo: pam_unix(sudo:session): session opened for user root(uid=0) by hermes(uid=1000)
2026-09-06T07:29:51.733356+00:00 ubuntu sudo: pam_unix(sudo:session): session closed for user root
2026-09-06T07:30:01.196215+00:00 ubuntu CRON[896285]: pam_unix(cron:session): session opened for user root(uid=0) by root(uid=0)
2026-09-06T07:30:05.848470+00:00 ubuntu sudo: hermes : PWD=/home/hermes ; USER=root ; COMMAND=/usr/bin/true
2026-09-06T07:30:05.849308+00:00 ubuntu sudo: pam_unix(sudo:session): session opened for user root(uid=0) by hermes(uid=1000)
2026-09-06T07:30:05.850583+00:00 ubuntu sudo: pam_unix(sudo:session): session closed for user root
2026-09-06T07:30:05.866546+00:00 ubuntu sudo: hermes : PWD=/home/hermes ; USER=root ; COMMAND=/usr/bin/cp /opt/struktur/mas-visual-library/database/visual_library.db /opt/struktur/mas-visual-library/database/visual_library.db.pre-library-eligible-20260905
2026-09-06T07:30:05.867286+00:00 ubuntu sudo: pam_unix(sudo:session): session opened for user root(uid=0) by hermes(uid=1000)
2026-09-06T07:30:05.871068+00:00 ubuntu sudo: pam_unix(sudo:session): session closed for user root
2026-09-06T07:30:05.881100+00:00 ubuntu sudo: hermes : PWD=/home/hermes ; USER=root ; COMMAND=/usr/bin/python3 -
2026-09-06T07:30:05.881480+00:00 ubuntu sudo: pam_unix(sudo:session): session opened for user root(uid=0) by hermes(uid=1000)
2026-09-06T07:30:06.362409+00:00 ubuntu sudo: pam_unix(sudo:session): session closed for user root
2026-09-06T07:30:18.606008+00:00 ubuntu sudo: hermes : PWD=/home/hermes ; USER=root ; COMMAND=/usr/bin/true
2026-09-06T07:30:18.606419+00:00 ubuntu sudo: pam_unix(sudo:session): session opened for user root(uid=0) by hermes(uid=1000)
2026-09-06T07:30:18.607887+00:00 ubuntu sudo: pam_unix(sudo:session): session closed for user root
2026-09-06T07:30:18.619917+00:00 ubuntu sshd[896775]: pam_unix(sshd:auth): authentication failure; logname= uid=0 euid=0 tty=ssh ruser= rhost=103.123.53.88 user=root
2026-09-06T07:30:18.626981+00:00 ubuntu sudo: hermes : PWD=/home/hermes ; USER=root ; COMMAND=/usr/bin/python3 -c 'from pathlib import Path; p=Path("/opt/struktur/social-media-agent/app.py"); s=p.read_text(); old="SELECT stored_filename, usage_rights, approved FROM visuals WHERE visual_id=?"; new="SELECT stored_filename, usage_rights, library_eligible FROM visuals WHERE visual_id=?"; assert old in s; s=s.replace(old,new,1); old2="if not row or row[1] != \\"GEKLÄRT\\" or not int(row[2] or 0):"; new2="if not row or row[1] != \\"GEKLÄRT\\" or not int(row[2] or 0):"; assert old2 in s; p.write_text(s)'
2026-09-06T07:30:18.627979+00:00 ubuntu sudo: pam_unix(sudo:session): session opened for user root(uid=0) by hermes(uid=1000)
2026-09-06T07:30:18.656693+00:00 ubuntu sudo: pam_unix(sudo:session): session closed for user root
2026-09-06T07:30:18.666151+00:00 ubuntu sudo: hermes : PWD=/home/hermes ; USER=root ; COMMAND=/usr/bin/python3 -m py_compile /opt/struktur/social-media-agent/app.py
2026-09-06T07:30:18.666543+00:00 ubuntu sudo: pam_unix(sudo:session): session opened for user root(uid=0) by hermes(uid=1000)
2026-09-06T07:30:18.725870+00:00 ubuntu sudo: pam_unix(sudo:session): session closed for user root
2026-09-06T07:30:20.114576+00:00 ubuntu sshd[896775]: Failed password for root from 103.123.53.88 port 44278 ssh2
2026-09-06T07:30:20.338189+00:00 ubuntu sshd[896775]: Received disconnect from 103.123.53.88 port 44278:11: Bye Bye [preauth]
2026-09-06T07:30:20.338318+00:00 ubuntu sshd[896775]: Disconnected from authenticating user root 103.123.53.88 port 44278 [preauth]
2026-09-06T07:30:31.439634+00:00 ubuntu sshd[897316]: Invalid user jhall from 171.25.158.47 port 37182
2026-09-06T07:30:31.441472+00:00 ubuntu sshd[897316]: pam_unix(sshd:auth): check pass; user unknown
2026-09-06T07:30:31.441538+00:00 ubuntu sshd[897316]: pam_unix(sshd:auth): authentication failure; logname= uid=0 euid=0 tty=ssh ruser= rhost=171.25.158.47
2026-09-06T07:30:33.387198+00:00 ubuntu sshd[897316]: Failed password for invalid user jhall from 171.25.158.47 port 37182 ssh2
2026-09-06T07:30:33.781327+00:00 ubuntu sshd[897316]: Received disconnect from 171.25.158.47 port 37182:11: Bye Bye [preauth]
2026-09-06T07:30:33.781506+00:00 ubuntu sshd[897316]: Disconnected from invalid user jhall 171.25.158.47 port 37182 [preauth]
2026-09-06T07:30:36.997905+00:00 ubuntu sudo: hermes : PWD=/home/hermes ; USER=root ; COMMAND=/usr/bin/true
2026-09-06T07:30:36.998500+00:00 ubuntu sudo: pam_unix(sudo:session): session opened for user root(uid=0) by hermes(uid=1000)
2026-09-06T07:30:37.000875+00:00 ubuntu sudo: pam_unix(sudo:session): session closed for user root
2026-09-06T07:30:37.020319+00:00 ubuntu sudo: hermes : PWD=/home/hermes ; USER=root ; COMMAND=/usr/bin/env SMA_BRAND_CONFIG=/home/hermes/mas-brand.json python3 -
2026-09-06T07:30:37.020674+00:00 ubuntu sudo: pam_unix(sudo:session): session opened for user root(uid=0) by hermes(uid=1000)
2026-09-06T07:30:37.265370+00:00 ubuntu sudo: pam_unix(sudo:session): session closed for user root
2026-09-06T07:30:48.364042+00:00 ubuntu sudo: hermes : PWD=/home/hermes ; USER=root ; COMMAND=/usr/bin/true
2026-09-06T07:30:48.364334+00:00 ubuntu sudo: pam_unix(sudo:session): session opened for user root(uid=0) by hermes(uid=1000)
2026-09-06T07:30:48.365631+00:00 ubuntu sudo: pam_unix(sudo:session): session closed for user root
2026-09-06T07:30:48.382304+00:00 ubuntu sudo: hermes : PWD=/home/hermes ; USER=root ; COMMAND=/usr/bin/python3 -
2026-09-06T07:30:48.382687+00:00 ubuntu sudo: pam_unix(sudo:session): session opened for user root(uid=0) by hermes(uid=1000)
2026-09-06T07:30:48.411650+00:00 ubuntu sudo: pam_unix(sudo:session): session closed for user root
2026-09-06T07:30:53.669597+00:00 ubuntu sudo: hermes : PWD=/home/hermes ; USER=root ; COMMAND=/usr/bin/true
2026-09-06T07:30:53.670116+00:00 ubuntu sudo: pam_unix(sudo:session): session opened for user root(uid=0) by hermes(uid=1000)
2026-09-06T07:30:53.671844+00:00 ubuntu sudo: pam_unix(sudo:session): session closed for user root
2026-09-06T07:30:53.689604+00:00 ubuntu sudo: hermes : PWD=/home/hermes ; USER=root ; COMMAND=/usr/bin/python3 -
2026-09-06T07:30:53.690435+00:00 ubuntu sudo: pam_unix(sudo:session): session opened for user root(uid=0) by hermes(uid=1000)
2026-09-06T07:30:53.714217+00:00 ubuntu sudo: pam_unix(sudo:session): session closed for user root
2026-09-06T07:31:02.680310+00:00 ubuntu sshd[899091]: pam_unix(sshd:auth): authentication failure; logname= uid=0 euid=0 tty=ssh ruser= rhost=192.253.248.222 user=root
2026-09-06T07:31:04.882327+00:00 ubuntu sshd[899091]: Failed password for root from 192.253.248.222 port 42452 ssh2
2026-09-06T07:31:05.795068+00:00 ubuntu sshd[899091]: Connection closed by authenticating user root 192.253.248.222 port 42452 [preauth]
2026-09-06T07:31:13.415186+00:00 ubuntu sshd[898249]: pam_unix(sshd:auth): authentication failure; logname= uid=0 euid=0 tty=ssh ruser= rhost=151.158.2.135 user=root
2026-09-06T07:31:15.461442+00:00 ubuntu sshd[898249]: Failed password for root from 151.158.2.135 port 60014 ssh2
2026-09-06T07:31:20.803596+00:00 ubuntu sshd[898249]: Connection closed by authenticating user root 151.158.2.135 port 60014 [preauth]
2026-09-06T07:31:26.327973+00:00 ubuntu sshd[899786]: Invalid user ubuntu from 103.123.53.88 port 51232
2026-09-06T07:31:26.330380+00:00 ubuntu sshd[899786]: pam_unix(sshd:auth): check pass; user unknown
2026-09-06T07:31:26.330460+00:00 ubuntu sshd[899786]: pam_unix(sshd:auth): authentication failure; logname= uid=0 euid=0 tty=ssh ruser= rhost=103.123.53.88
2026-09-06T07:31:28.161239+00:00 ubuntu sshd[899786]: Failed password for invalid user ubuntu from 103.123.53.88 port 51232 ssh2
2026-09-06T07:31:28.640102+00:00 ubuntu sshd[899786]: Received disconnect from 103.123.53.88 port 51232:11: Bye Bye [preauth]
2026-09-06T07:31:28.640234+00:00 ubuntu sshd[899786]: Disconnected from invalid user ubuntu 103.123.53.88 port 51232 [preauth]
2026-09-06T07:31:33.160544+00:00 ubuntu sshd[900020]: Invalid user dashuai from 171.25.158.47 port 37546
2026-09-06T07:31:33.162091+00:00 ubuntu sshd[900020]: pam_unix(sshd:auth): check pass; user unknown
2026-09-06T07:31:33.162206+00:00 ubuntu sshd[900020]: pam_unix(sshd:auth): authentication failure; logname= uid=0 euid=0 tty=ssh ruser= rhost=171.25.158.47
2026-09-06T07:31:35.288842+00:00 ubuntu sshd[900020]: Failed password for invalid user dashuai from 171.25.158.47 port 37546 ssh2
2026-09-06T07:31:36.107506+00:00 ubuntu sshd[900020]: Received disconnect from 171.25.158.47 port 37546:11: Bye Bye [preauth]
2026-09-06T07:31:36.107659+00:00 ubuntu sshd[900020]: Disconnected from invalid user dashuai 171.25.158.47 port 37546 [preauth]
2026-09-06T07:32:09.616663+00:00 ubuntu CRON[896285]: pam_unix(cron:session): session closed for user root
2026-09-06T07:32:37.720933+00:00 ubuntu sshd[902400]: Invalid user user from 103.123.53.88 port 53920
2026-09-06T07:32:37.723115+00:00 ubuntu sshd[902400]: pam_unix(sshd:auth): check pass; user unknown
2026-09-06T07:32:37.723217+00:00 ubuntu sshd[902400]: pam_unix(sshd:auth): authentication failure; logname= uid=0 euid=0 tty=ssh ruser= rhost=103.123.53.88
2026-09-06T07:32:39.634336+00:00 ubuntu sshd[902400]: Failed password for invalid user user from 103.123.53.88 port 53920 ssh2
2026-09-06T07:32:40.031087+00:00 ubuntu sshd[902400]: Received disconnect from 103.123.53.88 port 53920:11: Bye Bye [preauth]
2026-09-06T07:32:40.031237+00:00 ubuntu sshd[902400]: Disconnected from invalid user user 103.123.53.88 port 53920 [preauth]
2026-09-06T07:32:40.651147+00:00 ubuntu sshd[902519]: pam_unix(sshd:auth): authentication failure; logname= uid=0 euid=0 tty=ssh ruser= rhost=171.25.158.47 user=root
2026-09-06T07:32:42.973726+00:00 ubuntu sshd[902519]: Failed password for root from 171.25.158.47 port 40048 ssh2
2026-09-06T07:32:43.774298+00:00 ubuntu sshd[902519]: Received disconnect from 171.25.158.47 port 40048:11: Bye Bye [preauth]
2026-09-06T07:32:43.774466+00:00 ubuntu sshd[902519]: Disconnected from authenticating user root 171.25.158.47 port 40048 [preauth]
2026-09-06T07:33:46.224954+00:00 ubuntu sshd[904770]: pam_unix(sshd:auth): authentication failure; logname= uid=0 euid=0 tty=ssh ruser= rhost=120.48.90.166 user=root
2026-09-06T07:33:48.441523+00:00 ubuntu sshd[904936]: Invalid user friedrich from 171.25.158.47 port 60262
2026-09-06T07:33:48.443672+00:00 ubuntu sshd[904936]: pam_unix(sshd:auth): check pass; user unknown
2026-09-06T07:33:48.443743+00:00 ubuntu sshd[904936]: pam_unix(sshd:auth): authentication failure; logname= uid=0 euid=0 tty=ssh ruser= rhost=171.25.158.47
2026-09-06T07:33:48.943455+00:00 ubuntu sshd[904770]: Failed password for root from 120.48.90.166 port 45506 ssh2
2026-09-06T07:33:49.510951+00:00 ubuntu sshd[904770]: Connection closed by authenticating user root 120.48.90.166 port 45506 [preauth]
2026-09-06T07:33:50.435256+00:00 ubuntu sshd[904936]: Failed password for invalid user friedrich from 171.25.158.47 port 60262 ssh2
2026-09-06T07:33:52.108867+00:00 ubuntu sshd[905148]: Invalid user developer from 103.123.53.88 port 49350
2026-09-06T07:33:52.110499+00:00 ubuntu sshd[905148]: pam_unix(sshd:auth): check pass; user unknown
2026-09-06T07:33:52.110606+00:00 ubuntu sshd[905148]: pam_unix(sshd:auth): authentication failure; logname= uid=0 euid=0 tty=ssh ruser= rhost=103.123.53.88
2026-09-06T07:33:52.207153+00:00 ubuntu sshd[904936]: Received disconnect from 171.25.158.47 port 60262:11: Bye Bye [preauth]
2026-09-06T07:33:52.207290+00:00 ubuntu sshd[904936]: Disconnected from invalid user friedrich 171.25.158.47 port 60262 [preauth]
2026-09-06T07:33:54.317206+00:00 ubuntu sshd[905148]: Failed password for invalid user developer from 103.123.53.88 port 49350 ssh2
2026-09-06T07:33:56.509938+00:00 ubuntu sshd[905148]: Received disconnect from 103.123.53.88 port 49350:11: Bye Bye [preauth]
2026-09-06T07:33:56.510105+00:00 ubuntu sshd[905148]: Disconnected from invalid user developer 103.123.53.88 port 49350 [preauth]
2026-09-06T07:34:00.980102+00:00 ubuntu sshd[905939]: Invalid user pi from 176.53.159.198 port 57222
2026-09-06T07:34:01.037736+00:00 ubuntu sshd[905939]: pam_unix(sshd:auth): check pass; user unknown
2026-09-06T07:34:01.037946+00:00 ubuntu sshd[905939]: pam_unix(sshd:auth): authentication failure; logname= uid=0 euid=0 tty=ssh ruser= rhost=176.53.159.198
2026-09-06T07:34:02.813621+00:00 ubuntu sshd[905939]: Failed password for invalid user pi from 176.53.159.198 port 57222 ssh2
2026-09-06T07:34:03.925589+00:00 ubuntu sshd[905939]: pam_unix(sshd:auth): check pass; user unknown
2026-09-06T07:34:06.308439+00:00 ubuntu sshd[905939]: Failed password for invalid user pi from 176.53.159.198 port 57222 ssh2
2026-09-06T07:34:06.498021+00:00 ubuntu sshd[906067]: pam_unix(sshd:auth): authentication failure; logname= uid=0 euid=0 tty=ssh ruser= rhost=45.148.10.152 user=root
2026-09-06T07:34:06.813193+00:00 ubuntu sshd[905939]: pam_unix(sshd:auth): check pass; user unknown
2026-09-06T07:34:08.292459+00:00 ubuntu sshd[906067]: Failed password for root from 45.148.10.152 port 59928 ssh2
2026-09-06T07:34:08.609074+00:00 ubuntu sshd[905939]: Failed password for invalid user pi from 176.53.159.198 port 57222 ssh2
2026-09-06T07:34:09.701642+00:00 ubuntu sshd[905939]: pam_unix(sshd:auth): check pass; user unknown
2026-09-06T07:34:11.908930+00:00 ubuntu sshd[905939]: Failed password for invalid user pi from 176.53.159.198 port 57222 ssh2
2026-09-06T07:34:11.917411+00:00 ubuntu sshd[906067]: Failed password for root from 45.148.10.152 port 59928 ssh2
2026-09-06T07:34:12.588539+00:00 ubuntu sshd[905939]: pam_unix(sshd:auth): check pass; user unknown
2026-09-06T07:34:14.540076+00:00 ubuntu sshd[905939]: Failed password for invalid user pi from 176.53.159.198 port 57222 ssh2
2026-09-06T07:34:14.868369+00:00 ubuntu sshd[906067]: Failed password for root from 45.148.10.152 port 59928 ssh2
2026-09-06T07:34:15.485081+00:00 ubuntu sshd[905939]: Connection reset by invalid user pi 176.53.159.198 port 57222 [preauth]
2026-09-06T07:34:15.485420+00:00 ubuntu sshd[905939]: PAM 4 more authentication failures; logname= uid=0 euid=0 tty=ssh ruser= rhost=176.53.159.198
2026-09-06T07:34:15.485510+00:00 ubuntu sshd[905939]: PAM service(sshd) ignoring max retries; 5 > 3
2026-09-06T07:34:15.642277+00:00 ubuntu sshd[906269]: pam_unix(sshd:auth): authentication failure; logname= uid=0 euid=0 tty=ssh ruser= rhost=176.53.159.198 user=root
2026-09-06T07:34:17.673560+00:00 ubuntu sshd[906269]: Failed password for root from 176.53.159.198 port 39970 ssh2
2026-09-06T07:34:18.627906+00:00 ubuntu sshd[906067]: Failed password for root from 45.148.10.152 port 59928 ssh2
2026-09-06T07:34:20.943636+00:00 ubuntu sshd[906269]: Failed password for root from 176.53.159.198 port 39970 ssh2
2026-09-06T07:34:21.582222+00:00 ubuntu sshd[906067]: Failed password for root from 45.148.10.152 port 59928 ssh2
2026-09-06T07:34:22.448981+00:00 ubuntu sshd[906067]: Connection reset by authenticating user root 45.148.10.152 port 59928 [preauth]
2026-09-06T07:34:22.449338+00:00 ubuntu sshd[906067]: PAM 4 more authentication failures; logname= uid=0 euid=0 tty=ssh ruser= rhost=45.148.10.152 user=root
2026-09-06T07:34:22.449400+00:00 ubuntu sshd[906067]: PAM service(sshd) ignoring max retries; 5 > 3
2026-09-06T07:34:24.555976+00:00 ubuntu sshd[906269]: Failed password for root from 176.53.159.198 port 39970 ssh2
2026-09-06T07:34:26.962395+00:00 ubuntu sshd[906269]: Failed password for root from 176.53.159.198 port 39970 ssh2
2026-09-06T07:34:30.903029+00:00 ubuntu sshd[906269]: Failed password for root from 176.53.159.198 port 39970 ssh2
2026-09-06T07:34:31.532928+00:00 ubuntu sshd[906269]: Connection reset by authenticating user root 176.53.159.198 port 39970 [preauth]
2026-09-06T07:34:31.533263+00:00 ubuntu sshd[906269]: PAM 4 more authentication failures; logname= uid=0 euid=0 tty=ssh ruser= rhost=176.53.159.198 user=root
2026-09-06T07:34:31.533321+00:00 ubuntu sshd[906269]: PAM service(sshd) ignoring max retries; 5 > 3
2026-09-06T07:34:31.687677+00:00 ubuntu sshd[906859]: pam_unix(sshd:auth): authentication failure; logname= uid=0 euid=0 tty=ssh ruser= rhost=176.53.159.198 user=root
2026-09-06T07:34:33.583191+00:00 ubuntu sshd[906859]: Failed password for root from 176.53.159.198 port 13186 ssh2
2026-09-06T07:34:37.189496+00:00 ubuntu sshd[906859]: Failed password for root from 176.53.159.198 port 13186 ssh2
2026-09-06T07:34:40.128099+00:00 ubuntu sshd[906859]: Failed password for root from 176.53.159.198 port 13186 ssh2
2026-09-06T07:34:43.536894+00:00 ubuntu sshd[906859]: Failed password for root from 176.53.159.198 port 13186 ssh2
2026-09-06T07:34:46.478198+00:00 ubuntu sshd[906859]: Failed password for root from 176.53.159.198 port 13186 ssh2
2026-09-06T07:34:47.579619+00:00 ubuntu sshd[906859]: Connection reset by authenticating user root 176.53.159.198 port 13186 [preauth]
2026-09-06T07:34:47.579868+00:00 ubuntu sshd[906859]: PAM 4 more authentication failures; logname= uid=0 euid=0 tty=ssh ruser= rhost=176.53.159.198 user=root
2026-09-06T07:34:47.579926+00:00 ubuntu sshd[906859]: PAM service(sshd) ignoring max retries; 5 > 3
2026-09-06T07:34:47.732260+00:00 ubuntu sshd[907143]: pam_unix(sshd:auth): authentication failure; logname= uid=0 euid=0 tty=ssh ruser= rhost=176.53.159.198 user=root
2026-09-06T07:34:49.486350+00:00 ubuntu sshd[907143]: Failed password for root from 176.53.159.198 port 2384 ssh2
2026-09-06T07:34:53.100099+00:00 ubuntu sshd[907143]: Failed password for root from 176.53.159.198 port 2384 ssh2
2026-09-06T07:34:56.174326+00:00 ubuntu sshd[907143]: Failed password for root from 176.53.159.198 port 2384 ssh2
2026-09-06T07:34:56.994113+00:00 ubuntu sshd[907843]: pam_unix(sshd:auth): authentication failure; logname= uid=0 euid=0 tty=ssh ruser= rhost=171.25.158.47 user=root
2026-09-06T07:34:59.321433+00:00 ubuntu sshd[907843]: Failed password for root from 171.25.158.47 port 43676 ssh2
2026-09-06T07:34:59.780599+00:00 ubuntu sshd[907143]: Failed password for root from 176.53.159.198 port 2384 ssh2
2026-09-06T07:35:00.124299+00:00 ubuntu sshd[907843]: Received disconnect from 171.25.158.47 port 43676:11: Bye Bye [preauth]
2026-09-06T07:35:00.124443+00:00 ubuntu sshd[907843]: Disconnected from authenticating user root 171.25.158.47 port 43676 [preauth]
2026-09-06T07:35:01.621649+00:00 ubuntu CRON[908365]: pam_unix(cron:session): session opened for user root(uid=0) by root(uid=0)
2026-09-06T07:35:01.625321+00:00 ubuntu CRON[908365]: pam_unix(cron:session): session closed for user root
2026-09-06T07:35:02.388612+00:00 ubuntu sshd[907143]: Failed password for root from 176.53.159.198 port 2384 ssh2
2026-09-06T07:35:03.626057+00:00 ubuntu sshd[907143]: Connection reset by authenticating user root 176.53.159.198 port 2384 [preauth]
2026-09-06T07:35:03.626222+00:00 ubuntu sshd[907143]: PAM 4 more authentication failures; logname= uid=0 euid=0 tty=ssh ruser= rhost=176.53.159.198 user=root
2026-09-06T07:35:03.626290+00:00 ubuntu sshd[907143]: PAM service(sshd) ignoring max retries; 5 > 3
2026-09-06T07:35:03.779309+00:00 ubuntu sshd[908371]: pam_unix(sshd:auth): authentication failure; logname= uid=0 euid=0 tty=ssh ruser= rhost=176.53.159.198 user=root
2026-09-06T07:35:06.066653+00:00 ubuntu sshd[908371]: Failed password for root from 176.53.159.198 port 28528 ssh2
2026-09-06T07:35:08.200986+00:00 ubuntu sshd[908471]: Invalid user admin from 103.123.53.88 port 47656
2026-09-06T07:35:08.202893+00:00 ubuntu sshd[908471]: pam_unix(sshd:auth): check pass; user unknown
2026-09-06T07:35:08.202964+00:00 ubuntu sshd[908471]: pam_unix(sshd:auth): authentication failure; logname= uid=0 euid=0 tty=ssh ruser= rhost=103.123.53.88
2026-09-06T07:35:09.005105+00:00 ubuntu sshd[908371]: Failed password for root from 176.53.159.198 port 28528 ssh2
2026-09-06T07:35:10.510576+00:00 ubuntu sshd[908471]: Failed password for invalid user admin from 103.123.53.88 port 47656 ssh2
2026-09-06T07:35:11.263685+00:00 ubuntu sshd[908471]: Received disconnect from 103.123.53.88 port 47656:11: Bye Bye [preauth]
2026-09-06T07:35:11.263934+00:00 ubuntu sshd[908471]: Disconnected from invalid user admin 103.123.53.88 port 47656 [preauth]
2026-09-06T07:35:12.418723+00:00 ubuntu sshd[908371]: Failed password for root from 176.53.159.198 port 28528 ssh2
2026-09-06T07:35:15.693031+00:00 ubuntu sshd[908371]: Failed password for root from 176.53.159.198 port 28528 ssh2
2026-09-06T07:35:19.298294+00:00 ubuntu sshd[908371]: Failed password for root from 176.53.159.198 port 28528 ssh2
2026-09-06T07:35:19.430448+00:00 ubuntu sshd[908758]: padding error: need 436 block 8 mod 4 [preauth]
2026-09-06T07:35:19.430604+00:00 ubuntu sshd[908758]: ssh_dispatch_run_fatal: Connection from 151.245.151.73 port 55814: message authentication code incorrect [preauth]
2026-09-06T07:35:19.671865+00:00 ubuntu sshd[908371]: Connection reset by authenticating user root 176.53.159.198 port 28528 [preauth]
2026-09-06T07:35:19.672303+00:00 ubuntu sshd[908371]: PAM 4 more authentication failures; logname= uid=0 euid=0 tty=ssh ruser= rhost=176.53.159.198 user=root
2026-09-06T07:35:19.672402+00:00 ubuntu sshd[908371]: PAM service(sshd) ignoring max retries; 5 > 3
2026-09-06T07:35:41.553784+00:00 ubuntu sshd[909379]: pam_unix(sshd:auth): authentication failure; logname= uid=0 euid=0 tty=ssh ruser= rhost=20.106.172.62 user=root
2026-09-06T07:35:43.389592+00:00 ubuntu sshd[909379]: Failed password for root from 20.106.172.62 port 49748 ssh2
2026-09-06T07:35:46.687703+00:00 ubuntu sshd[909379]: Connection closed by authenticating user root 20.106.172.62 port 49748 [preauth]
2026-09-06T07:35:55.965266+00:00 ubuntu sshd[909716]: pam_unix(sshd:auth): authentication failure; logname= uid=0 euid=0 tty=ssh ruser= rhost=120.48.90.166 user=root
2026-09-06T07:35:57.725228+00:00 ubuntu sshd[909716]: Failed password for root from 120.48.90.166 port 39912 ssh2
2026-09-06T07:35:59.027198+00:00 ubuntu sudo: hermes : PWD=/home/hermes ; USER=root ; COMMAND=/usr/bin/true
2026-09-06T07:35:59.027688+00:00 ubuntu sudo: pam_unix(sudo:session): session opened for user root(uid=0) by hermes(uid=1000)
2026-09-06T07:35:59.029461+00:00 ubuntu sudo: pam_unix(sudo:session): session closed for user root
2026-09-06T07:35:59.046364+00:00 ubuntu sudo: hermes : PWD=/home/hermes ; USER=root ; COMMAND=/usr/bin/python3 -
2026-09-06T07:35:59.047088+00:00 ubuntu sudo: pam_unix(sudo:session): session opened for user root(uid=0) by hermes(uid=1000)
2026-09-06T07:35:59.081516+00:00 ubuntu sudo: pam_unix(sudo:session): session closed for user root
2026-09-06T07:35:59.092431+00:00 ubuntu sudo: hermes : PWD=/home/hermes ; USER=root ; COMMAND=/usr/bin/python3 -m py_compile /opt/struktur/social-media-agent/codex_image_adapter.py /opt/struktur/social-media-agent/openai_image_adapter.py /opt/struktur/social-media-agent/visual_render.py /opt/struktur/social-media-agent/publish_ready.py
2026-09-06T07:35:59.092886+00:00 ubuntu sudo: pam_unix(sudo:session): session opened for user root(uid=0) by hermes(uid=1000)
2026-09-06T07:35:59.150416+00:00 ubuntu sudo: pam_unix(sudo:session): session closed for user root
2026-09-06T07:35:59.860529+00:00 ubuntu sshd[909716]: Connection closed by authenticating user root 120.48.90.166 port 39912 [preauth]
