2026-09-13T01:59:56.290115+00:00 ubuntu sshd[1358946]: Connection closed by invalid user lighthouse 109.160.32.155 port 45572 [preauth]
2026-09-13T01:59:57.439163+00:00 ubuntu sshd[1359040]: Failed password for invalid user trader from 109.160.32.155 port 45666 ssh2
2026-09-13T01:59:59.074362+00:00 ubuntu sshd[1359040]: Connection closed by invalid user trader 109.160.32.155 port 45666 [preauth]
2026-09-13T02:00:00.839146+00:00 ubuntu sshd[1359259]: pam_unix(sshd:auth): authentication failure; logname= uid=0 euid=0 tty=ssh ruser= rhost=109.160.32.155 user=root
2026-09-13T02:00:02.507414+00:00 ubuntu sshd[1359259]: Failed password for root from 109.160.32.155 port 46918 ssh2
2026-09-13T02:00:03.977261+00:00 ubuntu sshd[1359259]: Connection closed by authenticating user root 109.160.32.155 port 46918 [preauth]
2026-09-13T02:00:06.092666+00:00 ubuntu sshd[1359377]: Invalid user actian from 109.160.32.155 port 46976
2026-09-13T02:00:06.128679+00:00 ubuntu sshd[1359377]: pam_unix(sshd:auth): check pass; user unknown
2026-09-13T02:00:06.128873+00:00 ubuntu sshd[1359377]: pam_unix(sshd:auth): authentication failure; logname= uid=0 euid=0 tty=ssh ruser= rhost=109.160.32.155
2026-09-13T02:00:07.621879+00:00 ubuntu sshd[1359377]: Failed password for invalid user actian from 109.160.32.155 port 46976 ssh2
2026-09-13T02:00:09.269602+00:00 ubuntu sshd[1359377]: Connection closed by invalid user actian 109.160.32.155 port 46976 [preauth]
2026-09-13T02:00:10.612140+00:00 ubuntu sshd[1359439]: Invalid user minecraft from 109.160.32.155 port 46254
2026-09-13T02:00:10.627016+00:00 ubuntu sshd[1359439]: pam_unix(sshd:auth): check pass; user unknown
2026-09-13T02:00:10.627113+00:00 ubuntu sshd[1359439]: pam_unix(sshd:auth): authentication failure; logname= uid=0 euid=0 tty=ssh ruser= rhost=109.160.32.155
2026-09-13T02:00:11.429526+00:00 ubuntu sshd[1359520]: Invalid user wallet from 63.250.36.183 port 38708
2026-09-13T02:00:11.578706+00:00 ubuntu sshd[1359520]: pam_unix(sshd:auth): check pass; user unknown
2026-09-13T02:00:11.578905+00:00 ubuntu sshd[1359520]: pam_unix(sshd:auth): authentication failure; logname= uid=0 euid=0 tty=ssh ruser= rhost=63.250.36.183
2026-09-13T02:00:13.003382+00:00 ubuntu sshd[1359439]: Failed password for invalid user minecraft from 109.160.32.155 port 46254 ssh2
2026-09-13T02:00:13.092055+00:00 ubuntu sshd[1359520]: Failed password for invalid user wallet from 63.250.36.183 port 38708 ssh2
2026-09-13T02:00:13.515160+00:00 ubuntu sshd[1359520]: Connection closed by invalid user wallet 63.250.36.183 port 38708 [preauth]
2026-09-13T02:00:13.731470+00:00 ubuntu sshd[1359439]: Connection closed by invalid user minecraft 109.160.32.155 port 46254 [preauth]
2026-09-13T02:00:14.331431+00:00 ubuntu sshd[1359534]: pam_unix(sshd:auth): authentication failure; logname= uid=0 euid=0 tty=ssh ruser= rhost=167.114.96.241 user=root
2026-09-13T02:00:16.085936+00:00 ubuntu sshd[1359624]: pam_unix(sshd:auth): authentication failure; logname= uid=0 euid=0 tty=ssh ruser= rhost=109.160.32.155 user=root
2026-09-13T02:00:16.256043+00:00 ubuntu sshd[1359534]: Failed password for root from 167.114.96.241 port 34564 ssh2
2026-09-13T02:00:17.534033+00:00 ubuntu sshd[1359534]: Connection closed by authenticating user root 167.114.96.241 port 34564 [preauth]
2026-09-13T02:00:18.482075+00:00 ubuntu sshd[1359624]: Failed password for root from 109.160.32.155 port 46336 ssh2
2026-09-13T02:00:18.912010+00:00 ubuntu sshd[1359677]: Invalid user cienna from 2.57.121.112 port 6754
2026-09-13T02:00:18.940926+00:00 ubuntu sshd[1359677]: pam_unix(sshd:auth): check pass; user unknown
2026-09-13T02:00:18.941055+00:00 ubuntu sshd[1359677]: pam_unix(sshd:auth): authentication failure; logname= uid=0 euid=0 tty=ssh ruser= rhost=2.57.121.112
2026-09-13T02:00:19.208435+00:00 ubuntu sshd[1359624]: Connection closed by authenticating user root 109.160.32.155 port 46336 [preauth]
2026-09-13T02:00:20.729616+00:00 ubuntu sshd[1359726]: Invalid user myuser from 109.160.32.155 port 34896
2026-09-13T02:00:20.747834+00:00 ubuntu sshd[1359726]: pam_unix(sshd:auth): check pass; user unknown
2026-09-13T02:00:20.747936+00:00 ubuntu sshd[1359726]: pam_unix(sshd:auth): authentication failure; logname= uid=0 euid=0 tty=ssh ruser= rhost=109.160.32.155
2026-09-13T02:00:20.750101+00:00 ubuntu sshd[1359677]: Failed password for invalid user cienna from 2.57.121.112 port 6754 ssh2
2026-09-13T02:00:20.890641+00:00 ubuntu sshd[1359677]: pam_unix(sshd:auth): check pass; user unknown
2026-09-13T02:00:22.497031+00:00 ubuntu sshd[1359726]: Failed password for invalid user myuser from 109.160.32.155 port 34896 ssh2
2026-09-13T02:00:22.639620+00:00 ubuntu sshd[1359677]: Failed password for invalid user cienna from 2.57.121.112 port 6754 ssh2
2026-09-13T02:00:22.807213+00:00 ubuntu sshd[1359677]: pam_unix(sshd:auth): check pass; user unknown
2026-09-13T02:00:24.145008+00:00 ubuntu sshd[1359726]: Connection closed by invalid user myuser 109.160.32.155 port 34896 [preauth]
2026-09-13T02:00:25.163569+00:00 ubuntu sshd[1359677]: Failed password for invalid user cienna from 2.57.121.112 port 6754 ssh2
2026-09-13T02:00:25.889026+00:00 ubuntu sshd[1359975]: Invalid user testuser from 109.160.32.155 port 34930
2026-09-13T02:00:25.923493+00:00 ubuntu sshd[1359975]: pam_unix(sshd:auth): check pass; user unknown
2026-09-13T02:00:25.923625+00:00 ubuntu sshd[1359975]: pam_unix(sshd:auth): authentication failure; logname= uid=0 euid=0 tty=ssh ruser= rhost=109.160.32.155
2026-09-13T02:00:26.612337+00:00 ubuntu sshd[1359677]: pam_unix(sshd:auth): check pass; user unknown
2026-09-13T02:00:27.356846+00:00 ubuntu sshd[1359975]: Failed password for invalid user testuser from 109.160.32.155 port 34930 ssh2
2026-09-13T02:00:27.912394+00:00 ubuntu sshd[1359975]: Connection closed by invalid user testuser 109.160.32.155 port 34930 [preauth]
2026-09-13T02:00:28.516963+00:00 ubuntu sshd[1359677]: Failed password for invalid user cienna from 2.57.121.112 port 6754 ssh2
2026-09-13T02:00:28.945659+00:00 ubuntu sshd[1360036]: Invalid user cienna from 2.57.121.112 port 3306
2026-09-13T02:00:28.974524+00:00 ubuntu sshd[1360036]: pam_unix(sshd:auth): check pass; user unknown
2026-09-13T02:00:28.974676+00:00 ubuntu sshd[1360036]: pam_unix(sshd:auth): authentication failure; logname= uid=0 euid=0 tty=ssh ruser= rhost=2.57.121.112
2026-09-13T02:00:30.388324+00:00 ubuntu sshd[1359677]: Connection closed by invalid user cienna 2.57.121.112 port 6754 [preauth]
2026-09-13T02:00:30.388558+00:00 ubuntu sshd[1359677]: PAM 3 more authentication failures; logname= uid=0 euid=0 tty=ssh ruser= rhost=2.57.121.112
2026-09-13T02:00:30.388646+00:00 ubuntu sshd[1359677]: PAM service(sshd) ignoring max retries; 4 > 3
2026-09-13T02:00:30.661048+00:00 ubuntu sshd[1360050]: Invalid user testuser from 109.160.32.155 port 36666
2026-09-13T02:00:30.702276+00:00 ubuntu sshd[1360050]: pam_unix(sshd:auth): check pass; user unknown
2026-09-13T02:00:30.702434+00:00 ubuntu sshd[1360050]: pam_unix(sshd:auth): authentication failure; logname= uid=0 euid=0 tty=ssh ruser= rhost=109.160.32.155
2026-09-13T02:00:31.154429+00:00 ubuntu sshd[1360036]: Failed password for invalid user cienna from 2.57.121.112 port 3306 ssh2
2026-09-13T02:00:32.491458+00:00 ubuntu sshd[1360050]: Failed password for invalid user testuser from 109.160.32.155 port 36666 ssh2
2026-09-13T02:00:32.693532+00:00 ubuntu sshd[1360050]: Connection closed by invalid user testuser 109.160.32.155 port 36666 [preauth]
2026-09-13T02:00:32.779354+00:00 ubuntu sshd[1360036]: Connection closed by invalid user cienna 2.57.121.112 port 3306 [preauth]
2026-09-13T02:00:35.642432+00:00 ubuntu sshd[1360166]: Invalid user ubuntu from 109.160.32.155 port 36760
2026-09-13T02:00:35.729142+00:00 ubuntu sshd[1360166]: pam_unix(sshd:auth): check pass; user unknown
2026-09-13T02:00:35.729305+00:00 ubuntu sshd[1360166]: pam_unix(sshd:auth): authentication failure; logname= uid=0 euid=0 tty=ssh ruser= rhost=109.160.32.155
2026-09-13T02:00:37.202310+00:00 ubuntu sshd[1360166]: Failed password for invalid user ubuntu from 109.160.32.155 port 36760 ssh2
2026-09-13T02:00:37.866074+00:00 ubuntu sshd[1360166]: Connection closed by invalid user ubuntu 109.160.32.155 port 36760 [preauth]
2026-09-13T02:00:40.286152+00:00 ubuntu sshd[1360306]: pam_unix(sshd:auth): authentication failure; logname= uid=0 euid=0 tty=ssh ruser= rhost=109.160.32.155 user=root
2026-09-13T02:00:42.782388+00:00 ubuntu sshd[1360306]: Failed password for root from 109.160.32.155 port 35804 ssh2
2026-09-13T02:00:43.407028+00:00 ubuntu sshd[1360306]: Connection closed by authenticating user root 109.160.32.155 port 35804 [preauth]
2026-09-13T02:00:45.269410+00:00 ubuntu sshd[1360467]: Invalid user palworld from 109.160.32.155 port 35878
2026-09-13T02:00:45.286315+00:00 ubuntu sshd[1360467]: pam_unix(sshd:auth): check pass; user unknown
2026-09-13T02:00:45.286465+00:00 ubuntu sshd[1360467]: pam_unix(sshd:auth): authentication failure; logname= uid=0 euid=0 tty=ssh ruser= rhost=109.160.32.155
2026-09-13T02:00:47.467032+00:00 ubuntu sshd[1360467]: Failed password for invalid user palworld from 109.160.32.155 port 35878 ssh2
2026-09-13T02:00:49.546607+00:00 ubuntu sshd[1360467]: Connection closed by invalid user palworld 109.160.32.155 port 35878 [preauth]
2026-09-13T02:00:49.767427+00:00 ubuntu sshd[1360608]: Invalid user ossuser from 109.160.32.155 port 60204
2026-09-13T02:00:49.794480+00:00 ubuntu sshd[1360608]: pam_unix(sshd:auth): check pass; user unknown
2026-09-13T02:00:49.794631+00:00 ubuntu sshd[1360608]: pam_unix(sshd:auth): authentication failure; logname= uid=0 euid=0 tty=ssh ruser= rhost=109.160.32.155
2026-09-13T02:00:51.523639+00:00 ubuntu sshd[1360608]: Failed password for invalid user ossuser from 109.160.32.155 port 60204 ssh2
2026-09-13T02:00:51.679104+00:00 ubuntu sshd[1360608]: Connection closed by invalid user ossuser 109.160.32.155 port 60204 [preauth]
2026-09-13T02:00:55.032262+00:00 ubuntu sshd[1360832]: pam_unix(sshd:auth): authentication failure; logname= uid=0 euid=0 tty=ssh ruser= rhost=109.160.32.155 user=root
2026-09-13T02:00:56.781158+00:00 ubuntu sshd[1360832]: Failed password for root from 109.160.32.155 port 60244 ssh2
2026-09-13T02:00:58.153492+00:00 ubuntu sshd[1360832]: Connection closed by authenticating user root 109.160.32.155 port 60244 [preauth]
2026-09-13T02:00:59.650231+00:00 ubuntu sshd[1360971]: pam_unix(sshd:auth): authentication failure; logname= uid=0 euid=0 tty=ssh ruser= rhost=109.160.32.155 user=root
2026-09-13T02:01:01.419279+00:00 ubuntu sshd[1360971]: Failed password for root from 109.160.32.155 port 60292 ssh2
2026-09-13T02:01:02.774069+00:00 ubuntu sshd[1360971]: Connection closed by authenticating user root 109.160.32.155 port 60292 [preauth]
2026-09-13T02:01:04.618160+00:00 ubuntu sshd[1361090]: Invalid user user1 from 109.160.32.155 port 50232
2026-09-13T02:01:04.650361+00:00 ubuntu sshd[1361090]: pam_unix(sshd:auth): check pass; user unknown
2026-09-13T02:01:04.650511+00:00 ubuntu sshd[1361090]: pam_unix(sshd:auth): authentication failure; logname= uid=0 euid=0 tty=ssh ruser= rhost=109.160.32.155
2026-09-13T02:01:07.107017+00:00 ubuntu sshd[1361090]: Failed password for invalid user user1 from 109.160.32.155 port 50232 ssh2
2026-09-13T02:01:09.351844+00:00 ubuntu sshd[1361228]: pam_unix(sshd:auth): authentication failure; logname= uid=0 euid=0 tty=ssh ruser= rhost=109.160.32.155 user=root
2026-09-13T02:01:09.387697+00:00 ubuntu sshd[1361090]: Connection closed by invalid user user1 109.160.32.155 port 50232 [preauth]
2026-09-13T02:01:11.160134+00:00 ubuntu sshd[1361228]: Failed password for root from 109.160.32.155 port 50296 ssh2
2026-09-13T02:01:12.469036+00:00 ubuntu sshd[1361228]: Connection closed by authenticating user root 109.160.32.155 port 50296 [preauth]
2026-09-13T02:01:14.549014+00:00 ubuntu sshd[1361328]: Invalid user test from 109.160.32.155 port 45018
2026-09-13T02:01:14.627421+00:00 ubuntu sshd[1361328]: pam_unix(sshd:auth): check pass; user unknown
2026-09-13T02:01:14.627534+00:00 ubuntu sshd[1361328]: pam_unix(sshd:auth): authentication failure; logname= uid=0 euid=0 tty=ssh ruser= rhost=109.160.32.155
2026-09-13T02:01:16.456626+00:00 ubuntu sshd[1361328]: Failed password for invalid user test from 109.160.32.155 port 45018 ssh2
2026-09-13T02:01:16.583957+00:00 ubuntu sshd[1361339]: Invalid user agentsolutions-mallorca from 142.93.73.70 port 43386
2026-09-13T02:01:16.676638+00:00 ubuntu sshd[1361339]: pam_unix(sshd:auth): check pass; user unknown
2026-09-13T02:01:16.676746+00:00 ubuntu sshd[1361339]: pam_unix(sshd:auth): authentication failure; logname= uid=0 euid=0 tty=ssh ruser= rhost=142.93.73.70
2026-09-13T02:01:17.671668+00:00 ubuntu sshd[1361328]: Connection closed by invalid user test 109.160.32.155 port 45018 [preauth]
2026-09-13T02:01:19.111348+00:00 ubuntu sshd[1361339]: Failed password for invalid user agentsolutions-mallorca from 142.93.73.70 port 43386 ssh2
2026-09-13T02:01:19.329908+00:00 ubuntu sshd[1361472]: Invalid user fastuser from 109.160.32.155 port 45098
2026-09-13T02:01:19.399428+00:00 ubuntu sshd[1361472]: pam_unix(sshd:auth): check pass; user unknown
2026-09-13T02:01:19.399569+00:00 ubuntu sshd[1361472]: pam_unix(sshd:auth): authentication failure; logname= uid=0 euid=0 tty=ssh ruser= rhost=109.160.32.155
2026-09-13T02:01:20.913031+00:00 ubuntu sshd[1361472]: Failed password for invalid user fastuser from 109.160.32.155 port 45098 ssh2
2026-09-13T02:01:20.944164+00:00 ubuntu sshd[1361477]: pam_unix(sshd:auth): authentication failure; logname= uid=0 euid=0 tty=ssh ruser= rhost=181.65.211.141 user=root
2026-09-13T02:01:21.261476+00:00 ubuntu sshd[1361339]: Connection closed by invalid user agentsolutions-mallorca 142.93.73.70 port 43386 [preauth]
2026-09-13T02:01:21.470816+00:00 ubuntu sshd[1361472]: Connection closed by invalid user fastuser 109.160.32.155 port 45098 [preauth]
2026-09-13T02:01:22.928169+00:00 ubuntu sshd[1361477]: Failed password for root from 181.65.211.141 port 39278 ssh2
2026-09-13T02:01:23.667141+00:00 ubuntu sshd[1361565]: Invalid user ubuntu from 181.65.211.141 port 40804
2026-09-13T02:01:23.850169+00:00 ubuntu sshd[1361565]: pam_unix(sshd:auth): check pass; user unknown
2026-09-13T02:01:23.850290+00:00 ubuntu sshd[1361565]: pam_unix(sshd:auth): authentication failure; logname= uid=0 euid=0 tty=ssh ruser= rhost=181.65.211.141
2026-09-13T02:01:24.234193+00:00 ubuntu sshd[1361477]: Connection closed by authenticating user root 181.65.211.141 port 39278 [preauth]
2026-09-13T02:01:24.582721+00:00 ubuntu sshd[1361631]: pam_unix(sshd:auth): authentication failure; logname= uid=0 euid=0 tty=ssh ruser= rhost=109.160.32.155 user=root
2026-09-13T02:01:25.915350+00:00 ubuntu sshd[1361565]: Failed password for invalid user ubuntu from 181.65.211.141 port 40804 ssh2
2026-09-13T02:01:26.129232+00:00 ubuntu sshd[1361565]: Connection closed by invalid user ubuntu 181.65.211.141 port 40804 [preauth]
2026-09-13T02:01:26.451874+00:00 ubuntu sshd[1361631]: Failed password for root from 109.160.32.155 port 48218 ssh2
2026-09-13T02:01:26.671414+00:00 ubuntu sshd[1361690]: Invalid user agentsolutionsmallorca from 181.65.211.141 port 42472
2026-09-13T02:01:26.855558+00:00 ubuntu sshd[1361690]: pam_unix(sshd:auth): check pass; user unknown
2026-09-13T02:01:26.855642+00:00 ubuntu sshd[1361690]: pam_unix(sshd:auth): authentication failure; logname= uid=0 euid=0 tty=ssh ruser= rhost=181.65.211.141
2026-09-13T02:01:27.708142+00:00 ubuntu sshd[1361631]: Connection closed by authenticating user root 109.160.32.155 port 48218 [preauth]
2026-09-13T02:01:28.664697+00:00 ubuntu sshd[1361690]: Failed password for invalid user agentsolutionsmallorca from 181.65.211.141 port 42472 ssh2
2026-09-13T02:01:29.193809+00:00 ubuntu sshd[1361841]: Invalid user ubuntu from 109.160.32.155 port 48268
2026-09-13T02:01:29.224019+00:00 ubuntu sshd[1361841]: pam_unix(sshd:auth): check pass; user unknown
2026-09-13T02:01:29.224121+00:00 ubuntu sshd[1361841]: pam_unix(sshd:auth): authentication failure; logname= uid=0 euid=0 tty=ssh ruser= rhost=109.160.32.155
2026-09-13T02:01:29.253683+00:00 ubuntu sshd[1361690]: Connection closed by invalid user agentsolutionsmallorca 181.65.211.141 port 42472 [preauth]
2026-09-13T02:01:30.777655+00:00 ubuntu sshd[1361841]: Failed password for invalid user ubuntu from 109.160.32.155 port 48268 ssh2
2026-09-13T02:01:31.347676+00:00 ubuntu sshd[1361841]: Connection closed by invalid user ubuntu 109.160.32.155 port 48268 [preauth]
2026-09-13T02:01:34.549176+00:00 ubuntu sshd[1361967]: Invalid user ubuntu from 109.160.32.155 port 46142
2026-09-13T02:01:34.565570+00:00 ubuntu sshd[1361967]: pam_unix(sshd:auth): check pass; user unknown
2026-09-13T02:01:34.565651+00:00 ubuntu sshd[1361967]: pam_unix(sshd:auth): authentication failure; logname= uid=0 euid=0 tty=ssh ruser= rhost=109.160.32.155
2026-09-13T02:01:37.142287+00:00 ubuntu sshd[1361967]: Failed password for invalid user ubuntu from 109.160.32.155 port 46142 ssh2
2026-09-13T02:01:38.810107+00:00 ubuntu sshd[1361967]: Connection closed by invalid user ubuntu 109.160.32.155 port 46142 [preauth]
2026-09-13T02:01:39.487280+00:00 ubuntu sshd[1362105]: Invalid user frappe from 109.160.32.155 port 46214
2026-09-13T02:01:39.504243+00:00 ubuntu sshd[1362105]: pam_unix(sshd:auth): check pass; user unknown
2026-09-13T02:01:39.504347+00:00 ubuntu sshd[1362105]: pam_unix(sshd:auth): authentication failure; logname= uid=0 euid=0 tty=ssh ruser= rhost=109.160.32.155
2026-09-13T02:01:41.765133+00:00 ubuntu sshd[1362105]: Failed password for invalid user frappe from 109.160.32.155 port 46214 ssh2
2026-09-13T02:01:42.468344+00:00 ubuntu sshd[1362105]: Connection closed by invalid user frappe 109.160.32.155 port 46214 [preauth]
2026-09-13T02:01:44.796717+00:00 ubuntu sshd[1362316]: pam_unix(sshd:auth): authentication failure; logname= uid=0 euid=0 tty=ssh ruser= rhost=109.160.32.155 user=root
2026-09-13T02:01:46.741925+00:00 ubuntu sshd[1362316]: Failed password for root from 109.160.32.155 port 52360 ssh2
2026-09-13T02:01:47.931198+00:00 ubuntu sshd[1362316]: Connection closed by authenticating user root 109.160.32.155 port 52360 [preauth]
2026-09-13T02:01:49.427008+00:00 ubuntu sshd[1362447]: Invalid user ivan from 109.160.32.155 port 52464
2026-09-13T02:01:49.445839+00:00 ubuntu sshd[1362447]: pam_unix(sshd:auth): check pass; user unknown
2026-09-13T02:01:49.445994+00:00 ubuntu sshd[1362447]: pam_unix(sshd:auth): authentication failure; logname= uid=0 euid=0 tty=ssh ruser= rhost=109.160.32.155
2026-09-13T02:01:51.079438+00:00 ubuntu sshd[1362447]: Failed password for invalid user ivan from 109.160.32.155 port 52464 ssh2
2026-09-13T02:01:52.298330+00:00 ubuntu sshd[1362447]: Connection closed by invalid user ivan 109.160.32.155 port 52464 [preauth]
2026-09-13T02:01:54.548693+00:00 ubuntu sshd[1362540]: Invalid user runner from 109.160.32.155 port 58172
2026-09-13T02:01:54.570180+00:00 ubuntu sshd[1362540]: pam_unix(sshd:auth): check pass; user unknown
2026-09-13T02:01:54.570284+00:00 ubuntu sshd[1362540]: pam_unix(sshd:auth): authentication failure; logname= uid=0 euid=0 tty=ssh ruser= rhost=109.160.32.155
2026-09-13T02:01:56.555133+00:00 ubuntu sshd[1362540]: Failed password for invalid user runner from 109.160.32.155 port 58172 ssh2
2026-09-13T02:01:56.801044+00:00 ubuntu sshd[1362540]: Connection closed by invalid user runner 109.160.32.155 port 58172 [preauth]
2026-09-13T02:01:59.354895+00:00 ubuntu sshd[1362778]: Invalid user runner from 109.160.32.155 port 58206
2026-09-13T02:01:59.387501+00:00 ubuntu sshd[1362778]: pam_unix(sshd:auth): check pass; user unknown
2026-09-13T02:01:59.387631+00:00 ubuntu sshd[1362778]: pam_unix(sshd:auth): authentication failure; logname= uid=0 euid=0 tty=ssh ruser= rhost=109.160.32.155
2026-09-13T02:02:01.061189+00:00 ubuntu sshd[1362778]: Failed password for invalid user runner from 109.160.32.155 port 58206 ssh2
2026-09-13T02:02:01.533381+00:00 ubuntu sshd[1362778]: Connection closed by invalid user runner 109.160.32.155 port 58206 [preauth]
2026-09-13T02:02:04.633037+00:00 ubuntu sshd[1362892]: pam_unix(sshd:auth): authentication failure; logname= uid=0 euid=0 tty=ssh ruser= rhost=109.160.32.155 user=root
2026-09-13T02:02:06.657093+00:00 ubuntu sshd[1362892]: Failed password for root from 109.160.32.155 port 43656 ssh2
2026-09-13T02:02:07.759223+00:00 ubuntu sshd[1362892]: Connection closed by authenticating user root 109.160.32.155 port 43656 [preauth]
2026-09-13T02:02:09.326306+00:00 ubuntu sshd[1363022]: Invalid user admin from 109.160.32.155 port 43708
2026-09-13T02:02:09.347235+00:00 ubuntu sshd[1363022]: pam_unix(sshd:auth): check pass; user unknown
2026-09-13T02:02:09.347384+00:00 ubuntu sshd[1363022]: pam_unix(sshd:auth): authentication failure; logname= uid=0 euid=0 tty=ssh ruser= rhost=109.160.32.155
2026-09-13T02:02:11.728220+00:00 ubuntu sshd[1363022]: Failed password for invalid user admin from 109.160.32.155 port 43708 ssh2
2026-09-13T02:02:12.246031+00:00 ubuntu sshd[1363022]: Connection closed by invalid user admin 109.160.32.155 port 43708 [preauth]
2026-09-13T02:02:14.504200+00:00 ubuntu sshd[1363111]: Invalid user admin from 109.160.32.155 port 53294
2026-09-13T02:02:14.523789+00:00 ubuntu sshd[1363111]: pam_unix(sshd:auth): check pass; user unknown
2026-09-13T02:02:14.523977+00:00 ubuntu sshd[1363111]: pam_unix(sshd:auth): authentication failure; logname= uid=0 euid=0 tty=ssh ruser= rhost=109.160.32.155
2026-09-13T02:02:16.589076+00:00 ubuntu sshd[1363111]: Failed password for invalid user admin from 109.160.32.155 port 53294 ssh2
2026-09-13T02:02:17.255828+00:00 ubuntu sshd[1363115]: Invalid user debian from 115.191.22.111 port 50734
2026-09-13T02:02:17.386728+00:00 ubuntu sshd[1363111]: Connection closed by invalid user admin 109.160.32.155 port 53294 [preauth]
2026-09-13T02:02:17.453688+00:00 ubuntu sshd[1363115]: pam_unix(sshd:auth): check pass; user unknown
2026-09-13T02:02:17.453839+00:00 ubuntu sshd[1363115]: pam_unix(sshd:auth): authentication failure; logname= uid=0 euid=0 tty=ssh ruser= rhost=115.191.22.111
2026-09-13T02:02:19.263096+00:00 ubuntu sshd[1363115]: Failed password for invalid user debian from 115.191.22.111 port 50734 ssh2
2026-09-13T02:02:19.431143+00:00 ubuntu sshd[1363240]: pam_unix(sshd:auth): authentication failure; logname= uid=0 euid=0 tty=ssh ruser= rhost=109.160.32.155 user=root
2026-09-13T02:02:20.238839+00:00 ubuntu sshd[1363115]: Connection closed by invalid user debian 115.191.22.111 port 50734 [preauth]
2026-09-13T02:02:21.516217+00:00 ubuntu sshd[1363240]: Failed password for root from 109.160.32.155 port 53352 ssh2
2026-09-13T02:02:22.556406+00:00 ubuntu sshd[1363240]: Connection closed by authenticating user root 109.160.32.155 port 53352 [preauth]
2026-09-13T02:02:24.564417+00:00 ubuntu sshd[1363332]: pam_unix(sshd:auth): authentication failure; logname= uid=0 euid=0 tty=ssh ruser= rhost=109.160.32.155 user=root
2026-09-13T02:02:26.669447+00:00 ubuntu sshd[1363332]: Failed password for root from 109.160.32.155 port 48914 ssh2
2026-09-13T02:02:27.688773+00:00 ubuntu sshd[1363332]: Connection closed by authenticating user root 109.160.32.155 port 48914 [preauth]
2026-09-13T02:02:29.740443+00:00 ubuntu sshd[1363570]: pam_unix(sshd:auth): authentication failure; logname= uid=0 euid=0 tty=ssh ruser= rhost=109.160.32.155 user=root
2026-09-13T02:02:31.865078+00:00 ubuntu sshd[1363570]: Failed password for root from 109.160.32.155 port 49042 ssh2
2026-09-13T02:02:32.962078+00:00 ubuntu sshd[1363570]: Connection closed by authenticating user root 109.160.32.155 port 49042 [preauth]
2026-09-13T02:02:34.350303+00:00 ubuntu sshd[1363677]: Invalid user user2 from 109.160.32.155 port 46428
2026-09-13T02:02:34.367364+00:00 ubuntu sshd[1363677]: pam_unix(sshd:auth): check pass; user unknown
2026-09-13T02:02:34.367464+00:00 ubuntu sshd[1363677]: pam_unix(sshd:auth): authentication failure; logname= uid=0 euid=0 tty=ssh ruser= rhost=109.160.32.155
2026-09-13T02:02:36.512844+00:00 ubuntu sshd[1363677]: Failed password for invalid user user2 from 109.160.32.155 port 46428 ssh2
2026-09-13T02:02:38.224094+00:00 ubuntu sshd[1363677]: Connection closed by invalid user user2 109.160.32.155 port 46428 [preauth]
2026-09-13T02:02:39.222105+00:00 ubuntu sshd[1363807]: pam_unix(sshd:auth): authentication failure; logname= uid=0 euid=0 tty=ssh ruser= rhost=109.160.32.155 user=root
2026-09-13T02:02:41.051316+00:00 ubuntu sshd[1363807]: Failed password for root from 109.160.32.155 port 46450 ssh2
2026-09-13T02:02:42.346674+00:00 ubuntu sshd[1363807]: Connection closed by authenticating user root 109.160.32.155 port 46450 [preauth]
2026-09-13T02:02:44.527360+00:00 ubuntu sshd[1363963]: pam_unix(sshd:auth): authentication failure; logname= uid=0 euid=0 tty=ssh ruser= rhost=109.160.32.155 user=root
2026-09-13T02:02:46.712272+00:00 ubuntu sshd[1363963]: Failed password for root from 109.160.32.155 port 58938 ssh2
2026-09-13T02:02:46.904420+00:00 ubuntu sshd[1363967]: pam_unix(sshd:auth): authentication failure; logname= uid=0 euid=0 tty=ssh ruser= rhost=59.103.230.194 user=root
2026-09-13T02:02:47.652455+00:00 ubuntu sshd[1363963]: Connection closed by authenticating user root 109.160.32.155 port 58938 [preauth]
2026-09-13T02:02:49.029664+00:00 ubuntu sshd[1363967]: Failed password for root from 59.103.230.194 port 42230 ssh2
2026-09-13T02:02:49.650360+00:00 ubuntu sshd[1364093]: Invalid user frappe from 109.160.32.155 port 59074
2026-09-13T02:02:49.721457+00:00 ubuntu sshd[1364093]: pam_unix(sshd:auth): check pass; user unknown
2026-09-13T02:02:49.721579+00:00 ubuntu sshd[1364093]: pam_unix(sshd:auth): authentication failure; logname= uid=0 euid=0 tty=ssh ruser= rhost=109.160.32.155
2026-09-13T02:02:50.300412+00:00 ubuntu sshd[1363967]: Connection closed by authenticating user root 59.103.230.194 port 42230 [preauth]
2026-09-13T02:02:51.591412+00:00 ubuntu sshd[1364093]: Failed password for invalid user frappe from 109.160.32.155 port 59074 ssh2
2026-09-13T02:02:52.682487+00:00 ubuntu sshd[1364093]: Connection closed by invalid user frappe 109.160.32.155 port 59074 [preauth]
2026-09-13T02:02:54.171350+00:00 ubuntu sshd[1364181]: Invalid user frappe from 109.160.32.155 port 59220
2026-09-13T02:02:54.193811+00:00 ubuntu sshd[1364181]: pam_unix(sshd:auth): check pass; user unknown
2026-09-13T02:02:54.193963+00:00 ubuntu sshd[1364181]: pam_unix(sshd:auth): authentication failure; logname= uid=0 euid=0 tty=ssh ruser= rhost=109.160.32.155
2026-09-13T02:02:56.083504+00:00 ubuntu sshd[1364181]: Failed password for invalid user frappe from 109.160.32.155 port 59220 ssh2
2026-09-13T02:02:57.160025+00:00 ubuntu sshd[1364181]: Connection closed by invalid user frappe 109.160.32.155 port 59220 [preauth]
2026-09-13T02:02:59.395256+00:00 ubuntu sshd[1364390]: Invalid user ftpuser from 109.160.32.155 port 59250
2026-09-13T02:02:59.447830+00:00 ubuntu sshd[1364390]: pam_unix(sshd:auth): check pass; user unknown
2026-09-13T02:02:59.447958+00:00 ubuntu sshd[1364390]: pam_unix(sshd:auth): authentication failure; logname= uid=0 euid=0 tty=ssh ruser= rhost=109.160.32.155
2026-09-13T02:03:01.357468+00:00 ubuntu sshd[1364390]: Failed password for invalid user ftpuser from 109.160.32.155 port 59250 ssh2
2026-09-13T02:03:02.806884+00:00 ubuntu sshd[1364390]: Connection closed by invalid user ftpuser 109.160.32.155 port 59250 [preauth]
2026-09-13T02:03:03.999454+00:00 ubuntu sshd[1364531]: Invalid user ftpuser from 109.160.32.155 port 36346
2026-09-13T02:03:04.017462+00:00 ubuntu sshd[1364531]: pam_unix(sshd:auth): check pass; user unknown
2026-09-13T02:03:04.017588+00:00 ubuntu sshd[1364531]: pam_unix(sshd:auth): authentication failure; logname= uid=0 euid=0 tty=ssh ruser= rhost=109.160.32.155
2026-09-13T02:03:06.614558+00:00 ubuntu sshd[1364531]: Failed password for invalid user ftpuser from 109.160.32.155 port 36346 ssh2
2026-09-13T02:03:07.375348+00:00 ubuntu sshd[1364531]: Connection closed by invalid user ftpuser 109.160.32.155 port 36346 [preauth]
2026-09-13T02:03:09.488697+00:00 ubuntu sshd[1364663]: pam_unix(sshd:auth): authentication failure; logname= uid=0 euid=0 tty=ssh ruser= rhost=109.160.32.155 user=root
2026-09-13T02:03:11.438192+00:00 ubuntu sshd[1364663]: Failed password for root from 109.160.32.155 port 36368 ssh2
2026-09-13T02:03:12.615241+00:00 ubuntu sshd[1364663]: Connection closed by authenticating user root 109.160.32.155 port 36368 [preauth]
2026-09-13T02:03:13.905456+00:00 ubuntu sshd[1364743]: Invalid user edge from 109.160.32.155 port 52784
2026-09-13T02:03:13.926577+00:00 ubuntu sshd[1364743]: pam_unix(sshd:auth): check pass; user unknown
2026-09-13T02:03:13.926685+00:00 ubuntu sshd[1364743]: pam_unix(sshd:auth): authentication failure; logname= uid=0 euid=0 tty=ssh ruser= rhost=109.160.32.155
2026-09-13T02:03:16.092346+00:00 ubuntu sshd[1364743]: Failed password for invalid user edge from 109.160.32.155 port 52784 ssh2
2026-09-13T02:03:17.016151+00:00 ubuntu sshd[1364743]: Connection closed by invalid user edge 109.160.32.155 port 52784 [preauth]
2026-09-13T02:03:19.178083+00:00 ubuntu sshd[1364863]: pam_unix(sshd:auth): authentication failure; logname= uid=0 euid=0 tty=ssh ruser= rhost=109.160.32.155 user=root
2026-09-13T02:03:21.167628+00:00 ubuntu sshd[1364863]: Failed password for root from 109.160.32.155 port 52836 ssh2
2026-09-13T02:03:22.386352+00:00 ubuntu sshd[1364863]: Connection closed by authenticating user root 109.160.32.155 port 52836 [preauth]
2026-09-13T02:03:23.656246+00:00 ubuntu sshd[1364942]: pam_unix(sshd:auth): authentication failure; logname= uid=0 euid=0 tty=ssh ruser= rhost=109.160.32.155 user=root
2026-09-13T02:03:25.525655+00:00 ubuntu sshd[1364942]: Failed password for root from 109.160.32.155 port 47212 ssh2
2026-09-13T02:03:26.783045+00:00 ubuntu sshd[1364942]: Connection closed by authenticating user root 109.160.32.155 port 47212 [preauth]
2026-09-13T02:03:28.317052+00:00 ubuntu sshd[1365020]: Invalid user user1 from 109.160.32.155 port 47266
2026-09-13T02:03:28.360120+00:00 ubuntu sshd[1365020]: pam_unix(sshd:auth): check pass; user unknown
2026-09-13T02:03:28.360241+00:00 ubuntu sshd[1365020]: pam_unix(sshd:auth): authentication failure; logname= uid=0 euid=0 tty=ssh ruser= rhost=109.160.32.155
2026-09-13T02:03:30.585280+00:00 ubuntu sshd[1365020]: Failed password for invalid user user1 from 109.160.32.155 port 47266 ssh2
2026-09-13T02:03:30.724386+00:00 ubuntu sshd[1365020]: Connection closed by invalid user user1 109.160.32.155 port 47266 [preauth]
2026-09-13T02:03:33.459301+00:00 ubuntu sshd[1365265]: pam_unix(sshd:auth): authentication failure; logname= uid=0 euid=0 tty=ssh ruser= rhost=109.160.32.155 user=root
2026-09-13T02:03:35.368914+00:00 ubuntu sshd[1365265]: Failed password for root from 109.160.32.155 port 38918 ssh2
2026-09-13T02:03:36.584884+00:00 ubuntu sshd[1365265]: Connection closed by authenticating user root 109.160.32.155 port 38918 [preauth]
2026-09-13T02:03:38.395441+00:00 ubuntu sshd[1365365]: pam_unix(sshd:auth): authentication failure; logname= uid=0 euid=0 tty=ssh ruser= rhost=109.160.32.155 user=root
2026-09-13T02:03:40.661057+00:00 ubuntu sshd[1365365]: Failed password for root from 109.160.32.155 port 38974 ssh2
2026-09-13T02:03:41.531058+00:00 ubuntu sshd[1365365]: Connection closed by authenticating user root 109.160.32.155 port 38974 [preauth]
2026-09-13T02:03:43.201359+00:00 ubuntu sshd[1365488]: Invalid user ikea from 109.160.32.155 port 35186
2026-09-13T02:03:43.217910+00:00 ubuntu sshd[1365488]: pam_unix(sshd:auth): check pass; user unknown
2026-09-13T02:03:43.218019+00:00 ubuntu sshd[1365488]: pam_unix(sshd:auth): authentication failure; logname= uid=0 euid=0 tty=ssh ruser= rhost=109.160.32.155
2026-09-13T02:03:45.167789+00:00 ubuntu sshd[1365488]: Failed password for invalid user ikea from 109.160.32.155 port 35186 ssh2
2026-09-13T02:03:46.812530+00:00 ubuntu sshd[1365488]: Connection closed by invalid user ikea 109.160.32.155 port 35186 [preauth]
2026-09-13T02:03:47.781978+00:00 ubuntu sshd[1365632]: Invalid user ubuntu from 109.160.32.155 port 35210
2026-09-13T02:03:47.799941+00:00 ubuntu sshd[1365632]: pam_unix(sshd:auth): check pass; user unknown
2026-09-13T02:03:47.800077+00:00 ubuntu sshd[1365632]: pam_unix(sshd:auth): authentication failure; logname= uid=0 euid=0 tty=ssh ruser= rhost=109.160.32.155
2026-09-13T02:03:49.634117+00:00 ubuntu sshd[1365632]: Failed password for invalid user ubuntu from 109.160.32.155 port 35210 ssh2
2026-09-13T02:03:49.918926+00:00 ubuntu sshd[1365632]: Connection closed by invalid user ubuntu 109.160.32.155 port 35210 [preauth]
2026-09-13T02:03:53.159996+00:00 ubuntu sshd[1365751]: pam_unix(sshd:auth): authentication failure; logname= uid=0 euid=0 tty=ssh ruser= rhost=109.160.32.155 user=root
2026-09-13T02:03:55.149575+00:00 ubuntu sshd[1365751]: Failed password for root from 109.160.32.155 port 51458 ssh2
2026-09-13T02:03:56.407162+00:00 ubuntu sshd[1365751]: Connection closed by authenticating user root 109.160.32.155 port 51458 [preauth]
2026-09-13T02:03:58.155078+00:00 ubuntu sshd[1365835]: pam_unix(sshd:auth): authentication failure; logname= uid=0 euid=0 tty=ssh ruser= rhost=109.160.32.155 user=root
2026-09-13T02:04:00.832243+00:00 ubuntu sshd[1365835]: Failed password for root from 109.160.32.155 port 51488 ssh2
2026-09-13T02:04:01.281661+00:00 ubuntu sshd[1365835]: Connection closed by authenticating user root 109.160.32.155 port 51488 [preauth]
2026-09-13T02:04:03.466163+00:00 ubuntu sshd[1366035]: pam_unix(sshd:auth): authentication failure; logname= uid=0 euid=0 tty=ssh ruser= rhost=109.160.32.155 user=root
2026-09-13T02:04:03.895393+00:00 ubuntu sshd[1366065]: pam_unix(sshd:auth): authentication failure; logname= uid=0 euid=0 tty=ssh ruser= rhost=176.53.159.198 user=root
2026-09-13T02:04:05.495954+00:00 ubuntu sshd[1366035]: Failed password for root from 109.160.32.155 port 33360 ssh2
2026-09-13T02:04:05.925148+00:00 ubuntu sshd[1366065]: Failed password for root from 176.53.159.198 port 53334 ssh2
2026-09-13T02:04:06.759917+00:00 ubuntu sshd[1366035]: Connection closed by authenticating user root 109.160.32.155 port 33360 [preauth]
2026-09-13T02:04:07.832088+00:00 ubuntu sshd[1366162]: Invalid user super from 109.160.32.155 port 33430
2026-09-13T02:04:07.849906+00:00 ubuntu sshd[1366162]: pam_unix(sshd:auth): check pass; user unknown
2026-09-13T02:04:07.849990+00:00 ubuntu sshd[1366162]: pam_unix(sshd:auth): authentication failure; logname= uid=0 euid=0 tty=ssh ruser= rhost=109.160.32.155
2026-09-13T02:04:08.998679+00:00 ubuntu sshd[1366065]: Failed password for root from 176.53.159.198 port 53334 ssh2
2026-09-13T02:04:09.759877+00:00 ubuntu sshd[1366162]: Failed password for invalid user super from 109.160.32.155 port 33430 ssh2
2026-09-13T02:04:10.781724+00:00 ubuntu sshd[1366162]: Connection closed by invalid user super 109.160.32.155 port 33430 [preauth]
2026-09-13T02:04:12.798212+00:00 ubuntu sshd[1366208]: Invalid user steam from 109.160.32.155 port 57422
2026-09-13T02:04:12.820693+00:00 ubuntu sshd[1366208]: pam_unix(sshd:auth): check pass; user unknown
2026-09-13T02:04:12.820834+00:00 ubuntu sshd[1366208]: pam_unix(sshd:auth): authentication failure; logname= uid=0 euid=0 tty=ssh ruser= rhost=109.160.32.155
2026-09-13T02:04:12.938674+00:00 ubuntu sshd[1366065]: Failed password for root from 176.53.159.198 port 53334 ssh2
2026-09-13T02:04:15.085346+00:00 ubuntu sshd[1366208]: Failed password for invalid user steam from 109.160.32.155 port 57422 ssh2
2026-09-13T02:04:15.548392+00:00 ubuntu sshd[1366065]: Failed password for root from 176.53.159.198 port 53334 ssh2
2026-09-13T02:04:17.276724+00:00 ubuntu sshd[1366208]: Connection closed by invalid user steam 109.160.32.155 port 57422 [preauth]
2026-09-13T02:04:17.685618+00:00 ubuntu sshd[1366292]: Invalid user steam from 109.160.32.155 port 57480
2026-09-13T02:04:17.703236+00:00 ubuntu sshd[1366292]: pam_unix(sshd:auth): check pass; user unknown
2026-09-13T02:04:17.703312+00:00 ubuntu sshd[1366292]: pam_unix(sshd:auth): authentication failure; logname= uid=0 euid=0 tty=ssh ruser= rhost=109.160.32.155
2026-09-13T02:04:19.153520+00:00 ubuntu sshd[1366065]: Failed password for root from 176.53.159.198 port 53334 ssh2
2026-09-13T02:04:19.653408+00:00 ubuntu sshd[1366292]: Failed password for invalid user steam from 109.160.32.155 port 57480 ssh2
2026-09-13T02:04:19.790562+00:00 ubuntu sshd[1366065]: Connection reset by authenticating user root 176.53.159.198 port 53334 [preauth]
2026-09-13T02:04:19.790923+00:00 ubuntu sshd[1366065]: PAM 4 more authentication failures; logname= uid=0 euid=0 tty=ssh ruser= rhost=176.53.159.198 user=root
2026-09-13T02:04:19.790977+00:00 ubuntu sshd[1366065]: PAM service(sshd) ignoring max retries; 5 > 3
2026-09-13T02:04:19.938081+00:00 ubuntu sshd[1366412]: pam_unix(sshd:auth): authentication failure; logname= uid=0 euid=0 tty=ssh ruser= rhost=176.53.159.198 user=root
2026-09-13T02:04:20.194911+00:00 ubuntu sshd[1366292]: Connection closed by invalid user steam 109.160.32.155 port 57480 [preauth]
2026-09-13T02:04:21.832083+00:00 ubuntu sshd[1366412]: Failed password for root from 176.53.159.198 port 37694 ssh2
2026-09-13T02:04:22.549910+00:00 ubuntu sshd[1366414]: Invalid user debian from 115.191.22.111 port 34398
2026-09-13T02:04:22.659486+00:00 ubuntu sshd[1366419]: Invalid user user2 from 109.160.32.155 port 52832
2026-09-13T02:04:22.677275+00:00 ubuntu sshd[1366419]: pam_unix(sshd:auth): check pass; user unknown
2026-09-13T02:04:22.677391+00:00 ubuntu sshd[1366419]: pam_unix(sshd:auth): authentication failure; logname= uid=0 euid=0 tty=ssh ruser= rhost=109.160.32.155
2026-09-13T02:04:22.725978+00:00 ubuntu sshd[1366414]: pam_unix(sshd:auth): check pass; user unknown
2026-09-13T02:04:22.726080+00:00 ubuntu sshd[1366414]: pam_unix(sshd:auth): authentication failure; logname= uid=0 euid=0 tty=ssh ruser= rhost=115.191.22.111
2026-09-13T02:04:24.909057+00:00 ubuntu sshd[1366412]: Failed password for root from 176.53.159.198 port 37694 ssh2
2026-09-13T02:04:24.983120+00:00 ubuntu sshd[1366419]: Failed password for invalid user user2 from 109.160.32.155 port 52832 ssh2
2026-09-13T02:04:25.031898+00:00 ubuntu sshd[1366414]: Failed password for invalid user debian from 115.191.22.111 port 34398 ssh2
2026-09-13T02:04:25.489192+00:00 ubuntu sshd[1366414]: Connection closed by invalid user debian 115.191.22.111 port 34398 [preauth]
2026-09-13T02:04:26.535254+00:00 ubuntu sshd[1366419]: Connection closed by invalid user user2 109.160.32.155 port 52832 [preauth]
2026-09-13T02:04:27.843915+00:00 ubuntu sshd[1366500]: pam_unix(sshd:auth): authentication failure; logname= uid=0 euid=0 tty=ssh ruser= rhost=109.160.32.155 user=root
2026-09-13T02:04:28.513378+00:00 ubuntu sshd[1366412]: Failed password for root from 176.53.159.198 port 37694 ssh2
2026-09-13T02:04:30.500928+00:00 ubuntu sshd[1366500]: Failed password for root from 109.160.32.155 port 52874 ssh2
2026-09-13T02:04:30.970129+00:00 ubuntu sshd[1366500]: Connection closed by authenticating user root 109.160.32.155 port 52874 [preauth]
2026-09-13T02:04:31.453543+00:00 ubuntu sshd[1366412]: Failed password for root from 176.53.159.198 port 37694 ssh2
2026-09-13T02:04:32.702207+00:00 ubuntu sshd[1366620]: Invalid user elasticsearch from 109.160.32.155 port 47644
2026-09-13T02:04:32.722327+00:00 ubuntu sshd[1366620]: pam_unix(sshd:auth): check pass; user unknown
2026-09-13T02:04:32.722438+00:00 ubuntu sshd[1366620]: pam_unix(sshd:auth): authentication failure; logname= uid=0 euid=0 tty=ssh ruser= rhost=109.160.32.155
2026-09-13T02:04:34.395235+00:00 ubuntu sshd[1366412]: Failed password for root from 176.53.159.198 port 37694 ssh2
2026-09-13T02:04:34.400032+00:00 ubuntu sshd[1366620]: Failed password for invalid user elasticsearch from 109.160.32.155 port 47644 ssh2
2026-09-13T02:04:34.595279+00:00 ubuntu sshd[1366620]: Connection closed by invalid user elasticsearch 109.160.32.155 port 47644 [preauth]
2026-09-13T02:04:35.836305+00:00 ubuntu sshd[1366412]: Connection reset by authenticating user root 176.53.159.198 port 37694 [preauth]
2026-09-13T02:04:35.836441+00:00 ubuntu sshd[1366412]: PAM 4 more authentication failures; logname= uid=0 euid=0 tty=ssh ruser= rhost=176.53.159.198 user=root
2026-09-13T02:04:35.836499+00:00 ubuntu sshd[1366412]: PAM service(sshd) ignoring max retries; 5 > 3
2026-09-13T02:04:35.987091+00:00 ubuntu sshd[1366827]: pam_unix(sshd:auth): authentication failure; logname= uid=0 euid=0 tty=ssh ruser= rhost=176.53.159.198 user=root
2026-09-13T02:04:37.866193+00:00 ubuntu sshd[1366831]: Invalid user dev from 109.160.32.155 port 47678
2026-09-13T02:04:37.900429+00:00 ubuntu sshd[1366831]: pam_unix(sshd:auth): check pass; user unknown
2026-09-13T02:04:37.900576+00:00 ubuntu sshd[1366831]: pam_unix(sshd:auth): authentication failure; logname= uid=0 euid=0 tty=ssh ruser= rhost=109.160.32.155
2026-09-13T02:04:38.077090+00:00 ubuntu sshd[1366827]: Failed password for root from 176.53.159.198 port 40474 ssh2
2026-09-13T02:04:39.930443+00:00 ubuntu sshd[1366831]: Failed password for invalid user dev from 109.160.32.155 port 47678 ssh2
2026-09-13T02:04:41.488666+00:00 ubuntu sshd[1366831]: Connection closed by invalid user dev 109.160.32.155 port 47678 [preauth]
2026-09-13T02:04:41.819841+00:00 ubuntu sshd[1366827]: Failed password for root from 176.53.159.198 port 40474 ssh2
2026-09-13T02:04:42.446735+00:00 ubuntu sshd[1366951]: pam_unix(sshd:auth): authentication failure; logname= uid=0 euid=0 tty=ssh ruser= rhost=109.160.32.155 user=root
2026-09-13T02:04:43.758602+00:00 ubuntu sshd[1366827]: Failed password for root from 176.53.159.198 port 40474 ssh2
2026-09-13T02:04:43.829175+00:00 ubuntu sshd[1366951]: Failed password for root from 109.160.32.155 port 58492 ssh2
2026-09-13T02:04:44.083203+00:00 ubuntu sshd[1366951]: Connection closed by authenticating user root 109.160.32.155 port 58492 [preauth]
2026-09-13T02:04:45.828917+00:00 ubuntu sshd[1366827]: Failed password for root from 176.53.159.198 port 40474 ssh2
2026-09-13T02:04:47.732518+00:00 ubuntu sshd[1367141]: pam_unix(sshd:auth): authentication failure; logname= uid=0 euid=0 tty=ssh ruser= rhost=109.160.32.155 user=root
2026-09-13T02:04:49.240329+00:00 ubuntu sshd[1366827]: Failed password for root from 176.53.159.198 port 40474 ssh2
2026-09-13T02:04:49.802491+00:00 ubuntu sshd[1367141]: Failed password for root from 109.160.32.155 port 58572 ssh2
2026-09-13T02:04:50.288357+00:00 ubuntu sshd[1366827]: Connection reset by authenticating user root 176.53.159.198 port 40474 [preauth]
2026-09-13T02:04:50.288501+00:00 ubuntu sshd[1366827]: PAM 4 more authentication failures; logname= uid=0 euid=0 tty=ssh ruser= rhost=176.53.159.198 user=root
2026-09-13T02:04:50.288553+00:00 ubuntu sshd[1366827]: PAM service(sshd) ignoring max retries; 5 > 3
2026-09-13T02:04:50.437311+00:00 ubuntu sshd[1367261]: pam_unix(sshd:auth): authentication failure; logname= uid=0 euid=0 tty=ssh ruser= rhost=176.53.159.198 user=root
2026-09-13T02:04:50.857693+00:00 ubuntu sshd[1367141]: Connection closed by authenticating user root 109.160.32.155 port 58572 [preauth]
2026-09-13T02:04:52.458885+00:00 ubuntu sshd[1367263]: Invalid user ubuntu from 109.160.32.155 port 56794
2026-09-13T02:04:52.533062+00:00 ubuntu sshd[1367263]: pam_unix(sshd:auth): check pass; user unknown
2026-09-13T02:04:52.533182+00:00 ubuntu sshd[1367263]: pam_unix(sshd:auth): authentication failure; logname= uid=0 euid=0 tty=ssh ruser= rhost=109.160.32.155
2026-09-13T02:04:52.918874+00:00 ubuntu sshd[1367261]: Failed password for root from 176.53.159.198 port 53858 ssh2
2026-09-13T02:04:54.855211+00:00 ubuntu sshd[1367261]: Failed password for root from 176.53.159.198 port 53858 ssh2
2026-09-13T02:04:54.954716+00:00 ubuntu sshd[1367263]: Failed password for invalid user ubuntu from 109.160.32.155 port 56794 ssh2
2026-09-13T02:04:56.773875+00:00 ubuntu sshd[1367263]: Connection closed by invalid user ubuntu 109.160.32.155 port 56794 [preauth]
2026-09-13T02:04:57.061157+00:00 ubuntu sshd[1367261]: Failed password for root from 176.53.159.198 port 53858 ssh2
2026-09-13T02:04:57.608557+00:00 ubuntu sshd[1367350]: Invalid user ubuntu from 109.160.32.155 port 56852
2026-09-13T02:04:57.717642+00:00 ubuntu sshd[1367350]: pam_unix(sshd:auth): check pass; user unknown
2026-09-13T02:04:57.717863+00:00 ubuntu sshd[1367350]: pam_unix(sshd:auth): authentication failure; logname= uid=0 euid=0 tty=ssh ruser= rhost=109.160.32.155
2026-09-13T02:05:00.493171+00:00 ubuntu sshd[1367350]: Failed password for invalid user ubuntu from 109.160.32.155 port 56852 ssh2
2026-09-13T02:05:00.667598+00:00 ubuntu sshd[1367261]: Failed password for root from 176.53.159.198 port 53858 ssh2
2026-09-13T02:05:01.835990+00:00 ubuntu CRON[1367477]: pam_unix(cron:session): session opened for user root(uid=0) by root(uid=0)
2026-09-13T02:05:01.839643+00:00 ubuntu CRON[1367477]: pam_unix(cron:session): session closed for user root
2026-09-13T02:05:01.928721+00:00 ubuntu sshd[1367350]: Connection closed by invalid user ubuntu 109.160.32.155 port 56852 [preauth]
2026-09-13T02:05:02.233567+00:00 ubuntu sshd[1367480]: Invalid user hamed from 109.160.32.155 port 59630
2026-09-13T02:05:02.255842+00:00 ubuntu sshd[1367480]: pam_unix(sshd:auth): check pass; user unknown
2026-09-13T02:05:02.255972+00:00 ubuntu sshd[1367480]: pam_unix(sshd:auth): authentication failure; logname= uid=0 euid=0 tty=ssh ruser= rhost=109.160.32.155
2026-09-13T02:05:03.611302+00:00 ubuntu sshd[1367261]: Failed password for root from 176.53.159.198 port 53858 ssh2
2026-09-13T02:05:04.717618+00:00 ubuntu sshd[1367480]: Failed password for invalid user hamed from 109.160.32.155 port 59630 ssh2
2026-09-13T02:05:04.736522+00:00 ubuntu sshd[1367261]: Connection reset by authenticating user root 176.53.159.198 port 53858 [preauth]
2026-09-13T02:05:04.736718+00:00 ubuntu sshd[1367261]: PAM 4 more authentication failures; logname= uid=0 euid=0 tty=ssh ruser= rhost=176.53.159.198 user=root
2026-09-13T02:05:04.736821+00:00 ubuntu sshd[1367261]: PAM service(sshd) ignoring max retries; 5 > 3
2026-09-13T02:05:04.887760+00:00 ubuntu sshd[1367599]: pam_unix(sshd:auth): authentication failure; logname= uid=0 euid=0 tty=ssh ruser= rhost=176.53.159.198 user=root
2026-09-13T02:05:06.634495+00:00 ubuntu sshd[1367480]: Connection closed by invalid user hamed 109.160.32.155 port 59630 [preauth]
2026-09-13T02:05:06.957696+00:00 ubuntu sshd[1367599]: Failed password for root from 176.53.159.198 port 39296 ssh2
2026-09-13T02:05:07.374135+00:00 ubuntu sshd[1367702]: Invalid user claude from 109.160.32.155 port 59666
2026-09-13T02:05:07.453888+00:00 ubuntu sshd[1367702]: pam_unix(sshd:auth): check pass; user unknown
2026-09-13T02:05:07.453982+00:00 ubuntu sshd[1367702]: pam_unix(sshd:auth): authentication failure; logname= uid=0 euid=0 tty=ssh ruser= rhost=109.160.32.155
2026-09-13T02:05:07.948872+00:00 ubuntu sshd[1367704]: Invalid user agentsolutions-mallorca from 144.126.211.88 port 42834
2026-09-13T02:05:08.103146+00:00 ubuntu sshd[1367704]: pam_unix(sshd:auth): check pass; user unknown
2026-09-13T02:05:08.103266+00:00 ubuntu sshd[1367704]: pam_unix(sshd:auth): authentication failure; logname= uid=0 euid=0 tty=ssh ruser= rhost=144.126.211.88
2026-09-13T02:05:09.268330+00:00 ubuntu sshd[1367702]: Failed password for invalid user claude from 109.160.32.155 port 59666 ssh2
2026-09-13T02:05:09.481892+00:00 ubuntu sshd[1367702]: Connection closed by invalid user claude 109.160.32.155 port 59666 [preauth]
2026-09-13T02:05:09.894599+00:00 ubuntu sshd[1367599]: Failed password for root from 176.53.159.198 port 39296 ssh2
2026-09-13T02:05:10.389066+00:00 ubuntu sshd[1367704]: Failed password for invalid user agentsolutions-mallorca from 144.126.211.88 port 42834 ssh2
2026-09-13T02:05:11.974235+00:00 ubuntu sshd[1367834]: Invalid user claude from 109.160.32.155 port 42108
2026-09-13T02:05:11.992908+00:00 ubuntu sshd[1367834]: pam_unix(sshd:auth): check pass; user unknown
2026-09-13T02:05:11.993023+00:00 ubuntu sshd[1367834]: pam_unix(sshd:auth): authentication failure; logname= uid=0 euid=0 tty=ssh ruser= rhost=109.160.32.155
2026-09-13T02:05:12.736373+00:00 ubuntu sshd[1367704]: Connection closed by invalid user agentsolutions-mallorca 144.126.211.88 port 42834 [preauth]
2026-09-13T02:05:13.305159+00:00 ubuntu sshd[1367599]: Failed password for root from 176.53.159.198 port 39296 ssh2
2026-09-13T02:05:14.021495+00:00 ubuntu sshd[1367834]: Failed password for invalid user claude from 109.160.32.155 port 42108 ssh2
2026-09-13T02:05:16.021568+00:00 ubuntu sshd[1367834]: Connection closed by invalid user claude 109.160.32.155 port 42108 [preauth]
2026-09-13T02:05:16.896365+00:00 ubuntu sshd[1367924]: Invalid user sam from 109.160.32.155 port 42146
2026-09-13T02:05:16.913107+00:00 ubuntu sshd[1367599]: Failed password for root from 176.53.159.198 port 39296 ssh2
2026-09-13T02:05:16.942435+00:00 ubuntu sshd[1367924]: pam_unix(sshd:auth): check pass; user unknown
2026-09-13T02:05:16.942566+00:00 ubuntu sshd[1367924]: pam_unix(sshd:auth): authentication failure; logname= uid=0 euid=0 tty=ssh ruser= rhost=109.160.32.155
2026-09-13T02:05:18.661277+00:00 ubuntu sshd[1367924]: Failed password for invalid user sam from 109.160.32.155 port 42146 ssh2
2026-09-13T02:05:18.849454+00:00 ubuntu sshd[1367599]: Failed password for root from 176.53.159.198 port 39296 ssh2
2026-09-13T02:05:19.020636+00:00 ubuntu sshd[1367924]: Connection closed by invalid user sam 109.160.32.155 port 42146 [preauth]
2026-09-13T02:05:19.185147+00:00 ubuntu sshd[1367599]: Connection reset by authenticating user root 176.53.159.198 port 39296 [preauth]
2026-09-13T02:05:19.185483+00:00 ubuntu sshd[1367599]: PAM 4 more authentication failures; logname= uid=0 euid=0 tty=ssh ruser= rhost=176.53.159.198 user=root
2026-09-13T02:05:19.185533+00:00 ubuntu sshd[1367599]: PAM service(sshd) ignoring max retries; 5 > 3
