2026-09-13T00:30:37.694484+00:00 ubuntu sshd[1206502]: Failed password for root from 109.160.32.155 port 58130 ssh2
2026-09-13T00:30:38.995088+00:00 ubuntu sshd[1206502]: Connection closed by authenticating user root 109.160.32.155 port 58130 [preauth]
2026-09-13T00:30:41.007630+00:00 ubuntu sshd[1206632]: Invalid user gk from 109.160.32.155 port 40144
2026-09-13T00:30:41.026001+00:00 ubuntu sshd[1206632]: pam_unix(sshd:auth): check pass; user unknown
2026-09-13T00:30:41.026114+00:00 ubuntu sshd[1206632]: pam_unix(sshd:auth): authentication failure; logname= uid=0 euid=0 tty=ssh ruser= rhost=109.160.32.155
2026-09-13T00:30:42.665413+00:00 ubuntu sshd[1206632]: Failed password for invalid user gk from 109.160.32.155 port 40144 ssh2
2026-09-13T00:30:42.848443+00:00 ubuntu sshd[1206632]: Connection closed by invalid user gk 109.160.32.155 port 40144 [preauth]
2026-09-13T00:30:46.153085+00:00 ubuntu sshd[1206740]: pam_unix(sshd:auth): authentication failure; logname= uid=0 euid=0 tty=ssh ruser= rhost=109.160.32.155 user=root
2026-09-13T00:30:48.143644+00:00 ubuntu sshd[1206740]: Failed password for root from 109.160.32.155 port 40186 ssh2
2026-09-13T00:30:49.273448+00:00 ubuntu sshd[1206740]: Connection closed by authenticating user root 109.160.32.155 port 40186 [preauth]
2026-09-13T00:30:51.409744+00:00 ubuntu sshd[1206952]: Invalid user admin from 109.160.32.155 port 49782
2026-09-13T00:30:51.437689+00:00 ubuntu sshd[1206952]: pam_unix(sshd:auth): check pass; user unknown
2026-09-13T00:30:51.437903+00:00 ubuntu sshd[1206952]: pam_unix(sshd:auth): authentication failure; logname= uid=0 euid=0 tty=ssh ruser= rhost=109.160.32.155
2026-09-13T00:30:53.783046+00:00 ubuntu sshd[1206952]: Failed password for invalid user admin from 109.160.32.155 port 49782 ssh2
2026-09-13T00:30:54.312729+00:00 ubuntu sshd[1206952]: Connection closed by invalid user admin 109.160.32.155 port 49782 [preauth]
2026-09-13T00:30:56.372562+00:00 ubuntu sshd[1207083]: Invalid user myuser from 109.160.32.155 port 49810
2026-09-13T00:30:56.393510+00:00 ubuntu sshd[1207083]: pam_unix(sshd:auth): check pass; user unknown
2026-09-13T00:30:56.393670+00:00 ubuntu sshd[1207083]: pam_unix(sshd:auth): authentication failure; logname= uid=0 euid=0 tty=ssh ruser= rhost=109.160.32.155
2026-09-13T00:30:59.092028+00:00 ubuntu sshd[1207083]: Failed password for invalid user myuser from 109.160.32.155 port 49810 ssh2
2026-09-13T00:30:59.788720+00:00 ubuntu sshd[1207083]: Connection closed by invalid user myuser 109.160.32.155 port 49810 [preauth]
2026-09-13T00:31:01.133145+00:00 ubuntu sshd[1207211]: pam_unix(sshd:auth): authentication failure; logname= uid=0 euid=0 tty=ssh ruser= rhost=109.160.32.155 user=root
2026-09-13T00:31:02.852270+00:00 ubuntu sshd[1207211]: Failed password for root from 109.160.32.155 port 43628 ssh2
2026-09-13T00:31:04.254535+00:00 ubuntu sshd[1207211]: Connection closed by authenticating user root 109.160.32.155 port 43628 [preauth]
2026-09-13T00:31:06.301077+00:00 ubuntu sshd[1207303]: pam_unix(sshd:auth): authentication failure; logname= uid=0 euid=0 tty=ssh ruser= rhost=109.160.32.155 user=root
2026-09-13T00:31:07.704425+00:00 ubuntu sshd[1207303]: Failed password for root from 109.160.32.155 port 43654 ssh2
2026-09-13T00:31:07.839036+00:00 ubuntu sshd[1207303]: Connection closed by authenticating user root 109.160.32.155 port 43654 [preauth]
2026-09-13T00:31:10.928913+00:00 ubuntu sshd[1207431]: Invalid user support from 109.160.32.155 port 37326
2026-09-13T00:31:10.946523+00:00 ubuntu sshd[1207431]: pam_unix(sshd:auth): check pass; user unknown
2026-09-13T00:31:10.946714+00:00 ubuntu sshd[1207431]: pam_unix(sshd:auth): authentication failure; logname= uid=0 euid=0 tty=ssh ruser= rhost=109.160.32.155
2026-09-13T00:31:12.901881+00:00 ubuntu sshd[1207431]: Failed password for invalid user support from 109.160.32.155 port 37326 ssh2
2026-09-13T00:31:13.888421+00:00 ubuntu sshd[1207431]: Connection closed by invalid user support 109.160.32.155 port 37326 [preauth]
2026-09-13T00:31:16.078627+00:00 ubuntu sshd[1207566]: Invalid user support from 109.160.32.155 port 37426
2026-09-13T00:31:16.120943+00:00 ubuntu sshd[1207566]: pam_unix(sshd:auth): check pass; user unknown
2026-09-13T00:31:16.121060+00:00 ubuntu sshd[1207566]: pam_unix(sshd:auth): authentication failure; logname= uid=0 euid=0 tty=ssh ruser= rhost=109.160.32.155
2026-09-13T00:31:17.564567+00:00 ubuntu sshd[1207566]: Failed password for invalid user support from 109.160.32.155 port 37426 ssh2
2026-09-13T00:31:17.647926+00:00 ubuntu sshd[1207566]: Connection closed by invalid user support 109.160.32.155 port 37426 [preauth]
2026-09-13T00:31:21.815793+00:00 ubuntu sshd[1207696]: pam_unix(sshd:auth): authentication failure; logname= uid=0 euid=0 tty=ssh ruser= rhost=109.160.32.155 user=root
2026-09-13T00:31:23.946622+00:00 ubuntu sshd[1207696]: Failed password for root from 109.160.32.155 port 48968 ssh2
2026-09-13T00:31:24.936575+00:00 ubuntu sshd[1207696]: Connection closed by authenticating user root 109.160.32.155 port 48968 [preauth]
2026-09-13T00:31:27.087861+00:00 ubuntu sshd[1207892]: pam_unix(sshd:auth): authentication failure; logname= uid=0 euid=0 tty=ssh ruser= rhost=109.160.32.155 user=root
2026-09-13T00:31:28.565930+00:00 ubuntu sshd[1207896]: Invalid user 1234 from 200.155.76.14 port 39220
2026-09-13T00:31:28.770393+00:00 ubuntu sshd[1207896]: pam_unix(sshd:auth): check pass; user unknown
2026-09-13T00:31:28.770539+00:00 ubuntu sshd[1207896]: pam_unix(sshd:auth): authentication failure; logname= uid=0 euid=0 tty=ssh ruser= rhost=200.155.76.14
2026-09-13T00:31:29.238463+00:00 ubuntu sshd[1207892]: Failed password for root from 109.160.32.155 port 49088 ssh2
2026-09-13T00:31:30.194113+00:00 ubuntu sshd[1207896]: Failed password for invalid user 1234 from 200.155.76.14 port 39220 ssh2
2026-09-13T00:31:30.210182+00:00 ubuntu sshd[1207892]: Connection closed by authenticating user root 109.160.32.155 port 49088 [preauth]
2026-09-13T00:31:30.953573+00:00 ubuntu sshd[1207896]: Connection closed by invalid user 1234 200.155.76.14 port 39220 [preauth]
2026-09-13T00:31:32.107717+00:00 ubuntu sshd[1208090]: pam_unix(sshd:auth): authentication failure; logname= uid=0 euid=0 tty=ssh ruser= rhost=109.160.32.155 user=root
2026-09-13T00:31:34.083036+00:00 ubuntu sshd[1208090]: Failed password for root from 109.160.32.155 port 56454 ssh2
2026-09-13T00:31:35.222322+00:00 ubuntu sshd[1208090]: Connection closed by authenticating user root 109.160.32.155 port 56454 [preauth]
2026-09-13T00:31:37.263951+00:00 ubuntu sshd[1208179]: pam_unix(sshd:auth): authentication failure; logname= uid=0 euid=0 tty=ssh ruser= rhost=109.160.32.155 user=root
2026-09-13T00:31:38.923136+00:00 ubuntu sshd[1208179]: Failed password for root from 109.160.32.155 port 56502 ssh2
2026-09-13T00:31:40.382925+00:00 ubuntu sshd[1208179]: Connection closed by authenticating user root 109.160.32.155 port 56502 [preauth]
2026-09-13T00:31:41.837233+00:00 ubuntu sshd[1208358]: pam_unix(sshd:auth): authentication failure; logname= uid=0 euid=0 tty=ssh ruser= rhost=109.160.32.155 user=root
2026-09-13T00:31:43.712215+00:00 ubuntu sshd[1208358]: Failed password for root from 109.160.32.155 port 57744 ssh2
2026-09-13T00:31:45.026429+00:00 ubuntu sshd[1208358]: Connection closed by authenticating user root 109.160.32.155 port 57744 [preauth]
2026-09-13T00:31:46.942604+00:00 ubuntu sshd[1208465]: Invalid user user from 109.160.32.155 port 57800
2026-09-13T00:31:46.962099+00:00 ubuntu sshd[1208465]: pam_unix(sshd:auth): check pass; user unknown
2026-09-13T00:31:46.962232+00:00 ubuntu sshd[1208465]: pam_unix(sshd:auth): authentication failure; logname= uid=0 euid=0 tty=ssh ruser= rhost=109.160.32.155
2026-09-13T00:31:48.857385+00:00 ubuntu sshd[1208465]: Failed password for invalid user user from 109.160.32.155 port 57800 ssh2
2026-09-13T00:31:49.078416+00:00 ubuntu sshd[1208465]: Connection closed by invalid user user 109.160.32.155 port 57800 [preauth]
2026-09-13T00:31:49.250171+00:00 ubuntu sshd[1208549]: Invalid user chrystal from 2.57.121.112 port 57524
2026-09-13T00:31:49.279403+00:00 ubuntu sshd[1208549]: pam_unix(sshd:auth): check pass; user unknown
2026-09-13T00:31:49.279591+00:00 ubuntu sshd[1208549]: pam_unix(sshd:auth): authentication failure; logname= uid=0 euid=0 tty=ssh ruser= rhost=2.57.121.112
2026-09-13T00:31:50.918932+00:00 ubuntu sshd[1208549]: Failed password for invalid user chrystal from 2.57.121.112 port 57524 ssh2
2026-09-13T00:31:51.907450+00:00 ubuntu sshd[1208549]: pam_unix(sshd:auth): check pass; user unknown
2026-09-13T00:31:51.994534+00:00 ubuntu sshd[1208596]: Invalid user elastic from 109.160.32.155 port 52568
2026-09-13T00:31:52.011883+00:00 ubuntu sshd[1208596]: pam_unix(sshd:auth): check pass; user unknown
2026-09-13T00:31:52.012056+00:00 ubuntu sshd[1208596]: pam_unix(sshd:auth): authentication failure; logname= uid=0 euid=0 tty=ssh ruser= rhost=109.160.32.155
2026-09-13T00:31:53.731434+00:00 ubuntu sshd[1208596]: Failed password for invalid user elastic from 109.160.32.155 port 52568 ssh2
2026-09-13T00:31:53.822235+00:00 ubuntu sshd[1208549]: Failed password for invalid user chrystal from 2.57.121.112 port 57524 ssh2
2026-09-13T00:31:54.535490+00:00 ubuntu sshd[1208549]: pam_unix(sshd:auth): check pass; user unknown
2026-09-13T00:31:55.332271+00:00 ubuntu sshd[1208596]: Connection closed by invalid user elastic 109.160.32.155 port 52568 [preauth]
2026-09-13T00:31:56.530944+00:00 ubuntu sshd[1208549]: Failed password for invalid user chrystal from 2.57.121.112 port 57524 ssh2
2026-09-13T00:31:56.928905+00:00 ubuntu sshd[1208795]: Invalid user kelly from 109.160.32.155 port 52676
2026-09-13T00:31:56.945886+00:00 ubuntu sshd[1208795]: pam_unix(sshd:auth): check pass; user unknown
2026-09-13T00:31:56.945989+00:00 ubuntu sshd[1208795]: pam_unix(sshd:auth): authentication failure; logname= uid=0 euid=0 tty=ssh ruser= rhost=109.160.32.155
2026-09-13T00:31:57.163212+00:00 ubuntu sshd[1208549]: pam_unix(sshd:auth): check pass; user unknown
2026-09-13T00:31:58.881191+00:00 ubuntu sshd[1208795]: Failed password for invalid user kelly from 109.160.32.155 port 52676 ssh2
2026-09-13T00:31:59.277191+00:00 ubuntu sshd[1208879]: Invalid user chrystal from 2.57.121.112 port 53004
2026-09-13T00:31:59.306281+00:00 ubuntu sshd[1208879]: pam_unix(sshd:auth): check pass; user unknown
2026-09-13T00:31:59.306397+00:00 ubuntu sshd[1208879]: pam_unix(sshd:auth): authentication failure; logname= uid=0 euid=0 tty=ssh ruser= rhost=2.57.121.112
2026-09-13T00:31:59.570098+00:00 ubuntu sshd[1208549]: Failed password for invalid user chrystal from 2.57.121.112 port 57524 ssh2
2026-09-13T00:31:59.762199+00:00 ubuntu sshd[1208549]: Connection closed by invalid user chrystal 2.57.121.112 port 57524 [preauth]
2026-09-13T00:31:59.762500+00:00 ubuntu sshd[1208549]: PAM 3 more authentication failures; logname= uid=0 euid=0 tty=ssh ruser= rhost=2.57.121.112
2026-09-13T00:31:59.762560+00:00 ubuntu sshd[1208549]: PAM service(sshd) ignoring max retries; 4 > 3
2026-09-13T00:31:59.938484+00:00 ubuntu sshd[1208795]: Connection closed by invalid user kelly 109.160.32.155 port 52676 [preauth]
2026-09-13T00:32:00.985936+00:00 ubuntu sshd[1208879]: Failed password for invalid user chrystal from 2.57.121.112 port 53004 ssh2
2026-09-13T00:32:01.677696+00:00 ubuntu sshd[1208928]: Invalid user admin from 109.160.32.155 port 53882
2026-09-13T00:32:01.695658+00:00 ubuntu sshd[1208928]: pam_unix(sshd:auth): check pass; user unknown
2026-09-13T00:32:01.695818+00:00 ubuntu sshd[1208928]: pam_unix(sshd:auth): authentication failure; logname= uid=0 euid=0 tty=ssh ruser= rhost=109.160.32.155
2026-09-13T00:32:01.933540+00:00 ubuntu sshd[1208879]: Connection closed by invalid user chrystal 2.57.121.112 port 53004 [preauth]
2026-09-13T00:32:03.651113+00:00 ubuntu sshd[1208928]: Failed password for invalid user admin from 109.160.32.155 port 53882 ssh2
2026-09-13T00:32:04.559368+00:00 ubuntu sshd[1208928]: Connection closed by invalid user admin 109.160.32.155 port 53882 [preauth]
2026-09-13T00:32:06.772492+00:00 ubuntu sshd[1209015]: Invalid user admin from 109.160.32.155 port 53946
2026-09-13T00:32:06.791724+00:00 ubuntu sshd[1209015]: pam_unix(sshd:auth): check pass; user unknown
2026-09-13T00:32:06.791901+00:00 ubuntu sshd[1209015]: pam_unix(sshd:auth): authentication failure; logname= uid=0 euid=0 tty=ssh ruser= rhost=109.160.32.155
2026-09-13T00:32:08.767267+00:00 ubuntu sshd[1209015]: Failed password for invalid user admin from 109.160.32.155 port 53946 ssh2
2026-09-13T00:32:09.664387+00:00 ubuntu sshd[1209015]: Connection closed by invalid user admin 109.160.32.155 port 53946 [preauth]
2026-09-13T00:32:11.787167+00:00 ubuntu sshd[1209139]: Invalid user deployer from 109.160.32.155 port 42170
2026-09-13T00:32:11.804629+00:00 ubuntu sshd[1209139]: pam_unix(sshd:auth): check pass; user unknown
2026-09-13T00:32:11.804802+00:00 ubuntu sshd[1209139]: pam_unix(sshd:auth): authentication failure; logname= uid=0 euid=0 tty=ssh ruser= rhost=109.160.32.155
2026-09-13T00:32:12.489400+00:00 ubuntu sshd[1209097]: Invalid user user from 115.191.22.111 port 36246
2026-09-13T00:32:12.660996+00:00 ubuntu sshd[1209097]: pam_unix(sshd:auth): check pass; user unknown
2026-09-13T00:32:12.661107+00:00 ubuntu sshd[1209097]: pam_unix(sshd:auth): authentication failure; logname= uid=0 euid=0 tty=ssh ruser= rhost=115.191.22.111
2026-09-13T00:32:13.800273+00:00 ubuntu sshd[1209139]: Failed password for invalid user deployer from 109.160.32.155 port 42170 ssh2
2026-09-13T00:32:14.125054+00:00 ubuntu sshd[1209097]: Failed password for invalid user user from 115.191.22.111 port 36246 ssh2
2026-09-13T00:32:14.169444+00:00 ubuntu sshd[1209139]: Connection closed by invalid user deployer 109.160.32.155 port 42170 [preauth]
2026-09-13T00:32:14.927287+00:00 ubuntu sshd[1209097]: Connection closed by invalid user user 115.191.22.111 port 36246 [preauth]
2026-09-13T00:32:16.786123+00:00 ubuntu sshd[1209251]: Invalid user web from 109.160.32.155 port 42244
2026-09-13T00:32:16.803081+00:00 ubuntu sshd[1209251]: pam_unix(sshd:auth): check pass; user unknown
2026-09-13T00:32:16.803204+00:00 ubuntu sshd[1209251]: pam_unix(sshd:auth): authentication failure; logname= uid=0 euid=0 tty=ssh ruser= rhost=109.160.32.155
2026-09-13T00:32:18.818698+00:00 ubuntu sshd[1209251]: Failed password for invalid user web from 109.160.32.155 port 42244 ssh2
2026-09-13T00:32:20.568092+00:00 ubuntu sshd[1209251]: Connection closed by invalid user web 109.160.32.155 port 42244 [preauth]
2026-09-13T00:32:21.902949+00:00 ubuntu sshd[1209382]: Invalid user deploy from 109.160.32.155 port 46580
2026-09-13T00:32:21.919712+00:00 ubuntu sshd[1209382]: pam_unix(sshd:auth): check pass; user unknown
2026-09-13T00:32:21.919873+00:00 ubuntu sshd[1209382]: pam_unix(sshd:auth): authentication failure; logname= uid=0 euid=0 tty=ssh ruser= rhost=109.160.32.155
2026-09-13T00:32:24.286832+00:00 ubuntu sshd[1209382]: Failed password for invalid user deploy from 109.160.32.155 port 46580 ssh2
2026-09-13T00:32:26.667395+00:00 ubuntu sshd[1209382]: Connection closed by invalid user deploy 109.160.32.155 port 46580 [preauth]
2026-09-13T00:32:26.759684+00:00 ubuntu sshd[1209582]: Invalid user deploy from 109.160.32.155 port 46602
2026-09-13T00:32:26.797513+00:00 ubuntu sshd[1209582]: pam_unix(sshd:auth): check pass; user unknown
2026-09-13T00:32:26.797669+00:00 ubuntu sshd[1209582]: pam_unix(sshd:auth): authentication failure; logname= uid=0 euid=0 tty=ssh ruser= rhost=109.160.32.155
2026-09-13T00:32:28.354049+00:00 ubuntu sshd[1209588]: Invalid user ubuntu from 213.209.159.208 port 56234
2026-09-13T00:32:28.368438+00:00 ubuntu sshd[1209588]: pam_unix(sshd:auth): check pass; user unknown
2026-09-13T00:32:28.368518+00:00 ubuntu sshd[1209588]: pam_unix(sshd:auth): authentication failure; logname= uid=0 euid=0 tty=ssh ruser= rhost=213.209.159.208
2026-09-13T00:32:28.516506+00:00 ubuntu sshd[1209582]: Failed password for invalid user deploy from 109.160.32.155 port 46602 ssh2
2026-09-13T00:32:29.195554+00:00 ubuntu sshd[1209582]: Connection closed by invalid user deploy 109.160.32.155 port 46602 [preauth]
2026-09-13T00:32:30.363585+00:00 ubuntu sshd[1209588]: Failed password for invalid user ubuntu from 213.209.159.208 port 56234 ssh2
2026-09-13T00:32:30.479626+00:00 ubuntu sshd[1209588]: Connection closed by invalid user ubuntu 213.209.159.208 port 56234 [preauth]
2026-09-13T00:32:31.687719+00:00 ubuntu sshd[1209776]: Invalid user qw from 109.160.32.155 port 41878
2026-09-13T00:32:31.706823+00:00 ubuntu sshd[1209776]: pam_unix(sshd:auth): check pass; user unknown
2026-09-13T00:32:31.706963+00:00 ubuntu sshd[1209776]: pam_unix(sshd:auth): authentication failure; logname= uid=0 euid=0 tty=ssh ruser= rhost=109.160.32.155
2026-09-13T00:32:33.446543+00:00 ubuntu sshd[1209776]: Failed password for invalid user qw from 109.160.32.155 port 41878 ssh2
2026-09-13T00:32:34.890001+00:00 ubuntu sshd[1209776]: Connection closed by invalid user qw 109.160.32.155 port 41878 [preauth]
2026-09-13T00:32:36.652062+00:00 ubuntu sshd[1209868]: Invalid user qw from 109.160.32.155 port 41938
2026-09-13T00:32:36.672205+00:00 ubuntu sshd[1209868]: pam_unix(sshd:auth): check pass; user unknown
2026-09-13T00:32:36.672365+00:00 ubuntu sshd[1209868]: pam_unix(sshd:auth): authentication failure; logname= uid=0 euid=0 tty=ssh ruser= rhost=109.160.32.155
2026-09-13T00:32:38.431955+00:00 ubuntu sshd[1209868]: Failed password for invalid user qw from 109.160.32.155 port 41938 ssh2
2026-09-13T00:32:39.854892+00:00 ubuntu sshd[1209868]: Connection closed by invalid user qw 109.160.32.155 port 41938 [preauth]
2026-09-13T00:32:41.768300+00:00 ubuntu sshd[1209999]: Invalid user elasticsearch from 109.160.32.155 port 55650
2026-09-13T00:32:41.785183+00:00 ubuntu sshd[1209999]: pam_unix(sshd:auth): check pass; user unknown
2026-09-13T00:32:41.785354+00:00 ubuntu sshd[1209999]: pam_unix(sshd:auth): authentication failure; logname= uid=0 euid=0 tty=ssh ruser= rhost=109.160.32.155
2026-09-13T00:32:43.564412+00:00 ubuntu sshd[1209999]: Failed password for invalid user elasticsearch from 109.160.32.155 port 55650 ssh2
2026-09-13T00:32:43.810106+00:00 ubuntu sshd[1209999]: Connection closed by invalid user elasticsearch 109.160.32.155 port 55650 [preauth]
2026-09-13T00:32:46.943670+00:00 ubuntu sshd[1210107]: Invalid user worker from 109.160.32.155 port 55692
2026-09-13T00:32:46.963111+00:00 ubuntu sshd[1210107]: pam_unix(sshd:auth): check pass; user unknown
2026-09-13T00:32:46.963257+00:00 ubuntu sshd[1210107]: pam_unix(sshd:auth): authentication failure; logname= uid=0 euid=0 tty=ssh ruser= rhost=109.160.32.155
2026-09-13T00:32:48.326683+00:00 ubuntu sshd[1210111]: Invalid user agentsolutions-mallorca from 41.94.1.199 port 60058
2026-09-13T00:32:48.535216+00:00 ubuntu sshd[1210111]: pam_unix(sshd:auth): check pass; user unknown
2026-09-13T00:32:48.535341+00:00 ubuntu sshd[1210111]: pam_unix(sshd:auth): authentication failure; logname= uid=0 euid=0 tty=ssh ruser= rhost=41.94.1.199
2026-09-13T00:32:48.762551+00:00 ubuntu sshd[1210107]: Failed password for invalid user worker from 109.160.32.155 port 55692 ssh2
2026-09-13T00:32:49.877155+00:00 ubuntu sshd[1209997]: Connection closed by 210.3.142.210 port 36855 [preauth]
2026-09-13T00:32:50.275063+00:00 ubuntu sshd[1210111]: Failed password for invalid user agentsolutions-mallorca from 41.94.1.199 port 60058 ssh2
2026-09-13T00:32:50.281126+00:00 ubuntu sshd[1210192]: Connection closed by 190.231.48.126 port 57698
2026-09-13T00:32:50.496532+00:00 ubuntu sshd[1210107]: Connection closed by invalid user worker 109.160.32.155 port 55692 [preauth]
2026-09-13T00:32:50.993619+00:00 ubuntu sshd[1210111]: Connection closed by invalid user agentsolutions-mallorca 41.94.1.199 port 60058 [preauth]
2026-09-13T00:32:51.715956+00:00 ubuntu sshd[1210237]: pam_unix(sshd:auth): authentication failure; logname= uid=0 euid=0 tty=ssh ruser= rhost=109.160.32.155 user=root
2026-09-13T00:32:54.202930+00:00 ubuntu sshd[1210237]: Failed password for root from 109.160.32.155 port 47374 ssh2
2026-09-13T00:32:54.841084+00:00 ubuntu sshd[1210237]: Connection closed by authenticating user root 109.160.32.155 port 47374 [preauth]
2026-09-13T00:32:56.746945+00:00 ubuntu sshd[1210353]: pam_unix(sshd:auth): authentication failure; logname= uid=0 euid=0 tty=ssh ruser= rhost=109.160.32.155 user=root
2026-09-13T00:32:58.918095+00:00 ubuntu sshd[1210353]: Failed password for root from 109.160.32.155 port 47482 ssh2
2026-09-13T00:32:59.868871+00:00 ubuntu sshd[1210353]: Connection closed by authenticating user root 109.160.32.155 port 47482 [preauth]
2026-09-13T00:33:01.742699+00:00 ubuntu sshd[1210565]: Invalid user username from 109.160.32.155 port 42860
2026-09-13T00:33:01.759944+00:00 ubuntu sshd[1210565]: pam_unix(sshd:auth): check pass; user unknown
2026-09-13T00:33:01.760097+00:00 ubuntu sshd[1210565]: pam_unix(sshd:auth): authentication failure; logname= uid=0 euid=0 tty=ssh ruser= rhost=109.160.32.155
2026-09-13T00:33:03.619940+00:00 ubuntu sshd[1210565]: Failed password for invalid user username from 109.160.32.155 port 42860 ssh2
2026-09-13T00:33:05.067176+00:00 ubuntu sshd[1210565]: Connection closed by invalid user username 109.160.32.155 port 42860 [preauth]
2026-09-13T00:33:06.715510+00:00 ubuntu sshd[1210659]: Invalid user odoo14 from 109.160.32.155 port 42884
2026-09-13T00:33:06.732690+00:00 ubuntu sshd[1210659]: pam_unix(sshd:auth): check pass; user unknown
2026-09-13T00:33:06.732854+00:00 ubuntu sshd[1210659]: pam_unix(sshd:auth): authentication failure; logname= uid=0 euid=0 tty=ssh ruser= rhost=109.160.32.155
2026-09-13T00:33:08.944276+00:00 ubuntu sshd[1210659]: Failed password for invalid user odoo14 from 109.160.32.155 port 42884 ssh2
2026-09-13T00:33:09.026420+00:00 ubuntu sshd[1210659]: Connection closed by invalid user odoo14 109.160.32.155 port 42884 [preauth]
2026-09-13T00:33:11.732721+00:00 ubuntu sshd[1210788]: Invalid user fastuser from 109.160.32.155 port 36582
2026-09-13T00:33:11.770127+00:00 ubuntu sshd[1210788]: pam_unix(sshd:auth): check pass; user unknown
2026-09-13T00:33:11.770292+00:00 ubuntu sshd[1210788]: pam_unix(sshd:auth): authentication failure; logname= uid=0 euid=0 tty=ssh ruser= rhost=109.160.32.155
2026-09-13T00:33:13.668839+00:00 ubuntu sshd[1210788]: Failed password for invalid user fastuser from 109.160.32.155 port 36582 ssh2
2026-09-13T00:33:13.888211+00:00 ubuntu sshd[1210788]: Connection closed by invalid user fastuser 109.160.32.155 port 36582 [preauth]
2026-09-13T00:33:16.634988+00:00 ubuntu sshd[1210914]: Invalid user centreon from 109.160.32.155 port 36628
2026-09-13T00:33:16.734098+00:00 ubuntu sshd[1210914]: pam_unix(sshd:auth): check pass; user unknown
2026-09-13T00:33:16.734251+00:00 ubuntu sshd[1210914]: pam_unix(sshd:auth): authentication failure; logname= uid=0 euid=0 tty=ssh ruser= rhost=109.160.32.155
2026-09-13T00:33:18.318286+00:00 ubuntu sshd[1210914]: Failed password for invalid user centreon from 109.160.32.155 port 36628 ssh2
2026-09-13T00:33:18.535586+00:00 ubuntu sshd[1210914]: Connection closed by invalid user centreon 109.160.32.155 port 36628 [preauth]
2026-09-13T00:33:21.329664+00:00 ubuntu sshd[1211005]: pam_unix(sshd:auth): authentication failure; logname= uid=0 euid=0 tty=ssh ruser= rhost=109.160.32.155 user=root
2026-09-13T00:33:23.265156+00:00 ubuntu sshd[1211005]: Failed password for root from 109.160.32.155 port 49954 ssh2
2026-09-13T00:33:24.452058+00:00 ubuntu sshd[1211005]: Connection closed by authenticating user root 109.160.32.155 port 49954 [preauth]
2026-09-13T00:33:26.183983+00:00 ubuntu sshd[1211131]: pam_unix(sshd:auth): authentication failure; logname= uid=0 euid=0 tty=ssh ruser= rhost=109.160.32.155 user=root
2026-09-13T00:33:28.475184+00:00 ubuntu sshd[1211131]: Failed password for root from 109.160.32.155 port 49972 ssh2
2026-09-13T00:33:29.308854+00:00 ubuntu sshd[1211131]: Connection closed by authenticating user root 109.160.32.155 port 49972 [preauth]
2026-09-13T00:33:31.252934+00:00 ubuntu sshd[1211397]: Invalid user aiuser from 109.160.32.155 port 54608
2026-09-13T00:33:31.283706+00:00 ubuntu sshd[1211397]: pam_unix(sshd:auth): check pass; user unknown
2026-09-13T00:33:31.283916+00:00 ubuntu sshd[1211397]: pam_unix(sshd:auth): authentication failure; logname= uid=0 euid=0 tty=ssh ruser= rhost=109.160.32.155
2026-09-13T00:33:33.259433+00:00 ubuntu sshd[1211397]: Failed password for invalid user aiuser from 109.160.32.155 port 54608 ssh2
2026-09-13T00:33:34.666201+00:00 ubuntu sshd[1211397]: Connection closed by invalid user aiuser 109.160.32.155 port 54608 [preauth]
2026-09-13T00:33:35.709698+00:00 ubuntu sshd[1211535]: Invalid user toor from 109.160.32.155 port 54672
2026-09-13T00:33:35.727636+00:00 ubuntu sshd[1211535]: pam_unix(sshd:auth): check pass; user unknown
2026-09-13T00:33:35.727860+00:00 ubuntu sshd[1211535]: pam_unix(sshd:auth): authentication failure; logname= uid=0 euid=0 tty=ssh ruser= rhost=109.160.32.155
2026-09-13T00:33:37.587609+00:00 ubuntu sshd[1211535]: Failed password for invalid user toor from 109.160.32.155 port 54672 ssh2
2026-09-13T00:33:38.325352+00:00 ubuntu sshd[1211535]: Connection closed by invalid user toor 109.160.32.155 port 54672 [preauth]
2026-09-13T00:33:40.639977+00:00 ubuntu sshd[1211636]: Invalid user odoo17 from 109.160.32.155 port 49132
2026-09-13T00:33:40.656705+00:00 ubuntu sshd[1211636]: pam_unix(sshd:auth): check pass; user unknown
2026-09-13T00:33:40.656861+00:00 ubuntu sshd[1211636]: pam_unix(sshd:auth): authentication failure; logname= uid=0 euid=0 tty=ssh ruser= rhost=109.160.32.155
2026-09-13T00:33:42.201054+00:00 ubuntu sshd[1211636]: Failed password for invalid user odoo17 from 109.160.32.155 port 49132 ssh2
2026-09-13T00:33:42.842992+00:00 ubuntu sshd[1211636]: Connection closed by invalid user odoo17 109.160.32.155 port 49132 [preauth]
2026-09-13T00:33:45.694165+00:00 ubuntu sshd[1211791]: Invalid user wang from 109.160.32.155 port 49180
2026-09-13T00:33:45.720463+00:00 ubuntu sshd[1211791]: pam_unix(sshd:auth): check pass; user unknown
2026-09-13T00:33:45.720944+00:00 ubuntu sshd[1211791]: pam_unix(sshd:auth): authentication failure; logname= uid=0 euid=0 tty=ssh ruser= rhost=109.160.32.155
2026-09-13T00:33:48.287903+00:00 ubuntu sshd[1211791]: Failed password for invalid user wang from 109.160.32.155 port 49180 ssh2
2026-09-13T00:33:49.675579+00:00 ubuntu sshd[1211791]: Connection closed by invalid user wang 109.160.32.155 port 49180 [preauth]
2026-09-13T00:33:50.261430+00:00 ubuntu sshd[1211887]: Invalid user wang from 109.160.32.155 port 51408
2026-09-13T00:33:50.298828+00:00 ubuntu sshd[1211887]: pam_unix(sshd:auth): check pass; user unknown
2026-09-13T00:33:50.298962+00:00 ubuntu sshd[1211887]: pam_unix(sshd:auth): authentication failure; logname= uid=0 euid=0 tty=ssh ruser= rhost=109.160.32.155
2026-09-13T00:33:52.550537+00:00 ubuntu sshd[1211887]: Failed password for invalid user wang from 109.160.32.155 port 51408 ssh2
2026-09-13T00:33:54.227862+00:00 ubuntu sshd[1211887]: Connection closed by invalid user wang 109.160.32.155 port 51408 [preauth]
2026-09-13T00:33:55.157576+00:00 ubuntu sshd[1212028]: Invalid user ubuntu from 109.160.32.155 port 51466
2026-09-13T00:33:55.191533+00:00 ubuntu sshd[1212028]: pam_unix(sshd:auth): check pass; user unknown
2026-09-13T00:33:55.191685+00:00 ubuntu sshd[1212028]: pam_unix(sshd:auth): authentication failure; logname= uid=0 euid=0 tty=ssh ruser= rhost=109.160.32.155
2026-09-13T00:33:57.799118+00:00 ubuntu sshd[1212028]: Failed password for invalid user ubuntu from 109.160.32.155 port 51466 ssh2
2026-09-13T00:33:59.406916+00:00 ubuntu sshd[1212028]: Connection closed by invalid user ubuntu 109.160.32.155 port 51466 [preauth]
2026-09-13T00:34:00.161880+00:00 ubuntu sshd[1212174]: Invalid user ubuntu from 109.160.32.155 port 51156
2026-09-13T00:34:00.184999+00:00 ubuntu sshd[1212174]: pam_unix(sshd:auth): check pass; user unknown
2026-09-13T00:34:00.185118+00:00 ubuntu sshd[1212174]: pam_unix(sshd:auth): authentication failure; logname= uid=0 euid=0 tty=ssh ruser= rhost=109.160.32.155
2026-09-13T00:34:02.476859+00:00 ubuntu sshd[1212174]: Failed password for invalid user ubuntu from 109.160.32.155 port 51156 ssh2
2026-09-13T00:34:04.620996+00:00 ubuntu sshd[1212174]: Connection closed by invalid user ubuntu 109.160.32.155 port 51156 [preauth]
2026-09-13T00:34:05.046603+00:00 ubuntu sshd[1212364]: Invalid user dev from 109.160.32.155 port 51208
2026-09-13T00:34:05.074529+00:00 ubuntu sshd[1212364]: pam_unix(sshd:auth): check pass; user unknown
2026-09-13T00:34:05.074661+00:00 ubuntu sshd[1212364]: pam_unix(sshd:auth): authentication failure; logname= uid=0 euid=0 tty=ssh ruser= rhost=109.160.32.155
2026-09-13T00:34:06.600414+00:00 ubuntu sshd[1212369]: pam_unix(sshd:auth): authentication failure; logname= uid=0 euid=0 tty=ssh ruser= rhost=193.47.62.69 user=root
2026-09-13T00:34:06.719004+00:00 ubuntu sshd[1212364]: Failed password for invalid user dev from 109.160.32.155 port 51208 ssh2
2026-09-13T00:34:06.937096+00:00 ubuntu sshd[1212364]: Connection closed by invalid user dev 109.160.32.155 port 51208 [preauth]
2026-09-13T00:34:08.714229+00:00 ubuntu sshd[1212369]: Failed password for root from 193.47.62.69 port 59408 ssh2
2026-09-13T00:34:09.916173+00:00 ubuntu sshd[1212457]: Invalid user dev from 109.160.32.155 port 34850
2026-09-13T00:34:09.932940+00:00 ubuntu sshd[1212457]: pam_unix(sshd:auth): check pass; user unknown
2026-09-13T00:34:09.933051+00:00 ubuntu sshd[1212457]: pam_unix(sshd:auth): authentication failure; logname= uid=0 euid=0 tty=ssh ruser= rhost=109.160.32.155
2026-09-13T00:34:12.335202+00:00 ubuntu sshd[1212369]: Failed password for root from 193.47.62.69 port 59408 ssh2
2026-09-13T00:34:12.460376+00:00 ubuntu sshd[1212457]: Failed password for invalid user dev from 109.160.32.155 port 34850 ssh2
2026-09-13T00:34:13.503264+00:00 ubuntu sshd[1212457]: Connection closed by invalid user dev 109.160.32.155 port 34850 [preauth]
2026-09-13T00:34:14.945742+00:00 ubuntu sshd[1212602]: pam_unix(sshd:auth): authentication failure; logname= uid=0 euid=0 tty=ssh ruser= rhost=109.160.32.155 user=root
2026-09-13T00:34:15.287273+00:00 ubuntu sshd[1212369]: Failed password for root from 193.47.62.69 port 59408 ssh2
2026-09-13T00:34:16.825646+00:00 ubuntu sshd[1212602]: Failed password for root from 109.160.32.155 port 34908 ssh2
2026-09-13T00:34:18.042969+00:00 ubuntu sshd[1212369]: Failed password for root from 193.47.62.69 port 59408 ssh2
2026-09-13T00:34:18.069503+00:00 ubuntu sshd[1212602]: Connection closed by authenticating user root 109.160.32.155 port 34908 [preauth]
2026-09-13T00:34:19.904905+00:00 ubuntu sshd[1212696]: Invalid user test from 109.160.32.155 port 56336
2026-09-13T00:34:19.932201+00:00 ubuntu sshd[1212696]: pam_unix(sshd:auth): check pass; user unknown
2026-09-13T00:34:19.932384+00:00 ubuntu sshd[1212696]: pam_unix(sshd:auth): authentication failure; logname= uid=0 euid=0 tty=ssh ruser= rhost=109.160.32.155
2026-09-13T00:34:22.001489+00:00 ubuntu sshd[1212369]: Failed password for root from 193.47.62.69 port 59408 ssh2
2026-09-13T00:34:22.499695+00:00 ubuntu sshd[1212696]: Failed password for invalid user test from 109.160.32.155 port 56336 ssh2
2026-09-13T00:34:22.553841+00:00 ubuntu sshd[1212369]: Connection reset by authenticating user root 193.47.62.69 port 59408 [preauth]
2026-09-13T00:34:22.554143+00:00 ubuntu sshd[1212369]: PAM 4 more authentication failures; logname= uid=0 euid=0 tty=ssh ruser= rhost=193.47.62.69 user=root
2026-09-13T00:34:22.554224+00:00 ubuntu sshd[1212369]: PAM service(sshd) ignoring max retries; 5 > 3
2026-09-13T00:34:22.974988+00:00 ubuntu sshd[1212696]: Connection closed by invalid user test 109.160.32.155 port 56336 [preauth]
2026-09-13T00:34:25.148578+00:00 ubuntu sshd[1212748]: Invalid user prueba from 109.160.32.155 port 56398
2026-09-13T00:34:25.225219+00:00 ubuntu sshd[1212748]: pam_unix(sshd:auth): check pass; user unknown
2026-09-13T00:34:25.225334+00:00 ubuntu sshd[1212748]: pam_unix(sshd:auth): authentication failure; logname= uid=0 euid=0 tty=ssh ruser= rhost=109.160.32.155
2026-09-13T00:34:27.281233+00:00 ubuntu sshd[1212748]: Failed password for invalid user prueba from 109.160.32.155 port 56398 ssh2
2026-09-13T00:34:29.304866+00:00 ubuntu sshd[1212748]: Connection closed by invalid user prueba 109.160.32.155 port 56398 [preauth]
2026-09-13T00:34:29.663328+00:00 ubuntu sshd[1212838]: Invalid user ubuntu from 109.160.32.155 port 56456
2026-09-13T00:34:29.706920+00:00 ubuntu sshd[1212838]: pam_unix(sshd:auth): check pass; user unknown
2026-09-13T00:34:29.707073+00:00 ubuntu sshd[1212838]: pam_unix(sshd:auth): authentication failure; logname= uid=0 euid=0 tty=ssh ruser= rhost=109.160.32.155
2026-09-13T00:34:31.647239+00:00 ubuntu sshd[1212838]: Failed password for invalid user ubuntu from 109.160.32.155 port 56456 ssh2
2026-09-13T00:34:31.836018+00:00 ubuntu sshd[1212838]: Connection closed by invalid user ubuntu 109.160.32.155 port 56456 [preauth]
2026-09-13T00:34:34.449424+00:00 ubuntu sshd[1213144]: Invalid user ubuntu from 109.160.32.155 port 38042
2026-09-13T00:34:34.473535+00:00 ubuntu sshd[1213144]: pam_unix(sshd:auth): check pass; user unknown
2026-09-13T00:34:34.473676+00:00 ubuntu sshd[1213144]: pam_unix(sshd:auth): authentication failure; logname= uid=0 euid=0 tty=ssh ruser= rhost=109.160.32.155
2026-09-13T00:34:36.098088+00:00 ubuntu sshd[1213144]: Failed password for invalid user ubuntu from 109.160.32.155 port 38042 ssh2
2026-09-13T00:34:36.704248+00:00 ubuntu sshd[1213144]: Connection closed by invalid user ubuntu 109.160.32.155 port 38042 [preauth]
2026-09-13T00:34:39.371610+00:00 ubuntu sshd[1213290]: Invalid user deployer from 109.160.32.155 port 38106
2026-09-13T00:34:39.389397+00:00 ubuntu sshd[1213290]: pam_unix(sshd:auth): check pass; user unknown
2026-09-13T00:34:39.389580+00:00 ubuntu sshd[1213290]: pam_unix(sshd:auth): authentication failure; logname= uid=0 euid=0 tty=ssh ruser= rhost=109.160.32.155
2026-09-13T00:34:42.037051+00:00 ubuntu sshd[1213290]: Failed password for invalid user deployer from 109.160.32.155 port 38106 ssh2
2026-09-13T00:34:44.058051+00:00 ubuntu sshd[1213290]: Connection closed by invalid user deployer 109.160.32.155 port 38106 [preauth]
2026-09-13T00:34:44.408975+00:00 ubuntu sshd[1213447]: pam_unix(sshd:auth): authentication failure; logname= uid=0 euid=0 tty=ssh ruser= rhost=109.160.32.155 user=root
2026-09-13T00:34:46.740458+00:00 ubuntu sshd[1213447]: Failed password for root from 109.160.32.155 port 35502 ssh2
2026-09-13T00:34:47.534298+00:00 ubuntu sshd[1213447]: Connection closed by authenticating user root 109.160.32.155 port 35502 [preauth]
2026-09-13T00:34:49.443791+00:00 ubuntu sshd[1213546]: Invalid user testuser from 109.160.32.155 port 35584
2026-09-13T00:34:49.460652+00:00 ubuntu sshd[1213546]: pam_unix(sshd:auth): check pass; user unknown
2026-09-13T00:34:49.460794+00:00 ubuntu sshd[1213546]: pam_unix(sshd:auth): authentication failure; logname= uid=0 euid=0 tty=ssh ruser= rhost=109.160.32.155
2026-09-13T00:34:51.812667+00:00 ubuntu sshd[1213546]: Failed password for invalid user testuser from 109.160.32.155 port 35584 ssh2
2026-09-13T00:34:53.428251+00:00 ubuntu sshd[1213546]: Connection closed by invalid user testuser 109.160.32.155 port 35584 [preauth]
2026-09-13T00:34:55.002632+00:00 ubuntu sshd[1213684]: pam_unix(sshd:auth): authentication failure; logname= uid=0 euid=0 tty=ssh ruser= rhost=109.160.32.155 user=root
2026-09-13T00:34:57.372900+00:00 ubuntu sshd[1213684]: Failed password for root from 109.160.32.155 port 58432 ssh2
2026-09-13T00:34:58.132142+00:00 ubuntu sshd[1213684]: Connection closed by authenticating user root 109.160.32.155 port 58432 [preauth]
2026-09-13T00:34:59.480653+00:00 ubuntu sshd[1213780]: Invalid user gix from 109.160.32.155 port 58486
2026-09-13T00:34:59.498786+00:00 ubuntu sshd[1213780]: pam_unix(sshd:auth): check pass; user unknown
2026-09-13T00:34:59.498934+00:00 ubuntu sshd[1213780]: pam_unix(sshd:auth): authentication failure; logname= uid=0 euid=0 tty=ssh ruser= rhost=109.160.32.155
2026-09-13T00:35:01.223399+00:00 ubuntu sshd[1213780]: Failed password for invalid user gix from 109.160.32.155 port 58486 ssh2
2026-09-13T00:35:01.744645+00:00 ubuntu CRON[1213874]: pam_unix(cron:session): session opened for user root(uid=0) by root(uid=0)
2026-09-13T00:35:01.748164+00:00 ubuntu CRON[1213874]: pam_unix(cron:session): session closed for user root
2026-09-13T00:35:02.640992+00:00 ubuntu sshd[1213780]: Connection closed by invalid user gix 109.160.32.155 port 58486 [preauth]
2026-09-13T00:35:04.485353+00:00 ubuntu sshd[1214009]: pam_unix(sshd:auth): authentication failure; logname= uid=0 euid=0 tty=ssh ruser= rhost=109.160.32.155 user=root
2026-09-13T00:35:04.614631+00:00 ubuntu sshd[1214004]: Invalid user cryptowind from 182.71.132.139 port 59550
2026-09-13T00:35:04.819030+00:00 ubuntu sshd[1214004]: pam_unix(sshd:auth): check pass; user unknown
2026-09-13T00:35:04.819140+00:00 ubuntu sshd[1214004]: pam_unix(sshd:auth): authentication failure; logname= uid=0 euid=0 tty=ssh ruser= rhost=182.71.132.139
2026-09-13T00:35:06.229090+00:00 ubuntu sshd[1214009]: Failed password for root from 109.160.32.155 port 47032 ssh2
2026-09-13T00:35:06.563818+00:00 ubuntu sshd[1214004]: Failed password for invalid user cryptowind from 182.71.132.139 port 59550 ssh2
2026-09-13T00:35:06.777182+00:00 ubuntu sshd[1214004]: Connection closed by invalid user cryptowind 182.71.132.139 port 59550 [preauth]
2026-09-13T00:35:07.600899+00:00 ubuntu sshd[1214009]: Connection closed by authenticating user root 109.160.32.155 port 47032 [preauth]
2026-09-13T00:35:08.808230+00:00 ubuntu sshd[1214136]: Invalid user zyang from 109.160.32.155 port 47046
2026-09-13T00:35:08.826179+00:00 ubuntu sshd[1214136]: pam_unix(sshd:auth): check pass; user unknown
2026-09-13T00:35:08.826311+00:00 ubuntu sshd[1214136]: pam_unix(sshd:auth): authentication failure; logname= uid=0 euid=0 tty=ssh ruser= rhost=109.160.32.155
2026-09-13T00:35:11.452081+00:00 ubuntu sshd[1214136]: Failed password for invalid user zyang from 109.160.32.155 port 47046 ssh2
2026-09-13T00:35:12.820329+00:00 ubuntu sshd[1214136]: Connection closed by invalid user zyang 109.160.32.155 port 47046 [preauth]
2026-09-13T00:35:14.134571+00:00 ubuntu sshd[1214295]: pam_unix(sshd:auth): authentication failure; logname= uid=0 euid=0 tty=ssh ruser= rhost=109.160.32.155 user=root
2026-09-13T00:35:16.586217+00:00 ubuntu sshd[1214295]: Failed password for root from 109.160.32.155 port 52976 ssh2
2026-09-13T00:35:17.255144+00:00 ubuntu sshd[1214295]: Connection closed by authenticating user root 109.160.32.155 port 52976 [preauth]
2026-09-13T00:35:19.166205+00:00 ubuntu sshd[1214439]: pam_unix(sshd:auth): authentication failure; logname= uid=0 euid=0 tty=ssh ruser= rhost=109.160.32.155 user=root
2026-09-13T00:35:21.302176+00:00 ubuntu sshd[1214439]: Failed password for root from 109.160.32.155 port 53042 ssh2
2026-09-13T00:35:22.290000+00:00 ubuntu sshd[1214439]: Connection closed by authenticating user root 109.160.32.155 port 53042 [preauth]
2026-09-13T00:35:23.787337+00:00 ubuntu sshd[1214701]: Invalid user iphone from 109.160.32.155 port 42136
2026-09-13T00:35:23.808591+00:00 ubuntu sshd[1214701]: pam_unix(sshd:auth): check pass; user unknown
2026-09-13T00:35:23.808777+00:00 ubuntu sshd[1214701]: pam_unix(sshd:auth): authentication failure; logname= uid=0 euid=0 tty=ssh ruser= rhost=109.160.32.155
2026-09-13T00:35:25.161862+00:00 ubuntu sshd[1214701]: Failed password for invalid user iphone from 109.160.32.155 port 42136 ssh2
2026-09-13T00:35:25.619590+00:00 ubuntu sshd[1214701]: Connection closed by invalid user iphone 109.160.32.155 port 42136 [preauth]
2026-09-13T00:35:28.746605+00:00 ubuntu sshd[1214802]: Invalid user admin from 109.160.32.155 port 42208
2026-09-13T00:35:28.763410+00:00 ubuntu sshd[1214802]: pam_unix(sshd:auth): check pass; user unknown
2026-09-13T00:35:28.763531+00:00 ubuntu sshd[1214802]: pam_unix(sshd:auth): authentication failure; logname= uid=0 euid=0 tty=ssh ruser= rhost=109.160.32.155
2026-09-13T00:35:29.334832+00:00 ubuntu sshd[1214805]: Invalid user cryptouniverse from 37.204.209.136 port 57184
2026-09-13T00:35:29.388370+00:00 ubuntu sshd[1214805]: pam_unix(sshd:auth): check pass; user unknown
2026-09-13T00:35:29.388523+00:00 ubuntu sshd[1214805]: pam_unix(sshd:auth): authentication failure; logname= uid=0 euid=0 tty=ssh ruser= rhost=37.204.209.136
2026-09-13T00:35:30.467184+00:00 ubuntu sshd[1214802]: Failed password for invalid user admin from 109.160.32.155 port 42208 ssh2
2026-09-13T00:35:31.562567+00:00 ubuntu sshd[1214805]: Failed password for invalid user cryptouniverse from 37.204.209.136 port 57184 ssh2
2026-09-13T00:35:31.643986+00:00 ubuntu sshd[1214802]: Connection closed by invalid user admin 109.160.32.155 port 42208 [preauth]
2026-09-13T00:35:33.336528+00:00 ubuntu sshd[1214805]: Connection closed by invalid user cryptouniverse 37.204.209.136 port 57184 [preauth]
2026-09-13T00:35:34.093672+00:00 ubuntu sshd[1215068]: pam_unix(sshd:auth): authentication failure; logname= uid=0 euid=0 tty=ssh ruser= rhost=109.160.32.155 user=root
2026-09-13T00:35:35.290229+00:00 ubuntu sshd[1215068]: Failed password for root from 109.160.32.155 port 40352 ssh2
2026-09-13T00:35:35.625109+00:00 ubuntu sshd[1215068]: Connection closed by authenticating user root 109.160.32.155 port 40352 [preauth]
2026-09-13T00:35:38.083376+00:00 ubuntu sshd[1215273]: Invalid user pi from 109.160.32.155 port 40406
2026-09-13T00:35:38.106215+00:00 ubuntu sshd[1215273]: pam_unix(sshd:auth): check pass; user unknown
2026-09-13T00:35:38.106338+00:00 ubuntu sshd[1215273]: pam_unix(sshd:auth): authentication failure; logname= uid=0 euid=0 tty=ssh ruser= rhost=109.160.32.155
2026-09-13T00:35:40.518386+00:00 ubuntu sshd[1215273]: Failed password for invalid user pi from 109.160.32.155 port 40406 ssh2
2026-09-13T00:35:41.019424+00:00 ubuntu sshd[1215273]: Connection closed by invalid user pi 109.160.32.155 port 40406 [preauth]
2026-09-13T00:35:43.014084+00:00 ubuntu sshd[1215411]: pam_unix(sshd:auth): authentication failure; logname= uid=0 euid=0 tty=ssh ruser= rhost=109.160.32.155 user=root
2026-09-13T00:35:44.973528+00:00 ubuntu sshd[1215411]: Failed password for root from 109.160.32.155 port 52586 ssh2
2026-09-13T00:35:46.138080+00:00 ubuntu sshd[1215411]: Connection closed by authenticating user root 109.160.32.155 port 52586 [preauth]
2026-09-13T00:35:47.845906+00:00 ubuntu sshd[1215541]: Invalid user ftpuser from 109.160.32.155 port 52630
2026-09-13T00:35:47.864936+00:00 ubuntu sshd[1215541]: pam_unix(sshd:auth): check pass; user unknown
2026-09-13T00:35:47.865040+00:00 ubuntu sshd[1215541]: pam_unix(sshd:auth): authentication failure; logname= uid=0 euid=0 tty=ssh ruser= rhost=109.160.32.155
2026-09-13T00:35:48.325136+00:00 ubuntu sshd[1215544]: pam_unix(sshd:auth): authentication failure; logname= uid=0 euid=0 tty=ssh ruser= rhost=145.239.112.29 user=root
2026-09-13T00:35:49.178237+00:00 ubuntu sshd[1215541]: Failed password for invalid user ftpuser from 109.160.32.155 port 52630 ssh2
2026-09-13T00:35:49.553547+00:00 ubuntu sshd[1215541]: Connection closed by invalid user ftpuser 109.160.32.155 port 52630 [preauth]
2026-09-13T00:35:50.109912+00:00 ubuntu sshd[1215544]: Failed password for root from 145.239.112.29 port 49472 ssh2
2026-09-13T00:35:51.455108+00:00 ubuntu sshd[1215544]: Connection closed by authenticating user root 145.239.112.29 port 49472 [preauth]
2026-09-13T00:35:52.845049+00:00 ubuntu sshd[1215748]: Invalid user ftpuser from 109.160.32.155 port 37408
2026-09-13T00:35:52.881038+00:00 ubuntu sshd[1215748]: pam_unix(sshd:auth): check pass; user unknown
2026-09-13T00:35:52.881177+00:00 ubuntu sshd[1215748]: pam_unix(sshd:auth): authentication failure; logname= uid=0 euid=0 tty=ssh ruser= rhost=109.160.32.155
2026-09-13T00:35:54.881605+00:00 ubuntu sshd[1215748]: Failed password for invalid user ftpuser from 109.160.32.155 port 37408 ssh2
2026-09-13T00:35:56.187651+00:00 ubuntu sshd[1215762]: pam_unix(sshd:auth): authentication failure; logname= uid=0 euid=0 tty=ssh ruser= rhost=98.186.18.107 user=root
2026-09-13T00:35:56.238506+00:00 ubuntu sshd[1215748]: Connection closed by invalid user ftpuser 109.160.32.155 port 37408 [preauth]
2026-09-13T00:35:57.942909+00:00 ubuntu sshd[1215851]: Invalid user ftpuser from 109.160.32.155 port 37466
2026-09-13T00:35:57.962231+00:00 ubuntu sshd[1215851]: pam_unix(sshd:auth): check pass; user unknown
2026-09-13T00:35:57.962348+00:00 ubuntu sshd[1215851]: pam_unix(sshd:auth): authentication failure; logname= uid=0 euid=0 tty=ssh ruser= rhost=109.160.32.155
2026-09-13T00:35:58.072308+00:00 ubuntu sshd[1215762]: Failed password for root from 98.186.18.107 port 52630 ssh2
2026-09-13T00:35:58.905359+00:00 ubuntu sshd[1215855]: Invalid user ubuntu from 98.186.18.107 port 52636
2026-09-13T00:35:59.065542+00:00 ubuntu sshd[1215855]: pam_unix(sshd:auth): check pass; user unknown
2026-09-13T00:35:59.065658+00:00 ubuntu sshd[1215855]: pam_unix(sshd:auth): authentication failure; logname= uid=0 euid=0 tty=ssh ruser= rhost=98.186.18.107
2026-09-13T00:35:59.457848+00:00 ubuntu sshd[1215762]: Connection closed by authenticating user root 98.186.18.107 port 52630 [preauth]
2026-09-13T00:35:59.982956+00:00 ubuntu sshd[1215851]: Failed password for invalid user ftpuser from 109.160.32.155 port 37466 ssh2
2026-09-13T00:36:00.694182+00:00 ubuntu sshd[1215855]: Failed password for invalid user ubuntu from 98.186.18.107 port 52636 ssh2
2026-09-13T00:36:01.320384+00:00 ubuntu sshd[1215851]: Connection closed by invalid user ftpuser 109.160.32.155 port 37466 [preauth]
2026-09-13T00:36:01.323359+00:00 ubuntu sshd[1215855]: Connection closed by invalid user ubuntu 98.186.18.107 port 52636 [preauth]
2026-09-13T00:36:01.931695+00:00 ubuntu sshd[1215949]: Invalid user agentsolutionsmallorca from 98.186.18.107 port 44208
2026-09-13T00:36:02.096720+00:00 ubuntu sshd[1215949]: pam_unix(sshd:auth): check pass; user unknown
2026-09-13T00:36:02.096898+00:00 ubuntu sshd[1215949]: pam_unix(sshd:auth): authentication failure; logname= uid=0 euid=0 tty=ssh ruser= rhost=98.186.18.107
2026-09-13T00:36:02.809531+00:00 ubuntu sshd[1215995]: Invalid user ftpuser from 109.160.32.155 port 38020
2026-09-13T00:36:03.025425+00:00 ubuntu sshd[1215995]: pam_unix(sshd:auth): check pass; user unknown
2026-09-13T00:36:03.025670+00:00 ubuntu sshd[1215995]: pam_unix(sshd:auth): authentication failure; logname= uid=0 euid=0 tty=ssh ruser= rhost=109.160.32.155
2026-09-13T00:36:04.804725+00:00 ubuntu sshd[1215949]: Failed password for invalid user agentsolutionsmallorca from 98.186.18.107 port 44208 ssh2
2026-09-13T00:36:04.953175+00:00 ubuntu sshd[1216007]: Invalid user agentsolutions from 93.191.60.155 port 57624
2026-09-13T00:36:04.996223+00:00 ubuntu sshd[1216007]: pam_unix(sshd:auth): check pass; user unknown
2026-09-13T00:36:04.996389+00:00 ubuntu sshd[1216007]: pam_unix(sshd:auth): authentication failure; logname= uid=0 euid=0 tty=ssh ruser= rhost=93.191.60.155
2026-09-13T00:36:05.869189+00:00 ubuntu sshd[1215995]: Failed password for invalid user ftpuser from 109.160.32.155 port 38020 ssh2
2026-09-13T00:36:06.401998+00:00 ubuntu sshd[1215995]: Connection closed by invalid user ftpuser 109.160.32.155 port 38020 [preauth]
2026-09-13T00:36:06.695122+00:00 ubuntu sshd[1215949]: Connection closed by invalid user agentsolutionsmallorca 98.186.18.107 port 44208 [preauth]
2026-09-13T00:36:06.977002+00:00 ubuntu sshd[1216007]: Failed password for invalid user agentsolutions from 93.191.60.155 port 57624 ssh2
2026-09-13T00:36:07.687269+00:00 ubuntu sshd[1216191]: pam_unix(sshd:auth): authentication failure; logname= uid=0 euid=0 tty=ssh ruser= rhost=109.160.32.155 user=root
2026-09-13T00:36:07.750360+00:00 ubuntu sshd[1216007]: Connection closed by invalid user agentsolutions 93.191.60.155 port 57624 [preauth]
2026-09-13T00:36:09.747833+00:00 ubuntu sshd[1216191]: Failed password for root from 109.160.32.155 port 38068 ssh2
2026-09-13T00:36:10.135892+00:00 ubuntu sshd[1216228]: Invalid user centos from 202.75.97.38 port 50968
2026-09-13T00:36:10.312724+00:00 ubuntu sshd[1216228]: pam_unix(sshd:auth): check pass; user unknown
2026-09-13T00:36:10.312916+00:00 ubuntu sshd[1216228]: pam_unix(sshd:auth): authentication failure; logname= uid=0 euid=0 tty=ssh ruser= rhost=202.75.97.38
2026-09-13T00:36:10.813091+00:00 ubuntu sshd[1216191]: Connection closed by authenticating user root 109.160.32.155 port 38068 [preauth]
2026-09-13T00:36:11.450350+00:00 ubuntu sshd[1216228]: Failed password for invalid user centos from 202.75.97.38 port 50968 ssh2
2026-09-13T00:36:12.315951+00:00 ubuntu sshd[1216228]: Connection closed by invalid user centos 202.75.97.38 port 50968 [preauth]
2026-09-13T00:36:12.617659+00:00 ubuntu sshd[1216315]: pam_unix(sshd:auth): authentication failure; logname= uid=0 euid=0 tty=ssh ruser= rhost=109.160.32.155 user=root
2026-09-13T00:36:14.697988+00:00 ubuntu sshd[1216315]: Failed password for root from 109.160.32.155 port 56562 ssh2
2026-09-13T00:36:15.748031+00:00 ubuntu sshd[1216315]: Connection closed by authenticating user root 109.160.32.155 port 56562 [preauth]
2026-09-13T00:36:16.402389+00:00 ubuntu sshd[1216476]: pam_unix(sshd:auth): authentication failure; logname= uid=0 euid=0 tty=ssh ruser= rhost=176.53.159.198 user=root
2026-09-13T00:36:17.292960+00:00 ubuntu sshd[1216480]: pam_unix(sshd:auth): authentication failure; logname= uid=0 euid=0 tty=ssh ruser= rhost=109.160.32.155 user=root
2026-09-13T00:36:18.362841+00:00 ubuntu sshd[1216476]: Failed password for root from 176.53.159.198 port 5640 ssh2
2026-09-13T00:36:19.057931+00:00 ubuntu sshd[1216480]: Failed password for root from 109.160.32.155 port 56596 ssh2
