2026-09-13T01:16:38.570701+00:00 ubuntu sshd[1284967]: pam_unix(sshd:auth): authentication failure; logname= uid=0 euid=0 tty=ssh ruser= rhost=109.160.32.155
2026-09-13T01:16:40.363923+00:00 ubuntu sshd[1284967]: Failed password for invalid user media from 109.160.32.155 port 58934 ssh2
2026-09-13T01:16:41.530252+00:00 ubuntu sshd[1284967]: Connection closed by invalid user media 109.160.32.155 port 58934 [preauth]
2026-09-13T01:16:43.615995+00:00 ubuntu sshd[1285178]: Invalid user media from 109.160.32.155 port 43246
2026-09-13T01:16:43.647581+00:00 ubuntu sshd[1285178]: pam_unix(sshd:auth): check pass; user unknown
2026-09-13T01:16:43.647716+00:00 ubuntu sshd[1285178]: pam_unix(sshd:auth): authentication failure; logname= uid=0 euid=0 tty=ssh ruser= rhost=109.160.32.155
2026-09-13T01:16:45.126175+00:00 ubuntu sshd[1285178]: Failed password for invalid user media from 109.160.32.155 port 43246 ssh2
2026-09-13T01:16:46.607643+00:00 ubuntu sshd[1285178]: Connection closed by invalid user media 109.160.32.155 port 43246 [preauth]
2026-09-13T01:16:49.109175+00:00 ubuntu sshd[1285309]: Invalid user test123 from 109.160.32.155 port 43296
2026-09-13T01:16:49.177890+00:00 ubuntu sshd[1285309]: pam_unix(sshd:auth): check pass; user unknown
2026-09-13T01:16:49.178011+00:00 ubuntu sshd[1285309]: pam_unix(sshd:auth): authentication failure; logname= uid=0 euid=0 tty=ssh ruser= rhost=109.160.32.155
2026-09-13T01:16:51.146985+00:00 ubuntu sshd[1285309]: Failed password for invalid user test123 from 109.160.32.155 port 43296 ssh2
2026-09-13T01:16:51.483532+00:00 ubuntu sshd[1285309]: Connection closed by invalid user test123 109.160.32.155 port 43296 [preauth]
2026-09-13T01:16:53.797975+00:00 ubuntu sshd[1285418]: Invalid user office from 109.160.32.155 port 36952
2026-09-13T01:16:53.815768+00:00 ubuntu sshd[1285418]: pam_unix(sshd:auth): check pass; user unknown
2026-09-13T01:16:53.815849+00:00 ubuntu sshd[1285418]: pam_unix(sshd:auth): authentication failure; logname= uid=0 euid=0 tty=ssh ruser= rhost=109.160.32.155
2026-09-13T01:16:55.334519+00:00 ubuntu sshd[1285418]: Failed password for invalid user office from 109.160.32.155 port 36952 ssh2
2026-09-13T01:16:55.692405+00:00 ubuntu sshd[1285418]: Connection closed by invalid user office 109.160.32.155 port 36952 [preauth]
2026-09-13T01:16:56.725332+00:00 ubuntu sshd[1285466]: Invalid user ubuntu from 123.200.9.4 port 60936
2026-09-13T01:16:56.891379+00:00 ubuntu sshd[1285466]: pam_unix(sshd:auth): check pass; user unknown
2026-09-13T01:16:56.891534+00:00 ubuntu sshd[1285466]: pam_unix(sshd:auth): authentication failure; logname= uid=0 euid=0 tty=ssh ruser= rhost=123.200.9.4
2026-09-13T01:16:58.107862+00:00 ubuntu sshd[1285470]: pam_unix(sshd:auth): authentication failure; logname= uid=0 euid=0 tty=ssh ruser= rhost=138.99.65.84 user=root
2026-09-13T01:16:58.757039+00:00 ubuntu sshd[1285553]: Invalid user fahmi from 109.160.32.155 port 37006
2026-09-13T01:16:58.778205+00:00 ubuntu sshd[1285553]: pam_unix(sshd:auth): check pass; user unknown
2026-09-13T01:16:58.778317+00:00 ubuntu sshd[1285553]: pam_unix(sshd:auth): authentication failure; logname= uid=0 euid=0 tty=ssh ruser= rhost=109.160.32.155
2026-09-13T01:16:59.157461+00:00 ubuntu sshd[1285466]: Failed password for invalid user ubuntu from 123.200.9.4 port 60936 ssh2
2026-09-13T01:16:59.646322+00:00 ubuntu sshd[1285470]: Failed password for root from 138.99.65.84 port 29007 ssh2
2026-09-13T01:17:00.137577+00:00 ubuntu sshd[1285549]: Invalid user ubuntu from 115.191.22.111 port 49348
2026-09-13T01:17:00.316329+00:00 ubuntu sshd[1285553]: Failed password for invalid user fahmi from 109.160.32.155 port 37006 ssh2
2026-09-13T01:17:00.336494+00:00 ubuntu sshd[1285549]: pam_unix(sshd:auth): check pass; user unknown
2026-09-13T01:17:00.336643+00:00 ubuntu sshd[1285549]: pam_unix(sshd:auth): authentication failure; logname= uid=0 euid=0 tty=ssh ruser= rhost=115.191.22.111
2026-09-13T01:17:00.517161+00:00 ubuntu sshd[1285553]: Connection closed by invalid user fahmi 109.160.32.155 port 37006 [preauth]
2026-09-13T01:17:01.251093+00:00 ubuntu sshd[1285466]: Connection closed by invalid user ubuntu 123.200.9.4 port 60936 [preauth]
2026-09-13T01:17:01.400462+00:00 ubuntu sshd[1285470]: Connection closed by authenticating user root 138.99.65.84 port 29007 [preauth]
2026-09-13T01:17:01.792116+00:00 ubuntu CRON[1285564]: pam_unix(cron:session): session opened for user root(uid=0) by root(uid=0)
2026-09-13T01:17:01.796010+00:00 ubuntu CRON[1285564]: pam_unix(cron:session): session closed for user root
2026-09-13T01:17:02.151161+00:00 ubuntu sshd[1285549]: Failed password for invalid user ubuntu from 115.191.22.111 port 49348 ssh2
2026-09-13T01:17:02.631613+00:00 ubuntu sshd[1285549]: Connection closed by invalid user ubuntu 115.191.22.111 port 49348 [preauth]
2026-09-13T01:17:03.702454+00:00 ubuntu sshd[1285648]: pam_unix(sshd:auth): authentication failure; logname= uid=0 euid=0 tty=ssh ruser= rhost=109.160.32.155 user=root
2026-09-13T01:17:05.928342+00:00 ubuntu sshd[1285648]: Failed password for root from 109.160.32.155 port 54188 ssh2
2026-09-13T01:17:06.999634+00:00 ubuntu sshd[1285648]: Connection closed by authenticating user root 109.160.32.155 port 54188 [preauth]
2026-09-13T01:17:08.567403+00:00 ubuntu sshd[1285777]: pam_unix(sshd:auth): authentication failure; logname= uid=0 euid=0 tty=ssh ruser= rhost=109.160.32.155 user=root
2026-09-13T01:17:10.813200+00:00 ubuntu sshd[1285777]: Failed password for root from 109.160.32.155 port 54258 ssh2
2026-09-13T01:17:11.692410+00:00 ubuntu sshd[1285777]: Connection closed by authenticating user root 109.160.32.155 port 54258 [preauth]
2026-09-13T01:17:13.803098+00:00 ubuntu sshd[1285972]: Invalid user postgres from 109.160.32.155 port 40644
2026-09-13T01:17:13.914451+00:00 ubuntu sshd[1285972]: pam_unix(sshd:auth): check pass; user unknown
2026-09-13T01:17:13.914582+00:00 ubuntu sshd[1285972]: pam_unix(sshd:auth): authentication failure; logname= uid=0 euid=0 tty=ssh ruser= rhost=109.160.32.155
2026-09-13T01:17:15.513275+00:00 ubuntu sshd[1285972]: Failed password for invalid user postgres from 109.160.32.155 port 40644 ssh2
2026-09-13T01:17:15.911562+00:00 ubuntu sshd[1285972]: Connection closed by invalid user postgres 109.160.32.155 port 40644 [preauth]
2026-09-13T01:17:18.289972+00:00 ubuntu sshd[1286101]: Invalid user benoit from 109.160.32.155 port 40702
2026-09-13T01:17:18.326278+00:00 ubuntu sshd[1286101]: pam_unix(sshd:auth): check pass; user unknown
2026-09-13T01:17:18.326413+00:00 ubuntu sshd[1286101]: pam_unix(sshd:auth): authentication failure; logname= uid=0 euid=0 tty=ssh ruser= rhost=109.160.32.155
2026-09-13T01:17:20.612493+00:00 ubuntu sshd[1286101]: Failed password for invalid user benoit from 109.160.32.155 port 40702 ssh2
2026-09-13T01:17:21.619972+00:00 ubuntu sshd[1286101]: Connection closed by invalid user benoit 109.160.32.155 port 40702 [preauth]
2026-09-13T01:17:23.478088+00:00 ubuntu sshd[1286234]: Invalid user master from 109.160.32.155 port 57642
2026-09-13T01:17:23.551003+00:00 ubuntu sshd[1286234]: pam_unix(sshd:auth): check pass; user unknown
2026-09-13T01:17:23.551114+00:00 ubuntu sshd[1286234]: pam_unix(sshd:auth): authentication failure; logname= uid=0 euid=0 tty=ssh ruser= rhost=109.160.32.155
2026-09-13T01:17:25.521382+00:00 ubuntu sshd[1286234]: Failed password for invalid user master from 109.160.32.155 port 57642 ssh2
2026-09-13T01:17:25.706856+00:00 ubuntu sshd[1286234]: Connection closed by invalid user master 109.160.32.155 port 57642 [preauth]
2026-09-13T01:17:28.008212+00:00 ubuntu sshd[1286362]: Invalid user rdpuser from 109.160.32.155 port 57668
2026-09-13T01:17:28.027849+00:00 ubuntu sshd[1286362]: pam_unix(sshd:auth): check pass; user unknown
2026-09-13T01:17:28.027980+00:00 ubuntu sshd[1286362]: pam_unix(sshd:auth): authentication failure; logname= uid=0 euid=0 tty=ssh ruser= rhost=109.160.32.155
2026-09-13T01:17:29.686835+00:00 ubuntu sshd[1286362]: Failed password for invalid user rdpuser from 109.160.32.155 port 57668 ssh2
2026-09-13T01:17:30.335437+00:00 ubuntu sshd[1286362]: Connection closed by invalid user rdpuser 109.160.32.155 port 57668 [preauth]
2026-09-13T01:17:33.137157+00:00 ubuntu sshd[1286451]: Invalid user rdpuser from 109.160.32.155 port 48450
2026-09-13T01:17:33.157676+00:00 ubuntu sshd[1286451]: pam_unix(sshd:auth): check pass; user unknown
2026-09-13T01:17:33.157854+00:00 ubuntu sshd[1286451]: pam_unix(sshd:auth): authentication failure; logname= uid=0 euid=0 tty=ssh ruser= rhost=109.160.32.155
2026-09-13T01:17:35.168025+00:00 ubuntu sshd[1286451]: Failed password for invalid user rdpuser from 109.160.32.155 port 48450 ssh2
2026-09-13T01:17:35.699973+00:00 ubuntu sshd[1286451]: Connection closed by invalid user rdpuser 109.160.32.155 port 48450 [preauth]
2026-09-13T01:17:38.121500+00:00 ubuntu sshd[1286639]: Invalid user default from 109.160.32.155 port 48580
2026-09-13T01:17:38.138611+00:00 ubuntu sshd[1286639]: pam_unix(sshd:auth): check pass; user unknown
2026-09-13T01:17:38.138806+00:00 ubuntu sshd[1286639]: pam_unix(sshd:auth): authentication failure; logname= uid=0 euid=0 tty=ssh ruser= rhost=109.160.32.155
2026-09-13T01:17:40.169123+00:00 ubuntu sshd[1286639]: Failed password for invalid user default from 109.160.32.155 port 48580 ssh2
2026-09-13T01:17:41.535708+00:00 ubuntu sshd[1286639]: Connection closed by invalid user default 109.160.32.155 port 48580 [preauth]
2026-09-13T01:17:43.556680+00:00 ubuntu sshd[1286840]: Invalid user admin from 109.160.32.155 port 55812
2026-09-13T01:17:43.577028+00:00 ubuntu sshd[1286840]: pam_unix(sshd:auth): check pass; user unknown
2026-09-13T01:17:43.577154+00:00 ubuntu sshd[1286840]: pam_unix(sshd:auth): authentication failure; logname= uid=0 euid=0 tty=ssh ruser= rhost=109.160.32.155
2026-09-13T01:17:45.627526+00:00 ubuntu sshd[1286840]: Failed password for invalid user admin from 109.160.32.155 port 55812 ssh2
2026-09-13T01:17:46.457831+00:00 ubuntu sshd[1286840]: Connection closed by invalid user admin 109.160.32.155 port 55812 [preauth]
2026-09-13T01:17:47.929716+00:00 ubuntu sshd[1286892]: Invalid user kingbase from 109.160.32.155 port 55848
2026-09-13T01:17:47.946810+00:00 ubuntu sshd[1286892]: pam_unix(sshd:auth): check pass; user unknown
2026-09-13T01:17:47.946929+00:00 ubuntu sshd[1286892]: pam_unix(sshd:auth): authentication failure; logname= uid=0 euid=0 tty=ssh ruser= rhost=109.160.32.155
2026-09-13T01:17:49.545636+00:00 ubuntu sshd[1286892]: Failed password for invalid user kingbase from 109.160.32.155 port 55848 ssh2
2026-09-13T01:17:50.068562+00:00 ubuntu sshd[1286892]: Connection closed by invalid user kingbase 109.160.32.155 port 55848 [preauth]
2026-09-13T01:17:52.808574+00:00 ubuntu sshd[1286982]: Invalid user admin from 109.160.32.155 port 55616
2026-09-13T01:17:52.837383+00:00 ubuntu sshd[1286982]: pam_unix(sshd:auth): check pass; user unknown
2026-09-13T01:17:52.837500+00:00 ubuntu sshd[1286982]: pam_unix(sshd:auth): authentication failure; logname= uid=0 euid=0 tty=ssh ruser= rhost=109.160.32.155
2026-09-13T01:17:54.456311+00:00 ubuntu sshd[1286982]: Failed password for invalid user admin from 109.160.32.155 port 55616 ssh2
2026-09-13T01:17:55.705551+00:00 ubuntu sshd[1286982]: Connection closed by invalid user admin 109.160.32.155 port 55616 [preauth]
2026-09-13T01:17:57.566465+00:00 ubuntu sshd[1287127]: pam_unix(sshd:auth): authentication failure; logname= uid=0 euid=0 tty=ssh ruser= rhost=103.153.65.59 user=root
2026-09-13T01:17:57.648937+00:00 ubuntu sshd[1287133]: Invalid user admin from 109.160.32.155 port 55656
2026-09-13T01:17:57.669181+00:00 ubuntu sshd[1287133]: pam_unix(sshd:auth): check pass; user unknown
2026-09-13T01:17:57.669278+00:00 ubuntu sshd[1287133]: pam_unix(sshd:auth): authentication failure; logname= uid=0 euid=0 tty=ssh ruser= rhost=109.160.32.155
2026-09-13T01:17:59.872551+00:00 ubuntu sshd[1287127]: Failed password for root from 103.153.65.59 port 58166 ssh2
2026-09-13T01:17:59.975637+00:00 ubuntu sshd[1287133]: Failed password for invalid user admin from 109.160.32.155 port 55656 ssh2
2026-09-13T01:18:00.536607+00:00 ubuntu sshd[1287133]: Connection closed by invalid user admin 109.160.32.155 port 55656 [preauth]
2026-09-13T01:18:00.912676+00:00 ubuntu sshd[1287127]: Connection closed by authenticating user root 103.153.65.59 port 58166 [preauth]
2026-09-13T01:18:02.970215+00:00 ubuntu sshd[1287225]: Invalid user chengy from 109.160.32.155 port 47222
2026-09-13T01:18:02.987551+00:00 ubuntu sshd[1287225]: pam_unix(sshd:auth): check pass; user unknown
2026-09-13T01:18:02.987699+00:00 ubuntu sshd[1287225]: pam_unix(sshd:auth): authentication failure; logname= uid=0 euid=0 tty=ssh ruser= rhost=109.160.32.155
2026-09-13T01:18:05.313919+00:00 ubuntu sshd[1287225]: Failed password for invalid user chengy from 109.160.32.155 port 47222 ssh2
2026-09-13T01:18:07.347789+00:00 ubuntu sshd[1287225]: Connection closed by invalid user chengy 109.160.32.155 port 47222 [preauth]
2026-09-13T01:18:08.150183+00:00 ubuntu sshd[1287352]: Invalid user ec2-user from 109.160.32.155 port 47246
2026-09-13T01:18:08.214670+00:00 ubuntu sshd[1287352]: pam_unix(sshd:auth): check pass; user unknown
2026-09-13T01:18:08.214859+00:00 ubuntu sshd[1287352]: pam_unix(sshd:auth): authentication failure; logname= uid=0 euid=0 tty=ssh ruser= rhost=109.160.32.155
2026-09-13T01:18:10.029621+00:00 ubuntu sshd[1287352]: Failed password for invalid user ec2-user from 109.160.32.155 port 47246 ssh2
2026-09-13T01:18:10.887046+00:00 ubuntu sshd[1287352]: Connection closed by invalid user ec2-user 109.160.32.155 port 47246 [preauth]
2026-09-13T01:18:12.926141+00:00 ubuntu sshd[1287442]: pam_unix(sshd:auth): authentication failure; logname= uid=0 euid=0 tty=ssh ruser= rhost=109.160.32.155 user=root
2026-09-13T01:18:15.292390+00:00 ubuntu sshd[1287442]: Failed password for root from 109.160.32.155 port 54200 ssh2
2026-09-13T01:18:16.054864+00:00 ubuntu sshd[1287442]: Connection closed by authenticating user root 109.160.32.155 port 54200 [preauth]
2026-09-13T01:18:18.072658+00:00 ubuntu sshd[1287683]: pam_unix(sshd:auth): authentication failure; logname= uid=0 euid=0 tty=ssh ruser= rhost=109.160.32.155 user=root
2026-09-13T01:18:20.122866+00:00 ubuntu sshd[1287683]: Failed password for root from 109.160.32.155 port 54242 ssh2
2026-09-13T01:18:21.213745+00:00 ubuntu sshd[1287683]: Connection closed by authenticating user root 109.160.32.155 port 54242 [preauth]
2026-09-13T01:18:22.538357+00:00 ubuntu sshd[1287773]: pam_unix(sshd:auth): authentication failure; logname= uid=0 euid=0 tty=ssh ruser= rhost=109.160.32.155 user=root
2026-09-13T01:18:23.941328+00:00 ubuntu sshd[1287773]: Failed password for root from 109.160.32.155 port 46422 ssh2
2026-09-13T01:18:24.264102+00:00 ubuntu sshd[1287773]: Connection closed by authenticating user root 109.160.32.155 port 46422 [preauth]
2026-09-13T01:18:24.526726+00:00 ubuntu sshd[1287872]: Invalid user agentsolutions-mallorca from 123.100.226.79 port 46446
2026-09-13T01:18:24.746779+00:00 ubuntu sshd[1287872]: pam_unix(sshd:auth): check pass; user unknown
2026-09-13T01:18:24.746913+00:00 ubuntu sshd[1287872]: pam_unix(sshd:auth): authentication failure; logname= uid=0 euid=0 tty=ssh ruser= rhost=123.100.226.79
2026-09-13T01:18:27.093228+00:00 ubuntu sshd[1287872]: Failed password for invalid user agentsolutions-mallorca from 123.100.226.79 port 46446 ssh2
2026-09-13T01:18:27.348142+00:00 ubuntu sshd[1287920]: Invalid user postgres from 109.160.32.155 port 46446
2026-09-13T01:18:27.617420+00:00 ubuntu sshd[1287920]: pam_unix(sshd:auth): check pass; user unknown
2026-09-13T01:18:27.617535+00:00 ubuntu sshd[1287920]: pam_unix(sshd:auth): authentication failure; logname= uid=0 euid=0 tty=ssh ruser= rhost=109.160.32.155
2026-09-13T01:18:29.408210+00:00 ubuntu sshd[1287872]: Connection closed by invalid user agentsolutions-mallorca 123.100.226.79 port 46446 [preauth]
2026-09-13T01:18:29.708153+00:00 ubuntu sshd[1287920]: Failed password for invalid user postgres from 109.160.32.155 port 46446 ssh2
2026-09-13T01:18:31.383118+00:00 ubuntu sshd[1288007]: Invalid user cryptoice from 111.119.44.29 port 50898
2026-09-13T01:18:31.562478+00:00 ubuntu sshd[1288007]: pam_unix(sshd:auth): check pass; user unknown
2026-09-13T01:18:31.562605+00:00 ubuntu sshd[1288007]: pam_unix(sshd:auth): authentication failure; logname= uid=0 euid=0 tty=ssh ruser= rhost=111.119.44.29
2026-09-13T01:18:31.596098+00:00 ubuntu sshd[1287920]: Connection closed by invalid user postgres 109.160.32.155 port 46446 [preauth]
2026-09-13T01:18:32.381248+00:00 ubuntu sshd[1288012]: Invalid user postgres from 109.160.32.155 port 44650
2026-09-13T01:18:32.399815+00:00 ubuntu sshd[1288012]: pam_unix(sshd:auth): check pass; user unknown
2026-09-13T01:18:32.399965+00:00 ubuntu sshd[1288012]: pam_unix(sshd:auth): authentication failure; logname= uid=0 euid=0 tty=ssh ruser= rhost=109.160.32.155
2026-09-13T01:18:33.868928+00:00 ubuntu sshd[1288007]: Failed password for invalid user cryptoice from 111.119.44.29 port 50898 ssh2
2026-09-13T01:18:34.510553+00:00 ubuntu sshd[1288012]: Failed password for invalid user postgres from 109.160.32.155 port 44650 ssh2
2026-09-13T01:18:36.236489+00:00 ubuntu sshd[1288007]: Connection closed by invalid user cryptoice 111.119.44.29 port 50898 [preauth]
2026-09-13T01:18:36.374721+00:00 ubuntu sshd[1288012]: Connection closed by invalid user postgres 109.160.32.155 port 44650 [preauth]
2026-09-13T01:18:37.905914+00:00 ubuntu sshd[1288204]: Invalid user steam from 109.160.32.155 port 44730
2026-09-13T01:18:37.961082+00:00 ubuntu sshd[1288204]: pam_unix(sshd:auth): check pass; user unknown
2026-09-13T01:18:37.961189+00:00 ubuntu sshd[1288204]: pam_unix(sshd:auth): authentication failure; logname= uid=0 euid=0 tty=ssh ruser= rhost=109.160.32.155
2026-09-13T01:18:40.092001+00:00 ubuntu sshd[1288204]: Failed password for invalid user steam from 109.160.32.155 port 44730 ssh2
2026-09-13T01:18:40.209530+00:00 ubuntu sshd[1288204]: Connection closed by invalid user steam 109.160.32.155 port 44730 [preauth]
2026-09-13T01:18:42.764650+00:00 ubuntu sshd[1288295]: Invalid user deploy from 109.160.32.155 port 48828
2026-09-13T01:18:42.782836+00:00 ubuntu sshd[1288295]: pam_unix(sshd:auth): check pass; user unknown
2026-09-13T01:18:42.782951+00:00 ubuntu sshd[1288295]: pam_unix(sshd:auth): authentication failure; logname= uid=0 euid=0 tty=ssh ruser= rhost=109.160.32.155
2026-09-13T01:18:44.933242+00:00 ubuntu sshd[1288295]: Failed password for invalid user deploy from 109.160.32.155 port 48828 ssh2
2026-09-13T01:18:45.169094+00:00 ubuntu sshd[1288295]: Connection closed by invalid user deploy 109.160.32.155 port 48828 [preauth]
2026-09-13T01:18:48.227599+00:00 ubuntu sshd[1288529]: Invalid user hadoop from 109.160.32.155 port 48900
2026-09-13T01:18:48.246249+00:00 ubuntu sshd[1288529]: pam_unix(sshd:auth): check pass; user unknown
2026-09-13T01:18:48.246368+00:00 ubuntu sshd[1288529]: pam_unix(sshd:auth): authentication failure; logname= uid=0 euid=0 tty=ssh ruser= rhost=109.160.32.155
2026-09-13T01:18:50.221340+00:00 ubuntu sshd[1288529]: Failed password for invalid user hadoop from 109.160.32.155 port 48900 ssh2
2026-09-13T01:18:51.633399+00:00 ubuntu sshd[1288529]: Connection closed by invalid user hadoop 109.160.32.155 port 48900 [preauth]
2026-09-13T01:18:52.813780+00:00 ubuntu sshd[1288621]: Invalid user admin from 109.160.32.155 port 48092
2026-09-13T01:18:52.846873+00:00 ubuntu sshd[1288621]: pam_unix(sshd:auth): check pass; user unknown
2026-09-13T01:18:52.846971+00:00 ubuntu sshd[1288621]: pam_unix(sshd:auth): authentication failure; logname= uid=0 euid=0 tty=ssh ruser= rhost=109.160.32.155
2026-09-13T01:18:54.701983+00:00 ubuntu sshd[1288621]: Failed password for invalid user admin from 109.160.32.155 port 48092 ssh2
2026-09-13T01:18:55.712061+00:00 ubuntu sshd[1288621]: Connection closed by invalid user admin 109.160.32.155 port 48092 [preauth]
2026-09-13T01:18:58.099674+00:00 ubuntu sshd[1288767]: Invalid user admin from 109.160.32.155 port 48118
2026-09-13T01:18:58.117235+00:00 ubuntu sshd[1288767]: pam_unix(sshd:auth): check pass; user unknown
2026-09-13T01:18:58.117339+00:00 ubuntu sshd[1288767]: pam_unix(sshd:auth): authentication failure; logname= uid=0 euid=0 tty=ssh ruser= rhost=109.160.32.155
2026-09-13T01:19:00.132462+00:00 ubuntu sshd[1288767]: Failed password for invalid user admin from 109.160.32.155 port 48118 ssh2
2026-09-13T01:19:00.995353+00:00 ubuntu sshd[1288767]: Connection closed by invalid user admin 109.160.32.155 port 48118 [preauth]
2026-09-13T01:19:03.529110+00:00 ubuntu sshd[1288861]: pam_unix(sshd:auth): authentication failure; logname= uid=0 euid=0 tty=ssh ruser= rhost=109.160.32.155 user=root
2026-09-13T01:19:04.527308+00:00 ubuntu sshd[1288940]: pam_unix(sshd:auth): authentication failure; logname= uid=0 euid=0 tty=ssh ruser= rhost=148.223.251.51 user=root
2026-09-13T01:19:05.895486+00:00 ubuntu sshd[1288861]: Failed password for root from 109.160.32.155 port 34492 ssh2
2026-09-13T01:19:06.030610+00:00 ubuntu sshd[1288940]: Failed password for root from 148.223.251.51 port 33658 ssh2
2026-09-13T01:19:06.196685+00:00 ubuntu sshd[1288940]: Connection closed by authenticating user root 148.223.251.51 port 33658 [preauth]
2026-09-13T01:19:06.649193+00:00 ubuntu sshd[1288861]: Connection closed by authenticating user root 109.160.32.155 port 34492 [preauth]
2026-09-13T01:19:07.563791+00:00 ubuntu sshd[1288988]: Invalid user ubuntu from 148.223.251.51 port 35672
2026-09-13T01:19:07.737113+00:00 ubuntu sshd[1288988]: pam_unix(sshd:auth): check pass; user unknown
2026-09-13T01:19:07.737250+00:00 ubuntu sshd[1288988]: pam_unix(sshd:auth): authentication failure; logname= uid=0 euid=0 tty=ssh ruser= rhost=148.223.251.51
2026-09-13T01:19:07.840485+00:00 ubuntu sshd[1288992]: Invalid user pepe from 109.160.32.155 port 34558
2026-09-13T01:19:07.860661+00:00 ubuntu sshd[1288992]: pam_unix(sshd:auth): check pass; user unknown
2026-09-13T01:19:07.860816+00:00 ubuntu sshd[1288992]: pam_unix(sshd:auth): authentication failure; logname= uid=0 euid=0 tty=ssh ruser= rhost=109.160.32.155
2026-09-13T01:19:09.988082+00:00 ubuntu sshd[1288988]: Failed password for invalid user ubuntu from 148.223.251.51 port 35672 ssh2
2026-09-13T01:19:10.056128+00:00 ubuntu sshd[1289073]: Invalid user agentsolutionsmallorca from 148.223.251.51 port 37728
2026-09-13T01:19:10.111479+00:00 ubuntu sshd[1288992]: Failed password for invalid user pepe from 109.160.32.155 port 34558 ssh2
2026-09-13T01:19:10.189202+00:00 ubuntu sshd[1288992]: Connection closed by invalid user pepe 109.160.32.155 port 34558 [preauth]
2026-09-13T01:19:10.226222+00:00 ubuntu sshd[1289073]: pam_unix(sshd:auth): check pass; user unknown
2026-09-13T01:19:10.226336+00:00 ubuntu sshd[1289073]: pam_unix(sshd:auth): authentication failure; logname= uid=0 euid=0 tty=ssh ruser= rhost=148.223.251.51
2026-09-13T01:19:12.104120+00:00 ubuntu sshd[1288988]: Connection closed by invalid user ubuntu 148.223.251.51 port 35672 [preauth]
2026-09-13T01:19:12.220846+00:00 ubuntu sshd[1289073]: Failed password for invalid user agentsolutionsmallorca from 148.223.251.51 port 37728 ssh2
2026-09-13T01:19:12.610585+00:00 ubuntu sshd[1289073]: Connection closed by invalid user agentsolutionsmallorca 148.223.251.51 port 37728 [preauth]
2026-09-13T01:19:12.956066+00:00 ubuntu sshd[1289085]: Invalid user nexus from 109.160.32.155 port 41934
2026-09-13T01:19:13.019284+00:00 ubuntu sshd[1289085]: pam_unix(sshd:auth): check pass; user unknown
2026-09-13T01:19:13.019419+00:00 ubuntu sshd[1289085]: pam_unix(sshd:auth): authentication failure; logname= uid=0 euid=0 tty=ssh ruser= rhost=109.160.32.155
2026-09-13T01:19:13.648099+00:00 ubuntu sshd[1289081]: pam_unix(sshd:auth): authentication failure; logname= uid=0 euid=0 tty=ssh ruser= rhost=103.69.107.122 user=root
2026-09-13T01:19:15.426042+00:00 ubuntu sshd[1289085]: Failed password for invalid user nexus from 109.160.32.155 port 41934 ssh2
2026-09-13T01:19:16.054664+00:00 ubuntu sshd[1289081]: Failed password for root from 103.69.107.122 port 41133 ssh2
2026-09-13T01:19:17.161160+00:00 ubuntu sshd[1289081]: Connection closed by authenticating user root 103.69.107.122 port 41133 [preauth]
2026-09-13T01:19:17.359570+00:00 ubuntu sshd[1289085]: Connection closed by invalid user nexus 109.160.32.155 port 41934 [preauth]
2026-09-13T01:19:17.779221+00:00 ubuntu sshd[1289321]: pam_unix(sshd:auth): authentication failure; logname= uid=0 euid=0 tty=ssh ruser= rhost=109.160.32.155 user=root
2026-09-13T01:19:19.733875+00:00 ubuntu sshd[1289321]: Failed password for root from 109.160.32.155 port 42006 ssh2
2026-09-13T01:19:20.907026+00:00 ubuntu sshd[1289321]: Connection closed by authenticating user root 109.160.32.155 port 42006 [preauth]
2026-09-13T01:19:23.024967+00:00 ubuntu sshd[1289429]: Invalid user bernard from 109.160.32.155 port 57610
2026-09-13T01:19:23.067619+00:00 ubuntu sshd[1289429]: pam_unix(sshd:auth): check pass; user unknown
2026-09-13T01:19:23.067798+00:00 ubuntu sshd[1289429]: pam_unix(sshd:auth): authentication failure; logname= uid=0 euid=0 tty=ssh ruser= rhost=109.160.32.155
2026-09-13T01:19:24.847128+00:00 ubuntu sshd[1289429]: Failed password for invalid user bernard from 109.160.32.155 port 57610 ssh2
2026-09-13T01:19:25.427471+00:00 ubuntu sshd[1289429]: Connection closed by invalid user bernard 109.160.32.155 port 57610 [preauth]
2026-09-13T01:19:27.735961+00:00 ubuntu sshd[1289583]: Invalid user deploy from 109.160.32.155 port 57660
2026-09-13T01:19:27.754179+00:00 ubuntu sshd[1289583]: pam_unix(sshd:auth): check pass; user unknown
2026-09-13T01:19:27.754290+00:00 ubuntu sshd[1289583]: pam_unix(sshd:auth): authentication failure; logname= uid=0 euid=0 tty=ssh ruser= rhost=109.160.32.155
2026-09-13T01:19:30.080970+00:00 ubuntu sshd[1289583]: Failed password for invalid user deploy from 109.160.32.155 port 57660 ssh2
2026-09-13T01:19:30.178609+00:00 ubuntu sshd[1289583]: Connection closed by invalid user deploy 109.160.32.155 port 57660 [preauth]
2026-09-13T01:19:32.581384+00:00 ubuntu sshd[1289671]: Invalid user debian from 109.160.32.155 port 47902
2026-09-13T01:19:32.601363+00:00 ubuntu sshd[1289671]: pam_unix(sshd:auth): check pass; user unknown
2026-09-13T01:19:32.601440+00:00 ubuntu sshd[1289671]: pam_unix(sshd:auth): authentication failure; logname= uid=0 euid=0 tty=ssh ruser= rhost=109.160.32.155
2026-09-13T01:19:35.284160+00:00 ubuntu sshd[1289671]: Failed password for invalid user debian from 109.160.32.155 port 47902 ssh2
2026-09-13T01:19:37.587954+00:00 ubuntu sshd[1289867]: Invalid user debian from 109.160.32.155 port 47952
2026-09-13T01:19:37.611114+00:00 ubuntu sshd[1289867]: pam_unix(sshd:auth): check pass; user unknown
2026-09-13T01:19:37.611223+00:00 ubuntu sshd[1289867]: pam_unix(sshd:auth): authentication failure; logname= uid=0 euid=0 tty=ssh ruser= rhost=109.160.32.155
2026-09-13T01:19:37.822459+00:00 ubuntu sshd[1289671]: Connection closed by invalid user debian 109.160.32.155 port 47902 [preauth]
2026-09-13T01:19:39.977964+00:00 ubuntu sshd[1289867]: Failed password for invalid user debian from 109.160.32.155 port 47952 ssh2
2026-09-13T01:19:40.228847+00:00 ubuntu sshd[1289867]: Connection closed by invalid user debian 109.160.32.155 port 47952 [preauth]
2026-09-13T01:19:41.485960+00:00 ubuntu sshd[1289801]: pam_unix(sshd:auth): authentication failure; logname= uid=0 euid=0 tty=ssh ruser= rhost=91.82.58.77 user=root
2026-09-13T01:19:42.741887+00:00 ubuntu sshd[1290007]: Invalid user tom from 109.160.32.155 port 34512
2026-09-13T01:19:42.768077+00:00 ubuntu sshd[1290007]: pam_unix(sshd:auth): check pass; user unknown
2026-09-13T01:19:42.768205+00:00 ubuntu sshd[1290007]: pam_unix(sshd:auth): authentication failure; logname= uid=0 euid=0 tty=ssh ruser= rhost=109.160.32.155
2026-09-13T01:19:43.069441+00:00 ubuntu sshd[1289801]: Failed password for root from 91.82.58.77 port 38376 ssh2
2026-09-13T01:19:44.821602+00:00 ubuntu sshd[1290007]: Failed password for invalid user tom from 109.160.32.155 port 34512 ssh2
2026-09-13T01:19:44.935171+00:00 ubuntu sshd[1289801]: Connection closed by authenticating user root 91.82.58.77 port 38376 [preauth]
2026-09-13T01:19:46.057026+00:00 ubuntu sshd[1290007]: Connection closed by invalid user tom 109.160.32.155 port 34512 [preauth]
2026-09-13T01:19:47.980998+00:00 ubuntu sshd[1290138]: pam_unix(sshd:auth): authentication failure; logname= uid=0 euid=0 tty=ssh ruser= rhost=109.160.32.155 user=root
2026-09-13T01:19:49.720213+00:00 ubuntu sshd[1290138]: Failed password for root from 109.160.32.155 port 34544 ssh2
2026-09-13T01:19:51.103154+00:00 ubuntu sshd[1290138]: Connection closed by authenticating user root 109.160.32.155 port 34544 [preauth]
2026-09-13T01:19:52.663550+00:00 ubuntu sshd[1290333]: Invalid user ame from 109.160.32.155 port 40206
2026-09-13T01:19:52.681387+00:00 ubuntu sshd[1290333]: pam_unix(sshd:auth): check pass; user unknown
2026-09-13T01:19:52.681506+00:00 ubuntu sshd[1290333]: pam_unix(sshd:auth): authentication failure; logname= uid=0 euid=0 tty=ssh ruser= rhost=109.160.32.155
2026-09-13T01:19:54.775876+00:00 ubuntu sshd[1290333]: Failed password for invalid user ame from 109.160.32.155 port 40206 ssh2
2026-09-13T01:19:54.827107+00:00 ubuntu sshd[1290333]: Connection closed by invalid user ame 109.160.32.155 port 40206 [preauth]
2026-09-13T01:19:57.823986+00:00 ubuntu sshd[1290487]: Invalid user sol from 109.160.32.155 port 40270
2026-09-13T01:19:57.855539+00:00 ubuntu sshd[1290487]: pam_unix(sshd:auth): check pass; user unknown
2026-09-13T01:19:57.855652+00:00 ubuntu sshd[1290487]: pam_unix(sshd:auth): authentication failure; logname= uid=0 euid=0 tty=ssh ruser= rhost=109.160.32.155
2026-09-13T01:20:00.302289+00:00 ubuntu sshd[1290487]: Failed password for invalid user sol from 109.160.32.155 port 40270 ssh2
2026-09-13T01:20:01.744473+00:00 ubuntu sshd[1290487]: Connection closed by invalid user sol 109.160.32.155 port 40270 [preauth]
2026-09-13T01:20:02.566774+00:00 ubuntu sshd[1290595]: Invalid user sol from 109.160.32.155 port 59800
2026-09-13T01:20:02.591731+00:00 ubuntu sshd[1290595]: pam_unix(sshd:auth): check pass; user unknown
2026-09-13T01:20:02.591880+00:00 ubuntu sshd[1290595]: pam_unix(sshd:auth): authentication failure; logname= uid=0 euid=0 tty=ssh ruser= rhost=109.160.32.155
2026-09-13T01:20:04.391254+00:00 ubuntu sshd[1290595]: Failed password for invalid user sol from 109.160.32.155 port 59800 ssh2
2026-09-13T01:20:04.545876+00:00 ubuntu sshd[1290595]: Connection closed by invalid user sol 109.160.32.155 port 59800 [preauth]
2026-09-13T01:20:07.552294+00:00 ubuntu sshd[1290732]: pam_unix(sshd:auth): authentication failure; logname= uid=0 euid=0 tty=ssh ruser= rhost=109.160.32.155 user=root
2026-09-13T01:20:09.546309+00:00 ubuntu sshd[1290821]: pam_unix(sshd:auth): authentication failure; logname= uid=0 euid=0 tty=ssh ruser= rhost=176.53.159.198 user=root
2026-09-13T01:20:10.038912+00:00 ubuntu sshd[1290732]: Failed password for root from 109.160.32.155 port 59866 ssh2
2026-09-13T01:20:10.678287+00:00 ubuntu sshd[1290732]: Connection closed by authenticating user root 109.160.32.155 port 59866 [preauth]
2026-09-13T01:20:11.972925+00:00 ubuntu sshd[1290821]: Failed password for root from 176.53.159.198 port 36682 ssh2
2026-09-13T01:20:12.250579+00:00 ubuntu sshd[1290836]: pam_unix(sshd:auth): authentication failure; logname= uid=0 euid=0 tty=ssh ruser= rhost=109.160.32.155 user=root
2026-09-13T01:20:14.421526+00:00 ubuntu sshd[1290836]: Failed password for root from 109.160.32.155 port 53934 ssh2
2026-09-13T01:20:14.908210+00:00 ubuntu sshd[1290821]: Failed password for root from 176.53.159.198 port 36682 ssh2
2026-09-13T01:20:15.388285+00:00 ubuntu sshd[1290836]: Connection closed by authenticating user root 109.160.32.155 port 53934 [preauth]
2026-09-13T01:20:17.350051+00:00 ubuntu sshd[1290974]: Invalid user admin from 109.160.32.155 port 53994
2026-09-13T01:20:17.369133+00:00 ubuntu sshd[1290974]: pam_unix(sshd:auth): check pass; user unknown
2026-09-13T01:20:17.369287+00:00 ubuntu sshd[1290974]: pam_unix(sshd:auth): authentication failure; logname= uid=0 euid=0 tty=ssh ruser= rhost=109.160.32.155
2026-09-13T01:20:18.180583+00:00 ubuntu sshd[1290821]: Failed password for root from 176.53.159.198 port 36682 ssh2
2026-09-13T01:20:19.228178+00:00 ubuntu sshd[1290974]: Failed password for invalid user admin from 109.160.32.155 port 53994 ssh2
2026-09-13T01:20:20.260795+00:00 ubuntu sshd[1290974]: Connection closed by invalid user admin 109.160.32.155 port 53994 [preauth]
2026-09-13T01:20:21.594240+00:00 ubuntu sshd[1290821]: Failed password for root from 176.53.159.198 port 36682 ssh2
2026-09-13T01:20:22.226362+00:00 ubuntu sshd[1291177]: Invalid user postgres from 109.160.32.155 port 40530
2026-09-13T01:20:22.245578+00:00 ubuntu sshd[1291177]: pam_unix(sshd:auth): check pass; user unknown
2026-09-13T01:20:22.245697+00:00 ubuntu sshd[1291177]: pam_unix(sshd:auth): authentication failure; logname= uid=0 euid=0 tty=ssh ruser= rhost=109.160.32.155
2026-09-13T01:20:24.456680+00:00 ubuntu sshd[1291177]: Failed password for invalid user postgres from 109.160.32.155 port 40530 ssh2
2026-09-13T01:20:24.534593+00:00 ubuntu sshd[1290821]: Failed password for root from 176.53.159.198 port 36682 ssh2
2026-09-13T01:20:25.439315+00:00 ubuntu sshd[1290821]: Connection reset by authenticating user root 176.53.159.198 port 36682 [preauth]
2026-09-13T01:20:25.439646+00:00 ubuntu sshd[1290821]: PAM 4 more authentication failures; logname= uid=0 euid=0 tty=ssh ruser= rhost=176.53.159.198 user=root
2026-09-13T01:20:25.439696+00:00 ubuntu sshd[1290821]: PAM service(sshd) ignoring max retries; 5 > 3
2026-09-13T01:20:25.588483+00:00 ubuntu sshd[1291288]: pam_unix(sshd:auth): authentication failure; logname= uid=0 euid=0 tty=ssh ruser= rhost=176.53.159.198 user=root
2026-09-13T01:20:26.259867+00:00 ubuntu sshd[1291177]: Connection closed by invalid user postgres 109.160.32.155 port 40530 [preauth]
2026-09-13T01:20:27.212200+00:00 ubuntu sshd[1291288]: Failed password for root from 176.53.159.198 port 27464 ssh2
2026-09-13T01:20:27.744327+00:00 ubuntu sshd[1291336]: pam_unix(sshd:auth): authentication failure; logname= uid=0 euid=0 tty=ssh ruser= rhost=109.160.32.155 user=root
2026-09-13T01:20:29.975410+00:00 ubuntu sshd[1291336]: Failed password for root from 109.160.32.155 port 40558 ssh2
2026-09-13T01:20:30.867069+00:00 ubuntu sshd[1291336]: Connection closed by authenticating user root 109.160.32.155 port 40558 [preauth]
2026-09-13T01:20:31.486563+00:00 ubuntu sshd[1291288]: Failed password for root from 176.53.159.198 port 27464 ssh2
2026-09-13T01:20:32.068624+00:00 ubuntu sshd[1291432]: pam_unix(sshd:auth): authentication failure; logname= uid=0 euid=0 tty=ssh ruser= rhost=109.160.32.155 user=root
2026-09-13T01:20:34.425142+00:00 ubuntu sshd[1291288]: Failed password for root from 176.53.159.198 port 27464 ssh2
2026-09-13T01:20:34.515400+00:00 ubuntu sshd[1291432]: Failed password for root from 109.160.32.155 port 47874 ssh2
2026-09-13T01:20:35.192743+00:00 ubuntu sshd[1291432]: Connection closed by authenticating user root 109.160.32.155 port 47874 [preauth]
2026-09-13T01:20:36.637411+00:00 ubuntu sshd[1291571]: Invalid user claude from 109.160.32.155 port 47956
2026-09-13T01:20:36.661304+00:00 ubuntu sshd[1291571]: pam_unix(sshd:auth): check pass; user unknown
2026-09-13T01:20:36.661399+00:00 ubuntu sshd[1291571]: pam_unix(sshd:auth): authentication failure; logname= uid=0 euid=0 tty=ssh ruser= rhost=109.160.32.155
2026-09-13T01:20:37.172414+00:00 ubuntu sshd[1291288]: Failed password for root from 176.53.159.198 port 27464 ssh2
2026-09-13T01:20:38.129394+00:00 ubuntu sshd[1291571]: Failed password for invalid user claude from 109.160.32.155 port 47956 ssh2
2026-09-13T01:20:38.683119+00:00 ubuntu sshd[1291571]: Connection closed by invalid user claude 109.160.32.155 port 47956 [preauth]
2026-09-13T01:20:40.446404+00:00 ubuntu sshd[1291288]: Failed password for root from 176.53.159.198 port 27464 ssh2
2026-09-13T01:20:41.485693+00:00 ubuntu sshd[1291288]: Connection reset by authenticating user root 176.53.159.198 port 27464 [preauth]
2026-09-13T01:20:41.485925+00:00 ubuntu sshd[1291288]: PAM 4 more authentication failures; logname= uid=0 euid=0 tty=ssh ruser= rhost=176.53.159.198 user=root
2026-09-13T01:20:41.485985+00:00 ubuntu sshd[1291288]: PAM service(sshd) ignoring max retries; 5 > 3
2026-09-13T01:20:41.640588+00:00 ubuntu sshd[1291733]: pam_unix(sshd:auth): authentication failure; logname= uid=0 euid=0 tty=ssh ruser= rhost=176.53.159.198 user=root
2026-09-13T01:20:41.811581+00:00 ubuntu sshd[1291736]: Invalid user claude from 109.160.32.155 port 59286
2026-09-13T01:20:41.834021+00:00 ubuntu sshd[1291736]: pam_unix(sshd:auth): check pass; user unknown
2026-09-13T01:20:41.834147+00:00 ubuntu sshd[1291736]: pam_unix(sshd:auth): authentication failure; logname= uid=0 euid=0 tty=ssh ruser= rhost=109.160.32.155
2026-09-13T01:20:43.460040+00:00 ubuntu sshd[1291733]: Failed password for root from 176.53.159.198 port 33762 ssh2
2026-09-13T01:20:43.652209+00:00 ubuntu sshd[1291736]: Failed password for invalid user claude from 109.160.32.155 port 59286 ssh2
2026-09-13T01:20:43.912850+00:00 ubuntu sshd[1291736]: Connection closed by invalid user claude 109.160.32.155 port 59286 [preauth]
2026-09-13T01:20:46.729311+00:00 ubuntu sshd[1291872]: Invalid user mk from 109.160.32.155 port 59350
2026-09-13T01:20:46.749788+00:00 ubuntu sshd[1291872]: pam_unix(sshd:auth): check pass; user unknown
2026-09-13T01:20:46.749912+00:00 ubuntu sshd[1291872]: pam_unix(sshd:auth): authentication failure; logname= uid=0 euid=0 tty=ssh ruser= rhost=109.160.32.155
2026-09-13T01:20:47.067000+00:00 ubuntu sshd[1291733]: Failed password for root from 176.53.159.198 port 33762 ssh2
2026-09-13T01:20:48.920970+00:00 ubuntu sshd[1291872]: Failed password for invalid user mk from 109.160.32.155 port 59350 ssh2
2026-09-13T01:20:49.044513+00:00 ubuntu sshd[1291872]: Connection closed by invalid user mk 109.160.32.155 port 59350 [preauth]
2026-09-13T01:20:49.673702+00:00 ubuntu sshd[1291733]: Failed password for root from 176.53.159.198 port 33762 ssh2
2026-09-13T01:20:52.036730+00:00 ubuntu sshd[1292050]: Invalid user test3 from 109.160.32.155 port 43338
2026-09-13T01:20:52.063448+00:00 ubuntu sshd[1292050]: pam_unix(sshd:auth): check pass; user unknown
2026-09-13T01:20:52.063567+00:00 ubuntu sshd[1292050]: pam_unix(sshd:auth): authentication failure; logname= uid=0 euid=0 tty=ssh ruser= rhost=109.160.32.155
2026-09-13T01:20:53.085924+00:00 ubuntu sshd[1291733]: Failed password for root from 176.53.159.198 port 33762 ssh2
2026-09-13T01:20:54.394827+00:00 ubuntu sshd[1292050]: Failed password for invalid user test3 from 109.160.32.155 port 43338 ssh2
2026-09-13T01:20:56.086579+00:00 ubuntu sshd[1292050]: Connection closed by invalid user test3 109.160.32.155 port 43338 [preauth]
2026-09-13T01:20:56.693967+00:00 ubuntu sshd[1291733]: Failed password for root from 176.53.159.198 port 33762 ssh2
2026-09-13T01:20:57.351408+00:00 ubuntu sshd[1292249]: Invalid user florida1 from 109.160.32.155 port 43368
2026-09-13T01:20:57.461726+00:00 ubuntu sshd[1292249]: pam_unix(sshd:auth): check pass; user unknown
2026-09-13T01:20:57.461881+00:00 ubuntu sshd[1292249]: pam_unix(sshd:auth): authentication failure; logname= uid=0 euid=0 tty=ssh ruser= rhost=109.160.32.155
2026-09-13T01:20:57.536796+00:00 ubuntu sshd[1291733]: Connection reset by authenticating user root 176.53.159.198 port 33762 [preauth]
2026-09-13T01:20:57.537100+00:00 ubuntu sshd[1291733]: PAM 4 more authentication failures; logname= uid=0 euid=0 tty=ssh ruser= rhost=176.53.159.198 user=root
2026-09-13T01:20:57.537150+00:00 ubuntu sshd[1291733]: PAM service(sshd) ignoring max retries; 5 > 3
2026-09-13T01:20:57.685118+00:00 ubuntu sshd[1292254]: pam_unix(sshd:auth): authentication failure; logname= uid=0 euid=0 tty=ssh ruser= rhost=176.53.159.198 user=root
2026-09-13T01:20:58.752426+00:00 ubuntu sshd[1292258]: Invalid user agentsolutions-mallorca from 103.79.90.26 port 33622
2026-09-13T01:20:58.940421+00:00 ubuntu sshd[1292258]: pam_unix(sshd:auth): check pass; user unknown
2026-09-13T01:20:58.940553+00:00 ubuntu sshd[1292258]: pam_unix(sshd:auth): authentication failure; logname= uid=0 euid=0 tty=ssh ruser= rhost=103.79.90.26
2026-09-13T01:21:00.072689+00:00 ubuntu sshd[1292264]: Invalid user agentsolutions-mallorca from 183.88.240.124 port 24644
2026-09-13T01:21:00.144522+00:00 ubuntu sshd[1292249]: Failed password for invalid user florida1 from 109.160.32.155 port 43368 ssh2
2026-09-13T01:21:00.269924+00:00 ubuntu sshd[1292264]: pam_unix(sshd:auth): check pass; user unknown
2026-09-13T01:21:00.270000+00:00 ubuntu sshd[1292264]: pam_unix(sshd:auth): authentication failure; logname= uid=0 euid=0 tty=ssh ruser= rhost=183.88.240.124
2026-09-13T01:21:00.367723+00:00 ubuntu sshd[1292254]: Failed password for root from 176.53.159.198 port 34298 ssh2
2026-09-13T01:21:01.096232+00:00 ubuntu sshd[1292258]: Failed password for invalid user agentsolutions-mallorca from 103.79.90.26 port 33622 ssh2
2026-09-13T01:21:01.364919+00:00 ubuntu sshd[1292258]: Connection closed by invalid user agentsolutions-mallorca 103.79.90.26 port 33622 [preauth]
2026-09-13T01:21:01.611744+00:00 ubuntu sshd[1292249]: Connection closed by invalid user florida1 109.160.32.155 port 43368 [preauth]
2026-09-13T01:21:01.698219+00:00 ubuntu sshd[1292264]: Failed password for invalid user agentsolutions-mallorca from 183.88.240.124 port 24644 ssh2
2026-09-13T01:21:01.982419+00:00 ubuntu sshd[1292356]: Invalid user niaoyun from 109.160.32.155 port 46086
2026-09-13T01:21:02.031743+00:00 ubuntu sshd[1292356]: pam_unix(sshd:auth): check pass; user unknown
2026-09-13T01:21:02.031927+00:00 ubuntu sshd[1292356]: pam_unix(sshd:auth): authentication failure; logname= uid=0 euid=0 tty=ssh ruser= rhost=109.160.32.155
2026-09-13T01:21:02.311772+00:00 ubuntu sshd[1292254]: Failed password for root from 176.53.159.198 port 34298 ssh2
2026-09-13T01:21:02.706197+00:00 ubuntu sshd[1292264]: Connection closed by invalid user agentsolutions-mallorca 183.88.240.124 port 24644 [preauth]
2026-09-13T01:21:03.166353+00:00 ubuntu sshd[1292359]: Invalid user agentsolutions-mallorca from 49.212.156.173 port 35016
2026-09-13T01:21:03.448582+00:00 ubuntu sshd[1292359]: pam_unix(sshd:auth): check pass; user unknown
2026-09-13T01:21:03.448667+00:00 ubuntu sshd[1292359]: pam_unix(sshd:auth): authentication failure; logname= uid=0 euid=0 tty=ssh ruser= rhost=49.212.156.173
2026-09-13T01:21:04.067313+00:00 ubuntu sshd[1292356]: Failed password for invalid user niaoyun from 109.160.32.155 port 46086 ssh2
2026-09-13T01:21:04.515588+00:00 ubuntu sshd[1292254]: Failed password for root from 176.53.159.198 port 34298 ssh2
2026-09-13T01:21:05.056511+00:00 ubuntu sshd[1292356]: Connection closed by invalid user niaoyun 109.160.32.155 port 46086 [preauth]
2026-09-13T01:21:05.287061+00:00 ubuntu sshd[1292359]: Failed password for invalid user agentsolutions-mallorca from 49.212.156.173 port 35016 ssh2
2026-09-13T01:21:05.969918+00:00 ubuntu sshd[1292359]: Connection closed by invalid user agentsolutions-mallorca 49.212.156.173 port 35016 [preauth]
2026-09-13T01:21:06.791651+00:00 ubuntu sshd[1292499]: Invalid user niaoyun from 109.160.32.155 port 46146
2026-09-13T01:21:06.808715+00:00 ubuntu sshd[1292499]: pam_unix(sshd:auth): check pass; user unknown
2026-09-13T01:21:06.808832+00:00 ubuntu sshd[1292499]: pam_unix(sshd:auth): authentication failure; logname= uid=0 euid=0 tty=ssh ruser= rhost=109.160.32.155
2026-09-13T01:21:07.453467+00:00 ubuntu sshd[1292254]: Failed password for root from 176.53.159.198 port 34298 ssh2
2026-09-13T01:21:09.060066+00:00 ubuntu sshd[1292499]: Failed password for invalid user niaoyun from 109.160.32.155 port 46146 ssh2
2026-09-13T01:21:09.708911+00:00 ubuntu sshd[1292514]: pam_unix(sshd:auth): authentication failure; logname= uid=0 euid=0 tty=ssh ruser= rhost=185.250.21.217 user=root
2026-09-13T01:21:09.833382+00:00 ubuntu sshd[1292499]: Connection closed by invalid user niaoyun 109.160.32.155 port 46146 [preauth]
2026-09-13T01:21:11.393571+00:00 ubuntu sshd[1292254]: Failed password for root from 176.53.159.198 port 34298 ssh2
2026-09-13T01:21:11.984731+00:00 ubuntu sshd[1292254]: Connection reset by authenticating user root 176.53.159.198 port 34298 [preauth]
2026-09-13T01:21:11.985072+00:00 ubuntu sshd[1292254]: PAM 4 more authentication failures; logname= uid=0 euid=0 tty=ssh ruser= rhost=176.53.159.198 user=root
2026-09-13T01:21:11.985137+00:00 ubuntu sshd[1292254]: PAM service(sshd) ignoring max retries; 5 > 3
2026-09-13T01:21:12.039197+00:00 ubuntu sshd[1292514]: Failed password for root from 185.250.21.217 port 55702 ssh2
2026-09-13T01:21:12.052220+00:00 ubuntu sshd[1292603]: pam_unix(sshd:auth): authentication failure; logname= uid=0 euid=0 tty=ssh ruser= rhost=109.160.32.155 user=root
2026-09-13T01:21:12.143383+00:00 ubuntu sshd[1292606]: pam_unix(sshd:auth): authentication failure; logname= uid=0 euid=0 tty=ssh ruser= rhost=176.53.159.198 user=root
2026-09-13T01:21:12.621609+00:00 ubuntu sshd[1292610]: Invalid user ubuntu from 185.250.21.217 port 9491
2026-09-13T01:21:12.644326+00:00 ubuntu sshd[1292610]: pam_unix(sshd:auth): check pass; user unknown
2026-09-13T01:21:12.644448+00:00 ubuntu sshd[1292610]: pam_unix(sshd:auth): authentication failure; logname= uid=0 euid=0 tty=ssh ruser= rhost=185.250.21.217
2026-09-13T01:21:12.845131+00:00 ubuntu sshd[1292514]: Connection closed by authenticating user root 185.250.21.217 port 55702 [preauth]
2026-09-13T01:21:13.324815+00:00 ubuntu sshd[1292603]: Failed password for root from 109.160.32.155 port 41984 ssh2
2026-09-13T01:21:13.551405+00:00 ubuntu sshd[1292606]: Failed password for root from 176.53.159.198 port 35186 ssh2
2026-09-13T01:21:13.581202+00:00 ubuntu sshd[1292603]: Connection closed by authenticating user root 109.160.32.155 port 41984 [preauth]
2026-09-13T01:21:14.052596+00:00 ubuntu sshd[1292610]: Failed password for invalid user ubuntu from 185.250.21.217 port 9491 ssh2
2026-09-13T01:21:14.248444+00:00 ubuntu sshd[1292617]: pam_unix(sshd:auth): authentication failure; logname= uid=0 euid=0 tty=ssh ruser= rhost=213.209.159.226 user=root
2026-09-13T01:21:14.762666+00:00 ubuntu sshd[1292610]: Connection closed by invalid user ubuntu 185.250.21.217 port 9491 [preauth]
2026-09-13T01:21:14.886383+00:00 ubuntu sshd[1292696]: Invalid user agentsolutionsmallorca from 185.250.21.217 port 64378
2026-09-13T01:21:14.908449+00:00 ubuntu sshd[1292696]: pam_unix(sshd:auth): check pass; user unknown
2026-09-13T01:21:14.908523+00:00 ubuntu sshd[1292696]: pam_unix(sshd:auth): authentication failure; logname= uid=0 euid=0 tty=ssh ruser= rhost=185.250.21.217
2026-09-13T01:21:15.616381+00:00 ubuntu sshd[1292606]: Failed password for root from 176.53.159.198 port 35186 ssh2
2026-09-13T01:21:15.932310+00:00 ubuntu sshd[1292617]: Failed password for root from 213.209.159.226 port 46252 ssh2
2026-09-13T01:21:16.592564+00:00 ubuntu sshd[1292696]: Failed password for invalid user agentsolutionsmallorca from 185.250.21.217 port 64378 ssh2
2026-09-13T01:21:16.946867+00:00 ubuntu sshd[1292747]: pam_unix(sshd:auth): authentication failure; logname= uid=0 euid=0 tty=ssh ruser= rhost=109.160.32.155 user=root
2026-09-13T01:21:17.146209+00:00 ubuntu sshd[1292696]: Connection closed by invalid user agentsolutionsmallorca 185.250.21.217 port 64378 [preauth]
2026-09-13T01:21:17.370446+00:00 ubuntu sshd[1292617]: Connection closed by authenticating user root 213.209.159.226 port 46252 [preauth]
2026-09-13T01:21:19.220991+00:00 ubuntu sshd[1292606]: Failed password for root from 176.53.159.198 port 35186 ssh2
2026-09-13T01:21:19.237773+00:00 ubuntu sshd[1292747]: Failed password for root from 109.160.32.155 port 42018 ssh2
2026-09-13T01:21:20.283618+00:00 ubuntu sshd[1292747]: Connection closed by authenticating user root 109.160.32.155 port 42018 [preauth]
2026-09-13T01:21:21.699217+00:00 ubuntu sshd[1292849]: Invalid user deployer from 109.160.32.155 port 42238
2026-09-13T01:21:21.716474+00:00 ubuntu sshd[1292849]: pam_unix(sshd:auth): check pass; user unknown
2026-09-13T01:21:21.716599+00:00 ubuntu sshd[1292849]: pam_unix(sshd:auth): authentication failure; logname= uid=0 euid=0 tty=ssh ruser= rhost=109.160.32.155
2026-09-13T01:21:22.301491+00:00 ubuntu sshd[1292606]: Failed password for root from 176.53.159.198 port 35186 ssh2
2026-09-13T01:21:24.027167+00:00 ubuntu sshd[1292849]: Failed password for invalid user deployer from 109.160.32.155 port 42238 ssh2
2026-09-13T01:21:24.098876+00:00 ubuntu sshd[1292849]: Connection closed by invalid user deployer 109.160.32.155 port 42238 [preauth]
2026-09-13T01:21:24.574640+00:00 ubuntu sshd[1292606]: Failed password for root from 176.53.159.198 port 35186 ssh2
2026-09-13T01:21:24.840249+00:00 ubuntu sshd[1292606]: Connection reset by authenticating user root 176.53.159.198 port 35186 [preauth]
2026-09-13T01:21:24.840560+00:00 ubuntu sshd[1292606]: PAM 4 more authentication failures; logname= uid=0 euid=0 tty=ssh ruser= rhost=176.53.159.198 user=root
2026-09-13T01:21:24.840619+00:00 ubuntu sshd[1292606]: PAM service(sshd) ignoring max retries; 5 > 3
2026-09-13T01:21:26.620897+00:00 ubuntu sshd[1293143]: Invalid user angel from 109.160.32.155 port 42258
2026-09-13T01:21:26.638746+00:00 ubuntu sshd[1293143]: pam_unix(sshd:auth): check pass; user unknown
2026-09-13T01:21:26.638859+00:00 ubuntu sshd[1293143]: pam_unix(sshd:auth): authentication failure; logname= uid=0 euid=0 tty=ssh ruser= rhost=109.160.32.155
2026-09-13T01:21:28.302997+00:00 ubuntu sshd[1293143]: Failed password for invalid user angel from 109.160.32.155 port 42258 ssh2
