2026-09-13T00:36:20.422326+00:00 ubuntu sshd[1216480]: Connection closed by authenticating user root 109.160.32.155 port 56596 [preauth]
2026-09-13T00:36:21.636951+00:00 ubuntu sshd[1216476]: Failed password for root from 176.53.159.198 port 5640 ssh2
2026-09-13T00:36:22.018915+00:00 ubuntu sshd[1216576]: Invalid user rocky from 109.160.32.155 port 55864
2026-09-13T00:36:22.047289+00:00 ubuntu sshd[1216576]: pam_unix(sshd:auth): check pass; user unknown
2026-09-13T00:36:22.047431+00:00 ubuntu sshd[1216576]: pam_unix(sshd:auth): authentication failure; logname= uid=0 euid=0 tty=ssh ruser= rhost=109.160.32.155
2026-09-13T00:36:23.164968+00:00 ubuntu sshd[1216576]: Failed password for invalid user rocky from 109.160.32.155 port 55864 ssh2
2026-09-13T00:36:23.910464+00:00 ubuntu sshd[1216476]: Failed password for root from 176.53.159.198 port 5640 ssh2
2026-09-13T00:36:24.183440+00:00 ubuntu sshd[1216576]: Connection closed by invalid user rocky 109.160.32.155 port 55864 [preauth]
2026-09-13T00:36:26.448496+00:00 ubuntu sshd[1216476]: Failed password for root from 176.53.159.198 port 5640 ssh2
2026-09-13T00:36:27.234068+00:00 ubuntu sshd[1216740]: pam_unix(sshd:auth): authentication failure; logname= uid=0 euid=0 tty=ssh ruser= rhost=109.160.32.155 user=root
2026-09-13T00:36:29.705983+00:00 ubuntu sshd[1216740]: Failed password for root from 109.160.32.155 port 55876 ssh2
2026-09-13T00:36:30.053950+00:00 ubuntu sshd[1216476]: Failed password for root from 176.53.159.198 port 5640 ssh2
2026-09-13T00:36:30.357658+00:00 ubuntu sshd[1216740]: Connection closed by authenticating user root 109.160.32.155 port 55876 [preauth]
2026-09-13T00:36:30.699003+00:00 ubuntu sshd[1216476]: Connection reset by authenticating user root 176.53.159.198 port 5640 [preauth]
2026-09-13T00:36:30.699345+00:00 ubuntu sshd[1216476]: PAM 4 more authentication failures; logname= uid=0 euid=0 tty=ssh ruser= rhost=176.53.159.198 user=root
2026-09-13T00:36:30.699422+00:00 ubuntu sshd[1216476]: PAM service(sshd) ignoring max retries; 5 > 3
2026-09-13T00:36:30.856912+00:00 ubuntu sshd[1216824]: pam_unix(sshd:auth): authentication failure; logname= uid=0 euid=0 tty=ssh ruser= rhost=176.53.159.198 user=root
2026-09-13T00:36:31.911949+00:00 ubuntu sshd[1216904]: pam_unix(sshd:auth): authentication failure; logname= uid=0 euid=0 tty=ssh ruser= rhost=109.160.32.155 user=root
2026-09-13T00:36:32.741689+00:00 ubuntu sshd[1216824]: Failed password for root from 176.53.159.198 port 18430 ssh2
2026-09-13T00:36:33.601059+00:00 ubuntu sshd[1216904]: Failed password for root from 109.160.32.155 port 34422 ssh2
2026-09-13T00:36:35.075809+00:00 ubuntu sshd[1216904]: Connection closed by authenticating user root 109.160.32.155 port 34422 [preauth]
2026-09-13T00:36:36.347553+00:00 ubuntu sshd[1216824]: Failed password for root from 176.53.159.198 port 18430 ssh2
2026-09-13T00:36:37.033217+00:00 ubuntu sshd[1217035]: pam_unix(sshd:auth): authentication failure; logname= uid=0 euid=0 tty=ssh ruser= rhost=109.160.32.155 user=root
2026-09-13T00:36:39.073923+00:00 ubuntu sshd[1217035]: Failed password for root from 109.160.32.155 port 34496 ssh2
2026-09-13T00:36:39.749246+00:00 ubuntu sshd[1216824]: Failed password for root from 176.53.159.198 port 18430 ssh2
2026-09-13T00:36:40.157016+00:00 ubuntu sshd[1217035]: Connection closed by authenticating user root 109.160.32.155 port 34496 [preauth]
2026-09-13T00:36:42.028072+00:00 ubuntu sshd[1216824]: Failed password for root from 176.53.159.198 port 18430 ssh2
2026-09-13T00:36:42.263400+00:00 ubuntu sshd[1217232]: pam_unix(sshd:auth): authentication failure; logname= uid=0 euid=0 tty=ssh ruser= rhost=109.160.32.155 user=root
2026-09-13T00:36:44.128203+00:00 ubuntu sshd[1217232]: Failed password for root from 109.160.32.155 port 57704 ssh2
2026-09-13T00:36:45.299254+00:00 ubuntu sshd[1216824]: Failed password for root from 176.53.159.198 port 18430 ssh2
2026-09-13T00:36:45.387140+00:00 ubuntu sshd[1217232]: Connection closed by authenticating user root 109.160.32.155 port 57704 [preauth]
2026-09-13T00:36:46.746399+00:00 ubuntu sshd[1216824]: Connection reset by authenticating user root 176.53.159.198 port 18430 [preauth]
2026-09-13T00:36:46.746566+00:00 ubuntu sshd[1216824]: PAM 4 more authentication failures; logname= uid=0 euid=0 tty=ssh ruser= rhost=176.53.159.198 user=root
2026-09-13T00:36:46.746643+00:00 ubuntu sshd[1216824]: PAM service(sshd) ignoring max retries; 5 > 3
2026-09-13T00:36:46.895343+00:00 ubuntu sshd[1217382]: pam_unix(sshd:auth): authentication failure; logname= uid=0 euid=0 tty=ssh ruser= rhost=176.53.159.198 user=root
2026-09-13T00:36:47.348632+00:00 ubuntu sshd[1217385]: Invalid user ubuntu from 109.160.32.155 port 57752
2026-09-13T00:36:47.365803+00:00 ubuntu sshd[1217385]: pam_unix(sshd:auth): check pass; user unknown
2026-09-13T00:36:47.365930+00:00 ubuntu sshd[1217385]: pam_unix(sshd:auth): authentication failure; logname= uid=0 euid=0 tty=ssh ruser= rhost=109.160.32.155
2026-09-13T00:36:48.308793+00:00 ubuntu sshd[1217382]: Failed password for root from 176.53.159.198 port 18620 ssh2
2026-09-13T00:36:48.583237+00:00 ubuntu sshd[1217385]: Failed password for invalid user ubuntu from 109.160.32.155 port 57752 ssh2
2026-09-13T00:36:49.585275+00:00 ubuntu sshd[1217385]: Connection closed by invalid user ubuntu 109.160.32.155 port 57752 [preauth]
2026-09-13T00:36:50.512391+00:00 ubuntu sshd[1217382]: Failed password for root from 176.53.159.198 port 18620 ssh2
2026-09-13T00:36:52.612966+00:00 ubuntu sshd[1217473]: Invalid user ubuntu from 109.160.32.155 port 36488
2026-09-13T00:36:52.692147+00:00 ubuntu sshd[1217473]: pam_unix(sshd:auth): check pass; user unknown
2026-09-13T00:36:52.692295+00:00 ubuntu sshd[1217473]: pam_unix(sshd:auth): authentication failure; logname= uid=0 euid=0 tty=ssh ruser= rhost=109.160.32.155
2026-09-13T00:36:53.929917+00:00 ubuntu sshd[1217473]: Failed password for invalid user ubuntu from 109.160.32.155 port 36488 ssh2
2026-09-13T00:36:54.118307+00:00 ubuntu sshd[1217382]: Failed password for root from 176.53.159.198 port 18620 ssh2
2026-09-13T00:36:55.046670+00:00 ubuntu sshd[1217473]: Connection closed by invalid user ubuntu 109.160.32.155 port 36488 [preauth]
2026-09-13T00:36:56.727322+00:00 ubuntu sshd[1217382]: Failed password for root from 176.53.159.198 port 18620 ssh2
2026-09-13T00:36:57.178148+00:00 ubuntu sshd[1217603]: Invalid user vagrant from 109.160.32.155 port 36564
2026-09-13T00:36:57.203213+00:00 ubuntu sshd[1217603]: pam_unix(sshd:auth): check pass; user unknown
2026-09-13T00:36:57.203356+00:00 ubuntu sshd[1217603]: pam_unix(sshd:auth): authentication failure; logname= uid=0 euid=0 tty=ssh ruser= rhost=109.160.32.155
2026-09-13T00:36:59.458633+00:00 ubuntu sshd[1217603]: Failed password for invalid user vagrant from 109.160.32.155 port 36564 ssh2
2026-09-13T00:36:59.575680+00:00 ubuntu sshd[1217603]: Connection closed by invalid user vagrant 109.160.32.155 port 36564 [preauth]
2026-09-13T00:37:00.333738+00:00 ubuntu sshd[1217382]: Failed password for root from 176.53.159.198 port 18620 ssh2
2026-09-13T00:37:01.194058+00:00 ubuntu sshd[1217382]: Connection reset by authenticating user root 176.53.159.198 port 18620 [preauth]
2026-09-13T00:37:01.194563+00:00 ubuntu sshd[1217382]: PAM 4 more authentication failures; logname= uid=0 euid=0 tty=ssh ruser= rhost=176.53.159.198 user=root
2026-09-13T00:37:01.194659+00:00 ubuntu sshd[1217382]: PAM service(sshd) ignoring max retries; 5 > 3
2026-09-13T00:37:01.348178+00:00 ubuntu sshd[1217689]: pam_unix(sshd:auth): authentication failure; logname= uid=0 euid=0 tty=ssh ruser= rhost=176.53.159.198 user=root
2026-09-13T00:37:02.013702+00:00 ubuntu sshd[1217697]: Invalid user vagrant from 109.160.32.155 port 32994
2026-09-13T00:37:02.032290+00:00 ubuntu sshd[1217697]: pam_unix(sshd:auth): check pass; user unknown
2026-09-13T00:37:02.032454+00:00 ubuntu sshd[1217697]: pam_unix(sshd:auth): authentication failure; logname= uid=0 euid=0 tty=ssh ruser= rhost=109.160.32.155
2026-09-13T00:37:03.820593+00:00 ubuntu sshd[1217689]: Failed password for root from 176.53.159.198 port 61622 ssh2
2026-09-13T00:37:04.308993+00:00 ubuntu sshd[1217697]: Failed password for invalid user vagrant from 109.160.32.155 port 32994 ssh2
2026-09-13T00:37:04.408768+00:00 ubuntu sshd[1217697]: Connection closed by invalid user vagrant 109.160.32.155 port 32994 [preauth]
2026-09-13T00:37:05.759152+00:00 ubuntu sshd[1217689]: Failed password for root from 176.53.159.198 port 61622 ssh2
2026-09-13T00:37:07.041470+00:00 ubuntu sshd[1217825]: Invalid user john from 109.160.32.155 port 33036
2026-09-13T00:37:07.062671+00:00 ubuntu sshd[1217825]: pam_unix(sshd:auth): check pass; user unknown
2026-09-13T00:37:07.062836+00:00 ubuntu sshd[1217825]: pam_unix(sshd:auth): authentication failure; logname= uid=0 euid=0 tty=ssh ruser= rhost=109.160.32.155
2026-09-13T00:37:07.628531+00:00 ubuntu sshd[1217689]: Failed password for root from 176.53.159.198 port 61622 ssh2
2026-09-13T00:37:08.692144+00:00 ubuntu sshd[1217825]: Failed password for invalid user john from 109.160.32.155 port 33036 ssh2
2026-09-13T00:37:08.825317+00:00 ubuntu sshd[1217825]: Connection closed by invalid user john 109.160.32.155 port 33036 [preauth]
2026-09-13T00:37:09.363306+00:00 ubuntu sshd[1217689]: Failed password for root from 176.53.159.198 port 61622 ssh2
2026-09-13T00:37:11.718115+00:00 ubuntu sshd[1218019]: Invalid user jhf from 109.160.32.155 port 43706
2026-09-13T00:37:11.845644+00:00 ubuntu sshd[1218019]: pam_unix(sshd:auth): check pass; user unknown
2026-09-13T00:37:11.845836+00:00 ubuntu sshd[1218019]: pam_unix(sshd:auth): authentication failure; logname= uid=0 euid=0 tty=ssh ruser= rhost=109.160.32.155
2026-09-13T00:37:12.303172+00:00 ubuntu sshd[1217689]: Failed password for root from 176.53.159.198 port 61622 ssh2
2026-09-13T00:37:12.448636+00:00 ubuntu sshd[1217689]: Connection reset by authenticating user root 176.53.159.198 port 61622 [preauth]
2026-09-13T00:37:12.448943+00:00 ubuntu sshd[1217689]: PAM 4 more authentication failures; logname= uid=0 euid=0 tty=ssh ruser= rhost=176.53.159.198 user=root
2026-09-13T00:37:12.449035+00:00 ubuntu sshd[1217689]: PAM service(sshd) ignoring max retries; 5 > 3
2026-09-13T00:37:12.599615+00:00 ubuntu sshd[1218025]: pam_unix(sshd:auth): authentication failure; logname= uid=0 euid=0 tty=ssh ruser= rhost=176.53.159.198 user=root
2026-09-13T00:37:13.690732+00:00 ubuntu sshd[1218019]: Failed password for invalid user jhf from 109.160.32.155 port 43706 ssh2
2026-09-13T00:37:14.700374+00:00 ubuntu sshd[1218019]: Connection closed by invalid user jhf 109.160.32.155 port 43706 [preauth]
2026-09-13T00:37:14.916221+00:00 ubuntu sshd[1218025]: Failed password for root from 176.53.159.198 port 55264 ssh2
2026-09-13T00:37:16.758046+00:00 ubuntu sshd[1218191]: Invalid user dolphinscheduler from 109.160.32.155 port 43740
2026-09-13T00:37:16.784524+00:00 ubuntu sshd[1218191]: pam_unix(sshd:auth): check pass; user unknown
2026-09-13T00:37:16.784615+00:00 ubuntu sshd[1218191]: pam_unix(sshd:auth): authentication failure; logname= uid=0 euid=0 tty=ssh ruser= rhost=109.160.32.155
2026-09-13T00:37:18.191254+00:00 ubuntu sshd[1218025]: Failed password for root from 176.53.159.198 port 55264 ssh2
2026-09-13T00:37:18.649879+00:00 ubuntu sshd[1218191]: Failed password for invalid user dolphinscheduler from 109.160.32.155 port 43740 ssh2
2026-09-13T00:37:19.021698+00:00 ubuntu sshd[1218191]: Connection closed by invalid user dolphinscheduler 109.160.32.155 port 43740 [preauth]
2026-09-13T00:37:20.461248+00:00 ubuntu sshd[1218025]: Failed password for root from 176.53.159.198 port 55264 ssh2
2026-09-13T00:37:21.723395+00:00 ubuntu sshd[1218282]: Invalid user odoo from 109.160.32.155 port 50710
2026-09-13T00:37:21.740177+00:00 ubuntu sshd[1218282]: pam_unix(sshd:auth): check pass; user unknown
2026-09-13T00:37:21.740301+00:00 ubuntu sshd[1218282]: pam_unix(sshd:auth): authentication failure; logname= uid=0 euid=0 tty=ssh ruser= rhost=109.160.32.155
2026-09-13T00:37:22.667197+00:00 ubuntu sshd[1218025]: Failed password for root from 176.53.159.198 port 55264 ssh2
2026-09-13T00:37:23.625427+00:00 ubuntu sshd[1218282]: Failed password for invalid user odoo from 109.160.32.155 port 50710 ssh2
2026-09-13T00:37:24.436331+00:00 ubuntu sshd[1218282]: Connection closed by invalid user odoo 109.160.32.155 port 50710 [preauth]
2026-09-13T00:37:25.604103+00:00 ubuntu sshd[1218025]: Failed password for root from 176.53.159.198 port 55264 ssh2
2026-09-13T00:37:26.788215+00:00 ubuntu sshd[1218408]: Invalid user sxl from 109.160.32.155 port 50804
2026-09-13T00:37:26.852654+00:00 ubuntu sshd[1218408]: pam_unix(sshd:auth): check pass; user unknown
2026-09-13T00:37:26.852831+00:00 ubuntu sshd[1218408]: pam_unix(sshd:auth): authentication failure; logname= uid=0 euid=0 tty=ssh ruser= rhost=109.160.32.155
2026-09-13T00:37:26.896954+00:00 ubuntu sshd[1218025]: Connection reset by authenticating user root 176.53.159.198 port 55264 [preauth]
2026-09-13T00:37:26.897080+00:00 ubuntu sshd[1218025]: PAM 4 more authentication failures; logname= uid=0 euid=0 tty=ssh ruser= rhost=176.53.159.198 user=root
2026-09-13T00:37:26.897163+00:00 ubuntu sshd[1218025]: PAM service(sshd) ignoring max retries; 5 > 3
2026-09-13T00:37:28.757780+00:00 ubuntu sshd[1218408]: Failed password for invalid user sxl from 109.160.32.155 port 50804 ssh2
2026-09-13T00:37:30.032122+00:00 ubuntu sshd[1218408]: Connection closed by invalid user sxl 109.160.32.155 port 50804 [preauth]
2026-09-13T00:37:31.746639+00:00 ubuntu sshd[1218562]: Invalid user test from 109.160.32.155 port 53528
2026-09-13T00:37:31.812647+00:00 ubuntu sshd[1218562]: pam_unix(sshd:auth): check pass; user unknown
2026-09-13T00:37:31.812821+00:00 ubuntu sshd[1218562]: pam_unix(sshd:auth): authentication failure; logname= uid=0 euid=0 tty=ssh ruser= rhost=109.160.32.155
2026-09-13T00:37:33.737963+00:00 ubuntu sshd[1218562]: Failed password for invalid user test from 109.160.32.155 port 53528 ssh2
2026-09-13T00:37:34.856133+00:00 ubuntu sshd[1218562]: Connection closed by invalid user test 109.160.32.155 port 53528 [preauth]
2026-09-13T00:37:36.743423+00:00 ubuntu sshd[1218692]: Invalid user test from 109.160.32.155 port 53600
2026-09-13T00:37:36.771899+00:00 ubuntu sshd[1218692]: pam_unix(sshd:auth): check pass; user unknown
2026-09-13T00:37:36.772055+00:00 ubuntu sshd[1218692]: pam_unix(sshd:auth): authentication failure; logname= uid=0 euid=0 tty=ssh ruser= rhost=109.160.32.155
2026-09-13T00:37:38.717302+00:00 ubuntu sshd[1218692]: Failed password for invalid user test from 109.160.32.155 port 53600 ssh2
2026-09-13T00:37:39.815436+00:00 ubuntu sshd[1218692]: Connection closed by invalid user test 109.160.32.155 port 53600 [preauth]
2026-09-13T00:37:41.796592+00:00 ubuntu sshd[1218913]: Invalid user agentsolutions-mallorca from 94.88.180.210 port 46374
2026-09-13T00:37:41.826611+00:00 ubuntu sshd[1218913]: pam_unix(sshd:auth): check pass; user unknown
2026-09-13T00:37:41.826856+00:00 ubuntu sshd[1218913]: pam_unix(sshd:auth): authentication failure; logname= uid=0 euid=0 tty=ssh ruser= rhost=94.88.180.210
2026-09-13T00:37:42.105269+00:00 ubuntu sshd[1218915]: Invalid user master from 109.160.32.155 port 57466
2026-09-13T00:37:42.163683+00:00 ubuntu sshd[1218915]: pam_unix(sshd:auth): check pass; user unknown
2026-09-13T00:37:42.163857+00:00 ubuntu sshd[1218915]: pam_unix(sshd:auth): authentication failure; logname= uid=0 euid=0 tty=ssh ruser= rhost=109.160.32.155
2026-09-13T00:37:43.124476+00:00 ubuntu sshd[1218913]: Failed password for invalid user agentsolutions-mallorca from 94.88.180.210 port 46374 ssh2
2026-09-13T00:37:43.597418+00:00 ubuntu sshd[1218915]: Failed password for invalid user master from 109.160.32.155 port 57466 ssh2
2026-09-13T00:37:44.094810+00:00 ubuntu sshd[1218913]: Connection closed by invalid user agentsolutions-mallorca 94.88.180.210 port 46374 [preauth]
2026-09-13T00:37:44.367616+00:00 ubuntu sshd[1218915]: Connection closed by invalid user master 109.160.32.155 port 57466 [preauth]
2026-09-13T00:37:46.990199+00:00 ubuntu sshd[1219090]: Invalid user marcu1 from 109.160.32.155 port 57514
2026-09-13T00:37:47.036030+00:00 ubuntu sshd[1219090]: pam_unix(sshd:auth): check pass; user unknown
2026-09-13T00:37:47.036184+00:00 ubuntu sshd[1219090]: pam_unix(sshd:auth): authentication failure; logname= uid=0 euid=0 tty=ssh ruser= rhost=109.160.32.155
2026-09-13T00:37:48.825874+00:00 ubuntu sshd[1219090]: Failed password for invalid user marcu1 from 109.160.32.155 port 57514 ssh2
2026-09-13T00:37:49.188397+00:00 ubuntu sshd[1219090]: Connection closed by invalid user marcu1 109.160.32.155 port 57514 [preauth]
2026-09-13T00:37:52.383280+00:00 ubuntu sshd[1219178]: Invalid user runner from 109.160.32.155 port 36324
2026-09-13T00:37:52.490998+00:00 ubuntu sshd[1219178]: pam_unix(sshd:auth): check pass; user unknown
2026-09-13T00:37:52.491185+00:00 ubuntu sshd[1219178]: pam_unix(sshd:auth): authentication failure; logname= uid=0 euid=0 tty=ssh ruser= rhost=109.160.32.155
2026-09-13T00:37:53.964816+00:00 ubuntu sshd[1219178]: Failed password for invalid user runner from 109.160.32.155 port 36324 ssh2
2026-09-13T00:37:54.828505+00:00 ubuntu sshd[1219178]: Connection closed by invalid user runner 109.160.32.155 port 36324 [preauth]
2026-09-13T00:37:56.959576+00:00 ubuntu sshd[1219298]: Invalid user runner from 109.160.32.155 port 36404
2026-09-13T00:37:56.988163+00:00 ubuntu sshd[1219298]: pam_unix(sshd:auth): check pass; user unknown
2026-09-13T00:37:56.988308+00:00 ubuntu sshd[1219298]: pam_unix(sshd:auth): authentication failure; logname= uid=0 euid=0 tty=ssh ruser= rhost=109.160.32.155
2026-09-13T00:37:58.677789+00:00 ubuntu sshd[1219298]: Failed password for invalid user runner from 109.160.32.155 port 36404 ssh2
2026-09-13T00:37:59.130398+00:00 ubuntu sshd[1219298]: Connection closed by invalid user runner 109.160.32.155 port 36404 [preauth]
2026-09-13T00:38:01.766550+00:00 ubuntu sshd[1219306]: Invalid user rohit from 109.160.32.155 port 34022
2026-09-13T00:38:01.783510+00:00 ubuntu sshd[1219306]: pam_unix(sshd:auth): check pass; user unknown
2026-09-13T00:38:01.783624+00:00 ubuntu sshd[1219306]: pam_unix(sshd:auth): authentication failure; logname= uid=0 euid=0 tty=ssh ruser= rhost=109.160.32.155
2026-09-13T00:38:03.493294+00:00 ubuntu sshd[1219306]: Failed password for invalid user rohit from 109.160.32.155 port 34022 ssh2
2026-09-13T00:38:03.645450+00:00 ubuntu sshd[1219306]: Connection closed by invalid user rohit 109.160.32.155 port 34022 [preauth]
2026-09-13T00:38:06.775893+00:00 ubuntu sshd[1219431]: Invalid user hduser from 109.160.32.155 port 34040
2026-09-13T00:38:06.808966+00:00 ubuntu sshd[1219431]: pam_unix(sshd:auth): check pass; user unknown
2026-09-13T00:38:06.809108+00:00 ubuntu sshd[1219431]: pam_unix(sshd:auth): authentication failure; logname= uid=0 euid=0 tty=ssh ruser= rhost=109.160.32.155
2026-09-13T00:38:08.538600+00:00 ubuntu sshd[1219431]: Failed password for invalid user hduser from 109.160.32.155 port 34040 ssh2
2026-09-13T00:38:08.868104+00:00 ubuntu sshd[1219431]: Connection closed by invalid user hduser 109.160.32.155 port 34040 [preauth]
2026-09-13T00:38:11.715477+00:00 ubuntu sshd[1219519]: Invalid user hduser from 109.160.32.155 port 35492
2026-09-13T00:38:11.751467+00:00 ubuntu sshd[1219519]: pam_unix(sshd:auth): check pass; user unknown
2026-09-13T00:38:11.751614+00:00 ubuntu sshd[1219519]: pam_unix(sshd:auth): authentication failure; logname= uid=0 euid=0 tty=ssh ruser= rhost=109.160.32.155
2026-09-13T00:38:13.501092+00:00 ubuntu sshd[1219519]: Failed password for invalid user hduser from 109.160.32.155 port 35492 ssh2
2026-09-13T00:38:13.971740+00:00 ubuntu sshd[1219519]: Connection closed by invalid user hduser 109.160.32.155 port 35492 [preauth]
2026-09-13T00:38:16.389033+00:00 ubuntu sshd[1219773]: Invalid user debian from 109.160.32.155 port 35592
2026-09-13T00:38:16.405897+00:00 ubuntu sshd[1219773]: pam_unix(sshd:auth): check pass; user unknown
2026-09-13T00:38:16.406057+00:00 ubuntu sshd[1219773]: pam_unix(sshd:auth): authentication failure; logname= uid=0 euid=0 tty=ssh ruser= rhost=109.160.32.155
2026-09-13T00:38:17.839845+00:00 ubuntu sshd[1219773]: Failed password for invalid user debian from 109.160.32.155 port 35592 ssh2
2026-09-13T00:38:19.009551+00:00 ubuntu sshd[1219773]: Connection closed by invalid user debian 109.160.32.155 port 35592 [preauth]
2026-09-13T00:38:21.425359+00:00 ubuntu sshd[1219864]: Invalid user developer from 109.160.32.155 port 38908
2026-09-13T00:38:21.442914+00:00 ubuntu sshd[1219864]: pam_unix(sshd:auth): check pass; user unknown
2026-09-13T00:38:21.443049+00:00 ubuntu sshd[1219864]: pam_unix(sshd:auth): authentication failure; logname= uid=0 euid=0 tty=ssh ruser= rhost=109.160.32.155
2026-09-13T00:38:23.900064+00:00 ubuntu sshd[1219864]: Failed password for invalid user developer from 109.160.32.155 port 38908 ssh2
2026-09-13T00:38:25.691217+00:00 ubuntu sshd[1219864]: Connection closed by invalid user developer 109.160.32.155 port 38908 [preauth]
2026-09-13T00:38:26.453297+00:00 ubuntu sshd[1219992]: Invalid user hadoop from 109.160.32.155 port 39042
2026-09-13T00:38:26.470201+00:00 ubuntu sshd[1219992]: pam_unix(sshd:auth): check pass; user unknown
2026-09-13T00:38:26.470287+00:00 ubuntu sshd[1219992]: pam_unix(sshd:auth): authentication failure; logname= uid=0 euid=0 tty=ssh ruser= rhost=109.160.32.155
2026-09-13T00:38:27.649255+00:00 ubuntu sshd[1220072]: pam_unix(sshd:auth): authentication failure; logname= uid=0 euid=0 tty=ssh ruser= rhost=141.94.5.88 user=root
2026-09-13T00:38:28.611573+00:00 ubuntu sshd[1219992]: Failed password for invalid user hadoop from 109.160.32.155 port 39042 ssh2
2026-09-13T00:38:29.594364+00:00 ubuntu sshd[1220072]: Failed password for root from 141.94.5.88 port 29189 ssh2
2026-09-13T00:38:29.854687+00:00 ubuntu sshd[1219992]: Connection closed by invalid user hadoop 109.160.32.155 port 39042 [preauth]
2026-09-13T00:38:30.776589+00:00 ubuntu sshd[1220072]: Connection closed by authenticating user root 141.94.5.88 port 29189 [preauth]
2026-09-13T00:38:31.511642+00:00 ubuntu sshd[1220147]: Invalid user deploy from 109.160.32.155 port 52548
2026-09-13T00:38:31.528380+00:00 ubuntu sshd[1220147]: pam_unix(sshd:auth): check pass; user unknown
2026-09-13T00:38:31.528543+00:00 ubuntu sshd[1220147]: pam_unix(sshd:auth): authentication failure; logname= uid=0 euid=0 tty=ssh ruser= rhost=109.160.32.155
2026-09-13T00:38:33.358239+00:00 ubuntu sshd[1220147]: Failed password for invalid user deploy from 109.160.32.155 port 52548 ssh2
2026-09-13T00:38:33.990423+00:00 ubuntu sshd[1220147]: Connection closed by invalid user deploy 109.160.32.155 port 52548 [preauth]
2026-09-13T00:38:36.541342+00:00 ubuntu sshd[1220275]: Invalid user appuser from 109.160.32.155 port 52598
2026-09-13T00:38:36.581282+00:00 ubuntu sshd[1220275]: pam_unix(sshd:auth): check pass; user unknown
2026-09-13T00:38:36.581429+00:00 ubuntu sshd[1220275]: pam_unix(sshd:auth): authentication failure; logname= uid=0 euid=0 tty=ssh ruser= rhost=109.160.32.155
2026-09-13T00:38:38.095305+00:00 ubuntu sshd[1220275]: Failed password for invalid user appuser from 109.160.32.155 port 52598 ssh2
2026-09-13T00:38:38.937311+00:00 ubuntu sshd[1220275]: Connection closed by invalid user appuser 109.160.32.155 port 52598 [preauth]
2026-09-13T00:38:41.593318+00:00 ubuntu sshd[1220364]: Invalid user appuser from 109.160.32.155 port 57534
2026-09-13T00:38:41.622647+00:00 ubuntu sshd[1220364]: pam_unix(sshd:auth): check pass; user unknown
2026-09-13T00:38:41.622833+00:00 ubuntu sshd[1220364]: pam_unix(sshd:auth): authentication failure; logname= uid=0 euid=0 tty=ssh ruser= rhost=109.160.32.155
2026-09-13T00:38:43.156643+00:00 ubuntu sshd[1220364]: Failed password for invalid user appuser from 109.160.32.155 port 57534 ssh2
2026-09-13T00:38:43.927850+00:00 ubuntu sshd[1220364]: Connection closed by invalid user appuser 109.160.32.155 port 57534 [preauth]
2026-09-13T00:38:46.507982+00:00 ubuntu sshd[1220617]: Invalid user djangouser from 109.160.32.155 port 57592
2026-09-13T00:38:46.541687+00:00 ubuntu sshd[1220617]: pam_unix(sshd:auth): check pass; user unknown
2026-09-13T00:38:46.541855+00:00 ubuntu sshd[1220617]: pam_unix(sshd:auth): authentication failure; logname= uid=0 euid=0 tty=ssh ruser= rhost=109.160.32.155
2026-09-13T00:38:48.095605+00:00 ubuntu sshd[1220617]: Failed password for invalid user djangouser from 109.160.32.155 port 57592 ssh2
2026-09-13T00:38:48.656033+00:00 ubuntu sshd[1220617]: Connection closed by invalid user djangouser 109.160.32.155 port 57592 [preauth]
2026-09-13T00:38:51.640220+00:00 ubuntu sshd[1220704]: Invalid user rdpuser from 109.160.32.155 port 45816
2026-09-13T00:38:51.736263+00:00 ubuntu sshd[1220704]: pam_unix(sshd:auth): check pass; user unknown
2026-09-13T00:38:51.736443+00:00 ubuntu sshd[1220704]: pam_unix(sshd:auth): authentication failure; logname= uid=0 euid=0 tty=ssh ruser= rhost=109.160.32.155
2026-09-13T00:38:53.641829+00:00 ubuntu sshd[1220704]: Failed password for invalid user rdpuser from 109.160.32.155 port 45816 ssh2
2026-09-13T00:38:54.114291+00:00 ubuntu sshd[1220704]: Connection closed by invalid user rdpuser 109.160.32.155 port 45816 [preauth]
2026-09-13T00:38:56.478346+00:00 ubuntu sshd[1220835]: Invalid user ubuntu from 109.160.32.155 port 45894
2026-09-13T00:38:56.497353+00:00 ubuntu sshd[1220835]: pam_unix(sshd:auth): check pass; user unknown
2026-09-13T00:38:56.497510+00:00 ubuntu sshd[1220835]: pam_unix(sshd:auth): authentication failure; logname= uid=0 euid=0 tty=ssh ruser= rhost=109.160.32.155
2026-09-13T00:38:57.994719+00:00 ubuntu sshd[1220917]: pam_unix(sshd:auth): authentication failure; logname= uid=0 euid=0 tty=ssh ruser= rhost=62.60.130.253 user=root
2026-09-13T00:38:58.757495+00:00 ubuntu sshd[1220835]: Failed password for invalid user ubuntu from 109.160.32.155 port 45894 ssh2
2026-09-13T00:39:00.060136+00:00 ubuntu sshd[1220917]: Failed password for root from 62.60.130.253 port 31704 ssh2
2026-09-13T00:39:00.719983+00:00 ubuntu sshd[1220835]: Connection closed by invalid user ubuntu 109.160.32.155 port 45894 [preauth]
2026-09-13T00:39:01.642157+00:00 ubuntu sshd[1220928]: Invalid user ubuntu from 109.160.32.155 port 33216
2026-09-13T00:39:01.664215+00:00 ubuntu sshd[1220928]: pam_unix(sshd:auth): check pass; user unknown
2026-09-13T00:39:01.664340+00:00 ubuntu sshd[1220928]: pam_unix(sshd:auth): authentication failure; logname= uid=0 euid=0 tty=ssh ruser= rhost=109.160.32.155
2026-09-13T00:39:03.162209+00:00 ubuntu sshd[1220917]: Failed password for root from 62.60.130.253 port 31704 ssh2
2026-09-13T00:39:03.610056+00:00 ubuntu sshd[1220928]: Failed password for invalid user ubuntu from 109.160.32.155 port 33216 ssh2
2026-09-13T00:39:03.780653+00:00 ubuntu sshd[1220928]: Connection closed by invalid user ubuntu 109.160.32.155 port 33216 [preauth]
2026-09-13T00:39:06.447312+00:00 ubuntu sshd[1220917]: Failed password for root from 62.60.130.253 port 31704 ssh2
2026-09-13T00:39:06.800817+00:00 ubuntu sshd[1221059]: Invalid user michael from 109.160.32.155 port 33288
2026-09-13T00:39:06.818448+00:00 ubuntu sshd[1221059]: pam_unix(sshd:auth): check pass; user unknown
2026-09-13T00:39:06.818591+00:00 ubuntu sshd[1221059]: pam_unix(sshd:auth): authentication failure; logname= uid=0 euid=0 tty=ssh ruser= rhost=109.160.32.155
2026-09-13T00:39:08.452664+00:00 ubuntu sshd[1221059]: Failed password for invalid user michael from 109.160.32.155 port 33288 ssh2
2026-09-13T00:39:09.091431+00:00 ubuntu sshd[1221059]: Connection closed by invalid user michael 109.160.32.155 port 33288 [preauth]
2026-09-13T00:39:09.414586+00:00 ubuntu sshd[1220917]: Failed password for root from 62.60.130.253 port 31704 ssh2
2026-09-13T00:39:11.891160+00:00 ubuntu sshd[1221148]: Invalid user test from 109.160.32.155 port 50052
2026-09-13T00:39:11.945281+00:00 ubuntu sshd[1221148]: pam_unix(sshd:auth): check pass; user unknown
2026-09-13T00:39:11.945418+00:00 ubuntu sshd[1221148]: pam_unix(sshd:auth): authentication failure; logname= uid=0 euid=0 tty=ssh ruser= rhost=109.160.32.155
2026-09-13T00:39:12.373287+00:00 ubuntu sshd[1220917]: Failed password for root from 62.60.130.253 port 31704 ssh2
2026-09-13T00:39:13.931037+00:00 ubuntu sshd[1221148]: Failed password for invalid user test from 109.160.32.155 port 50052 ssh2
2026-09-13T00:39:14.004523+00:00 ubuntu sshd[1220917]: Connection reset by authenticating user root 62.60.130.253 port 31704 [preauth]
2026-09-13T00:39:14.004876+00:00 ubuntu sshd[1220917]: PAM 4 more authentication failures; logname= uid=0 euid=0 tty=ssh ruser= rhost=62.60.130.253 user=root
2026-09-13T00:39:14.004946+00:00 ubuntu sshd[1220917]: PAM service(sshd) ignoring max retries; 5 > 3
2026-09-13T00:39:15.013918+00:00 ubuntu sshd[1221148]: Connection closed by invalid user test 109.160.32.155 port 50052 [preauth]
2026-09-13T00:39:16.512719+00:00 ubuntu sshd[1221384]: pam_unix(sshd:auth): authentication failure; logname= uid=0 euid=0 tty=ssh ruser= rhost=109.160.32.155 user=root
2026-09-13T00:39:18.186572+00:00 ubuntu sshd[1221384]: Failed password for root from 109.160.32.155 port 50102 ssh2
2026-09-13T00:39:19.634203+00:00 ubuntu sshd[1221384]: Connection closed by authenticating user root 109.160.32.155 port 50102 [preauth]
2026-09-13T00:39:21.298977+00:00 ubuntu sshd[1221514]: Invalid user openclaw from 109.160.32.155 port 52874
2026-09-13T00:39:21.316016+00:00 ubuntu sshd[1221514]: pam_unix(sshd:auth): check pass; user unknown
2026-09-13T00:39:21.316155+00:00 ubuntu sshd[1221514]: pam_unix(sshd:auth): authentication failure; logname= uid=0 euid=0 tty=ssh ruser= rhost=109.160.32.155
2026-09-13T00:39:23.340015+00:00 ubuntu sshd[1221514]: Failed password for invalid user openclaw from 109.160.32.155 port 52874 ssh2
2026-09-13T00:39:24.657625+00:00 ubuntu sshd[1221514]: Connection closed by invalid user openclaw 109.160.32.155 port 52874 [preauth]
2026-09-13T00:39:26.551846+00:00 ubuntu sshd[1221643]: Invalid user dev from 109.160.32.155 port 52962
2026-09-13T00:39:26.636532+00:00 ubuntu sshd[1221643]: pam_unix(sshd:auth): check pass; user unknown
2026-09-13T00:39:26.636719+00:00 ubuntu sshd[1221643]: pam_unix(sshd:auth): authentication failure; logname= uid=0 euid=0 tty=ssh ruser= rhost=109.160.32.155
2026-09-13T00:39:28.682322+00:00 ubuntu sshd[1221643]: Failed password for invalid user dev from 109.160.32.155 port 52962 ssh2
2026-09-13T00:39:30.209546+00:00 ubuntu sshd[1221643]: Connection closed by invalid user dev 109.160.32.155 port 52962 [preauth]
2026-09-13T00:39:31.063400+00:00 ubuntu sshd[1221737]: Invalid user dev from 109.160.32.155 port 49756
2026-09-13T00:39:31.086704+00:00 ubuntu sshd[1221737]: pam_unix(sshd:auth): check pass; user unknown
2026-09-13T00:39:31.086865+00:00 ubuntu sshd[1221737]: pam_unix(sshd:auth): authentication failure; logname= uid=0 euid=0 tty=ssh ruser= rhost=109.160.32.155
2026-09-13T00:39:33.152427+00:00 ubuntu sshd[1221737]: Failed password for invalid user dev from 109.160.32.155 port 49756 ssh2
2026-09-13T00:39:34.657665+00:00 ubuntu sshd[1221737]: Connection closed by invalid user dev 109.160.32.155 port 49756 [preauth]
2026-09-13T00:39:36.216199+00:00 ubuntu sshd[1221930]: Invalid user deploy from 109.160.32.155 port 49826
2026-09-13T00:39:36.237267+00:00 ubuntu sshd[1221930]: pam_unix(sshd:auth): check pass; user unknown
2026-09-13T00:39:36.237370+00:00 ubuntu sshd[1221930]: pam_unix(sshd:auth): authentication failure; logname= uid=0 euid=0 tty=ssh ruser= rhost=109.160.32.155
2026-09-13T00:39:37.987279+00:00 ubuntu sshd[1221930]: Failed password for invalid user deploy from 109.160.32.155 port 49826 ssh2
2026-09-13T00:39:38.681538+00:00 ubuntu sshd[1221930]: Connection closed by invalid user deploy 109.160.32.155 port 49826 [preauth]
2026-09-13T00:39:41.224061+00:00 ubuntu sshd[1222018]: Invalid user deploy from 109.160.32.155 port 37902
2026-09-13T00:39:41.282666+00:00 ubuntu sshd[1222018]: pam_unix(sshd:auth): check pass; user unknown
2026-09-13T00:39:41.282828+00:00 ubuntu sshd[1222018]: pam_unix(sshd:auth): authentication failure; logname= uid=0 euid=0 tty=ssh ruser= rhost=109.160.32.155
2026-09-13T00:39:43.388454+00:00 ubuntu sshd[1222018]: Failed password for invalid user deploy from 109.160.32.155 port 37902 ssh2
2026-09-13T00:39:43.903213+00:00 ubuntu sshd[1222018]: Connection closed by invalid user deploy 109.160.32.155 port 37902 [preauth]
2026-09-13T00:39:45.606413+00:00 ubuntu sshd[1222166]: Invalid user devops from 109.160.32.155 port 37944
2026-09-13T00:39:45.626722+00:00 ubuntu sshd[1222166]: pam_unix(sshd:auth): check pass; user unknown
2026-09-13T00:39:45.626900+00:00 ubuntu sshd[1222166]: pam_unix(sshd:auth): authentication failure; logname= uid=0 euid=0 tty=ssh ruser= rhost=109.160.32.155
2026-09-13T00:39:47.612302+00:00 ubuntu sshd[1222166]: Failed password for invalid user devops from 109.160.32.155 port 37944 ssh2
2026-09-13T00:39:48.284552+00:00 ubuntu sshd[1222166]: Connection closed by invalid user devops 109.160.32.155 port 37944 [preauth]
2026-09-13T00:39:50.659338+00:00 ubuntu sshd[1222368]: Invalid user deploy from 109.160.32.155 port 58414
2026-09-13T00:39:50.691351+00:00 ubuntu sshd[1222368]: pam_unix(sshd:auth): check pass; user unknown
2026-09-13T00:39:50.691511+00:00 ubuntu sshd[1222368]: pam_unix(sshd:auth): authentication failure; logname= uid=0 euid=0 tty=ssh ruser= rhost=109.160.32.155
2026-09-13T00:39:53.033072+00:00 ubuntu sshd[1222368]: Failed password for invalid user deploy from 109.160.32.155 port 58414 ssh2
2026-09-13T00:39:53.137578+00:00 ubuntu sshd[1222368]: Connection closed by invalid user deploy 109.160.32.155 port 58414 [preauth]
2026-09-13T00:39:55.414936+00:00 ubuntu sshd[1222497]: Invalid user deploy from 109.160.32.155 port 58488
2026-09-13T00:39:55.442884+00:00 ubuntu sshd[1222497]: pam_unix(sshd:auth): check pass; user unknown
2026-09-13T00:39:55.443047+00:00 ubuntu sshd[1222497]: pam_unix(sshd:auth): authentication failure; logname= uid=0 euid=0 tty=ssh ruser= rhost=109.160.32.155
2026-09-13T00:39:57.468708+00:00 ubuntu sshd[1222497]: Failed password for invalid user deploy from 109.160.32.155 port 58488 ssh2
2026-09-13T00:39:57.823732+00:00 ubuntu sshd[1222497]: Connection closed by invalid user deploy 109.160.32.155 port 58488 [preauth]
2026-09-13T00:40:00.445393+00:00 ubuntu sshd[1222588]: pam_unix(sshd:auth): authentication failure; logname= uid=0 euid=0 tty=ssh ruser= rhost=109.160.32.155 user=root
2026-09-13T00:40:02.826244+00:00 ubuntu sshd[1222588]: Failed password for root from 109.160.32.155 port 38190 ssh2
2026-09-13T00:40:03.567959+00:00 ubuntu sshd[1222588]: Connection closed by authenticating user root 109.160.32.155 port 38190 [preauth]
2026-09-13T00:40:05.513704+00:00 ubuntu sshd[1222739]: Invalid user tactical from 109.160.32.155 port 38240
2026-09-13T00:40:05.578825+00:00 ubuntu sshd[1222739]: pam_unix(sshd:auth): check pass; user unknown
2026-09-13T00:40:05.578970+00:00 ubuntu sshd[1222739]: pam_unix(sshd:auth): authentication failure; logname= uid=0 euid=0 tty=ssh ruser= rhost=109.160.32.155
2026-09-13T00:40:07.644747+00:00 ubuntu sshd[1222739]: Failed password for invalid user tactical from 109.160.32.155 port 38240 ssh2
2026-09-13T00:40:08.599691+00:00 ubuntu sshd[1222739]: Connection closed by invalid user tactical 109.160.32.155 port 38240 [preauth]
2026-09-13T00:40:10.451376+00:00 ubuntu sshd[1222831]: Invalid user tactical from 109.160.32.155 port 40660
2026-09-13T00:40:10.468832+00:00 ubuntu sshd[1222831]: pam_unix(sshd:auth): check pass; user unknown
2026-09-13T00:40:10.468977+00:00 ubuntu sshd[1222831]: pam_unix(sshd:auth): authentication failure; logname= uid=0 euid=0 tty=ssh ruser= rhost=109.160.32.155
2026-09-13T00:40:12.223369+00:00 ubuntu sshd[1222831]: Failed password for invalid user tactical from 109.160.32.155 port 40660 ssh2
2026-09-13T00:40:13.490004+00:00 ubuntu sshd[1222831]: Connection closed by invalid user tactical 109.160.32.155 port 40660 [preauth]
2026-09-13T00:40:15.531222+00:00 ubuntu sshd[1222984]: Invalid user adm1n from 109.160.32.155 port 40682
2026-09-13T00:40:15.568072+00:00 ubuntu sshd[1222984]: pam_unix(sshd:auth): check pass; user unknown
2026-09-13T00:40:15.568217+00:00 ubuntu sshd[1222984]: pam_unix(sshd:auth): authentication failure; logname= uid=0 euid=0 tty=ssh ruser= rhost=109.160.32.155
2026-09-13T00:40:17.674089+00:00 ubuntu sshd[1222984]: Failed password for invalid user adm1n from 109.160.32.155 port 40682 ssh2
2026-09-13T00:40:18.846959+00:00 ubuntu sshd[1222984]: Connection closed by invalid user adm1n 109.160.32.155 port 40682 [preauth]
2026-09-13T00:40:21.085015+00:00 ubuntu sshd[1223191]: Invalid user Caps from 109.160.32.155 port 42716
2026-09-13T00:40:21.151773+00:00 ubuntu sshd[1223191]: pam_unix(sshd:auth): check pass; user unknown
2026-09-13T00:40:21.151921+00:00 ubuntu sshd[1223191]: pam_unix(sshd:auth): authentication failure; logname= uid=0 euid=0 tty=ssh ruser= rhost=109.160.32.155
2026-09-13T00:40:21.859250+00:00 ubuntu sshd[1223196]: pam_unix(sshd:auth): authentication failure; logname= uid=0 euid=0 tty=ssh ruser= rhost=193.24.211.218 user=root
2026-09-13T00:40:23.749487+00:00 ubuntu sshd[1223191]: Failed password for invalid user Caps from 109.160.32.155 port 42716 ssh2
2026-09-13T00:40:24.456579+00:00 ubuntu sshd[1223196]: Failed password for root from 193.24.211.218 port 9130 ssh2
2026-09-13T00:40:24.996977+00:00 ubuntu sshd[1223196]: Received disconnect from 193.24.211.218 port 9130:11: Client disconnecting normally [preauth]
2026-09-13T00:40:24.997109+00:00 ubuntu sshd[1223196]: Disconnected from authenticating user root 193.24.211.218 port 9130 [preauth]
2026-09-13T00:40:25.707005+00:00 ubuntu sshd[1223191]: Connection closed by invalid user Caps 109.160.32.155 port 42716 [preauth]
2026-09-13T00:40:26.099304+00:00 ubuntu sshd[1223330]: pam_unix(sshd:auth): authentication failure; logname= uid=0 euid=0 tty=ssh ruser= rhost=109.160.32.155 user=root
2026-09-13T00:40:28.380702+00:00 ubuntu sshd[1223330]: Failed password for root from 109.160.32.155 port 42774 ssh2
2026-09-13T00:40:29.220584+00:00 ubuntu sshd[1223330]: Connection closed by authenticating user root 109.160.32.155 port 42774 [preauth]
2026-09-13T00:40:31.109290+00:00 ubuntu sshd[1223428]: pam_unix(sshd:auth): authentication failure; logname= uid=0 euid=0 tty=ssh ruser= rhost=109.160.32.155 user=root
2026-09-13T00:40:32.081524+00:00 ubuntu sshd[1223493]: Invalid user office from 180.210.130.30 port 39372
2026-09-13T00:40:32.273134+00:00 ubuntu sshd[1223493]: pam_unix(sshd:auth): check pass; user unknown
2026-09-13T00:40:32.273261+00:00 ubuntu sshd[1223493]: pam_unix(sshd:auth): authentication failure; logname= uid=0 euid=0 tty=ssh ruser= rhost=180.210.130.30
2026-09-13T00:40:32.743447+00:00 ubuntu sshd[1223428]: Failed password for root from 109.160.32.155 port 40630 ssh2
2026-09-13T00:40:34.230286+00:00 ubuntu sshd[1223428]: Connection closed by authenticating user root 109.160.32.155 port 40630 [preauth]
2026-09-13T00:40:34.715034+00:00 ubuntu sshd[1223493]: Failed password for invalid user office from 180.210.130.30 port 39372 ssh2
2026-09-13T00:40:36.068984+00:00 ubuntu sshd[1223493]: Connection closed by invalid user office 180.210.130.30 port 39372 [preauth]
2026-09-13T00:40:36.153527+00:00 ubuntu sshd[1223626]: Invalid user botuser from 109.160.32.155 port 40726
2026-09-13T00:40:36.171564+00:00 ubuntu sshd[1223626]: pam_unix(sshd:auth): check pass; user unknown
2026-09-13T00:40:36.171695+00:00 ubuntu sshd[1223626]: pam_unix(sshd:auth): authentication failure; logname= uid=0 euid=0 tty=ssh ruser= rhost=109.160.32.155
2026-09-13T00:40:38.493306+00:00 ubuntu sshd[1223626]: Failed password for invalid user botuser from 109.160.32.155 port 40726 ssh2
2026-09-13T00:40:39.196020+00:00 ubuntu sshd[1223626]: Connection closed by invalid user botuser 109.160.32.155 port 40726 [preauth]
2026-09-13T00:40:41.074690+00:00 ubuntu sshd[1223779]: Invalid user web from 109.160.32.155 port 59582
2026-09-13T00:40:41.107740+00:00 ubuntu sshd[1223779]: pam_unix(sshd:auth): check pass; user unknown
2026-09-13T00:40:41.107960+00:00 ubuntu sshd[1223779]: pam_unix(sshd:auth): authentication failure; logname= uid=0 euid=0 tty=ssh ruser= rhost=109.160.32.155
2026-09-13T00:40:42.782080+00:00 ubuntu sshd[1223779]: Failed password for invalid user web from 109.160.32.155 port 59582 ssh2
2026-09-13T00:40:43.037068+00:00 ubuntu sshd[1223779]: Connection closed by invalid user web 109.160.32.155 port 59582 [preauth]
2026-09-13T00:40:46.090292+00:00 ubuntu sshd[1223939]: Invalid user parsa from 109.160.32.155 port 59634
2026-09-13T00:40:46.107697+00:00 ubuntu sshd[1223939]: pam_unix(sshd:auth): check pass; user unknown
2026-09-13T00:40:46.107838+00:00 ubuntu sshd[1223939]: pam_unix(sshd:auth): authentication failure; logname= uid=0 euid=0 tty=ssh ruser= rhost=109.160.32.155
2026-09-13T00:40:48.469409+00:00 ubuntu sshd[1223939]: Failed password for invalid user parsa from 109.160.32.155 port 59634 ssh2
2026-09-13T00:40:50.309262+00:00 ubuntu sshd[1223939]: Connection closed by invalid user parsa 109.160.32.155 port 59634 [preauth]
2026-09-13T00:40:50.919690+00:00 ubuntu sshd[1224086]: Invalid user mapingyuan from 109.160.32.155 port 42786
2026-09-13T00:40:50.937593+00:00 ubuntu sshd[1224086]: pam_unix(sshd:auth): check pass; user unknown
2026-09-13T00:40:50.937702+00:00 ubuntu sshd[1224086]: pam_unix(sshd:auth): authentication failure; logname= uid=0 euid=0 tty=ssh ruser= rhost=109.160.32.155
2026-09-13T00:40:52.847382+00:00 ubuntu sshd[1224086]: Failed password for invalid user mapingyuan from 109.160.32.155 port 42786 ssh2
2026-09-13T00:40:53.932377+00:00 ubuntu sshd[1224086]: Connection closed by invalid user mapingyuan 109.160.32.155 port 42786 [preauth]
2026-09-13T00:40:55.854732+00:00 ubuntu sshd[1224298]: Invalid user helon from 109.160.32.155 port 42896
2026-09-13T00:40:55.872366+00:00 ubuntu sshd[1224298]: pam_unix(sshd:auth): check pass; user unknown
2026-09-13T00:40:55.872541+00:00 ubuntu sshd[1224298]: pam_unix(sshd:auth): authentication failure; logname= uid=0 euid=0 tty=ssh ruser= rhost=109.160.32.155
2026-09-13T00:40:58.470083+00:00 ubuntu sshd[1224298]: Failed password for invalid user helon from 109.160.32.155 port 42896 ssh2
2026-09-13T00:40:59.878005+00:00 ubuntu sshd[1224298]: Connection closed by invalid user helon 109.160.32.155 port 42896 [preauth]
2026-09-13T00:41:00.889561+00:00 ubuntu sshd[1224395]: Invalid user claude from 109.160.32.155 port 38374
2026-09-13T00:41:00.931081+00:00 ubuntu sshd[1224395]: pam_unix(sshd:auth): check pass; user unknown
2026-09-13T00:41:00.931223+00:00 ubuntu sshd[1224395]: pam_unix(sshd:auth): authentication failure; logname= uid=0 euid=0 tty=ssh ruser= rhost=109.160.32.155
2026-09-13T00:41:02.881258+00:00 ubuntu sshd[1224395]: Failed password for invalid user claude from 109.160.32.155 port 38374 ssh2
2026-09-13T00:41:02.959083+00:00 ubuntu sshd[1224395]: Connection closed by invalid user claude 109.160.32.155 port 38374 [preauth]
2026-09-13T00:41:05.634074+00:00 ubuntu sshd[1224530]: Invalid user bot from 109.160.32.155 port 38432
2026-09-13T00:41:05.651316+00:00 ubuntu sshd[1224530]: pam_unix(sshd:auth): check pass; user unknown
2026-09-13T00:41:05.651413+00:00 ubuntu sshd[1224530]: pam_unix(sshd:auth): authentication failure; logname= uid=0 euid=0 tty=ssh ruser= rhost=109.160.32.155
2026-09-13T00:41:07.621733+00:00 ubuntu sshd[1224530]: Failed password for invalid user bot from 109.160.32.155 port 38432 ssh2
2026-09-13T00:41:09.140948+00:00 ubuntu sshd[1224530]: Connection closed by invalid user bot 109.160.32.155 port 38432 [preauth]
2026-09-13T00:41:10.614278+00:00 ubuntu sshd[1224629]: Invalid user astra from 109.160.32.155 port 47162
2026-09-13T00:41:10.631322+00:00 ubuntu sshd[1224629]: pam_unix(sshd:auth): check pass; user unknown
2026-09-13T00:41:10.631459+00:00 ubuntu sshd[1224629]: pam_unix(sshd:auth): authentication failure; logname= uid=0 euid=0 tty=ssh ruser= rhost=109.160.32.155
2026-09-13T00:41:13.287901+00:00 ubuntu sshd[1224629]: Failed password for invalid user astra from 109.160.32.155 port 47162 ssh2
2026-09-13T00:41:13.713778+00:00 ubuntu sshd[1224629]: Connection closed by invalid user astra 109.160.32.155 port 47162 [preauth]
2026-09-13T00:41:15.289716+00:00 ubuntu sshd[1224784]: Invalid user fastuser from 109.160.32.155 port 47208
2026-09-13T00:41:15.311678+00:00 ubuntu sshd[1224784]: pam_unix(sshd:auth): check pass; user unknown
2026-09-13T00:41:15.311856+00:00 ubuntu sshd[1224784]: pam_unix(sshd:auth): authentication failure; logname= uid=0 euid=0 tty=ssh ruser= rhost=109.160.32.155
2026-09-13T00:41:17.654011+00:00 ubuntu sshd[1224784]: Failed password for invalid user fastuser from 109.160.32.155 port 47208 ssh2
2026-09-13T00:41:19.631059+00:00 ubuntu sshd[1224784]: Connection closed by invalid user fastuser 109.160.32.155 port 47208 [preauth]
2026-09-13T00:41:20.227883+00:00 ubuntu sshd[1224911]: Invalid user fastuser from 109.160.32.155 port 51362
2026-09-13T00:41:20.245201+00:00 ubuntu sshd[1224911]: pam_unix(sshd:auth): check pass; user unknown
2026-09-13T00:41:20.245403+00:00 ubuntu sshd[1224911]: pam_unix(sshd:auth): authentication failure; logname= uid=0 euid=0 tty=ssh ruser= rhost=109.160.32.155
2026-09-13T00:41:22.607065+00:00 ubuntu sshd[1224911]: Failed password for invalid user fastuser from 109.160.32.155 port 51362 ssh2
2026-09-13T00:41:24.374275+00:00 ubuntu sshd[1224911]: Connection closed by invalid user fastuser 109.160.32.155 port 51362 [preauth]
2026-09-13T00:41:25.562914+00:00 ubuntu sshd[1225163]: pam_unix(sshd:auth): authentication failure; logname= uid=0 euid=0 tty=ssh ruser= rhost=109.160.32.155 user=root
2026-09-13T00:41:27.944604+00:00 ubuntu sshd[1225163]: Failed password for root from 109.160.32.155 port 51402 ssh2
2026-09-13T00:41:28.687561+00:00 ubuntu sshd[1225163]: Connection closed by authenticating user root 109.160.32.155 port 51402 [preauth]
2026-09-13T00:41:30.865587+00:00 ubuntu sshd[1225262]: pam_unix(sshd:auth): authentication failure; logname= uid=0 euid=0 tty=ssh ruser= rhost=109.160.32.155 user=root
2026-09-13T00:41:33.267362+00:00 ubuntu sshd[1225262]: Failed password for root from 109.160.32.155 port 40602 ssh2
2026-09-13T00:41:33.988110+00:00 ubuntu sshd[1225262]: Connection closed by authenticating user root 109.160.32.155 port 40602 [preauth]
2026-09-13T00:41:35.717102+00:00 ubuntu sshd[1225464]: pam_unix(sshd:auth): authentication failure; logname= uid=0 euid=0 tty=ssh ruser= rhost=109.160.32.155 user=root
2026-09-13T00:41:37.471116+00:00 ubuntu sshd[1225464]: Failed password for root from 109.160.32.155 port 40620 ssh2
2026-09-13T00:41:38.842690+00:00 ubuntu sshd[1225464]: Connection closed by authenticating user root 109.160.32.155 port 40620 [preauth]
2026-09-13T00:41:41.071023+00:00 ubuntu sshd[1225562]: pam_unix(sshd:auth): authentication failure; logname= uid=0 euid=0 tty=ssh ruser= rhost=109.160.32.155 user=root
2026-09-13T00:41:43.512819+00:00 ubuntu sshd[1225562]: Failed password for root from 109.160.32.155 port 60422 ssh2
2026-09-13T00:41:44.191491+00:00 ubuntu sshd[1225562]: Connection closed by authenticating user root 109.160.32.155 port 60422 [preauth]
2026-09-13T00:41:45.803182+00:00 ubuntu sshd[1225715]: Invalid user esuser from 109.160.32.155 port 60450
2026-09-13T00:41:45.822826+00:00 ubuntu sshd[1225715]: pam_unix(sshd:auth): check pass; user unknown
2026-09-13T00:41:45.822971+00:00 ubuntu sshd[1225715]: pam_unix(sshd:auth): authentication failure; logname= uid=0 euid=0 tty=ssh ruser= rhost=109.160.32.155
2026-09-13T00:41:48.282643+00:00 ubuntu sshd[1225715]: Failed password for invalid user esuser from 109.160.32.155 port 60450 ssh2
2026-09-13T00:41:50.118256+00:00 ubuntu sshd[1225715]: Connection closed by invalid user esuser 109.160.32.155 port 60450 [preauth]
2026-09-13T00:41:50.651865+00:00 ubuntu sshd[1225806]: Invalid user debian from 109.160.32.155 port 37262
2026-09-13T00:41:50.673056+00:00 ubuntu sshd[1225806]: pam_unix(sshd:auth): check pass; user unknown
2026-09-13T00:41:50.673167+00:00 ubuntu sshd[1225806]: pam_unix(sshd:auth): authentication failure; logname= uid=0 euid=0 tty=ssh ruser= rhost=109.160.32.155
2026-09-13T00:41:52.487851+00:00 ubuntu sshd[1225806]: Failed password for invalid user debian from 109.160.32.155 port 37262 ssh2
2026-09-13T00:41:53.284857+00:00 ubuntu sshd[1225806]: Connection closed by invalid user debian 109.160.32.155 port 37262 [preauth]
2026-09-13T00:41:55.761302+00:00 ubuntu sshd[1226054]: pam_unix(sshd:auth): authentication failure; logname= uid=0 euid=0 tty=ssh ruser= rhost=109.160.32.155 user=root
2026-09-13T00:41:57.927374+00:00 ubuntu sshd[1226054]: Failed password for root from 109.160.32.155 port 37312 ssh2
2026-09-13T00:41:58.891464+00:00 ubuntu sshd[1226054]: Connection closed by authenticating user root 109.160.32.155 port 37312 [preauth]
2026-09-13T00:42:00.867313+00:00 ubuntu sshd[1226151]: Invalid user user from 109.160.32.155 port 35486
2026-09-13T00:42:00.906962+00:00 ubuntu sshd[1226151]: pam_unix(sshd:auth): check pass; user unknown
2026-09-13T00:42:00.907089+00:00 ubuntu sshd[1226151]: pam_unix(sshd:auth): authentication failure; logname= uid=0 euid=0 tty=ssh ruser= rhost=109.160.32.155
2026-09-13T00:42:02.761923+00:00 ubuntu sshd[1226151]: Failed password for invalid user user from 109.160.32.155 port 35486 ssh2
2026-09-13T00:42:03.020685+00:00 ubuntu sshd[1226151]: Connection closed by invalid user user 109.160.32.155 port 35486 [preauth]
2026-09-13T00:42:05.636613+00:00 ubuntu sshd[1226289]: Invalid user ubuntu from 109.160.32.155 port 35526
2026-09-13T00:42:05.655113+00:00 ubuntu sshd[1226289]: pam_unix(sshd:auth): check pass; user unknown
2026-09-13T00:42:05.655284+00:00 ubuntu sshd[1226289]: pam_unix(sshd:auth): authentication failure; logname= uid=0 euid=0 tty=ssh ruser= rhost=109.160.32.155
