2026-09-13T01:04:23.499138+00:00 ubuntu sshd[1264317]: Connection closed by authenticating user root 77.68.117.7 port 42376 [preauth]
2026-09-13T01:04:25.262854+00:00 ubuntu sshd[1264442]: Failed password for invalid user ubuntu from 109.160.32.155 port 40492 ssh2
2026-09-13T01:04:27.251893+00:00 ubuntu sshd[1264442]: Connection closed by invalid user ubuntu 109.160.32.155 port 40492 [preauth]
2026-09-13T01:04:28.125205+00:00 ubuntu sshd[1264532]: pam_unix(sshd:auth): authentication failure; logname= uid=0 euid=0 tty=ssh ruser= rhost=109.160.32.155 user=root
2026-09-13T01:04:30.035305+00:00 ubuntu sshd[1264532]: Failed password for root from 109.160.32.155 port 40554 ssh2
2026-09-13T01:04:31.252570+00:00 ubuntu sshd[1264532]: Connection closed by authenticating user root 109.160.32.155 port 40554 [preauth]
2026-09-13T01:04:33.374038+00:00 ubuntu sshd[1264748]: pam_unix(sshd:auth): authentication failure; logname= uid=0 euid=0 tty=ssh ruser= rhost=109.160.32.155 user=root
2026-09-13T01:04:34.968338+00:00 ubuntu sshd[1264748]: Failed password for root from 109.160.32.155 port 54096 ssh2
2026-09-13T01:04:36.525439+00:00 ubuntu sshd[1264748]: Connection closed by authenticating user root 109.160.32.155 port 54096 [preauth]
2026-09-13T01:04:38.013234+00:00 ubuntu sshd[1264928]: pam_unix(sshd:auth): authentication failure; logname= uid=0 euid=0 tty=ssh ruser= rhost=109.160.32.155 user=root
2026-09-13T01:04:40.158733+00:00 ubuntu sshd[1264928]: Failed password for root from 109.160.32.155 port 54170 ssh2
2026-09-13T01:04:41.158964+00:00 ubuntu sshd[1264928]: Connection closed by authenticating user root 109.160.32.155 port 54170 [preauth]
2026-09-13T01:04:43.015055+00:00 ubuntu sshd[1265108]: Invalid user gns3 from 109.160.32.155 port 44686
2026-09-13T01:04:43.032665+00:00 ubuntu sshd[1265108]: pam_unix(sshd:auth): check pass; user unknown
2026-09-13T01:04:43.032808+00:00 ubuntu sshd[1265108]: pam_unix(sshd:auth): authentication failure; logname= uid=0 euid=0 tty=ssh ruser= rhost=109.160.32.155
2026-09-13T01:04:44.667081+00:00 ubuntu sshd[1265108]: Failed password for invalid user gns3 from 109.160.32.155 port 44686 ssh2
2026-09-13T01:04:44.892735+00:00 ubuntu sshd[1265108]: Connection closed by invalid user gns3 109.160.32.155 port 44686 [preauth]
2026-09-13T01:04:48.396732+00:00 ubuntu sshd[1265198]: Invalid user gns3 from 109.160.32.155 port 44754
2026-09-13T01:04:48.426347+00:00 ubuntu sshd[1265198]: pam_unix(sshd:auth): check pass; user unknown
2026-09-13T01:04:48.426451+00:00 ubuntu sshd[1265198]: pam_unix(sshd:auth): authentication failure; logname= uid=0 euid=0 tty=ssh ruser= rhost=109.160.32.155
2026-09-13T01:04:50.416728+00:00 ubuntu sshd[1265198]: Failed password for invalid user gns3 from 109.160.32.155 port 44754 ssh2
2026-09-13T01:04:52.001435+00:00 ubuntu sshd[1265198]: Connection closed by invalid user gns3 109.160.32.155 port 44754 [preauth]
2026-09-13T01:04:53.431026+00:00 ubuntu sshd[1265343]: Invalid user monitor from 109.160.32.155 port 37806
2026-09-13T01:04:53.453937+00:00 ubuntu sshd[1265343]: pam_unix(sshd:auth): check pass; user unknown
2026-09-13T01:04:53.454077+00:00 ubuntu sshd[1265343]: pam_unix(sshd:auth): authentication failure; logname= uid=0 euid=0 tty=ssh ruser= rhost=109.160.32.155
2026-09-13T01:04:55.796044+00:00 ubuntu sshd[1265343]: Failed password for invalid user monitor from 109.160.32.155 port 37806 ssh2
2026-09-13T01:04:56.782237+00:00 ubuntu sshd[1265343]: Connection closed by invalid user monitor 109.160.32.155 port 37806 [preauth]
2026-09-13T01:04:58.499641+00:00 ubuntu sshd[1265434]: Invalid user admin2 from 109.160.32.155 port 37914
2026-09-13T01:04:58.517142+00:00 ubuntu sshd[1265434]: pam_unix(sshd:auth): check pass; user unknown
2026-09-13T01:04:58.517267+00:00 ubuntu sshd[1265434]: pam_unix(sshd:auth): authentication failure; logname= uid=0 euid=0 tty=ssh ruser= rhost=109.160.32.155
2026-09-13T01:05:00.879010+00:00 ubuntu sshd[1265434]: Failed password for invalid user admin2 from 109.160.32.155 port 37914 ssh2
2026-09-13T01:05:01.773082+00:00 ubuntu CRON[1265563]: pam_unix(cron:session): session opened for user root(uid=0) by root(uid=0)
2026-09-13T01:05:01.776646+00:00 ubuntu CRON[1265563]: pam_unix(cron:session): session closed for user root
2026-09-13T01:05:02.912563+00:00 ubuntu sshd[1265434]: Connection closed by invalid user admin2 109.160.32.155 port 37914 [preauth]
2026-09-13T01:05:03.769384+00:00 ubuntu sshd[1265575]: Invalid user oracle from 109.160.32.155 port 60366
2026-09-13T01:05:03.839047+00:00 ubuntu sshd[1265575]: pam_unix(sshd:auth): check pass; user unknown
2026-09-13T01:05:03.839186+00:00 ubuntu sshd[1265575]: pam_unix(sshd:auth): authentication failure; logname= uid=0 euid=0 tty=ssh ruser= rhost=109.160.32.155
2026-09-13T01:05:05.553694+00:00 ubuntu sshd[1265575]: Failed password for invalid user oracle from 109.160.32.155 port 60366 ssh2
2026-09-13T01:05:06.363345+00:00 ubuntu sshd[1265575]: Connection closed by invalid user oracle 109.160.32.155 port 60366 [preauth]
2026-09-13T01:05:08.252173+00:00 ubuntu sshd[1265767]: Invalid user oracle from 109.160.32.155 port 60414
2026-09-13T01:05:08.271007+00:00 ubuntu sshd[1265767]: pam_unix(sshd:auth): check pass; user unknown
2026-09-13T01:05:08.271099+00:00 ubuntu sshd[1265767]: pam_unix(sshd:auth): authentication failure; logname= uid=0 euid=0 tty=ssh ruser= rhost=109.160.32.155
2026-09-13T01:05:10.337091+00:00 ubuntu sshd[1265767]: Failed password for invalid user oracle from 109.160.32.155 port 60414 ssh2
2026-09-13T01:05:10.578480+00:00 ubuntu sshd[1265767]: Connection closed by invalid user oracle 109.160.32.155 port 60414 [preauth]
2026-09-13T01:05:13.349638+00:00 ubuntu sshd[1265902]: Invalid user test from 109.160.32.155 port 47458
2026-09-13T01:05:13.367124+00:00 ubuntu sshd[1265902]: pam_unix(sshd:auth): check pass; user unknown
2026-09-13T01:05:13.367263+00:00 ubuntu sshd[1265902]: pam_unix(sshd:auth): authentication failure; logname= uid=0 euid=0 tty=ssh ruser= rhost=109.160.32.155
2026-09-13T01:05:15.121719+00:00 ubuntu sshd[1265902]: Failed password for invalid user test from 109.160.32.155 port 47458 ssh2
2026-09-13T01:05:16.440025+00:00 ubuntu sshd[1265902]: Connection closed by invalid user test 109.160.32.155 port 47458 [preauth]
2026-09-13T01:05:18.097426+00:00 ubuntu sshd[1265991]: Invalid user test from 109.160.32.155 port 47546
2026-09-13T01:05:18.114709+00:00 ubuntu sshd[1265991]: pam_unix(sshd:auth): check pass; user unknown
2026-09-13T01:05:18.114823+00:00 ubuntu sshd[1265991]: pam_unix(sshd:auth): authentication failure; logname= uid=0 euid=0 tty=ssh ruser= rhost=109.160.32.155
2026-09-13T01:05:19.553608+00:00 ubuntu sshd[1265991]: Failed password for invalid user test from 109.160.32.155 port 47546 ssh2
2026-09-13T01:05:19.646418+00:00 ubuntu sshd[1265991]: Connection closed by invalid user test 109.160.32.155 port 47546 [preauth]
2026-09-13T01:05:23.190646+00:00 ubuntu sshd[1266156]: Invalid user hamid from 109.160.32.155 port 41956
2026-09-13T01:05:23.208025+00:00 ubuntu sshd[1266156]: pam_unix(sshd:auth): check pass; user unknown
2026-09-13T01:05:23.208127+00:00 ubuntu sshd[1266156]: pam_unix(sshd:auth): authentication failure; logname= uid=0 euid=0 tty=ssh ruser= rhost=109.160.32.155
2026-09-13T01:05:25.334200+00:00 ubuntu sshd[1266156]: Failed password for invalid user hamid from 109.160.32.155 port 41956 ssh2
2026-09-13T01:05:25.891787+00:00 ubuntu sshd[1266156]: Connection closed by invalid user hamid 109.160.32.155 port 41956 [preauth]
2026-09-13T01:05:28.101732+00:00 ubuntu sshd[1266244]: pam_unix(sshd:auth): authentication failure; logname= uid=0 euid=0 tty=ssh ruser= rhost=109.160.32.155 user=root
2026-09-13T01:05:30.247730+00:00 ubuntu sshd[1266244]: Failed password for root from 109.160.32.155 port 42050 ssh2
2026-09-13T01:05:31.230100+00:00 ubuntu sshd[1266244]: Connection closed by authenticating user root 109.160.32.155 port 42050 [preauth]
2026-09-13T01:05:33.150012+00:00 ubuntu sshd[1266372]: pam_unix(sshd:auth): authentication failure; logname= uid=0 euid=0 tty=ssh ruser= rhost=109.160.32.155 user=root
2026-09-13T01:05:35.315881+00:00 ubuntu sshd[1266372]: Failed password for root from 109.160.32.155 port 56856 ssh2
2026-09-13T01:05:36.273177+00:00 ubuntu sshd[1266372]: Connection closed by authenticating user root 109.160.32.155 port 56856 [preauth]
2026-09-13T01:05:38.078925+00:00 ubuntu sshd[1266631]: pam_unix(sshd:auth): authentication failure; logname= uid=0 euid=0 tty=ssh ruser= rhost=109.160.32.155 user=root
2026-09-13T01:05:39.793165+00:00 ubuntu sshd[1266631]: Failed password for root from 109.160.32.155 port 56936 ssh2
2026-09-13T01:05:41.203272+00:00 ubuntu sshd[1266631]: Connection closed by authenticating user root 109.160.32.155 port 56936 [preauth]
2026-09-13T01:05:43.050698+00:00 ubuntu sshd[1266761]: Invalid user kafka from 109.160.32.155 port 51704
2026-09-13T01:05:43.081781+00:00 ubuntu sshd[1266761]: pam_unix(sshd:auth): check pass; user unknown
2026-09-13T01:05:43.081899+00:00 ubuntu sshd[1266761]: pam_unix(sshd:auth): authentication failure; logname= uid=0 euid=0 tty=ssh ruser= rhost=109.160.32.155
2026-09-13T01:05:45.288252+00:00 ubuntu sshd[1266761]: Failed password for invalid user kafka from 109.160.32.155 port 51704 ssh2
2026-09-13T01:05:46.303384+00:00 ubuntu sshd[1266761]: Connection closed by invalid user kafka 109.160.32.155 port 51704 [preauth]
2026-09-13T01:05:48.388884+00:00 ubuntu sshd[1266851]: Invalid user kafka from 109.160.32.155 port 51794
2026-09-13T01:05:48.451477+00:00 ubuntu sshd[1266851]: pam_unix(sshd:auth): check pass; user unknown
2026-09-13T01:05:48.451657+00:00 ubuntu sshd[1266851]: pam_unix(sshd:auth): authentication failure; logname= uid=0 euid=0 tty=ssh ruser= rhost=109.160.32.155
2026-09-13T01:05:50.010552+00:00 ubuntu sshd[1266851]: Failed password for invalid user kafka from 109.160.32.155 port 51794 ssh2
2026-09-13T01:05:50.083212+00:00 ubuntu sshd[1266851]: Connection closed by invalid user kafka 109.160.32.155 port 51794 [preauth]
2026-09-13T01:05:52.971009+00:00 ubuntu sshd[1267010]: Invalid user ubuntu from 109.160.32.155 port 47708
2026-09-13T01:05:53.009574+00:00 ubuntu sshd[1267010]: pam_unix(sshd:auth): check pass; user unknown
2026-09-13T01:05:53.009683+00:00 ubuntu sshd[1267010]: pam_unix(sshd:auth): authentication failure; logname= uid=0 euid=0 tty=ssh ruser= rhost=109.160.32.155
2026-09-13T01:05:54.920095+00:00 ubuntu sshd[1267010]: Failed password for invalid user ubuntu from 109.160.32.155 port 47708 ssh2
2026-09-13T01:05:55.132476+00:00 ubuntu sshd[1267010]: Connection closed by invalid user ubuntu 109.160.32.155 port 47708 [preauth]
2026-09-13T01:05:57.921604+00:00 ubuntu sshd[1267102]: Invalid user test from 109.160.32.155 port 47752
2026-09-13T01:05:57.941513+00:00 ubuntu sshd[1267102]: pam_unix(sshd:auth): check pass; user unknown
2026-09-13T01:05:57.941612+00:00 ubuntu sshd[1267102]: pam_unix(sshd:auth): authentication failure; logname= uid=0 euid=0 tty=ssh ruser= rhost=109.160.32.155
2026-09-13T01:06:00.403863+00:00 ubuntu sshd[1267102]: Failed password for invalid user test from 109.160.32.155 port 47752 ssh2
2026-09-13T01:06:00.984884+00:00 ubuntu sshd[1267102]: Connection closed by invalid user test 109.160.32.155 port 47752 [preauth]
2026-09-13T01:06:02.860663+00:00 ubuntu sshd[1267233]: Invalid user test from 109.160.32.155 port 33538
2026-09-13T01:06:02.887657+00:00 ubuntu sshd[1267233]: pam_unix(sshd:auth): check pass; user unknown
2026-09-13T01:06:02.887744+00:00 ubuntu sshd[1267233]: pam_unix(sshd:auth): authentication failure; logname= uid=0 euid=0 tty=ssh ruser= rhost=109.160.32.155
2026-09-13T01:06:05.034075+00:00 ubuntu sshd[1267233]: Failed password for invalid user test from 109.160.32.155 port 33538 ssh2
2026-09-13T01:06:05.935654+00:00 ubuntu sshd[1267233]: Connection closed by invalid user test 109.160.32.155 port 33538 [preauth]
2026-09-13T01:06:07.919657+00:00 ubuntu sshd[1267401]: Invalid user gpadmin from 109.160.32.155 port 33580
2026-09-13T01:06:07.936608+00:00 ubuntu sshd[1267401]: pam_unix(sshd:auth): check pass; user unknown
2026-09-13T01:06:07.936683+00:00 ubuntu sshd[1267401]: pam_unix(sshd:auth): authentication failure; logname= uid=0 euid=0 tty=ssh ruser= rhost=109.160.32.155
2026-09-13T01:06:09.770501+00:00 ubuntu sshd[1267401]: Failed password for invalid user gpadmin from 109.160.32.155 port 33580 ssh2
2026-09-13T01:06:11.347136+00:00 ubuntu sshd[1267401]: Connection closed by invalid user gpadmin 109.160.32.155 port 33580 [preauth]
2026-09-13T01:06:12.855701+00:00 ubuntu sshd[1267558]: pam_unix(sshd:auth): authentication failure; logname= uid=0 euid=0 tty=ssh ruser= rhost=109.160.32.155 user=root
2026-09-13T01:06:14.374464+00:00 ubuntu sshd[1267558]: Failed password for root from 109.160.32.155 port 45996 ssh2
2026-09-13T01:06:15.981476+00:00 ubuntu sshd[1267558]: Connection closed by authenticating user root 109.160.32.155 port 45996 [preauth]
2026-09-13T01:06:17.798152+00:00 ubuntu sshd[1267649]: Invalid user wildfly from 109.160.32.155 port 46036
2026-09-13T01:06:17.817123+00:00 ubuntu sshd[1267649]: pam_unix(sshd:auth): check pass; user unknown
2026-09-13T01:06:17.817248+00:00 ubuntu sshd[1267649]: pam_unix(sshd:auth): authentication failure; logname= uid=0 euid=0 tty=ssh ruser= rhost=109.160.32.155
2026-09-13T01:06:20.023544+00:00 ubuntu sshd[1267649]: Failed password for invalid user wildfly from 109.160.32.155 port 46036 ssh2
2026-09-13T01:06:20.439784+00:00 ubuntu sshd[1267649]: Connection closed by invalid user wildfly 109.160.32.155 port 46036 [preauth]
2026-09-13T01:06:23.023330+00:00 ubuntu sshd[1267805]: Invalid user daniel from 109.160.32.155 port 49458
2026-09-13T01:06:23.144988+00:00 ubuntu sshd[1267805]: pam_unix(sshd:auth): check pass; user unknown
2026-09-13T01:06:23.145136+00:00 ubuntu sshd[1267805]: pam_unix(sshd:auth): authentication failure; logname= uid=0 euid=0 tty=ssh ruser= rhost=109.160.32.155
2026-09-13T01:06:25.175686+00:00 ubuntu sshd[1267805]: Failed password for invalid user daniel from 109.160.32.155 port 49458 ssh2
2026-09-13T01:06:26.359019+00:00 ubuntu sshd[1267805]: Connection closed by invalid user daniel 109.160.32.155 port 49458 [preauth]
2026-09-13T01:06:26.512101+00:00 ubuntu sshd[1267811]: pam_unix(sshd:auth): authentication failure; logname= uid=0 euid=0 tty=ssh ruser= rhost=193.24.211.218 user=root
2026-09-13T01:06:27.733783+00:00 ubuntu sshd[1267895]: pam_unix(sshd:auth): authentication failure; logname= uid=0 euid=0 tty=ssh ruser= rhost=109.160.32.155 user=root
2026-09-13T01:06:28.286631+00:00 ubuntu sshd[1267811]: Failed password for root from 193.24.211.218 port 56175 ssh2
2026-09-13T01:06:29.649887+00:00 ubuntu sshd[1267811]: Received disconnect from 193.24.211.218 port 56175:11: Client disconnecting normally [preauth]
2026-09-13T01:06:29.649995+00:00 ubuntu sshd[1267811]: Disconnected from authenticating user root 193.24.211.218 port 56175 [preauth]
2026-09-13T01:06:29.980000+00:00 ubuntu sshd[1267895]: Failed password for root from 109.160.32.155 port 49492 ssh2
2026-09-13T01:06:30.675256+00:00 ubuntu sshd[1267903]: Invalid user agentsolutions-mallorca from 57.131.129.97 port 48444
2026-09-13T01:06:30.687732+00:00 ubuntu sshd[1267903]: pam_unix(sshd:auth): check pass; user unknown
2026-09-13T01:06:30.687897+00:00 ubuntu sshd[1267903]: pam_unix(sshd:auth): authentication failure; logname= uid=0 euid=0 tty=ssh ruser= rhost=57.131.129.97
2026-09-13T01:06:30.865428+00:00 ubuntu sshd[1267895]: Connection closed by authenticating user root 109.160.32.155 port 49492 [preauth]
2026-09-13T01:06:32.933060+00:00 ubuntu sshd[1268027]: Invalid user term2 from 109.160.32.155 port 52654
2026-09-13T01:06:33.035543+00:00 ubuntu sshd[1268027]: pam_unix(sshd:auth): check pass; user unknown
2026-09-13T01:06:33.035649+00:00 ubuntu sshd[1268027]: pam_unix(sshd:auth): authentication failure; logname= uid=0 euid=0 tty=ssh ruser= rhost=109.160.32.155
2026-09-13T01:06:33.346072+00:00 ubuntu sshd[1267903]: Failed password for invalid user agentsolutions-mallorca from 57.131.129.97 port 48444 ssh2
2026-09-13T01:06:35.178913+00:00 ubuntu sshd[1267903]: Connection closed by invalid user agentsolutions-mallorca 57.131.129.97 port 48444 [preauth]
2026-09-13T01:06:35.437937+00:00 ubuntu sshd[1268027]: Failed password for invalid user term2 from 109.160.32.155 port 52654 ssh2
2026-09-13T01:06:36.693260+00:00 ubuntu sshd[1268027]: Connection closed by invalid user term2 109.160.32.155 port 52654 [preauth]
2026-09-13T01:06:37.654035+00:00 ubuntu sshd[1268188]: Invalid user fred from 109.160.32.155 port 52770
2026-09-13T01:06:37.713369+00:00 ubuntu sshd[1268188]: pam_unix(sshd:auth): check pass; user unknown
2026-09-13T01:06:37.713508+00:00 ubuntu sshd[1268188]: pam_unix(sshd:auth): authentication failure; logname= uid=0 euid=0 tty=ssh ruser= rhost=109.160.32.155
2026-09-13T01:06:39.664115+00:00 ubuntu sshd[1268188]: Failed password for invalid user fred from 109.160.32.155 port 52770 ssh2
2026-09-13T01:06:41.092694+00:00 ubuntu sshd[1268188]: Connection closed by invalid user fred 109.160.32.155 port 52770 [preauth]
2026-09-13T01:06:42.030799+00:00 ubuntu sshd[1268308]: pam_unix(sshd:auth): authentication failure; logname= uid=0 euid=0 tty=ssh ruser= rhost=190.2.22.129 user=root
2026-09-13T01:06:43.037099+00:00 ubuntu sshd[1268433]: Invalid user fred from 109.160.32.155 port 33744
2026-09-13T01:06:43.133478+00:00 ubuntu sshd[1268433]: pam_unix(sshd:auth): check pass; user unknown
2026-09-13T01:06:43.133606+00:00 ubuntu sshd[1268433]: pam_unix(sshd:auth): authentication failure; logname= uid=0 euid=0 tty=ssh ruser= rhost=109.160.32.155
2026-09-13T01:06:44.533091+00:00 ubuntu sshd[1268308]: Failed password for root from 190.2.22.129 port 51990 ssh2
2026-09-13T01:06:44.908186+00:00 ubuntu sshd[1268433]: Failed password for invalid user fred from 109.160.32.155 port 33744 ssh2
2026-09-13T01:06:45.379333+00:00 ubuntu sshd[1268308]: Connection closed by authenticating user root 190.2.22.129 port 51990 [preauth]
2026-09-13T01:06:46.511262+00:00 ubuntu sshd[1268433]: Connection closed by invalid user fred 109.160.32.155 port 33744 [preauth]
2026-09-13T01:06:47.525567+00:00 ubuntu sshd[1268530]: pam_unix(sshd:auth): authentication failure; logname= uid=0 euid=0 tty=ssh ruser= rhost=109.160.32.155 user=root
2026-09-13T01:06:49.516181+00:00 ubuntu sshd[1268530]: Failed password for root from 109.160.32.155 port 33796 ssh2
2026-09-13T01:06:50.653647+00:00 ubuntu sshd[1268530]: Connection closed by authenticating user root 109.160.32.155 port 33796 [preauth]
2026-09-13T01:06:52.921927+00:00 ubuntu sshd[1268688]: pam_unix(sshd:auth): authentication failure; logname= uid=0 euid=0 tty=ssh ruser= rhost=109.160.32.155 user=root
2026-09-13T01:06:55.599658+00:00 ubuntu sshd[1268688]: Failed password for root from 109.160.32.155 port 47384 ssh2
2026-09-13T01:06:56.082676+00:00 ubuntu sshd[1268688]: Connection closed by authenticating user root 109.160.32.155 port 47384 [preauth]
2026-09-13T01:06:57.450635+00:00 ubuntu sshd[1268789]: pam_unix(sshd:auth): authentication failure; logname= uid=0 euid=0 tty=ssh ruser= rhost=109.160.32.155 user=root
2026-09-13T01:06:59.481337+00:00 ubuntu sshd[1268789]: Failed password for root from 109.160.32.155 port 47436 ssh2
2026-09-13T01:07:00.577000+00:00 ubuntu sshd[1268789]: Connection closed by authenticating user root 109.160.32.155 port 47436 [preauth]
2026-09-13T01:07:02.658118+00:00 ubuntu sshd[1268931]: pam_unix(sshd:auth): authentication failure; logname= uid=0 euid=0 tty=ssh ruser= rhost=109.160.32.155 user=root
2026-09-13T01:07:04.708679+00:00 ubuntu sshd[1268931]: Failed password for root from 109.160.32.155 port 39124 ssh2
2026-09-13T01:07:05.788852+00:00 ubuntu sshd[1268931]: Connection closed by authenticating user root 109.160.32.155 port 39124 [preauth]
2026-09-13T01:07:07.784004+00:00 ubuntu sshd[1269029]: pam_unix(sshd:auth): authentication failure; logname= uid=0 euid=0 tty=ssh ruser= rhost=109.160.32.155 user=root
2026-09-13T01:07:09.852541+00:00 ubuntu sshd[1269029]: Failed password for root from 109.160.32.155 port 39206 ssh2
2026-09-13T01:07:10.908575+00:00 ubuntu sshd[1269029]: Connection closed by authenticating user root 109.160.32.155 port 39206 [preauth]
2026-09-13T01:07:12.686085+00:00 ubuntu sshd[1269276]: Invalid user admin from 109.160.32.155 port 43942
2026-09-13T01:07:12.771261+00:00 ubuntu sshd[1269276]: pam_unix(sshd:auth): check pass; user unknown
2026-09-13T01:07:12.771409+00:00 ubuntu sshd[1269276]: pam_unix(sshd:auth): authentication failure; logname= uid=0 euid=0 tty=ssh ruser= rhost=109.160.32.155
2026-09-13T01:07:12.916531+00:00 ubuntu sshd[1269278]: Invalid user monitor from 41.111.198.172 port 4045
2026-09-13T01:07:12.983642+00:00 ubuntu sshd[1269278]: pam_unix(sshd:auth): check pass; user unknown
2026-09-13T01:07:12.983716+00:00 ubuntu sshd[1269278]: pam_unix(sshd:auth): authentication failure; logname= uid=0 euid=0 tty=ssh ruser= rhost=41.111.198.172
2026-09-13T01:07:14.862217+00:00 ubuntu sshd[1269276]: Failed password for invalid user admin from 109.160.32.155 port 43942 ssh2
2026-09-13T01:07:15.074254+00:00 ubuntu sshd[1269278]: Failed password for invalid user monitor from 41.111.198.172 port 4045 ssh2
2026-09-13T01:07:15.650714+00:00 ubuntu sshd[1269276]: Connection closed by invalid user admin 109.160.32.155 port 43942 [preauth]
2026-09-13T01:07:16.363615+00:00 ubuntu sshd[1269278]: Connection closed by invalid user monitor 41.111.198.172 port 4045 [preauth]
2026-09-13T01:07:17.880379+00:00 ubuntu sshd[1269378]: Invalid user admin from 109.160.32.155 port 44050
2026-09-13T01:07:17.910457+00:00 ubuntu sshd[1269378]: pam_unix(sshd:auth): check pass; user unknown
2026-09-13T01:07:17.910604+00:00 ubuntu sshd[1269378]: pam_unix(sshd:auth): authentication failure; logname= uid=0 euid=0 tty=ssh ruser= rhost=109.160.32.155
2026-09-13T01:07:20.021285+00:00 ubuntu sshd[1269378]: Failed password for invalid user admin from 109.160.32.155 port 44050 ssh2
2026-09-13T01:07:20.810951+00:00 ubuntu sshd[1269378]: Connection closed by invalid user admin 109.160.32.155 port 44050 [preauth]
2026-09-13T01:07:23.545291+00:00 ubuntu sshd[1269559]: pam_unix(sshd:auth): authentication failure; logname= uid=0 euid=0 tty=ssh ruser= rhost=109.160.32.155 user=root
2026-09-13T01:07:25.480253+00:00 ubuntu sshd[1269559]: Failed password for root from 109.160.32.155 port 52276 ssh2
2026-09-13T01:07:26.669592+00:00 ubuntu sshd[1269559]: Connection closed by authenticating user root 109.160.32.155 port 52276 [preauth]
2026-09-13T01:07:27.752731+00:00 ubuntu sshd[1269658]: Invalid user gitlab-runner from 109.160.32.155 port 52368
2026-09-13T01:07:27.771154+00:00 ubuntu sshd[1269658]: pam_unix(sshd:auth): check pass; user unknown
2026-09-13T01:07:27.771244+00:00 ubuntu sshd[1269658]: pam_unix(sshd:auth): authentication failure; logname= uid=0 euid=0 tty=ssh ruser= rhost=109.160.32.155
2026-09-13T01:07:30.253585+00:00 ubuntu sshd[1269658]: Failed password for invalid user gitlab-runner from 109.160.32.155 port 52368 ssh2
2026-09-13T01:07:31.803141+00:00 ubuntu sshd[1269658]: Connection closed by invalid user gitlab-runner 109.160.32.155 port 52368 [preauth]
2026-09-13T01:07:33.072137+00:00 ubuntu sshd[1269798]: Invalid user postgres from 109.160.32.155 port 36700
2026-09-13T01:07:33.088999+00:00 ubuntu sshd[1269798]: pam_unix(sshd:auth): check pass; user unknown
2026-09-13T01:07:33.089112+00:00 ubuntu sshd[1269798]: pam_unix(sshd:auth): authentication failure; logname= uid=0 euid=0 tty=ssh ruser= rhost=109.160.32.155
2026-09-13T01:07:35.064348+00:00 ubuntu sshd[1269798]: Failed password for invalid user postgres from 109.160.32.155 port 36700 ssh2
2026-09-13T01:07:35.082435+00:00 ubuntu sshd[1269798]: Connection closed by invalid user postgres 109.160.32.155 port 36700 [preauth]
2026-09-13T01:07:37.925297+00:00 ubuntu sshd[1269959]: pam_unix(sshd:auth): authentication failure; logname= uid=0 euid=0 tty=ssh ruser= rhost=109.160.32.155 user=root
2026-09-13T01:07:39.780200+00:00 ubuntu sshd[1269959]: Failed password for root from 109.160.32.155 port 36738 ssh2
2026-09-13T01:07:41.048486+00:00 ubuntu sshd[1269959]: Connection closed by authenticating user root 109.160.32.155 port 36738 [preauth]
2026-09-13T01:07:42.955693+00:00 ubuntu sshd[1270229]: pam_unix(sshd:auth): authentication failure; logname= uid=0 euid=0 tty=ssh ruser= rhost=109.160.32.155 user=root
2026-09-13T01:07:45.498195+00:00 ubuntu sshd[1270229]: Failed password for root from 109.160.32.155 port 44596 ssh2
2026-09-13T01:07:46.105628+00:00 ubuntu sshd[1270229]: Connection closed by authenticating user root 109.160.32.155 port 44596 [preauth]
2026-09-13T01:07:47.710982+00:00 ubuntu sshd[1270278]: pam_unix(sshd:auth): authentication failure; logname= uid=0 euid=0 tty=ssh ruser= rhost=109.160.32.155 user=root
2026-09-13T01:07:48.765243+00:00 ubuntu sshd[1270363]: pam_unix(sshd:auth): authentication failure; logname= uid=0 euid=0 tty=ssh ruser= rhost=185.250.21.217 user=root
2026-09-13T01:07:49.605941+00:00 ubuntu sshd[1270278]: Failed password for root from 109.160.32.155 port 44660 ssh2
2026-09-13T01:07:50.832971+00:00 ubuntu sshd[1270278]: Connection closed by authenticating user root 109.160.32.155 port 44660 [preauth]
2026-09-13T01:07:51.131817+00:00 ubuntu sshd[1270363]: Failed password for root from 185.250.21.217 port 7468 ssh2
2026-09-13T01:07:51.661129+00:00 ubuntu sshd[1270396]: Invalid user ubuntu from 185.250.21.217 port 8410
2026-09-13T01:07:51.682880+00:00 ubuntu sshd[1270396]: pam_unix(sshd:auth): check pass; user unknown
2026-09-13T01:07:51.682978+00:00 ubuntu sshd[1270396]: pam_unix(sshd:auth): authentication failure; logname= uid=0 euid=0 tty=ssh ruser= rhost=185.250.21.217
2026-09-13T01:07:51.894322+00:00 ubuntu sshd[1270363]: Connection closed by authenticating user root 185.250.21.217 port 7468 [preauth]
2026-09-13T01:07:52.859632+00:00 ubuntu sshd[1270440]: pam_unix(sshd:auth): authentication failure; logname= uid=0 euid=0 tty=ssh ruser= rhost=109.160.32.155 user=root
2026-09-13T01:07:53.793895+00:00 ubuntu sshd[1270396]: Failed password for invalid user ubuntu from 185.250.21.217 port 8410 ssh2
2026-09-13T01:07:54.662718+00:00 ubuntu sshd[1270529]: Invalid user agentsolutionsmallorca from 185.250.21.217 port 55400
2026-09-13T01:07:54.684443+00:00 ubuntu sshd[1270529]: pam_unix(sshd:auth): check pass; user unknown
2026-09-13T01:07:54.684589+00:00 ubuntu sshd[1270529]: pam_unix(sshd:auth): authentication failure; logname= uid=0 euid=0 tty=ssh ruser= rhost=185.250.21.217
2026-09-13T01:07:55.442002+00:00 ubuntu sshd[1270440]: Failed password for root from 109.160.32.155 port 41172 ssh2
2026-09-13T01:07:55.899064+00:00 ubuntu sshd[1270396]: Connection closed by invalid user ubuntu 185.250.21.217 port 8410 [preauth]
2026-09-13T01:07:56.002717+00:00 ubuntu sshd[1270440]: Connection closed by authenticating user root 109.160.32.155 port 41172 [preauth]
2026-09-13T01:07:57.207074+00:00 ubuntu sshd[1270529]: Failed password for invalid user agentsolutionsmallorca from 185.250.21.217 port 55400 ssh2
2026-09-13T01:07:57.510301+00:00 ubuntu sshd[1270543]: Invalid user lx from 109.160.32.155 port 41234
2026-09-13T01:07:57.542646+00:00 ubuntu sshd[1270543]: pam_unix(sshd:auth): check pass; user unknown
2026-09-13T01:07:57.542792+00:00 ubuntu sshd[1270543]: pam_unix(sshd:auth): authentication failure; logname= uid=0 euid=0 tty=ssh ruser= rhost=109.160.32.155
2026-09-13T01:07:59.136657+00:00 ubuntu sshd[1270529]: Connection closed by invalid user agentsolutionsmallorca 185.250.21.217 port 55400 [preauth]
2026-09-13T01:07:59.478043+00:00 ubuntu sshd[1270543]: Failed password for invalid user lx from 109.160.32.155 port 41234 ssh2
2026-09-13T01:07:59.666800+00:00 ubuntu sshd[1270543]: Connection closed by invalid user lx 109.160.32.155 port 41234 [preauth]
2026-09-13T01:08:02.833624+00:00 ubuntu sshd[1270683]: pam_unix(sshd:auth): authentication failure; logname= uid=0 euid=0 tty=ssh ruser= rhost=109.160.32.155 user=root
2026-09-13T01:08:05.120233+00:00 ubuntu sshd[1270683]: Failed password for root from 109.160.32.155 port 59530 ssh2
2026-09-13T01:08:05.972793+00:00 ubuntu sshd[1270683]: Connection closed by authenticating user root 109.160.32.155 port 59530 [preauth]
2026-09-13T01:08:07.615520+00:00 ubuntu sshd[1270786]: pam_unix(sshd:auth): authentication failure; logname= uid=0 euid=0 tty=ssh ruser= rhost=109.160.32.155 user=root
2026-09-13T01:08:08.922342+00:00 ubuntu sshd[1270786]: Failed password for root from 109.160.32.155 port 59602 ssh2
2026-09-13T01:08:09.155091+00:00 ubuntu sshd[1270786]: Connection closed by authenticating user root 109.160.32.155 port 59602 [preauth]
2026-09-13T01:08:12.486671+00:00 ubuntu sshd[1270921]: Invalid user carl from 109.160.32.155 port 45736
2026-09-13T01:08:12.509670+00:00 ubuntu sshd[1270921]: pam_unix(sshd:auth): check pass; user unknown
2026-09-13T01:08:12.509776+00:00 ubuntu sshd[1270921]: pam_unix(sshd:auth): authentication failure; logname= uid=0 euid=0 tty=ssh ruser= rhost=109.160.32.155
2026-09-13T01:08:14.836642+00:00 ubuntu sshd[1270921]: Failed password for invalid user carl from 109.160.32.155 port 45736 ssh2
2026-09-13T01:08:16.656157+00:00 ubuntu sshd[1270921]: Connection closed by invalid user carl 109.160.32.155 port 45736 [preauth]
2026-09-13T01:08:17.757142+00:00 ubuntu sshd[1271128]: Invalid user devops from 109.160.32.155 port 45768
2026-09-13T01:08:17.789355+00:00 ubuntu sshd[1271128]: pam_unix(sshd:auth): check pass; user unknown
2026-09-13T01:08:17.789467+00:00 ubuntu sshd[1271128]: pam_unix(sshd:auth): authentication failure; logname= uid=0 euid=0 tty=ssh ruser= rhost=109.160.32.155
2026-09-13T01:08:19.804785+00:00 ubuntu sshd[1271128]: Failed password for invalid user devops from 109.160.32.155 port 45768 ssh2
2026-09-13T01:08:20.555843+00:00 ubuntu sshd[1271128]: Connection closed by invalid user devops 109.160.32.155 port 45768 [preauth]
2026-09-13T01:08:22.627994+00:00 ubuntu sshd[1271288]: Invalid user deploy from 109.160.32.155 port 54624
2026-09-13T01:08:22.671033+00:00 ubuntu sshd[1271288]: pam_unix(sshd:auth): check pass; user unknown
2026-09-13T01:08:22.671130+00:00 ubuntu sshd[1271288]: pam_unix(sshd:auth): authentication failure; logname= uid=0 euid=0 tty=ssh ruser= rhost=109.160.32.155
2026-09-13T01:08:24.370627+00:00 ubuntu sshd[1271288]: Failed password for invalid user deploy from 109.160.32.155 port 54624 ssh2
2026-09-13T01:08:25.130849+00:00 ubuntu sshd[1271288]: Connection closed by invalid user deploy 109.160.32.155 port 54624 [preauth]
2026-09-13T01:08:27.941615+00:00 ubuntu sshd[1271387]: Invalid user user17 from 109.160.32.155 port 54670
2026-09-13T01:08:27.971992+00:00 ubuntu sshd[1271387]: pam_unix(sshd:auth): check pass; user unknown
2026-09-13T01:08:27.972214+00:00 ubuntu sshd[1271387]: pam_unix(sshd:auth): authentication failure; logname= uid=0 euid=0 tty=ssh ruser= rhost=109.160.32.155
2026-09-13T01:08:30.023292+00:00 ubuntu sshd[1271387]: Failed password for invalid user user17 from 109.160.32.155 port 54670 ssh2
2026-09-13T01:08:30.201215+00:00 ubuntu sshd[1271387]: Connection closed by invalid user user17 109.160.32.155 port 54670 [preauth]
2026-09-13T01:08:33.486275+00:00 ubuntu sshd[1271604]: Invalid user wizard from 109.160.32.155 port 53232
2026-09-13T01:08:33.527014+00:00 ubuntu sshd[1271604]: pam_unix(sshd:auth): check pass; user unknown
2026-09-13T01:08:33.527122+00:00 ubuntu sshd[1271604]: pam_unix(sshd:auth): authentication failure; logname= uid=0 euid=0 tty=ssh ruser= rhost=109.160.32.155
2026-09-13T01:08:35.070988+00:00 ubuntu sshd[1271604]: Failed password for invalid user wizard from 109.160.32.155 port 53232 ssh2
2026-09-13T01:08:36.199176+00:00 ubuntu sshd[1271604]: Connection closed by invalid user wizard 109.160.32.155 port 53232 [preauth]
2026-09-13T01:08:38.231945+00:00 ubuntu sshd[1271764]: Invalid user sysupdate from 109.160.32.155 port 53242
2026-09-13T01:08:38.250477+00:00 ubuntu sshd[1271764]: pam_unix(sshd:auth): check pass; user unknown
2026-09-13T01:08:38.250548+00:00 ubuntu sshd[1271764]: pam_unix(sshd:auth): authentication failure; logname= uid=0 euid=0 tty=ssh ruser= rhost=109.160.32.155
2026-09-13T01:08:40.145947+00:00 ubuntu sshd[1271764]: Failed password for invalid user sysupdate from 109.160.32.155 port 53242 ssh2
2026-09-13T01:08:40.586412+00:00 ubuntu sshd[1271764]: Connection closed by invalid user sysupdate 109.160.32.155 port 53242 [preauth]
2026-09-13T01:08:43.315305+00:00 ubuntu sshd[1271903]: Invalid user crafty from 109.160.32.155 port 51272
2026-09-13T01:08:43.334413+00:00 ubuntu sshd[1271903]: pam_unix(sshd:auth): check pass; user unknown
2026-09-13T01:08:43.334497+00:00 ubuntu sshd[1271903]: pam_unix(sshd:auth): authentication failure; logname= uid=0 euid=0 tty=ssh ruser= rhost=109.160.32.155
2026-09-13T01:08:44.582476+00:00 ubuntu sshd[1271903]: Failed password for invalid user crafty from 109.160.32.155 port 51272 ssh2
2026-09-13T01:08:45.366137+00:00 ubuntu sshd[1271903]: Connection closed by invalid user crafty 109.160.32.155 port 51272 [preauth]
2026-09-13T01:08:48.552305+00:00 ubuntu sshd[1272032]: Invalid user crafty from 109.160.32.155 port 51338
2026-09-13T01:08:48.637297+00:00 ubuntu sshd[1272032]: pam_unix(sshd:auth): check pass; user unknown
2026-09-13T01:08:48.637428+00:00 ubuntu sshd[1272032]: pam_unix(sshd:auth): authentication failure; logname= uid=0 euid=0 tty=ssh ruser= rhost=109.160.32.155
2026-09-13T01:08:51.240090+00:00 ubuntu sshd[1272032]: Failed password for invalid user crafty from 109.160.32.155 port 51338 ssh2
2026-09-13T01:08:52.272034+00:00 ubuntu sshd[1272032]: Connection closed by invalid user crafty 109.160.32.155 port 51338 [preauth]
2026-09-13T01:08:53.375221+00:00 ubuntu sshd[1272264]: Invalid user centos from 109.160.32.155 port 56880
2026-09-13T01:08:53.395364+00:00 ubuntu sshd[1272264]: pam_unix(sshd:auth): check pass; user unknown
2026-09-13T01:08:53.395431+00:00 ubuntu sshd[1272264]: pam_unix(sshd:auth): authentication failure; logname= uid=0 euid=0 tty=ssh ruser= rhost=109.160.32.155
2026-09-13T01:08:55.350913+00:00 ubuntu sshd[1272264]: Failed password for invalid user centos from 109.160.32.155 port 56880 ssh2
2026-09-13T01:08:57.066054+00:00 ubuntu sshd[1272264]: Connection closed by invalid user centos 109.160.32.155 port 56880 [preauth]
2026-09-13T01:08:58.483878+00:00 ubuntu sshd[1272360]: Invalid user openvpn from 109.160.32.155 port 56932
2026-09-13T01:08:58.501428+00:00 ubuntu sshd[1272360]: pam_unix(sshd:auth): check pass; user unknown
2026-09-13T01:08:58.501513+00:00 ubuntu sshd[1272360]: pam_unix(sshd:auth): authentication failure; logname= uid=0 euid=0 tty=ssh ruser= rhost=109.160.32.155
2026-09-13T01:08:59.081954+00:00 ubuntu sshd[1272363]: Invalid user qsecofr from 176.53.159.197 port 52744
2026-09-13T01:08:59.142701+00:00 ubuntu sshd[1272363]: pam_unix(sshd:auth): check pass; user unknown
2026-09-13T01:08:59.142846+00:00 ubuntu sshd[1272363]: pam_unix(sshd:auth): authentication failure; logname= uid=0 euid=0 tty=ssh ruser= rhost=176.53.159.197
2026-09-13T01:09:01.144275+00:00 ubuntu sshd[1272360]: Failed password for invalid user openvpn from 109.160.32.155 port 56932 ssh2
2026-09-13T01:09:01.921285+00:00 ubuntu sshd[1272363]: Failed password for invalid user qsecofr from 176.53.159.197 port 52744 ssh2
2026-09-13T01:09:02.671298+00:00 ubuntu sshd[1272360]: Connection closed by invalid user openvpn 109.160.32.155 port 56932 [preauth]
2026-09-13T01:09:03.336250+00:00 ubuntu sshd[1272363]: pam_unix(sshd:auth): check pass; user unknown
2026-09-13T01:09:03.486105+00:00 ubuntu sshd[1272471]: pam_unix(sshd:auth): authentication failure; logname= uid=0 euid=0 tty=ssh ruser= rhost=109.160.32.155 user=root
2026-09-13T01:09:05.331494+00:00 ubuntu sshd[1272363]: Failed password for invalid user qsecofr from 176.53.159.197 port 52744 ssh2
2026-09-13T01:09:05.432934+00:00 ubuntu sshd[1272363]: pam_unix(sshd:auth): check pass; user unknown
2026-09-13T01:09:05.481343+00:00 ubuntu sshd[1272471]: Failed password for root from 109.160.32.155 port 43036 ssh2
2026-09-13T01:09:06.745977+00:00 ubuntu sshd[1272471]: Connection closed by authenticating user root 109.160.32.155 port 43036 [preauth]
2026-09-13T01:09:07.704231+00:00 ubuntu sshd[1272363]: Failed password for invalid user qsecofr from 176.53.159.197 port 52744 ssh2
2026-09-13T01:09:08.368710+00:00 ubuntu sshd[1272520]: Invalid user wso2 from 109.160.32.155 port 43098
2026-09-13T01:09:08.385795+00:00 ubuntu sshd[1272520]: pam_unix(sshd:auth): check pass; user unknown
2026-09-13T01:09:08.385928+00:00 ubuntu sshd[1272520]: pam_unix(sshd:auth): authentication failure; logname= uid=0 euid=0 tty=ssh ruser= rhost=109.160.32.155
2026-09-13T01:09:09.626676+00:00 ubuntu sshd[1272363]: pam_unix(sshd:auth): check pass; user unknown
2026-09-13T01:09:09.733102+00:00 ubuntu sshd[1272520]: Failed password for invalid user wso2 from 109.160.32.155 port 43098 ssh2
2026-09-13T01:09:10.053010+00:00 ubuntu sshd[1272520]: Connection closed by invalid user wso2 109.160.32.155 port 43098 [preauth]
2026-09-13T01:09:11.110329+00:00 ubuntu sshd[1272363]: Failed password for invalid user qsecofr from 176.53.159.197 port 52744 ssh2
2026-09-13T01:09:11.723162+00:00 ubuntu sshd[1272363]: pam_unix(sshd:auth): check pass; user unknown
2026-09-13T01:09:12.762735+00:00 ubuntu sshd[1272611]: pam_unix(sshd:auth): authentication failure; logname= uid=0 euid=0 tty=ssh ruser= rhost=121.202.201.174 user=root
2026-09-13T01:09:13.698557+00:00 ubuntu sshd[1272735]: Invalid user krish from 109.160.32.155 port 51224
2026-09-13T01:09:13.771460+00:00 ubuntu sshd[1272735]: pam_unix(sshd:auth): check pass; user unknown
2026-09-13T01:09:13.771563+00:00 ubuntu sshd[1272735]: pam_unix(sshd:auth): authentication failure; logname= uid=0 euid=0 tty=ssh ruser= rhost=109.160.32.155
2026-09-13T01:09:14.150107+00:00 ubuntu sshd[1272363]: Failed password for invalid user qsecofr from 176.53.159.197 port 52744 ssh2
2026-09-13T01:09:14.993823+00:00 ubuntu sshd[1272611]: Failed password for root from 121.202.201.174 port 58190 ssh2
2026-09-13T01:09:15.139717+00:00 ubuntu sshd[1272735]: Failed password for invalid user krish from 109.160.32.155 port 51224 ssh2
2026-09-13T01:09:15.470942+00:00 ubuntu sshd[1272735]: Connection closed by invalid user krish 109.160.32.155 port 51224 [preauth]
2026-09-13T01:09:15.925177+00:00 ubuntu sshd[1272363]: Connection reset by invalid user qsecofr 176.53.159.197 port 52744 [preauth]
2026-09-13T01:09:15.925326+00:00 ubuntu sshd[1272363]: PAM 4 more authentication failures; logname= uid=0 euid=0 tty=ssh ruser= rhost=176.53.159.197
2026-09-13T01:09:15.925409+00:00 ubuntu sshd[1272363]: PAM service(sshd) ignoring max retries; 5 > 3
2026-09-13T01:09:15.971036+00:00 ubuntu sshd[1272745]: Invalid user robin from 176.53.159.197 port 29506
2026-09-13T01:09:15.987570+00:00 ubuntu sshd[1272745]: pam_unix(sshd:auth): check pass; user unknown
2026-09-13T01:09:15.987675+00:00 ubuntu sshd[1272745]: pam_unix(sshd:auth): authentication failure; logname= uid=0 euid=0 tty=ssh ruser= rhost=176.53.159.197
2026-09-13T01:09:16.098605+00:00 ubuntu sshd[1272611]: Connection closed by authenticating user root 121.202.201.174 port 58190 [preauth]
2026-09-13T01:09:17.962157+00:00 ubuntu sshd[1272745]: Failed password for invalid user robin from 176.53.159.197 port 29506 ssh2
2026-09-13T01:09:18.209900+00:00 ubuntu sshd[1272745]: pam_unix(sshd:auth): check pass; user unknown
2026-09-13T01:09:18.245457+00:00 ubuntu sshd[1272858]: Invalid user odoo from 109.160.32.155 port 51342
2026-09-13T01:09:18.265546+00:00 ubuntu sshd[1272858]: pam_unix(sshd:auth): check pass; user unknown
2026-09-13T01:09:18.265654+00:00 ubuntu sshd[1272858]: pam_unix(sshd:auth): authentication failure; logname= uid=0 euid=0 tty=ssh ruser= rhost=109.160.32.155
2026-09-13T01:09:20.597042+00:00 ubuntu sshd[1272745]: Failed password for invalid user robin from 176.53.159.197 port 29506 ssh2
2026-09-13T01:09:20.651113+00:00 ubuntu sshd[1272858]: Failed password for invalid user odoo from 109.160.32.155 port 51342 ssh2
2026-09-13T01:09:20.933690+00:00 ubuntu sshd[1272858]: Connection closed by invalid user odoo 109.160.32.155 port 51342 [preauth]
2026-09-13T01:09:22.655080+00:00 ubuntu sshd[1272745]: pam_unix(sshd:auth): check pass; user unknown
2026-09-13T01:09:23.272516+00:00 ubuntu sshd[1273024]: Invalid user odoo from 109.160.32.155 port 46352
2026-09-13T01:09:23.289654+00:00 ubuntu sshd[1273024]: pam_unix(sshd:auth): check pass; user unknown
2026-09-13T01:09:23.289777+00:00 ubuntu sshd[1273024]: pam_unix(sshd:auth): authentication failure; logname= uid=0 euid=0 tty=ssh ruser= rhost=109.160.32.155
2026-09-13T01:09:25.255239+00:00 ubuntu sshd[1272745]: Failed password for invalid user robin from 176.53.159.197 port 29506 ssh2
2026-09-13T01:09:25.364590+00:00 ubuntu sshd[1273024]: Failed password for invalid user odoo from 109.160.32.155 port 46352 ssh2
2026-09-13T01:09:26.032120+00:00 ubuntu sshd[1273024]: Connection closed by invalid user odoo 109.160.32.155 port 46352 [preauth]
2026-09-13T01:09:27.099545+00:00 ubuntu sshd[1272745]: pam_unix(sshd:auth): check pass; user unknown
2026-09-13T01:09:28.391940+00:00 ubuntu sshd[1273116]: pam_unix(sshd:auth): authentication failure; logname= uid=0 euid=0 tty=ssh ruser= rhost=109.160.32.155 user=root
2026-09-13T01:09:28.723511+00:00 ubuntu sshd[1272745]: Failed password for invalid user robin from 176.53.159.197 port 29506 ssh2
2026-09-13T01:09:29.321864+00:00 ubuntu sshd[1272745]: pam_unix(sshd:auth): check pass; user unknown
2026-09-13T01:09:30.151391+00:00 ubuntu sshd[1273116]: Failed password for root from 109.160.32.155 port 46456 ssh2
2026-09-13T01:09:31.514120+00:00 ubuntu sshd[1273116]: Connection closed by authenticating user root 109.160.32.155 port 46456 [preauth]
2026-09-13T01:09:31.551378+00:00 ubuntu sshd[1272745]: Failed password for invalid user robin from 176.53.159.197 port 29506 ssh2
2026-09-13T01:09:33.775023+00:00 ubuntu sshd[1272745]: Connection reset by invalid user robin 176.53.159.197 port 29506 [preauth]
2026-09-13T01:09:33.775161+00:00 ubuntu sshd[1272745]: PAM 4 more authentication failures; logname= uid=0 euid=0 tty=ssh ruser= rhost=176.53.159.197
2026-09-13T01:09:33.775233+00:00 ubuntu sshd[1272745]: PAM service(sshd) ignoring max retries; 5 > 3
2026-09-13T01:09:33.779695+00:00 ubuntu sshd[1273250]: Invalid user amin from 109.160.32.155 port 52800
2026-09-13T01:09:33.851339+00:00 ubuntu sshd[1273250]: pam_unix(sshd:auth): check pass; user unknown
2026-09-13T01:09:33.851463+00:00 ubuntu sshd[1273250]: pam_unix(sshd:auth): authentication failure; logname= uid=0 euid=0 tty=ssh ruser= rhost=109.160.32.155
2026-09-13T01:09:33.921296+00:00 ubuntu sshd[1273328]: pam_unix(sshd:auth): authentication failure; logname= uid=0 euid=0 tty=ssh ruser= rhost=176.53.159.197 user=root
2026-09-13T01:09:34.114013+00:00 ubuntu sshd[1273330]: Invalid user agentsolutions-mallorca from 167.172.176.118 port 12348
2026-09-13T01:09:34.124800+00:00 ubuntu sshd[1273330]: pam_unix(sshd:auth): check pass; user unknown
2026-09-13T01:09:34.124885+00:00 ubuntu sshd[1273330]: pam_unix(sshd:auth): authentication failure; logname= uid=0 euid=0 tty=ssh ruser= rhost=167.172.176.118
2026-09-13T01:09:36.298597+00:00 ubuntu sshd[1273250]: Failed password for invalid user amin from 109.160.32.155 port 52800 ssh2
2026-09-13T01:09:36.368332+00:00 ubuntu sshd[1273328]: Failed password for root from 176.53.159.197 port 26198 ssh2
2026-09-13T01:09:36.376334+00:00 ubuntu sshd[1273330]: Failed password for invalid user agentsolutions-mallorca from 167.172.176.118 port 12348 ssh2
2026-09-13T01:09:36.841218+00:00 ubuntu sshd[1273250]: Connection closed by invalid user amin 109.160.32.155 port 52800 [preauth]
2026-09-13T01:09:38.447695+00:00 ubuntu sshd[1273328]: Failed password for root from 176.53.159.197 port 26198 ssh2
2026-09-13T01:09:38.615003+00:00 ubuntu sshd[1273330]: Connection closed by invalid user agentsolutions-mallorca 167.172.176.118 port 12348 [preauth]
2026-09-13T01:09:38.940337+00:00 ubuntu sshd[1273404]: Invalid user superadmin from 109.160.32.155 port 52892
2026-09-13T01:09:38.974128+00:00 ubuntu sshd[1273404]: pam_unix(sshd:auth): check pass; user unknown
2026-09-13T01:09:38.974232+00:00 ubuntu sshd[1273404]: pam_unix(sshd:auth): authentication failure; logname= uid=0 euid=0 tty=ssh ruser= rhost=109.160.32.155
2026-09-13T01:09:40.518417+00:00 ubuntu sshd[1273328]: Failed password for root from 176.53.159.197 port 26198 ssh2
2026-09-13T01:09:40.774167+00:00 ubuntu sshd[1273404]: Failed password for invalid user superadmin from 109.160.32.155 port 52892 ssh2
2026-09-13T01:09:41.181534+00:00 ubuntu sshd[1273404]: Connection closed by invalid user superadmin 109.160.32.155 port 52892 [preauth]
2026-09-13T01:09:43.927447+00:00 ubuntu sshd[1273612]: pam_unix(sshd:auth): authentication failure; logname= uid=0 euid=0 tty=ssh ruser= rhost=109.160.32.155 user=root
2026-09-13T01:09:44.122331+00:00 ubuntu sshd[1273328]: Failed password for root from 176.53.159.197 port 26198 ssh2
2026-09-13T01:09:45.080018+00:00 ubuntu sshd[1273612]: Failed password for root from 109.160.32.155 port 52542 ssh2
2026-09-13T01:09:45.516365+00:00 ubuntu sshd[1273612]: Connection closed by authenticating user root 109.160.32.155 port 52542 [preauth]
2026-09-13T01:09:47.206830+00:00 ubuntu sshd[1273328]: Failed password for root from 176.53.159.197 port 26198 ssh2
2026-09-13T01:09:48.223338+00:00 ubuntu sshd[1273328]: Connection reset by authenticating user root 176.53.159.197 port 26198 [preauth]
2026-09-13T01:09:48.223454+00:00 ubuntu sshd[1273328]: PAM 4 more authentication failures; logname= uid=0 euid=0 tty=ssh ruser= rhost=176.53.159.197 user=root
2026-09-13T01:09:48.223510+00:00 ubuntu sshd[1273328]: PAM service(sshd) ignoring max retries; 5 > 3
2026-09-13T01:09:48.384032+00:00 ubuntu sshd[1273695]: pam_unix(sshd:auth): authentication failure; logname= uid=0 euid=0 tty=ssh ruser= rhost=176.53.159.197 user=root
2026-09-13T01:09:48.954410+00:00 ubuntu sshd[1273784]: Invalid user user1 from 109.160.32.155 port 52578
2026-09-13T01:09:48.990219+00:00 ubuntu sshd[1273784]: pam_unix(sshd:auth): check pass; user unknown
2026-09-13T01:09:48.990365+00:00 ubuntu sshd[1273784]: pam_unix(sshd:auth): authentication failure; logname= uid=0 euid=0 tty=ssh ruser= rhost=109.160.32.155
2026-09-13T01:09:50.890994+00:00 ubuntu sshd[1273695]: Failed password for root from 176.53.159.197 port 40278 ssh2
2026-09-13T01:09:51.495319+00:00 ubuntu sshd[1273784]: Failed password for invalid user user1 from 109.160.32.155 port 52578 ssh2
2026-09-13T01:09:53.154491+00:00 ubuntu sshd[1273695]: Failed password for root from 176.53.159.197 port 40278 ssh2
2026-09-13T01:09:53.714466+00:00 ubuntu sshd[1273784]: Connection closed by invalid user user1 109.160.32.155 port 52578 [preauth]
2026-09-13T01:09:53.809008+00:00 ubuntu sshd[1273882]: Invalid user webadmin from 109.160.32.155 port 44852
2026-09-13T01:09:53.826396+00:00 ubuntu sshd[1273882]: pam_unix(sshd:auth): check pass; user unknown
2026-09-13T01:09:53.826503+00:00 ubuntu sshd[1273882]: pam_unix(sshd:auth): authentication failure; logname= uid=0 euid=0 tty=ssh ruser= rhost=109.160.32.155
2026-09-13T01:09:56.017965+00:00 ubuntu sshd[1273882]: Failed password for invalid user webadmin from 109.160.32.155 port 44852 ssh2
2026-09-13T01:09:56.759236+00:00 ubuntu sshd[1273695]: Failed password for root from 176.53.159.197 port 40278 ssh2
2026-09-13T01:09:57.155675+00:00 ubuntu sshd[1273882]: Connection closed by invalid user webadmin 109.160.32.155 port 44852 [preauth]
2026-09-13T01:09:58.935136+00:00 ubuntu sshd[1274049]: Invalid user fanshu from 109.160.32.155 port 44880
2026-09-13T01:09:58.956811+00:00 ubuntu sshd[1274049]: pam_unix(sshd:auth): check pass; user unknown
2026-09-13T01:09:58.956945+00:00 ubuntu sshd[1274049]: pam_unix(sshd:auth): authentication failure; logname= uid=0 euid=0 tty=ssh ruser= rhost=109.160.32.155
2026-09-13T01:10:00.035927+00:00 ubuntu sshd[1273695]: Failed password for root from 176.53.159.197 port 40278 ssh2
2026-09-13T01:10:00.836827+00:00 ubuntu sshd[1274049]: Failed password for invalid user fanshu from 109.160.32.155 port 44880 ssh2
2026-09-13T01:10:01.204944+00:00 ubuntu sshd[1274062]: pam_unix(sshd:auth): authentication failure; logname= uid=0 euid=0 tty=ssh ruser= rhost=45.8.118.231 user=root
2026-09-13T01:10:02.571360+00:00 ubuntu sshd[1274049]: Connection closed by invalid user fanshu 109.160.32.155 port 44880 [preauth]
2026-09-13T01:10:02.784907+00:00 ubuntu sshd[1273695]: Failed password for root from 176.53.159.197 port 40278 ssh2
2026-09-13T01:10:02.828677+00:00 ubuntu sshd[1274062]: Failed password for root from 45.8.118.231 port 60716 ssh2
2026-09-13T01:10:04.272273+00:00 ubuntu sshd[1273695]: Connection reset by authenticating user root 176.53.159.197 port 40278 [preauth]
2026-09-13T01:10:04.272692+00:00 ubuntu sshd[1273695]: PAM 4 more authentication failures; logname= uid=0 euid=0 tty=ssh ruser= rhost=176.53.159.197 user=root
2026-09-13T01:10:04.272792+00:00 ubuntu sshd[1273695]: PAM service(sshd) ignoring max retries; 5 > 3
2026-09-13T01:10:04.309584+00:00 ubuntu sshd[1274188]: pam_unix(sshd:auth): authentication failure; logname= uid=0 euid=0 tty=ssh ruser= rhost=109.160.32.155 user=root
2026-09-13T01:10:04.373011+00:00 ubuntu sshd[1274062]: Connection closed by authenticating user root 45.8.118.231 port 60716 [preauth]
2026-09-13T01:10:04.425954+00:00 ubuntu sshd[1274190]: pam_unix(sshd:auth): authentication failure; logname= uid=0 euid=0 tty=ssh ruser= rhost=176.53.159.197 user=root
2026-09-13T01:10:06.345120+00:00 ubuntu sshd[1274188]: Failed password for root from 109.160.32.155 port 32838 ssh2
2026-09-13T01:10:06.459958+00:00 ubuntu sshd[1274190]: Failed password for root from 176.53.159.197 port 4558 ssh2
2026-09-13T01:10:07.321448+00:00 ubuntu sshd[1274198]: Invalid user 1234 from 187.28.1.110 port 46006
