2026-09-13T05:26:20.172169+00:00 ubuntu sshd[1690388]: PAM service(sshd) ignoring max retries; 5 > 3
2026-09-13T05:26:20.616662+00:00 ubuntu sshd[1690902]: Invalid user ubuntu from 160.22.126.54 port 56434
2026-09-13T05:26:20.803459+00:00 ubuntu sshd[1690902]: pam_unix(sshd:auth): check pass; user unknown
2026-09-13T05:26:20.803518+00:00 ubuntu sshd[1690902]: pam_unix(sshd:auth): authentication failure; logname= uid=0 euid=0 tty=ssh ruser= rhost=160.22.126.54
2026-09-13T05:26:21.147678+00:00 ubuntu sshd[1690802]: Connection closed by authenticating user root 160.22.126.54 port 35838 [preauth]
2026-09-13T05:26:22.696845+00:00 ubuntu sshd[1690902]: Failed password for invalid user ubuntu from 160.22.126.54 port 56434 ssh2
2026-09-13T05:26:23.084591+00:00 ubuntu sshd[1690902]: Connection closed by invalid user ubuntu 160.22.126.54 port 56434 [preauth]
2026-09-13T05:26:23.555703+00:00 ubuntu sshd[1690943]: Invalid user agentsolutionsmallorca from 160.22.126.54 port 56448
2026-09-13T05:26:23.731226+00:00 ubuntu sshd[1690943]: pam_unix(sshd:auth): check pass; user unknown
2026-09-13T05:26:23.731335+00:00 ubuntu sshd[1690943]: pam_unix(sshd:auth): authentication failure; logname= uid=0 euid=0 tty=ssh ruser= rhost=160.22.126.54
2026-09-13T05:26:26.036110+00:00 ubuntu sshd[1690943]: Failed password for invalid user agentsolutionsmallorca from 160.22.126.54 port 56448 ssh2
2026-09-13T05:26:28.337060+00:00 ubuntu sshd[1690943]: Connection closed by invalid user agentsolutionsmallorca 160.22.126.54 port 56448 [preauth]
2026-09-13T05:27:00.636100+00:00 ubuntu sshd[1691833]: pam_unix(sshd:auth): authentication failure; logname= uid=0 euid=0 tty=ssh ruser= rhost=220.133.95.63 user=root
2026-09-13T05:27:03.020876+00:00 ubuntu sshd[1691833]: Failed password for root from 220.133.95.63 port 13336 ssh2
2026-09-13T05:27:03.237628+00:00 ubuntu sshd[1691855]: Invalid user ubuntu from 220.133.95.63 port 22098
2026-09-13T05:27:03.488510+00:00 ubuntu sshd[1691855]: pam_unix(sshd:auth): check pass; user unknown
2026-09-13T05:27:03.488661+00:00 ubuntu sshd[1691855]: pam_unix(sshd:auth): authentication failure; logname= uid=0 euid=0 tty=ssh ruser= rhost=220.133.95.63
2026-09-13T05:27:04.000677+00:00 ubuntu sshd[1691833]: Connection closed by authenticating user root 220.133.95.63 port 13336 [preauth]
2026-09-13T05:27:05.617847+00:00 ubuntu sshd[1691855]: Failed password for invalid user ubuntu from 220.133.95.63 port 22098 ssh2
2026-09-13T05:27:06.246144+00:00 ubuntu sshd[1691926]: Invalid user agentsolutionsmallorca from 220.133.95.63 port 33080
2026-09-13T05:27:06.482703+00:00 ubuntu sshd[1691835]: pam_unix(sshd:auth): authentication failure; logname= uid=0 euid=0 tty=ssh ruser= rhost=195.178.110.227 user=root
2026-09-13T05:27:06.498665+00:00 ubuntu sshd[1691926]: pam_unix(sshd:auth): check pass; user unknown
2026-09-13T05:27:06.498830+00:00 ubuntu sshd[1691926]: pam_unix(sshd:auth): authentication failure; logname= uid=0 euid=0 tty=ssh ruser= rhost=220.133.95.63
2026-09-13T05:27:07.932888+00:00 ubuntu sshd[1691855]: Connection closed by invalid user ubuntu 220.133.95.63 port 22098 [preauth]
2026-09-13T05:27:09.021095+00:00 ubuntu sshd[1691835]: Failed password for root from 195.178.110.227 port 38852 ssh2
2026-09-13T05:27:09.038084+00:00 ubuntu sshd[1691926]: Failed password for invalid user agentsolutionsmallorca from 220.133.95.63 port 33080 ssh2
2026-09-13T05:27:10.579157+00:00 ubuntu sshd[1691835]: Connection closed by authenticating user root 195.178.110.227 port 38852 [preauth]
2026-09-13T05:27:11.181090+00:00 ubuntu sshd[1691926]: Connection closed by invalid user agentsolutionsmallorca 220.133.95.63 port 33080 [preauth]
2026-09-13T05:28:54.441313+00:00 ubuntu sshd[1694493]: pam_unix(sshd:auth): authentication failure; logname= uid=0 euid=0 tty=ssh ruser= rhost=195.178.110.227 user=root
2026-09-13T05:28:55.202415+00:00 ubuntu sshd[1694774]: Invalid user solana from 159.118.143.117 port 55954
2026-09-13T05:28:56.143440+00:00 ubuntu sshd[1694493]: Failed password for root from 195.178.110.227 port 41452 ssh2
2026-09-13T05:28:58.211898+00:00 ubuntu sshd[1694493]: Connection closed by authenticating user root 195.178.110.227 port 41452 [preauth]
2026-09-13T05:28:58.659231+00:00 ubuntu sshd[1694774]: pam_unix(sshd:auth): check pass; user unknown
2026-09-13T05:28:58.659493+00:00 ubuntu sshd[1694774]: pam_unix(sshd:auth): authentication failure; logname= uid=0 euid=0 tty=ssh ruser= rhost=159.118.143.117
2026-09-13T05:29:01.244445+00:00 ubuntu sshd[1694774]: Failed password for invalid user solana from 159.118.143.117 port 55954 ssh2
2026-09-13T05:29:02.402605+00:00 ubuntu sshd[1694774]: Connection closed by invalid user solana 159.118.143.117 port 55954 [preauth]
2026-09-13T05:30:28.498251+00:00 ubuntu sshd[1697167]: pam_unix(sshd:auth): authentication failure; logname= uid=0 euid=0 tty=ssh ruser= rhost=195.178.110.227 user=root
2026-09-13T05:30:30.104201+00:00 ubuntu sshd[1697167]: Failed password for root from 195.178.110.227 port 44060 ssh2
2026-09-13T05:30:33.742380+00:00 ubuntu sshd[1697167]: Connection closed by authenticating user root 195.178.110.227 port 44060 [preauth]
2026-09-13T05:30:54.013838+00:00 ubuntu sshd[1697944]: Invalid user operator from 210.127.208.145 port 34126
2026-09-13T05:30:54.254638+00:00 ubuntu sshd[1697944]: pam_unix(sshd:auth): check pass; user unknown
2026-09-13T05:30:54.254881+00:00 ubuntu sshd[1697944]: pam_unix(sshd:auth): authentication failure; logname= uid=0 euid=0 tty=ssh ruser= rhost=210.127.208.145
2026-09-13T05:30:55.766231+00:00 ubuntu sshd[1697944]: Failed password for invalid user operator from 210.127.208.145 port 34126 ssh2
2026-09-13T05:30:56.751373+00:00 ubuntu sshd[1697944]: Connection closed by invalid user operator 210.127.208.145 port 34126 [preauth]
2026-09-13T05:30:56.830709+00:00 ubuntu sshd[1698112]: pam_unix(sshd:auth): authentication failure; logname= uid=0 euid=0 tty=ssh ruser= rhost=45.148.10.141 user=root
2026-09-13T05:30:58.947222+00:00 ubuntu sshd[1698112]: Failed password for root from 45.148.10.141 port 32512 ssh2
2026-09-13T05:31:01.902943+00:00 ubuntu sshd[1698112]: Failed password for root from 45.148.10.141 port 32512 ssh2
2026-09-13T05:31:05.668273+00:00 ubuntu sshd[1698112]: Failed password for root from 45.148.10.141 port 32512 ssh2
2026-09-13T05:31:07.946159+00:00 ubuntu sshd[1698112]: Failed password for root from 45.148.10.141 port 32512 ssh2
2026-09-13T05:31:09.692676+00:00 ubuntu sshd[1698112]: Failed password for root from 45.148.10.141 port 32512 ssh2
2026-09-13T05:31:11.186244+00:00 ubuntu sshd[1698112]: Connection reset by authenticating user root 45.148.10.141 port 32512 [preauth]
2026-09-13T05:31:11.186410+00:00 ubuntu sshd[1698112]: PAM 4 more authentication failures; logname= uid=0 euid=0 tty=ssh ruser= rhost=45.148.10.141 user=root
2026-09-13T05:31:11.186479+00:00 ubuntu sshd[1698112]: PAM service(sshd) ignoring max retries; 5 > 3
2026-09-13T05:32:14.822817+00:00 ubuntu sshd[1699968]: pam_unix(sshd:auth): authentication failure; logname= uid=0 euid=0 tty=ssh ruser= rhost=195.178.110.227 user=root
2026-09-13T05:32:16.981523+00:00 ubuntu sshd[1699968]: Failed password for root from 195.178.110.227 port 46706 ssh2
2026-09-13T05:32:18.882169+00:00 ubuntu sshd[1699968]: Connection closed by authenticating user root 195.178.110.227 port 46706 [preauth]
2026-09-13T05:33:09.908882+00:00 ubuntu sshd[1701539]: Invalid user agentsolutions-mallorca from 117.240.174.108 port 53714
2026-09-13T05:33:10.088470+00:00 ubuntu sshd[1701539]: pam_unix(sshd:auth): check pass; user unknown
2026-09-13T05:33:10.088593+00:00 ubuntu sshd[1701539]: pam_unix(sshd:auth): authentication failure; logname= uid=0 euid=0 tty=ssh ruser= rhost=117.240.174.108
2026-09-13T05:33:12.603602+00:00 ubuntu sshd[1701539]: Failed password for invalid user agentsolutions-mallorca from 117.240.174.108 port 53714 ssh2
2026-09-13T05:33:14.747239+00:00 ubuntu sshd[1701539]: Connection closed by invalid user agentsolutions-mallorca 117.240.174.108 port 53714 [preauth]
2026-09-13T05:33:50.080496+00:00 ubuntu sshd[1702440]: pam_unix(sshd:auth): authentication failure; logname= uid=0 euid=0 tty=ssh ruser= rhost=195.178.110.227 user=root
2026-09-13T05:33:51.947283+00:00 ubuntu sshd[1702440]: Failed password for root from 195.178.110.227 port 49238 ssh2
2026-09-13T05:33:54.016070+00:00 ubuntu sshd[1702440]: Connection closed by authenticating user root 195.178.110.227 port 49238 [preauth]
2026-09-13T05:34:32.520941+00:00 ubuntu sshd[1703587]: Invalid user agentsolutions-mallorca from 182.71.132.139 port 35754
2026-09-13T05:34:32.716172+00:00 ubuntu sshd[1703587]: pam_unix(sshd:auth): check pass; user unknown
2026-09-13T05:34:32.716301+00:00 ubuntu sshd[1703587]: pam_unix(sshd:auth): authentication failure; logname= uid=0 euid=0 tty=ssh ruser= rhost=182.71.132.139
2026-09-13T05:34:34.488793+00:00 ubuntu sshd[1703587]: Failed password for invalid user agentsolutions-mallorca from 182.71.132.139 port 35754 ssh2
2026-09-13T05:34:35.151853+00:00 ubuntu sshd[1703587]: Connection closed by invalid user agentsolutions-mallorca 182.71.132.139 port 35754 [preauth]
2026-09-13T05:35:01.082453+00:00 ubuntu CRON[1704321]: pam_unix(cron:session): session opened for user root(uid=0) by root(uid=0)
2026-09-13T05:35:01.085278+00:00 ubuntu CRON[1704321]: pam_unix(cron:session): session closed for user root
2026-09-13T05:35:32.201942+00:00 ubuntu sshd[1705068]: pam_unix(sshd:auth): authentication failure; logname= uid=0 euid=0 tty=ssh ruser= rhost=195.178.110.227 user=root
2026-09-13T05:35:33.542651+00:00 ubuntu sshd[1705068]: Failed password for root from 195.178.110.227 port 51882 ssh2
2026-09-13T05:35:35.080583+00:00 ubuntu sshd[1705068]: Connection closed by authenticating user root 195.178.110.227 port 51882 [preauth]
2026-09-13T05:35:48.755670+00:00 ubuntu sshd[1705688]: pam_unix(sshd:auth): authentication failure; logname= uid=0 euid=0 tty=ssh ruser= rhost=45.148.10.151 user=root
2026-09-13T05:35:50.959830+00:00 ubuntu sshd[1705688]: Failed password for root from 45.148.10.151 port 27338 ssh2
2026-09-13T05:35:53.582204+00:00 ubuntu sshd[1705688]: Failed password for root from 45.148.10.151 port 27338 ssh2
2026-09-13T05:35:57.002191+00:00 ubuntu sshd[1705688]: Failed password for root from 45.148.10.151 port 27338 ssh2
2026-09-13T05:36:00.621992+00:00 ubuntu sshd[1705688]: Failed password for root from 45.148.10.151 port 27338 ssh2
2026-09-13T05:36:03.247222+00:00 ubuntu sshd[1705688]: Failed password for root from 45.148.10.151 port 27338 ssh2
2026-09-13T05:36:04.708321+00:00 ubuntu sshd[1705688]: Connection reset by authenticating user root 45.148.10.151 port 27338 [preauth]
2026-09-13T05:36:04.708484+00:00 ubuntu sshd[1705688]: PAM 4 more authentication failures; logname= uid=0 euid=0 tty=ssh ruser= rhost=45.148.10.151 user=root
2026-09-13T05:36:04.708555+00:00 ubuntu sshd[1705688]: PAM service(sshd) ignoring max retries; 5 > 3
2026-09-13T05:36:39.507385+00:00 ubuntu sshd[1707008]: Invalid user cryptoking from 145.249.125.36 port 46048
2026-09-13T05:36:39.582733+00:00 ubuntu sshd[1707008]: pam_unix(sshd:auth): check pass; user unknown
2026-09-13T05:36:39.582976+00:00 ubuntu sshd[1707008]: pam_unix(sshd:auth): authentication failure; logname= uid=0 euid=0 tty=ssh ruser= rhost=145.249.125.36
2026-09-13T05:36:41.455629+00:00 ubuntu sshd[1707008]: Failed password for invalid user cryptoking from 145.249.125.36 port 46048 ssh2
2026-09-13T05:36:41.617834+00:00 ubuntu sshd[1707008]: Connection closed by invalid user cryptoking 145.249.125.36 port 46048 [preauth]
2026-09-13T05:36:48.210732+00:00 ubuntu sshd[1707256]: pam_unix(sshd:auth): authentication failure; logname= uid=0 euid=0 tty=ssh ruser= rhost=190.202.5.52 user=root
2026-09-13T05:36:49.651968+00:00 ubuntu sshd[1707256]: Failed password for root from 190.202.5.52 port 40904 ssh2
2026-09-13T05:36:49.896772+00:00 ubuntu sshd[1707256]: Connection closed by authenticating user root 190.202.5.52 port 40904 [preauth]
2026-09-13T05:37:10.857643+00:00 ubuntu sshd[1707790]: pam_unix(sshd:auth): authentication failure; logname= uid=0 euid=0 tty=ssh ruser= rhost=14.225.239.154 user=root
2026-09-13T05:37:12.986265+00:00 ubuntu sshd[1707790]: Failed password for root from 14.225.239.154 port 59912 ssh2
2026-09-13T05:37:13.540670+00:00 ubuntu sshd[1707842]: Invalid user ubuntu from 14.225.239.154 port 59918
2026-09-13T05:37:13.760221+00:00 ubuntu sshd[1707842]: pam_unix(sshd:auth): check pass; user unknown
2026-09-13T05:37:13.760376+00:00 ubuntu sshd[1707842]: pam_unix(sshd:auth): authentication failure; logname= uid=0 euid=0 tty=ssh ruser= rhost=14.225.239.154
2026-09-13T05:37:14.183364+00:00 ubuntu sshd[1707790]: Connection closed by authenticating user root 14.225.239.154 port 59912 [preauth]
2026-09-13T05:37:15.633193+00:00 ubuntu sshd[1707842]: Failed password for invalid user ubuntu from 14.225.239.154 port 59918 ssh2
2026-09-13T05:37:16.075438+00:00 ubuntu sshd[1707842]: Connection closed by invalid user ubuntu 14.225.239.154 port 59918 [preauth]
2026-09-13T05:37:16.555041+00:00 ubuntu sshd[1708065]: Invalid user agentsolutionsmallorca from 14.225.239.154 port 55882
2026-09-13T05:37:16.777810+00:00 ubuntu sshd[1708065]: pam_unix(sshd:auth): check pass; user unknown
2026-09-13T05:37:16.777915+00:00 ubuntu sshd[1708065]: pam_unix(sshd:auth): authentication failure; logname= uid=0 euid=0 tty=ssh ruser= rhost=14.225.239.154
2026-09-13T05:37:17.814016+00:00 ubuntu sshd[1707839]: pam_unix(sshd:auth): authentication failure; logname= uid=0 euid=0 tty=ssh ruser= rhost=195.178.110.227 user=root
2026-09-13T05:37:18.394227+00:00 ubuntu sshd[1708065]: Failed password for invalid user agentsolutionsmallorca from 14.225.239.154 port 55882 ssh2
2026-09-13T05:37:19.215197+00:00 ubuntu sshd[1708065]: Connection closed by invalid user agentsolutionsmallorca 14.225.239.154 port 55882 [preauth]
2026-09-13T05:37:20.238503+00:00 ubuntu sshd[1707839]: Failed password for root from 195.178.110.227 port 54434 ssh2
2026-09-13T05:37:22.807080+00:00 ubuntu sshd[1707839]: Connection closed by authenticating user root 195.178.110.227 port 54434 [preauth]
2026-09-13T05:37:48.434449+00:00 ubuntu sshd[1708846]: pam_unix(sshd:auth): authentication failure; logname= uid=0 euid=0 tty=ssh ruser= rhost=116.66.198.210 user=root
2026-09-13T05:37:50.111559+00:00 ubuntu sshd[1708846]: Failed password for root from 116.66.198.210 port 39626 ssh2
2026-09-13T05:37:51.724830+00:00 ubuntu sshd[1708846]: Connection closed by authenticating user root 116.66.198.210 port 39626 [preauth]
2026-09-13T05:38:16.041584+00:00 ubuntu sshd[1709605]: pam_unix(sshd:auth): authentication failure; logname= uid=0 euid=0 tty=ssh ruser= rhost=220.158.184.112 user=root
2026-09-13T05:38:18.094200+00:00 ubuntu sshd[1709605]: Failed password for root from 220.158.184.112 port 53100 ssh2
2026-09-13T05:38:19.356034+00:00 ubuntu sshd[1709605]: Connection closed by authenticating user root 220.158.184.112 port 53100 [preauth]
2026-09-13T05:39:12.331505+00:00 ubuntu sshd[1710824]: pam_unix(sshd:auth): authentication failure; logname= uid=0 euid=0 tty=ssh ruser= rhost=195.178.110.227 user=root
2026-09-13T05:39:14.209106+00:00 ubuntu sshd[1710824]: Failed password for root from 195.178.110.227 port 57068 ssh2
2026-09-13T05:39:16.206744+00:00 ubuntu sshd[1710824]: Connection closed by authenticating user root 195.178.110.227 port 57068 [preauth]
2026-09-13T05:39:18.704908+00:00 ubuntu sshd[1711166]: Invalid user centos from 138.99.65.84 port 61441
2026-09-13T05:39:18.894836+00:00 ubuntu sshd[1711166]: pam_unix(sshd:auth): check pass; user unknown
2026-09-13T05:39:18.894960+00:00 ubuntu sshd[1711166]: pam_unix(sshd:auth): authentication failure; logname= uid=0 euid=0 tty=ssh ruser= rhost=138.99.65.84
2026-09-13T05:39:20.261074+00:00 ubuntu sshd[1711166]: Failed password for invalid user centos from 138.99.65.84 port 61441 ssh2
2026-09-13T05:39:20.902879+00:00 ubuntu sshd[1711166]: Connection closed by invalid user centos 138.99.65.84 port 61441 [preauth]
2026-09-13T05:39:44.490681+00:00 ubuntu sshd[1711807]: Invalid user cryptomoon from 200.155.76.14 port 45948
2026-09-13T05:39:44.688031+00:00 ubuntu sshd[1711807]: pam_unix(sshd:auth): check pass; user unknown
2026-09-13T05:39:44.688156+00:00 ubuntu sshd[1711807]: pam_unix(sshd:auth): authentication failure; logname= uid=0 euid=0 tty=ssh ruser= rhost=200.155.76.14
2026-09-13T05:39:46.957452+00:00 ubuntu sshd[1711807]: Failed password for invalid user cryptomoon from 200.155.76.14 port 45948 ssh2
2026-09-13T05:39:47.648834+00:00 ubuntu sshd[1711807]: Connection closed by invalid user cryptomoon 200.155.76.14 port 45948 [preauth]
2026-09-13T05:40:38.574592+00:00 ubuntu sshd[1713212]: pam_unix(sshd:auth): authentication failure; logname= uid=0 euid=0 tty=ssh ruser= rhost=45.148.10.157 user=root
2026-09-13T05:40:40.924127+00:00 ubuntu sshd[1713212]: Failed password for root from 45.148.10.157 port 58600 ssh2
2026-09-13T05:40:44.212282+00:00 ubuntu sshd[1713212]: Failed password for root from 45.148.10.157 port 58600 ssh2
2026-09-13T05:40:47.166153+00:00 ubuntu sshd[1713212]: Failed password for root from 45.148.10.157 port 58600 ssh2
2026-09-13T05:40:49.921868+00:00 ubuntu sshd[1713212]: Failed password for root from 45.148.10.157 port 58600 ssh2
2026-09-13T05:40:51.413227+00:00 ubuntu sshd[1713409]: pam_unix(sshd:auth): authentication failure; logname= uid=0 euid=0 tty=ssh ruser= rhost=195.178.110.227 user=root
2026-09-13T05:40:53.541707+00:00 ubuntu sshd[1713212]: Failed password for root from 45.148.10.157 port 58600 ssh2
2026-09-13T05:40:53.546697+00:00 ubuntu sshd[1713409]: Failed password for root from 195.178.110.227 port 59610 ssh2
2026-09-13T05:40:54.529421+00:00 ubuntu sshd[1713212]: Connection reset by authenticating user root 45.148.10.157 port 58600 [preauth]
2026-09-13T05:40:54.529784+00:00 ubuntu sshd[1713212]: PAM 4 more authentication failures; logname= uid=0 euid=0 tty=ssh ruser= rhost=45.148.10.157 user=root
2026-09-13T05:40:54.529876+00:00 ubuntu sshd[1713212]: PAM service(sshd) ignoring max retries; 5 > 3
2026-09-13T05:40:55.287684+00:00 ubuntu sshd[1713409]: Connection closed by authenticating user root 195.178.110.227 port 59610 [preauth]
2026-09-13T05:41:29.552221+00:00 ubuntu sshd[1714551]: Invalid user crypto from 103.52.140.67 port 42488
2026-09-13T05:41:29.760834+00:00 ubuntu sshd[1714551]: pam_unix(sshd:auth): check pass; user unknown
2026-09-13T05:41:29.760989+00:00 ubuntu sshd[1714551]: pam_unix(sshd:auth): authentication failure; logname= uid=0 euid=0 tty=ssh ruser= rhost=103.52.140.67
2026-09-13T05:41:32.110691+00:00 ubuntu sshd[1714551]: Failed password for invalid user crypto from 103.52.140.67 port 42488 ssh2
2026-09-13T05:41:32.900810+00:00 ubuntu sshd[1714551]: Connection closed by invalid user crypto 103.52.140.67 port 42488 [preauth]
2026-09-13T05:41:35.843107+00:00 ubuntu sshd[1714715]: pam_unix(sshd:auth): authentication failure; logname= uid=0 euid=0 tty=ssh ruser= rhost=176.53.159.198 user=root
2026-09-13T05:41:38.016978+00:00 ubuntu sshd[1714715]: Failed password for root from 176.53.159.198 port 8176 ssh2
2026-09-13T05:41:41.286676+00:00 ubuntu sshd[1714715]: Failed password for root from 176.53.159.198 port 8176 ssh2
2026-09-13T05:41:44.030930+00:00 ubuntu sshd[1714715]: Failed password for root from 176.53.159.198 port 8176 ssh2
2026-09-13T05:41:46.970981+00:00 ubuntu sshd[1714715]: Failed password for root from 176.53.159.198 port 8176 ssh2
2026-09-13T05:41:51.247466+00:00 ubuntu sshd[1714715]: Failed password for root from 176.53.159.198 port 8176 ssh2
2026-09-13T05:41:51.734939+00:00 ubuntu sshd[1714715]: Connection reset by authenticating user root 176.53.159.198 port 8176 [preauth]
2026-09-13T05:41:51.735400+00:00 ubuntu sshd[1714715]: PAM 4 more authentication failures; logname= uid=0 euid=0 tty=ssh ruser= rhost=176.53.159.198 user=root
2026-09-13T05:41:51.735498+00:00 ubuntu sshd[1714715]: PAM service(sshd) ignoring max retries; 5 > 3
2026-09-13T05:41:51.886643+00:00 ubuntu sshd[1715077]: pam_unix(sshd:auth): authentication failure; logname= uid=0 euid=0 tty=ssh ruser= rhost=176.53.159.198 user=root
2026-09-13T05:41:54.256399+00:00 ubuntu sshd[1715077]: Failed password for root from 176.53.159.198 port 63416 ssh2
2026-09-13T05:41:57.531225+00:00 ubuntu sshd[1715077]: Failed password for root from 176.53.159.198 port 63416 ssh2
2026-09-13T05:41:59.647162+00:00 ubuntu sshd[1715228]: Invalid user admin from 161.132.100.45 port 52604
2026-09-13T05:41:59.823908+00:00 ubuntu sshd[1715228]: pam_unix(sshd:auth): check pass; user unknown
2026-09-13T05:41:59.824036+00:00 ubuntu sshd[1715228]: pam_unix(sshd:auth): authentication failure; logname= uid=0 euid=0 tty=ssh ruser= rhost=161.132.100.45
2026-09-13T05:42:00.272314+00:00 ubuntu sshd[1715077]: Failed password for root from 176.53.159.198 port 63416 ssh2
2026-09-13T05:42:02.292110+00:00 ubuntu sshd[1715228]: Failed password for invalid user admin from 161.132.100.45 port 52604 ssh2
2026-09-13T05:42:02.847891+00:00 ubuntu sshd[1715228]: Connection closed by invalid user admin 161.132.100.45 port 52604 [preauth]
2026-09-13T05:42:03.212903+00:00 ubuntu sshd[1715077]: Failed password for root from 176.53.159.198 port 63416 ssh2
2026-09-13T05:42:06.487376+00:00 ubuntu sshd[1715077]: Failed password for root from 176.53.159.198 port 63416 ssh2
2026-09-13T05:42:07.781691+00:00 ubuntu sshd[1715077]: Connection reset by authenticating user root 176.53.159.198 port 63416 [preauth]
2026-09-13T05:42:07.781929+00:00 ubuntu sshd[1715077]: PAM 4 more authentication failures; logname= uid=0 euid=0 tty=ssh ruser= rhost=176.53.159.198 user=root
2026-09-13T05:42:07.781992+00:00 ubuntu sshd[1715077]: PAM service(sshd) ignoring max retries; 5 > 3
2026-09-13T05:42:07.930706+00:00 ubuntu sshd[1715580]: pam_unix(sshd:auth): authentication failure; logname= uid=0 euid=0 tty=ssh ruser= rhost=176.53.159.198 user=root
2026-09-13T05:42:09.497411+00:00 ubuntu sshd[1715580]: Failed password for root from 176.53.159.198 port 57764 ssh2
2026-09-13T05:42:13.574908+00:00 ubuntu sshd[1715580]: Failed password for root from 176.53.159.198 port 57764 ssh2
2026-09-13T05:42:16.513602+00:00 ubuntu sshd[1715580]: Failed password for root from 176.53.159.198 port 57764 ssh2
2026-09-13T05:42:19.786374+00:00 ubuntu sshd[1715580]: Failed password for root from 176.53.159.198 port 57764 ssh2
2026-09-13T05:42:22.060194+00:00 ubuntu sshd[1715580]: Failed password for root from 176.53.159.198 port 57764 ssh2
2026-09-13T05:42:22.229887+00:00 ubuntu sshd[1715580]: Connection reset by authenticating user root 176.53.159.198 port 57764 [preauth]
2026-09-13T05:42:22.230204+00:00 ubuntu sshd[1715580]: PAM 4 more authentication failures; logname= uid=0 euid=0 tty=ssh ruser= rhost=176.53.159.198 user=root
2026-09-13T05:42:22.230267+00:00 ubuntu sshd[1715580]: PAM service(sshd) ignoring max retries; 5 > 3
2026-09-13T05:42:22.381900+00:00 ubuntu sshd[1715946]: pam_unix(sshd:auth): authentication failure; logname= uid=0 euid=0 tty=ssh ruser= rhost=176.53.159.198 user=root
2026-09-13T05:42:22.560998+00:00 ubuntu sshd[1715943]: pam_unix(sshd:auth): authentication failure; logname= uid=0 euid=0 tty=ssh ruser= rhost=191.97.106.92 user=root
2026-09-13T05:42:24.675946+00:00 ubuntu sshd[1715946]: Failed password for root from 176.53.159.198 port 55064 ssh2
2026-09-13T05:42:24.855153+00:00 ubuntu sshd[1715943]: Failed password for root from 191.97.106.92 port 55260 ssh2
2026-09-13T05:42:25.365893+00:00 ubuntu sshd[1716012]: Invalid user ubuntu from 191.97.106.92 port 55266
2026-09-13T05:42:25.523055+00:00 ubuntu sshd[1716012]: pam_unix(sshd:auth): check pass; user unknown
2026-09-13T05:42:25.523183+00:00 ubuntu sshd[1716012]: pam_unix(sshd:auth): authentication failure; logname= uid=0 euid=0 tty=ssh ruser= rhost=191.97.106.92
2026-09-13T05:42:25.820578+00:00 ubuntu sshd[1715943]: Connection closed by authenticating user root 191.97.106.92 port 55260 [preauth]
2026-09-13T05:42:27.561583+00:00 ubuntu sshd[1716012]: Failed password for invalid user ubuntu from 191.97.106.92 port 55266 ssh2
2026-09-13T05:42:27.611630+00:00 ubuntu sshd[1715946]: Failed password for root from 176.53.159.198 port 55064 ssh2
2026-09-13T05:42:27.777837+00:00 ubuntu sshd[1716012]: Connection closed by invalid user ubuntu 191.97.106.92 port 55266 [preauth]
2026-09-13T05:42:28.356651+00:00 ubuntu sshd[1716099]: Invalid user agentsolutionsmallorca from 191.97.106.92 port 55282
2026-09-13T05:42:28.516571+00:00 ubuntu sshd[1716099]: pam_unix(sshd:auth): check pass; user unknown
2026-09-13T05:42:28.516727+00:00 ubuntu sshd[1716099]: pam_unix(sshd:auth): authentication failure; logname= uid=0 euid=0 tty=ssh ruser= rhost=191.97.106.92
2026-09-13T05:42:30.635168+00:00 ubuntu sshd[1716099]: Failed password for invalid user agentsolutionsmallorca from 191.97.106.92 port 55282 ssh2
2026-09-13T05:42:30.887429+00:00 ubuntu sshd[1715946]: Failed password for root from 176.53.159.198 port 55064 ssh2
2026-09-13T05:42:30.896544+00:00 ubuntu sshd[1716099]: Connection closed by invalid user agentsolutionsmallorca 191.97.106.92 port 55282 [preauth]
2026-09-13T05:42:32.280040+00:00 ubuntu sshd[1715950]: pam_unix(sshd:auth): authentication failure; logname= uid=0 euid=0 tty=ssh ruser= rhost=195.178.110.227 user=root
2026-09-13T05:42:33.161187+00:00 ubuntu sshd[1715946]: Failed password for root from 176.53.159.198 port 55064 ssh2
2026-09-13T05:42:33.947016+00:00 ubuntu sshd[1715950]: Failed password for root from 195.178.110.227 port 34006 ssh2
2026-09-13T05:42:35.364826+00:00 ubuntu sshd[1715946]: Failed password for root from 176.53.159.198 port 55064 ssh2
2026-09-13T05:42:36.513311+00:00 ubuntu sshd[1715950]: Connection closed by authenticating user root 195.178.110.227 port 34006 [preauth]
2026-09-13T05:42:36.679332+00:00 ubuntu sshd[1715946]: Connection reset by authenticating user root 176.53.159.198 port 55064 [preauth]
2026-09-13T05:42:36.679452+00:00 ubuntu sshd[1715946]: PAM 4 more authentication failures; logname= uid=0 euid=0 tty=ssh ruser= rhost=176.53.159.198 user=root
2026-09-13T05:42:36.679519+00:00 ubuntu sshd[1715946]: PAM service(sshd) ignoring max retries; 5 > 3
2026-09-13T05:42:36.827478+00:00 ubuntu sshd[1716422]: pam_unix(sshd:auth): authentication failure; logname= uid=0 euid=0 tty=ssh ruser= rhost=176.53.159.198 user=root
2026-09-13T05:42:39.708858+00:00 ubuntu sshd[1716422]: Failed password for root from 176.53.159.198 port 26986 ssh2
2026-09-13T05:42:41.653160+00:00 ubuntu sshd[1716422]: Failed password for root from 176.53.159.198 port 26986 ssh2
2026-09-13T05:42:44.395709+00:00 ubuntu sshd[1716422]: Failed password for root from 176.53.159.198 port 26986 ssh2
2026-09-13T05:42:46.462894+00:00 ubuntu sshd[1716422]: Failed password for root from 176.53.159.198 port 26986 ssh2
2026-09-13T05:42:50.737030+00:00 ubuntu sshd[1716422]: Failed password for root from 176.53.159.198 port 26986 ssh2
2026-09-13T05:42:51.127500+00:00 ubuntu sshd[1716422]: Connection reset by authenticating user root 176.53.159.198 port 26986 [preauth]
2026-09-13T05:42:51.127907+00:00 ubuntu sshd[1716422]: PAM 4 more authentication failures; logname= uid=0 euid=0 tty=ssh ruser= rhost=176.53.159.198 user=root
2026-09-13T05:42:51.127990+00:00 ubuntu sshd[1716422]: PAM service(sshd) ignoring max retries; 5 > 3
2026-09-13T05:43:21.845716+00:00 ubuntu sshd[1717476]: Invalid user pump from 59.103.230.194 port 49670
2026-09-13T05:43:22.139453+00:00 ubuntu sshd[1717476]: pam_unix(sshd:auth): check pass; user unknown
2026-09-13T05:43:22.139619+00:00 ubuntu sshd[1717476]: pam_unix(sshd:auth): authentication failure; logname= uid=0 euid=0 tty=ssh ruser= rhost=59.103.230.194
2026-09-13T05:43:24.338411+00:00 ubuntu sshd[1717476]: Failed password for invalid user pump from 59.103.230.194 port 49670 ssh2
2026-09-13T05:43:26.765965+00:00 ubuntu sshd[1717476]: Connection closed by invalid user pump 59.103.230.194 port 49670 [preauth]
2026-09-13T05:43:56.467406+00:00 ubuntu sshd[1718440]: pam_unix(sshd:auth): authentication failure; logname= uid=0 euid=0 tty=ssh ruser= rhost=45.8.118.231 user=root
2026-09-13T05:43:57.979007+00:00 ubuntu sshd[1718438]: pam_unix(sshd:auth): authentication failure; logname= uid=0 euid=0 tty=ssh ruser= rhost=103.69.107.122 user=root
2026-09-13T05:43:57.999050+00:00 ubuntu sshd[1718440]: Failed password for root from 45.8.118.231 port 53496 ssh2
2026-09-13T05:43:59.643346+00:00 ubuntu sshd[1718440]: Connection closed by authenticating user root 45.8.118.231 port 53496 [preauth]
2026-09-13T05:43:59.982062+00:00 ubuntu sshd[1718438]: Failed password for root from 103.69.107.122 port 50477 ssh2
2026-09-13T05:44:01.493260+00:00 ubuntu sshd[1718438]: Connection closed by authenticating user root 103.69.107.122 port 50477 [preauth]
2026-09-13T05:44:03.111551+00:00 ubuntu sshd[1718522]: pam_unix(sshd:auth): authentication failure; logname= uid=0 euid=0 tty=ssh ruser= rhost=195.178.110.227 user=root
2026-09-13T05:44:04.603008+00:00 ubuntu sshd[1718522]: Failed password for root from 195.178.110.227 port 36580 ssh2
2026-09-13T05:44:06.689716+00:00 ubuntu sshd[1718522]: Connection closed by authenticating user root 195.178.110.227 port 36580 [preauth]
2026-09-13T05:44:14.211024+00:00 ubuntu sshd[1718996]: Invalid user agentsolutionsmallorca from 213.209.159.208 port 54648
2026-09-13T05:44:14.225709+00:00 ubuntu sshd[1718996]: pam_unix(sshd:auth): check pass; user unknown
2026-09-13T05:44:14.225824+00:00 ubuntu sshd[1718996]: pam_unix(sshd:auth): authentication failure; logname= uid=0 euid=0 tty=ssh ruser= rhost=213.209.159.208
2026-09-13T05:44:15.893154+00:00 ubuntu sshd[1718996]: Failed password for invalid user agentsolutionsmallorca from 213.209.159.208 port 54648 ssh2
2026-09-13T05:44:16.455064+00:00 ubuntu sshd[1718996]: Connection closed by invalid user agentsolutionsmallorca 213.209.159.208 port 54648 [preauth]
2026-09-13T05:45:01.091024+00:00 ubuntu CRON[1720122]: pam_unix(cron:session): session opened for user root(uid=0) by root(uid=0)
2026-09-13T05:45:01.094815+00:00 ubuntu CRON[1720122]: pam_unix(cron:session): session closed for user root
2026-09-13T05:45:30.899439+00:00 ubuntu sshd[1720909]: pam_unix(sshd:auth): authentication failure; logname= uid=0 euid=0 tty=ssh ruser= rhost=193.47.62.69 user=root
2026-09-13T05:45:33.334238+00:00 ubuntu sshd[1720909]: Failed password for root from 193.47.62.69 port 1042 ssh2
2026-09-13T05:45:36.428166+00:00 ubuntu sshd[1720909]: Failed password for root from 193.47.62.69 port 1042 ssh2
2026-09-13T05:45:39.375694+00:00 ubuntu sshd[1720909]: Failed password for root from 193.47.62.69 port 1042 ssh2
2026-09-13T05:45:41.868884+00:00 ubuntu sshd[1721030]: pam_unix(sshd:auth): authentication failure; logname= uid=0 euid=0 tty=ssh ruser= rhost=195.178.110.227 user=root
2026-09-13T05:45:42.330555+00:00 ubuntu sshd[1720909]: Failed password for root from 193.47.62.69 port 1042 ssh2
2026-09-13T05:45:44.147897+00:00 ubuntu sshd[1721030]: Failed password for root from 195.178.110.227 port 39188 ssh2
2026-09-13T05:45:45.282893+00:00 ubuntu sshd[1720909]: Failed password for root from 193.47.62.69 port 1042 ssh2
2026-09-13T05:45:45.766881+00:00 ubuntu sshd[1721030]: Connection closed by authenticating user root 195.178.110.227 port 39188 [preauth]
2026-09-13T05:45:46.851046+00:00 ubuntu sshd[1720909]: Connection reset by authenticating user root 193.47.62.69 port 1042 [preauth]
2026-09-13T05:45:46.851284+00:00 ubuntu sshd[1720909]: PAM 4 more authentication failures; logname= uid=0 euid=0 tty=ssh ruser= rhost=193.47.62.69 user=root
2026-09-13T05:45:46.851343+00:00 ubuntu sshd[1720909]: PAM service(sshd) ignoring max retries; 5 > 3
2026-09-13T05:45:53.074235+00:00 ubuntu sshd[1721449]: Invalid user admin from 2.57.121.25 port 20426
2026-09-13T05:45:53.103121+00:00 ubuntu sshd[1721449]: pam_unix(sshd:auth): check pass; user unknown
2026-09-13T05:45:53.103249+00:00 ubuntu sshd[1721449]: pam_unix(sshd:auth): authentication failure; logname= uid=0 euid=0 tty=ssh ruser= rhost=2.57.121.25
2026-09-13T05:45:55.362167+00:00 ubuntu sshd[1721449]: Failed password for invalid user admin from 2.57.121.25 port 20426 ssh2
2026-09-13T05:45:55.979624+00:00 ubuntu sshd[1721449]: pam_unix(sshd:auth): check pass; user unknown
2026-09-13T05:45:58.183419+00:00 ubuntu sshd[1721449]: Failed password for invalid user admin from 2.57.121.25 port 20426 ssh2
2026-09-13T05:45:58.856154+00:00 ubuntu sshd[1721449]: pam_unix(sshd:auth): check pass; user unknown
2026-09-13T05:46:00.318442+00:00 ubuntu sshd[1721646]: Invalid user agentsolutions-mallorca from 51.222.156.111 port 40818
2026-09-13T05:46:00.416628+00:00 ubuntu sshd[1721646]: pam_unix(sshd:auth): check pass; user unknown
2026-09-13T05:46:00.416802+00:00 ubuntu sshd[1721646]: pam_unix(sshd:auth): authentication failure; logname= uid=0 euid=0 tty=ssh ruser= rhost=51.222.156.111
2026-09-13T05:46:00.804289+00:00 ubuntu sshd[1721449]: Failed password for invalid user admin from 2.57.121.25 port 20426 ssh2
2026-09-13T05:46:01.731236+00:00 ubuntu sshd[1721449]: Connection closed by invalid user admin 2.57.121.25 port 20426 [preauth]
2026-09-13T05:46:01.731592+00:00 ubuntu sshd[1721449]: PAM 2 more authentication failures; logname= uid=0 euid=0 tty=ssh ruser= rhost=2.57.121.25
2026-09-13T05:46:02.971910+00:00 ubuntu sshd[1721646]: Failed password for invalid user agentsolutions-mallorca from 51.222.156.111 port 40818 ssh2
2026-09-13T05:46:04.993640+00:00 ubuntu sshd[1721646]: Connection closed by invalid user agentsolutions-mallorca 51.222.156.111 port 40818 [preauth]
2026-09-13T05:47:11.747413+00:00 ubuntu sshd[1723483]: Invalid user agentsolutions-mallorca from 170.155.150.129 port 2677
2026-09-13T05:47:11.986946+00:00 ubuntu sshd[1723483]: pam_unix(sshd:auth): check pass; user unknown
2026-09-13T05:47:11.987103+00:00 ubuntu sshd[1723483]: pam_unix(sshd:auth): authentication failure; logname= uid=0 euid=0 tty=ssh ruser= rhost=170.155.150.129
2026-09-13T05:47:13.954342+00:00 ubuntu sshd[1723483]: Failed password for invalid user agentsolutions-mallorca from 170.155.150.129 port 2677 ssh2
2026-09-13T05:47:14.465115+00:00 ubuntu sshd[1723483]: Connection closed by invalid user agentsolutions-mallorca 170.155.150.129 port 2677 [preauth]
2026-09-13T05:47:16.124994+00:00 ubuntu sshd[1723485]: pam_unix(sshd:auth): authentication failure; logname= uid=0 euid=0 tty=ssh ruser= rhost=195.178.110.227 user=root
2026-09-13T05:47:18.780223+00:00 ubuntu sshd[1723485]: Failed password for root from 195.178.110.227 port 41806 ssh2
2026-09-13T05:47:19.640516+00:00 ubuntu sshd[1723485]: Connection closed by authenticating user root 195.178.110.227 port 41806 [preauth]
2026-09-13T05:48:48.691126+00:00 ubuntu sshd[1725780]: pam_unix(sshd:auth): authentication failure; logname= uid=0 euid=0 tty=ssh ruser= rhost=195.178.110.227 user=root
2026-09-13T05:48:50.975267+00:00 ubuntu sshd[1725780]: Failed password for root from 195.178.110.227 port 44418 ssh2
2026-09-13T05:48:52.071967+00:00 ubuntu sshd[1725780]: Connection closed by authenticating user root 195.178.110.227 port 44418 [preauth]
2026-09-13T05:49:01.383822+00:00 ubuntu sshd[1726299]: Invalid user agentsolutions-mallorca from 185.74.4.143 port 41950
2026-09-13T05:49:01.455131+00:00 ubuntu sshd[1726299]: pam_unix(sshd:auth): check pass; user unknown
2026-09-13T05:49:01.455285+00:00 ubuntu sshd[1726299]: pam_unix(sshd:auth): authentication failure; logname= uid=0 euid=0 tty=ssh ruser= rhost=185.74.4.143
2026-09-13T05:49:03.523926+00:00 ubuntu sshd[1726299]: Failed password for invalid user agentsolutions-mallorca from 185.74.4.143 port 41950 ssh2
2026-09-13T05:49:04.032446+00:00 ubuntu sshd[1726299]: Connection closed by invalid user agentsolutions-mallorca 185.74.4.143 port 41950 [preauth]
2026-09-13T05:50:09.632162+00:00 ubuntu sshd[1728018]: Invalid user usuario1 from 193.24.211.218 port 3606
2026-09-13T05:50:09.633690+00:00 ubuntu sshd[1728018]: pam_unix(sshd:auth): check pass; user unknown
2026-09-13T05:50:09.633820+00:00 ubuntu sshd[1728018]: pam_unix(sshd:auth): authentication failure; logname= uid=0 euid=0 tty=ssh ruser= rhost=193.24.211.218
2026-09-13T05:50:11.371234+00:00 ubuntu sshd[1728018]: Failed password for invalid user usuario1 from 193.24.211.218 port 3606 ssh2
2026-09-13T05:50:11.834912+00:00 ubuntu sshd[1728018]: Received disconnect from 193.24.211.218 port 3606:11: Client disconnecting normally [preauth]
2026-09-13T05:50:11.835120+00:00 ubuntu sshd[1728018]: Disconnected from invalid user usuario1 193.24.211.218 port 3606 [preauth]
2026-09-13T05:50:19.534976+00:00 ubuntu sshd[1728112]: pam_unix(sshd:auth): authentication failure; logname= uid=0 euid=0 tty=ssh ruser= rhost=195.178.110.227 user=root
2026-09-13T05:50:20.976280+00:00 ubuntu sshd[1728112]: Failed password for root from 195.178.110.227 port 47062 ssh2
2026-09-13T05:50:22.777077+00:00 ubuntu sshd[1728112]: Connection closed by authenticating user root 195.178.110.227 port 47062 [preauth]
2026-09-13T05:50:24.390476+00:00 ubuntu sshd[1728409]: pam_unix(sshd:auth): authentication failure; logname= uid=0 euid=0 tty=ssh ruser= rhost=45.148.10.151 user=root
2026-09-13T05:50:26.855230+00:00 ubuntu sshd[1728409]: Failed password for root from 45.148.10.151 port 10538 ssh2
2026-09-13T05:50:29.140021+00:00 ubuntu sshd[1728409]: Failed password for root from 45.148.10.151 port 10538 ssh2
2026-09-13T05:50:32.761818+00:00 ubuntu sshd[1728409]: Failed password for root from 45.148.10.151 port 10538 ssh2
2026-09-13T05:50:36.044116+00:00 ubuntu sshd[1728409]: Failed password for root from 45.148.10.151 port 10538 ssh2
2026-09-13T05:50:38.804346+00:00 ubuntu sshd[1728409]: Failed password for root from 45.148.10.151 port 10538 ssh2
2026-09-13T05:50:40.343457+00:00 ubuntu sshd[1728409]: Connection reset by authenticating user root 45.148.10.151 port 10538 [preauth]
2026-09-13T05:50:40.343725+00:00 ubuntu sshd[1728409]: PAM 4 more authentication failures; logname= uid=0 euid=0 tty=ssh ruser= rhost=45.148.10.151 user=root
2026-09-13T05:50:40.343851+00:00 ubuntu sshd[1728409]: PAM service(sshd) ignoring max retries; 5 > 3
2026-09-13T05:50:54.896964+00:00 ubuntu sshd[1729140]: Invalid user agentsolutionsmallorca from 192.253.248.229 port 48776
2026-09-13T05:50:54.911281+00:00 ubuntu sshd[1729140]: pam_unix(sshd:auth): check pass; user unknown
2026-09-13T05:50:54.911397+00:00 ubuntu sshd[1729140]: pam_unix(sshd:auth): authentication failure; logname= uid=0 euid=0 tty=ssh ruser= rhost=192.253.248.229
2026-09-13T05:50:57.160417+00:00 ubuntu sshd[1729140]: Failed password for invalid user agentsolutionsmallorca from 192.253.248.229 port 48776 ssh2
2026-09-13T05:50:59.356267+00:00 ubuntu sshd[1729140]: Connection closed by invalid user agentsolutionsmallorca 192.253.248.229 port 48776 [preauth]
2026-09-13T05:51:26.412952+00:00 ubuntu sshd[1730037]: Connection closed by 82.152.211.215 port 35140
2026-09-13T05:51:26.529342+00:00 ubuntu sshd[1730041]: Invalid user zhangmingfeng from 82.152.211.215 port 35160
2026-09-13T05:51:26.550949+00:00 ubuntu sshd[1730041]: pam_unix(sshd:auth): check pass; user unknown
2026-09-13T05:51:26.551074+00:00 ubuntu sshd[1730041]: pam_unix(sshd:auth): authentication failure; logname= uid=0 euid=0 tty=ssh ruser= rhost=82.152.211.215
2026-09-13T05:51:27.510282+00:00 ubuntu sshd[1730062]: pam_unix(sshd:auth): authentication failure; logname= uid=0 euid=0 tty=ssh ruser= rhost=176.53.159.197 user=root
2026-09-13T05:51:28.192210+00:00 ubuntu sshd[1730041]: Failed password for invalid user zhangmingfeng from 82.152.211.215 port 35160 ssh2
2026-09-13T05:51:29.503228+00:00 ubuntu sshd[1730041]: Connection closed by invalid user zhangmingfeng 82.152.211.215 port 35160 [preauth]
2026-09-13T05:51:29.623745+00:00 ubuntu sshd[1730062]: Failed password for root from 176.53.159.197 port 1398 ssh2
2026-09-13T05:51:33.231180+00:00 ubuntu sshd[1730062]: Failed password for root from 176.53.159.197 port 1398 ssh2
2026-09-13T05:51:35.498028+00:00 ubuntu sshd[1730062]: Failed password for root from 176.53.159.197 port 1398 ssh2
2026-09-13T05:51:39.249895+00:00 ubuntu sshd[1730062]: Failed password for root from 176.53.159.197 port 1398 ssh2
2026-09-13T05:51:42.188096+00:00 ubuntu sshd[1730062]: Failed password for root from 176.53.159.197 port 1398 ssh2
2026-09-13T05:51:43.406399+00:00 ubuntu sshd[1730062]: Connection reset by authenticating user root 176.53.159.197 port 1398 [preauth]
2026-09-13T05:51:43.406687+00:00 ubuntu sshd[1730062]: PAM 4 more authentication failures; logname= uid=0 euid=0 tty=ssh ruser= rhost=176.53.159.197 user=root
2026-09-13T05:51:43.406829+00:00 ubuntu sshd[1730062]: PAM service(sshd) ignoring max retries; 5 > 3
2026-09-13T05:51:43.558233+00:00 ubuntu sshd[1730447]: pam_unix(sshd:auth): authentication failure; logname= uid=0 euid=0 tty=ssh ruser= rhost=176.53.159.197 user=root
2026-09-13T05:51:45.200368+00:00 ubuntu sshd[1730447]: Failed password for root from 176.53.159.197 port 35820 ssh2
2026-09-13T05:51:48.806254+00:00 ubuntu sshd[1730447]: Failed password for root from 176.53.159.197 port 35820 ssh2
2026-09-13T05:51:51.428545+00:00 ubuntu sshd[1730470]: pam_unix(sshd:auth): authentication failure; logname= uid=0 euid=0 tty=ssh ruser= rhost=195.178.110.227 user=root
2026-09-13T05:51:52.080087+00:00 ubuntu sshd[1730447]: Failed password for root from 176.53.159.197 port 35820 ssh2
2026-09-13T05:51:53.502200+00:00 ubuntu sshd[1730470]: Failed password for root from 195.178.110.227 port 49574 ssh2
2026-09-13T05:51:55.490270+00:00 ubuntu sshd[1730447]: Failed password for root from 176.53.159.197 port 35820 ssh2
2026-09-13T05:51:55.516210+00:00 ubuntu sshd[1730648]: pam_unix(sshd:auth): authentication failure; logname= uid=0 euid=0 tty=ssh ruser= rhost=202.75.97.38 user=backup
2026-09-13T05:51:55.934814+00:00 ubuntu sshd[1730470]: Connection closed by authenticating user root 195.178.110.227 port 49574 [preauth]
2026-09-13T05:51:57.138189+00:00 ubuntu sshd[1730648]: Failed password for backup from 202.75.97.38 port 40942 ssh2
2026-09-13T05:51:58.428284+00:00 ubuntu sshd[1730447]: Failed password for root from 176.53.159.197 port 35820 ssh2
2026-09-13T05:51:58.615140+00:00 ubuntu sshd[1730648]: Connection closed by authenticating user backup 202.75.97.38 port 40942 [preauth]
2026-09-13T05:51:59.452952+00:00 ubuntu sshd[1730447]: Connection reset by authenticating user root 176.53.159.197 port 35820 [preauth]
2026-09-13T05:51:59.453187+00:00 ubuntu sshd[1730447]: PAM 4 more authentication failures; logname= uid=0 euid=0 tty=ssh ruser= rhost=176.53.159.197 user=root
2026-09-13T05:51:59.453289+00:00 ubuntu sshd[1730447]: PAM service(sshd) ignoring max retries; 5 > 3
2026-09-13T05:51:59.607608+00:00 ubuntu sshd[1730828]: pam_unix(sshd:auth): authentication failure; logname= uid=0 euid=0 tty=ssh ruser= rhost=176.53.159.197 user=root
2026-09-13T05:52:01.781123+00:00 ubuntu sshd[1730828]: Failed password for root from 176.53.159.197 port 26738 ssh2
2026-09-13T05:52:04.717346+00:00 ubuntu sshd[1730828]: Failed password for root from 176.53.159.197 port 26738 ssh2
2026-09-13T05:52:07.231156+00:00 ubuntu sshd[1731097]: Invalid user agentsolutionsmallorca from 213.209.159.226 port 59876
2026-09-13T05:52:07.245983+00:00 ubuntu sshd[1731097]: pam_unix(sshd:auth): check pass; user unknown
2026-09-13T05:52:07.246116+00:00 ubuntu sshd[1731097]: pam_unix(sshd:auth): authentication failure; logname= uid=0 euid=0 tty=ssh ruser= rhost=213.209.159.226
2026-09-13T05:52:08.323234+00:00 ubuntu sshd[1730828]: Failed password for root from 176.53.159.197 port 26738 ssh2
2026-09-13T05:52:08.848135+00:00 ubuntu sshd[1731097]: Failed password for invalid user agentsolutionsmallorca from 213.209.159.226 port 59876 ssh2
2026-09-13T05:52:09.475212+00:00 ubuntu sshd[1731097]: Connection closed by invalid user agentsolutionsmallorca 213.209.159.226 port 59876 [preauth]
2026-09-13T05:52:11.065740+00:00 ubuntu sshd[1730828]: Failed password for root from 176.53.159.197 port 26738 ssh2
2026-09-13T05:52:15.009291+00:00 ubuntu sshd[1730828]: Failed password for root from 176.53.159.197 port 26738 ssh2
2026-09-13T05:52:15.499726+00:00 ubuntu sshd[1730828]: Connection reset by authenticating user root 176.53.159.197 port 26738 [preauth]
2026-09-13T05:52:15.500312+00:00 ubuntu sshd[1730828]: PAM 4 more authentication failures; logname= uid=0 euid=0 tty=ssh ruser= rhost=176.53.159.197 user=root
2026-09-13T05:52:15.500405+00:00 ubuntu sshd[1730828]: PAM service(sshd) ignoring max retries; 5 > 3
2026-09-13T05:52:15.656386+00:00 ubuntu sshd[1731204]: pam_unix(sshd:auth): authentication failure; logname= uid=0 euid=0 tty=ssh ruser= rhost=176.53.159.197 user=root
2026-09-13T05:52:17.358400+00:00 ubuntu sshd[1731204]: Failed password for root from 176.53.159.197 port 49900 ssh2
2026-09-13T05:52:20.956390+00:00 ubuntu sshd[1731204]: Failed password for root from 176.53.159.197 port 49900 ssh2
2026-09-13T05:52:24.238513+00:00 ubuntu sshd[1731204]: Failed password for root from 176.53.159.197 port 49900 ssh2
2026-09-13T05:52:26.979353+00:00 ubuntu sshd[1731204]: Failed password for root from 176.53.159.197 port 49900 ssh2
2026-09-13T05:52:30.586350+00:00 ubuntu sshd[1731204]: Failed password for root from 176.53.159.197 port 49900 ssh2
2026-09-13T05:52:31.546547+00:00 ubuntu sshd[1731204]: Connection reset by authenticating user root 176.53.159.197 port 49900 [preauth]
2026-09-13T05:52:31.546960+00:00 ubuntu sshd[1731204]: PAM 4 more authentication failures; logname= uid=0 euid=0 tty=ssh ruser= rhost=176.53.159.197 user=root
2026-09-13T05:52:31.547023+00:00 ubuntu sshd[1731204]: PAM service(sshd) ignoring max retries; 5 > 3
2026-09-13T05:52:31.700923+00:00 ubuntu sshd[1731700]: pam_unix(sshd:auth): authentication failure; logname= uid=0 euid=0 tty=ssh ruser= rhost=176.53.159.197 user=root
2026-09-13T05:52:33.598605+00:00 ubuntu sshd[1731700]: Failed password for root from 176.53.159.197 port 5012 ssh2
2026-09-13T05:52:36.867449+00:00 ubuntu sshd[1731700]: Failed password for root from 176.53.159.197 port 5012 ssh2
2026-09-13T05:52:39.812202+00:00 ubuntu sshd[1731700]: Failed password for root from 176.53.159.197 port 5012 ssh2
2026-09-13T05:52:43.549712+00:00 ubuntu sshd[1731700]: Failed password for root from 176.53.159.197 port 5012 ssh2
2026-09-13T05:52:46.497266+00:00 ubuntu sshd[1731700]: Failed password for root from 176.53.159.197 port 5012 ssh2
2026-09-13T05:52:47.593183+00:00 ubuntu sshd[1731700]: Connection reset by authenticating user root 176.53.159.197 port 5012 [preauth]
2026-09-13T05:52:47.593445+00:00 ubuntu sshd[1731700]: PAM 4 more authentication failures; logname= uid=0 euid=0 tty=ssh ruser= rhost=176.53.159.197 user=root
2026-09-13T05:52:47.593515+00:00 ubuntu sshd[1731700]: PAM service(sshd) ignoring max retries; 5 > 3
2026-09-13T05:53:25.631446+00:00 ubuntu sshd[1732937]: pam_unix(sshd:auth): authentication failure; logname= uid=0 euid=0 tty=ssh ruser= rhost=195.178.110.227 user=root
2026-09-13T05:53:27.609505+00:00 ubuntu sshd[1732937]: Failed password for root from 195.178.110.227 port 52150 ssh2
2026-09-13T05:53:30.301603+00:00 ubuntu sshd[1732937]: Connection closed by authenticating user root 195.178.110.227 port 52150 [preauth]
2026-09-13T05:53:54.790577+00:00 ubuntu sshd[1733733]: pam_unix(sshd:auth): authentication failure; logname= uid=0 euid=0 tty=ssh ruser= rhost=14.53.202.223 user=root
2026-09-13T05:53:57.416035+00:00 ubuntu sshd[1733733]: Failed password for root from 14.53.202.223 port 33360 ssh2
2026-09-13T05:53:58.182733+00:00 ubuntu sshd[1733733]: Connection closed by authenticating user root 14.53.202.223 port 33360 [preauth]
2026-09-13T05:54:28.782010+00:00 ubuntu sshd[1734667]: Invalid user from 64.62.197.78 port 54323
2026-09-13T05:54:30.117066+00:00 ubuntu sshd[1734669]: pam_unix(sshd:auth): authentication failure; logname= uid=0 euid=0 tty=ssh ruser= rhost=45.119.85.159 user=root
2026-09-13T05:54:32.174734+00:00 ubuntu sshd[1734667]: Connection closed by invalid user 64.62.197.78 port 54323 [preauth]
2026-09-13T05:54:32.351117+00:00 ubuntu sshd[1734669]: Failed password for root from 45.119.85.159 port 41530 ssh2
2026-09-13T05:54:33.473113+00:00 ubuntu sshd[1734669]: Connection closed by authenticating user root 45.119.85.159 port 41530 [preauth]
2026-09-13T05:55:01.100984+00:00 ubuntu CRON[1735398]: pam_unix(cron:session): session opened for user root(uid=0) by root(uid=0)
2026-09-13T05:55:01.103949+00:00 ubuntu CRON[1735398]: pam_unix(cron:session): session closed for user root
2026-09-13T05:55:06.555060+00:00 ubuntu sshd[1735388]: pam_unix(sshd:auth): authentication failure; logname= uid=0 euid=0 tty=ssh ruser= rhost=195.178.110.227 user=root
2026-09-13T05:55:09.063343+00:00 ubuntu sshd[1735388]: Failed password for root from 195.178.110.227 port 54722 ssh2
2026-09-13T05:55:09.806383+00:00 ubuntu sshd[1735388]: Connection closed by authenticating user root 195.178.110.227 port 54722 [preauth]
2026-09-13T05:55:18.117268+00:00 ubuntu sshd[1735893]: pam_unix(sshd:auth): authentication failure; logname= uid=0 euid=0 tty=ssh ruser= rhost=45.148.10.151 user=root
2026-09-13T05:55:20.275918+00:00 ubuntu sshd[1735893]: Failed password for root from 45.148.10.151 port 29108 ssh2
2026-09-13T05:55:23.224176+00:00 ubuntu sshd[1735893]: Failed password for root from 45.148.10.151 port 29108 ssh2
2026-09-13T05:55:26.179380+00:00 ubuntu sshd[1735893]: Failed password for root from 45.148.10.151 port 29108 ssh2
2026-09-13T05:55:29.799853+00:00 ubuntu sshd[1735893]: Failed password for root from 45.148.10.151 port 29108 ssh2
2026-09-13T05:55:33.086275+00:00 ubuntu sshd[1735893]: Failed password for root from 45.148.10.151 port 29108 ssh2
2026-09-13T05:55:34.068424+00:00 ubuntu sshd[1735893]: Connection reset by authenticating user root 45.148.10.151 port 29108 [preauth]
2026-09-13T05:55:34.068806+00:00 ubuntu sshd[1735893]: PAM 4 more authentication failures; logname= uid=0 euid=0 tty=ssh ruser= rhost=45.148.10.151 user=root
