2026-09-13T00:42:07.861514+00:00 ubuntu sshd[1226289]: Failed password for invalid user ubuntu from 109.160.32.155 port 35526 ssh2
2026-09-13T00:42:09.885133+00:00 ubuntu sshd[1226289]: Connection closed by invalid user ubuntu 109.160.32.155 port 35526 [preauth]
2026-09-13T00:42:10.758633+00:00 ubuntu sshd[1226387]: Invalid user ubuntu from 109.160.32.155 port 54440
2026-09-13T00:42:10.813942+00:00 ubuntu sshd[1226387]: pam_unix(sshd:auth): check pass; user unknown
2026-09-13T00:42:10.814079+00:00 ubuntu sshd[1226387]: pam_unix(sshd:auth): authentication failure; logname= uid=0 euid=0 tty=ssh ruser= rhost=109.160.32.155
2026-09-13T00:42:13.040285+00:00 ubuntu sshd[1226387]: Failed password for invalid user ubuntu from 109.160.32.155 port 54440 ssh2
2026-09-13T00:42:15.026068+00:00 ubuntu sshd[1226387]: Connection closed by invalid user ubuntu 109.160.32.155 port 54440 [preauth]
2026-09-13T00:42:15.662016+00:00 ubuntu sshd[1226542]: pam_unix(sshd:auth): authentication failure; logname= uid=0 euid=0 tty=ssh ruser= rhost=109.160.32.155 user=root
2026-09-13T00:42:17.908123+00:00 ubuntu sshd[1226542]: Failed password for root from 109.160.32.155 port 54470 ssh2
2026-09-13T00:42:18.879969+00:00 ubuntu sshd[1226542]: Connection closed by authenticating user root 109.160.32.155 port 54470 [preauth]
2026-09-13T00:42:20.651169+00:00 ubuntu sshd[1226646]: Invalid user njupt080 from 109.160.32.155 port 57198
2026-09-13T00:42:20.668289+00:00 ubuntu sshd[1226646]: pam_unix(sshd:auth): check pass; user unknown
2026-09-13T00:42:20.668390+00:00 ubuntu sshd[1226646]: pam_unix(sshd:auth): authentication failure; logname= uid=0 euid=0 tty=ssh ruser= rhost=109.160.32.155
2026-09-13T00:42:22.934859+00:00 ubuntu sshd[1226646]: Failed password for invalid user njupt080 from 109.160.32.155 port 57198 ssh2
2026-09-13T00:42:23.760049+00:00 ubuntu sshd[1226660]: Connection closed by 201.159.8.15 port 37642
2026-09-13T00:42:24.423535+00:00 ubuntu sshd[1226646]: Connection closed by invalid user njupt080 109.160.32.155 port 57198 [preauth]
2026-09-13T00:42:25.881342+00:00 ubuntu sshd[1226813]: pam_unix(sshd:auth): authentication failure; logname= uid=0 euid=0 tty=ssh ruser= rhost=109.160.32.155 user=root
2026-09-13T00:42:27.501424+00:00 ubuntu sshd[1226813]: Failed password for root from 109.160.32.155 port 57260 ssh2
2026-09-13T00:42:29.031780+00:00 ubuntu sshd[1226813]: Connection closed by authenticating user root 109.160.32.155 port 57260 [preauth]
2026-09-13T00:42:30.388021+00:00 ubuntu sshd[1226989]: pam_unix(sshd:auth): authentication failure; logname= uid=0 euid=0 tty=ssh ruser= rhost=109.160.32.155 user=root
2026-09-13T00:42:32.358442+00:00 ubuntu sshd[1226989]: Failed password for root from 109.160.32.155 port 43228 ssh2
2026-09-13T00:42:33.510098+00:00 ubuntu sshd[1226989]: Connection closed by authenticating user root 109.160.32.155 port 43228 [preauth]
2026-09-13T00:42:35.345840+00:00 ubuntu sshd[1227193]: Invalid user test from 109.160.32.155 port 43264
2026-09-13T00:42:35.364357+00:00 ubuntu sshd[1227193]: pam_unix(sshd:auth): check pass; user unknown
2026-09-13T00:42:35.364485+00:00 ubuntu sshd[1227193]: pam_unix(sshd:auth): authentication failure; logname= uid=0 euid=0 tty=ssh ruser= rhost=109.160.32.155
2026-09-13T00:42:37.023601+00:00 ubuntu sshd[1227193]: Failed password for invalid user test from 109.160.32.155 port 43264 ssh2
2026-09-13T00:42:38.429410+00:00 ubuntu sshd[1227193]: Connection closed by invalid user test 109.160.32.155 port 43264 [preauth]
2026-09-13T00:42:40.147172+00:00 ubuntu sshd[1227293]: Invalid user aaa from 109.160.32.155 port 43406
2026-09-13T00:42:40.164240+00:00 ubuntu sshd[1227293]: pam_unix(sshd:auth): check pass; user unknown
2026-09-13T00:42:40.164394+00:00 ubuntu sshd[1227293]: pam_unix(sshd:auth): authentication failure; logname= uid=0 euid=0 tty=ssh ruser= rhost=109.160.32.155
2026-09-13T00:42:42.842396+00:00 ubuntu sshd[1227293]: Failed password for invalid user aaa from 109.160.32.155 port 43406 ssh2
2026-09-13T00:42:43.711395+00:00 ubuntu sshd[1227293]: Connection closed by invalid user aaa 109.160.32.155 port 43406 [preauth]
2026-09-13T00:42:45.274831+00:00 ubuntu sshd[1227452]: pam_unix(sshd:auth): authentication failure; logname= uid=0 euid=0 tty=ssh ruser= rhost=109.160.32.155 user=root
2026-09-13T00:42:46.973559+00:00 ubuntu sshd[1227452]: Failed password for root from 109.160.32.155 port 43444 ssh2
2026-09-13T00:42:48.423008+00:00 ubuntu sshd[1227452]: Connection closed by authenticating user root 109.160.32.155 port 43444 [preauth]
2026-09-13T00:42:50.280631+00:00 ubuntu sshd[1227550]: pam_unix(sshd:auth): authentication failure; logname= uid=0 euid=0 tty=ssh ruser= rhost=109.160.32.155 user=root
2026-09-13T00:42:52.998513+00:00 ubuntu sshd[1227550]: Failed password for root from 109.160.32.155 port 53806 ssh2
2026-09-13T00:42:53.403398+00:00 ubuntu sshd[1227550]: Connection closed by authenticating user root 109.160.32.155 port 53806 [preauth]
2026-09-13T00:42:54.038978+00:00 ubuntu sshd[1227569]: Connection closed by 201.159.8.15 port 51212
2026-09-13T00:42:54.843362+00:00 ubuntu sshd[1227693]: pam_unix(sshd:auth): authentication failure; logname= uid=0 euid=0 tty=ssh ruser= rhost=109.160.32.155 user=root
2026-09-13T00:42:57.109378+00:00 ubuntu sshd[1227693]: Failed password for root from 109.160.32.155 port 53846 ssh2
2026-09-13T00:42:57.988162+00:00 ubuntu sshd[1227693]: Connection closed by authenticating user root 109.160.32.155 port 53846 [preauth]
2026-09-13T00:42:59.982033+00:00 ubuntu sshd[1227900]: pam_unix(sshd:auth): authentication failure; logname= uid=0 euid=0 tty=ssh ruser= rhost=109.160.32.155 user=root
2026-09-13T00:43:01.600868+00:00 ubuntu sshd[1227900]: Failed password for root from 109.160.32.155 port 47860 ssh2
2026-09-13T00:43:03.105941+00:00 ubuntu sshd[1227900]: Connection closed by authenticating user root 109.160.32.155 port 47860 [preauth]
2026-09-13T00:43:04.917706+00:00 ubuntu sshd[1228042]: pam_unix(sshd:auth): authentication failure; logname= uid=0 euid=0 tty=ssh ruser= rhost=109.160.32.155 user=root
2026-09-13T00:43:07.223297+00:00 ubuntu sshd[1228042]: Failed password for root from 109.160.32.155 port 47984 ssh2
2026-09-13T00:43:08.131718+00:00 ubuntu sshd[1228042]: Connection closed by authenticating user root 109.160.32.155 port 47984 [preauth]
2026-09-13T00:43:10.149490+00:00 ubuntu sshd[1228144]: Invalid user support from 109.160.32.155 port 56184
2026-09-13T00:43:10.175008+00:00 ubuntu sshd[1228144]: pam_unix(sshd:auth): check pass; user unknown
2026-09-13T00:43:10.175170+00:00 ubuntu sshd[1228144]: pam_unix(sshd:auth): authentication failure; logname= uid=0 euid=0 tty=ssh ruser= rhost=109.160.32.155
2026-09-13T00:43:11.635528+00:00 ubuntu sshd[1228152]: Connection closed by 205.210.31.208 port 49443
2026-09-13T00:43:12.306015+00:00 ubuntu sshd[1228144]: Failed password for invalid user support from 109.160.32.155 port 56184 ssh2
2026-09-13T00:43:13.172303+00:00 ubuntu sshd[1228144]: Connection closed by invalid user support 109.160.32.155 port 56184 [preauth]
2026-09-13T00:43:15.333829+00:00 ubuntu sshd[1228302]: Invalid user desktop from 109.160.32.155 port 56206
2026-09-13T00:43:15.350317+00:00 ubuntu sshd[1228302]: pam_unix(sshd:auth): check pass; user unknown
2026-09-13T00:43:15.350469+00:00 ubuntu sshd[1228302]: pam_unix(sshd:auth): authentication failure; logname= uid=0 euid=0 tty=ssh ruser= rhost=109.160.32.155
2026-09-13T00:43:17.832783+00:00 ubuntu sshd[1228302]: Failed password for invalid user desktop from 109.160.32.155 port 56206 ssh2
2026-09-13T00:43:19.117300+00:00 ubuntu sshd[1228302]: Connection closed by invalid user desktop 109.160.32.155 port 56206 [preauth]
2026-09-13T00:43:20.798946+00:00 ubuntu sshd[1228424]: pam_unix(sshd:auth): authentication failure; logname= uid=0 euid=0 tty=ssh ruser= rhost=109.160.32.155 user=root
2026-09-13T00:43:22.969617+00:00 ubuntu sshd[1228424]: Failed password for root from 109.160.32.155 port 43070 ssh2
2026-09-13T00:43:23.926333+00:00 ubuntu sshd[1228424]: Connection closed by authenticating user root 109.160.32.155 port 43070 [preauth]
2026-09-13T00:43:25.460994+00:00 ubuntu sshd[1228563]: pam_unix(sshd:auth): authentication failure; logname= uid=0 euid=0 tty=ssh ruser= rhost=109.160.32.155 user=root
2026-09-13T00:43:27.983323+00:00 ubuntu sshd[1228563]: Failed password for root from 109.160.32.155 port 43138 ssh2
2026-09-13T00:43:28.583960+00:00 ubuntu sshd[1228563]: Connection closed by authenticating user root 109.160.32.155 port 43138 [preauth]
2026-09-13T00:43:30.679252+00:00 ubuntu sshd[1228769]: pam_unix(sshd:auth): authentication failure; logname= uid=0 euid=0 tty=ssh ruser= rhost=109.160.32.155 user=root
2026-09-13T00:43:32.554337+00:00 ubuntu sshd[1228769]: Failed password for root from 109.160.32.155 port 53202 ssh2
2026-09-13T00:43:33.798387+00:00 ubuntu sshd[1228769]: Connection closed by authenticating user root 109.160.32.155 port 53202 [preauth]
2026-09-13T00:43:35.928115+00:00 ubuntu sshd[1228972]: pam_unix(sshd:auth): authentication failure; logname= uid=0 euid=0 tty=ssh ruser= rhost=109.160.32.155 user=root
2026-09-13T00:43:37.155418+00:00 ubuntu sshd[1228972]: Failed password for root from 109.160.32.155 port 53286 ssh2
2026-09-13T00:43:37.459862+00:00 ubuntu sshd[1228972]: Connection closed by authenticating user root 109.160.32.155 port 53286 [preauth]
2026-09-13T00:43:40.901836+00:00 ubuntu sshd[1229123]: pam_unix(sshd:auth): authentication failure; logname= uid=0 euid=0 tty=ssh ruser= rhost=109.160.32.155 user=root
2026-09-13T00:43:42.816957+00:00 ubuntu sshd[1229123]: Failed password for root from 109.160.32.155 port 38242 ssh2
2026-09-13T00:43:44.033285+00:00 ubuntu sshd[1229123]: Connection closed by authenticating user root 109.160.32.155 port 38242 [preauth]
2026-09-13T00:43:45.829584+00:00 ubuntu sshd[1229280]: Invalid user fastuser from 109.160.32.155 port 38330
2026-09-13T00:43:45.849363+00:00 ubuntu sshd[1229280]: pam_unix(sshd:auth): check pass; user unknown
2026-09-13T00:43:45.849480+00:00 ubuntu sshd[1229280]: pam_unix(sshd:auth): authentication failure; logname= uid=0 euid=0 tty=ssh ruser= rhost=109.160.32.155
2026-09-13T00:43:47.783234+00:00 ubuntu sshd[1229280]: Failed password for invalid user fastuser from 109.160.32.155 port 38330 ssh2
2026-09-13T00:43:47.922849+00:00 ubuntu sshd[1229280]: Connection closed by invalid user fastuser 109.160.32.155 port 38330 [preauth]
2026-09-13T00:43:47.989379+00:00 ubuntu sshd[1229290]: pam_unix(sshd:auth): authentication failure; logname= uid=0 euid=0 tty=ssh ruser= rhost=45.148.10.152 user=root
2026-09-13T00:43:49.196978+00:00 ubuntu sshd[1229290]: Failed password for root from 45.148.10.152 port 55126 ssh2
2026-09-13T00:43:50.927483+00:00 ubuntu sshd[1229381]: Invalid user fastuser from 109.160.32.155 port 55582
2026-09-13T00:43:50.946467+00:00 ubuntu sshd[1229381]: pam_unix(sshd:auth): check pass; user unknown
2026-09-13T00:43:50.946571+00:00 ubuntu sshd[1229381]: pam_unix(sshd:auth): authentication failure; logname= uid=0 euid=0 tty=ssh ruser= rhost=109.160.32.155
2026-09-13T00:43:52.081537+00:00 ubuntu sshd[1229290]: Failed password for root from 45.148.10.152 port 55126 ssh2
2026-09-13T00:43:53.233427+00:00 ubuntu sshd[1229381]: Failed password for invalid user fastuser from 109.160.32.155 port 55582 ssh2
2026-09-13T00:43:55.038569+00:00 ubuntu sshd[1229290]: Failed password for root from 45.148.10.152 port 55126 ssh2
2026-09-13T00:43:55.077196+00:00 ubuntu sshd[1229381]: Connection closed by invalid user fastuser 109.160.32.155 port 55582 [preauth]
2026-09-13T00:43:56.037447+00:00 ubuntu sshd[1229519]: Invalid user rdpuser from 109.160.32.155 port 55676
2026-09-13T00:43:56.261491+00:00 ubuntu sshd[1229519]: pam_unix(sshd:auth): check pass; user unknown
2026-09-13T00:43:56.261625+00:00 ubuntu sshd[1229519]: pam_unix(sshd:auth): authentication failure; logname= uid=0 euid=0 tty=ssh ruser= rhost=109.160.32.155
2026-09-13T00:43:57.990709+00:00 ubuntu sshd[1229290]: Failed password for root from 45.148.10.152 port 55126 ssh2
2026-09-13T00:43:58.372579+00:00 ubuntu sshd[1229519]: Failed password for invalid user rdpuser from 109.160.32.155 port 55676 ssh2
2026-09-13T00:43:58.570673+00:00 ubuntu sshd[1229519]: Connection closed by invalid user rdpuser 109.160.32.155 port 55676 [preauth]
2026-09-13T00:44:00.413477+00:00 ubuntu sshd[1229290]: Failed password for root from 45.148.10.152 port 55126 ssh2
2026-09-13T00:44:00.747832+00:00 ubuntu sshd[1229290]: Connection reset by authenticating user root 45.148.10.152 port 55126 [preauth]
2026-09-13T00:44:00.748212+00:00 ubuntu sshd[1229290]: PAM 4 more authentication failures; logname= uid=0 euid=0 tty=ssh ruser= rhost=45.148.10.152 user=root
2026-09-13T00:44:00.748286+00:00 ubuntu sshd[1229290]: PAM service(sshd) ignoring max retries; 5 > 3
2026-09-13T00:44:00.979355+00:00 ubuntu sshd[1229695]: Invalid user git from 109.160.32.155 port 46584
2026-09-13T00:44:00.997635+00:00 ubuntu sshd[1229695]: pam_unix(sshd:auth): check pass; user unknown
2026-09-13T00:44:00.997911+00:00 ubuntu sshd[1229695]: pam_unix(sshd:auth): authentication failure; logname= uid=0 euid=0 tty=ssh ruser= rhost=109.160.32.155
2026-09-13T00:44:03.324729+00:00 ubuntu sshd[1229695]: Failed password for invalid user git from 109.160.32.155 port 46584 ssh2
2026-09-13T00:44:05.111182+00:00 ubuntu sshd[1229527]: pam_unix(sshd:auth): authentication failure; logname= uid=0 euid=0 tty=ssh ruser= rhost=160.30.136.36 user=root
2026-09-13T00:44:05.217341+00:00 ubuntu sshd[1229863]: pam_unix(sshd:auth): authentication failure; logname= uid=0 euid=0 tty=ssh ruser= rhost=213.209.159.241 user=root
2026-09-13T00:44:05.257316+00:00 ubuntu sshd[1229695]: Connection closed by invalid user git 109.160.32.155 port 46584 [preauth]
2026-09-13T00:44:06.151499+00:00 ubuntu sshd[1229868]: Invalid user test1 from 109.160.32.155 port 46620
2026-09-13T00:44:06.198624+00:00 ubuntu sshd[1229868]: pam_unix(sshd:auth): check pass; user unknown
2026-09-13T00:44:06.198729+00:00 ubuntu sshd[1229868]: pam_unix(sshd:auth): authentication failure; logname= uid=0 euid=0 tty=ssh ruser= rhost=109.160.32.155
2026-09-13T00:44:06.788936+00:00 ubuntu sshd[1229527]: Failed password for root from 160.30.136.36 port 36570 ssh2
2026-09-13T00:44:06.896732+00:00 ubuntu sshd[1229863]: Failed password for root from 213.209.159.241 port 58122 ssh2
2026-09-13T00:44:07.682552+00:00 ubuntu sshd[1229868]: Failed password for invalid user test1 from 109.160.32.155 port 46620 ssh2
2026-09-13T00:44:08.338886+00:00 ubuntu sshd[1229863]: Connection closed by authenticating user root 213.209.159.241 port 58122 [preauth]
2026-09-13T00:44:08.528006+00:00 ubuntu sshd[1229868]: Connection closed by invalid user test1 109.160.32.155 port 46620 [preauth]
2026-09-13T00:44:09.465901+00:00 ubuntu sshd[1229527]: Connection closed by authenticating user root 160.30.136.36 port 36570 [preauth]
2026-09-13T00:44:11.344348+00:00 ubuntu sshd[1229967]: pam_unix(sshd:auth): authentication failure; logname= uid=0 euid=0 tty=ssh ruser= rhost=109.160.32.155 user=root
2026-09-13T00:44:12.847882+00:00 ubuntu sshd[1229967]: Failed password for root from 109.160.32.155 port 34528 ssh2
2026-09-13T00:44:12.886038+00:00 ubuntu sshd[1229967]: Connection closed by authenticating user root 109.160.32.155 port 34528 [preauth]
2026-09-13T00:44:16.347299+00:00 ubuntu sshd[1230123]: pam_unix(sshd:auth): authentication failure; logname= uid=0 euid=0 tty=ssh ruser= rhost=109.160.32.155 user=root
2026-09-13T00:44:18.538220+00:00 ubuntu sshd[1230123]: Failed password for root from 109.160.32.155 port 34578 ssh2
2026-09-13T00:44:18.951732+00:00 ubuntu sshd[1230137]: Connection closed by 191.97.138.178 port 35024
2026-09-13T00:44:19.471673+00:00 ubuntu sshd[1230123]: Connection closed by authenticating user root 109.160.32.155 port 34578 [preauth]
2026-09-13T00:44:21.452059+00:00 ubuntu sshd[1230225]: Invalid user student from 109.160.32.155 port 47368
2026-09-13T00:44:21.485514+00:00 ubuntu sshd[1230225]: pam_unix(sshd:auth): check pass; user unknown
2026-09-13T00:44:21.485642+00:00 ubuntu sshd[1230225]: pam_unix(sshd:auth): authentication failure; logname= uid=0 euid=0 tty=ssh ruser= rhost=109.160.32.155
2026-09-13T00:44:23.361066+00:00 ubuntu sshd[1230225]: Failed password for invalid user student from 109.160.32.155 port 47368 ssh2
2026-09-13T00:44:24.381422+00:00 ubuntu sshd[1230225]: Connection closed by invalid user student 109.160.32.155 port 47368 [preauth]
2026-09-13T00:44:26.645291+00:00 ubuntu sshd[1230362]: Invalid user student from 109.160.32.155 port 47434
2026-09-13T00:44:26.664041+00:00 ubuntu sshd[1230362]: pam_unix(sshd:auth): check pass; user unknown
2026-09-13T00:44:26.664176+00:00 ubuntu sshd[1230362]: pam_unix(sshd:auth): authentication failure; logname= uid=0 euid=0 tty=ssh ruser= rhost=109.160.32.155
2026-09-13T00:44:28.895260+00:00 ubuntu sshd[1230362]: Failed password for invalid user student from 109.160.32.155 port 47434 ssh2
2026-09-13T00:44:29.586556+00:00 ubuntu sshd[1230362]: Connection closed by invalid user student 109.160.32.155 port 47434 [preauth]
2026-09-13T00:44:32.249619+00:00 ubuntu sshd[1230578]: pam_unix(sshd:auth): authentication failure; logname= uid=0 euid=0 tty=ssh ruser= rhost=109.160.32.155 user=root
2026-09-13T00:44:33.969098+00:00 ubuntu sshd[1230578]: Failed password for root from 109.160.32.155 port 53878 ssh2
2026-09-13T00:44:35.379908+00:00 ubuntu sshd[1230578]: Connection closed by authenticating user root 109.160.32.155 port 53878 [preauth]
2026-09-13T00:44:37.305168+00:00 ubuntu sshd[1230777]: Invalid user debian from 109.160.32.155 port 53934
2026-09-13T00:44:37.360307+00:00 ubuntu sshd[1230777]: pam_unix(sshd:auth): check pass; user unknown
2026-09-13T00:44:37.360482+00:00 ubuntu sshd[1230777]: pam_unix(sshd:auth): authentication failure; logname= uid=0 euid=0 tty=ssh ruser= rhost=109.160.32.155
2026-09-13T00:44:39.098436+00:00 ubuntu sshd[1230777]: Failed password for invalid user debian from 109.160.32.155 port 53934 ssh2
2026-09-13T00:44:39.963485+00:00 ubuntu sshd[1230777]: Connection closed by invalid user debian 109.160.32.155 port 53934 [preauth]
2026-09-13T00:44:41.703648+00:00 ubuntu sshd[1230869]: Connection closed by 191.97.138.178 port 45666
2026-09-13T00:44:42.356253+00:00 ubuntu sshd[1230871]: pam_unix(sshd:auth): authentication failure; logname= uid=0 euid=0 tty=ssh ruser= rhost=82.147.142.205 user=root
2026-09-13T00:44:42.414830+00:00 ubuntu sshd[1230873]: Invalid user amir from 109.160.32.155 port 35524
2026-09-13T00:44:42.431522+00:00 ubuntu sshd[1230873]: pam_unix(sshd:auth): check pass; user unknown
2026-09-13T00:44:42.431672+00:00 ubuntu sshd[1230873]: pam_unix(sshd:auth): authentication failure; logname= uid=0 euid=0 tty=ssh ruser= rhost=109.160.32.155
2026-09-13T00:44:44.115716+00:00 ubuntu sshd[1230871]: Failed password for root from 82.147.142.205 port 41632 ssh2
2026-09-13T00:44:44.191357+00:00 ubuntu sshd[1230873]: Failed password for invalid user amir from 109.160.32.155 port 35524 ssh2
2026-09-13T00:44:45.230637+00:00 ubuntu sshd[1230938]: Invalid user ubuntu from 82.147.142.205 port 47064
2026-09-13T00:44:45.263581+00:00 ubuntu sshd[1230938]: pam_unix(sshd:auth): check pass; user unknown
2026-09-13T00:44:45.263735+00:00 ubuntu sshd[1230938]: pam_unix(sshd:auth): authentication failure; logname= uid=0 euid=0 tty=ssh ruser= rhost=82.147.142.205
2026-09-13T00:44:45.291942+00:00 ubuntu sshd[1230873]: Connection closed by invalid user amir 109.160.32.155 port 35524 [preauth]
2026-09-13T00:44:45.496715+00:00 ubuntu sshd[1230871]: Connection closed by authenticating user root 82.147.142.205 port 41632 [preauth]
2026-09-13T00:44:47.434951+00:00 ubuntu sshd[1230938]: Failed password for invalid user ubuntu from 82.147.142.205 port 47064 ssh2
2026-09-13T00:44:47.896662+00:00 ubuntu sshd[1231022]: pam_unix(sshd:auth): authentication failure; logname= uid=0 euid=0 tty=ssh ruser= rhost=109.160.32.155 user=root
2026-09-13T00:44:48.240179+00:00 ubuntu sshd[1231025]: Invalid user agentsolutionsmallorca from 82.147.142.205 port 52478
2026-09-13T00:44:48.277509+00:00 ubuntu sshd[1231025]: pam_unix(sshd:auth): check pass; user unknown
2026-09-13T00:44:48.277634+00:00 ubuntu sshd[1231025]: pam_unix(sshd:auth): authentication failure; logname= uid=0 euid=0 tty=ssh ruser= rhost=82.147.142.205
2026-09-13T00:44:49.490259+00:00 ubuntu sshd[1230938]: Connection closed by invalid user ubuntu 82.147.142.205 port 47064 [preauth]
2026-09-13T00:44:49.676203+00:00 ubuntu sshd[1231022]: Failed password for root from 109.160.32.155 port 35580 ssh2
2026-09-13T00:44:49.861615+00:00 ubuntu sshd[1231025]: Failed password for invalid user agentsolutionsmallorca from 82.147.142.205 port 52478 ssh2
2026-09-13T00:44:50.525652+00:00 ubuntu sshd[1231025]: Connection closed by invalid user agentsolutionsmallorca 82.147.142.205 port 52478 [preauth]
2026-09-13T00:44:51.021680+00:00 ubuntu sshd[1231022]: Connection closed by authenticating user root 109.160.32.155 port 35580 [preauth]
2026-09-13T00:44:53.367361+00:00 ubuntu sshd[1231114]: pam_unix(sshd:auth): authentication failure; logname= uid=0 euid=0 tty=ssh ruser= rhost=109.160.32.155 user=root
2026-09-13T00:44:54.634092+00:00 ubuntu sshd[1231114]: Failed password for root from 109.160.32.155 port 34852 ssh2
2026-09-13T00:44:54.895156+00:00 ubuntu sshd[1231114]: Connection closed by authenticating user root 109.160.32.155 port 34852 [preauth]
2026-09-13T00:44:57.803428+00:00 ubuntu sshd[1231242]: Invalid user azureuser from 109.160.32.155 port 34892
2026-09-13T00:44:57.845351+00:00 ubuntu sshd[1231242]: pam_unix(sshd:auth): check pass; user unknown
2026-09-13T00:44:57.845560+00:00 ubuntu sshd[1231242]: pam_unix(sshd:auth): authentication failure; logname= uid=0 euid=0 tty=ssh ruser= rhost=109.160.32.155
2026-09-13T00:45:00.332471+00:00 ubuntu sshd[1231242]: Failed password for invalid user azureuser from 109.160.32.155 port 34892 ssh2
2026-09-13T00:45:01.654728+00:00 ubuntu sshd[1231242]: Connection closed by invalid user azureuser 109.160.32.155 port 34892 [preauth]
2026-09-13T00:45:01.753701+00:00 ubuntu CRON[1231337]: pam_unix(cron:session): session opened for user root(uid=0) by root(uid=0)
2026-09-13T00:45:01.757484+00:00 ubuntu CRON[1231337]: pam_unix(cron:session): session closed for user root
2026-09-13T00:45:03.213938+00:00 ubuntu sshd[1231347]: pam_unix(sshd:auth): authentication failure; logname= uid=0 euid=0 tty=ssh ruser= rhost=109.160.32.155 user=root
2026-09-13T00:45:05.189301+00:00 ubuntu sshd[1231347]: Failed password for root from 109.160.32.155 port 35988 ssh2
2026-09-13T00:45:06.338299+00:00 ubuntu sshd[1231347]: Connection closed by authenticating user root 109.160.32.155 port 35988 [preauth]
2026-09-13T00:45:08.268969+00:00 ubuntu sshd[1231585]: Invalid user ts3 from 109.160.32.155 port 36076
2026-09-13T00:45:08.288651+00:00 ubuntu sshd[1231585]: pam_unix(sshd:auth): check pass; user unknown
2026-09-13T00:45:08.288848+00:00 ubuntu sshd[1231585]: pam_unix(sshd:auth): authentication failure; logname= uid=0 euid=0 tty=ssh ruser= rhost=109.160.32.155
2026-09-13T00:45:10.620141+00:00 ubuntu sshd[1231585]: Failed password for invalid user ts3 from 109.160.32.155 port 36076 ssh2
2026-09-13T00:45:10.752379+00:00 ubuntu sshd[1231585]: Connection closed by invalid user ts3 109.160.32.155 port 36076 [preauth]
2026-09-13T00:45:13.477914+00:00 ubuntu sshd[1231678]: pam_unix(sshd:auth): authentication failure; logname= uid=0 euid=0 tty=ssh ruser= rhost=109.160.32.155 user=root
2026-09-13T00:45:15.493369+00:00 ubuntu sshd[1231678]: Failed password for root from 109.160.32.155 port 49146 ssh2
2026-09-13T00:45:16.915885+00:00 ubuntu sshd[1231678]: Connection closed by authenticating user root 109.160.32.155 port 49146 [preauth]
2026-09-13T00:45:18.493998+00:00 ubuntu sshd[1231846]: Invalid user pi from 109.160.32.155 port 49204
2026-09-13T00:45:18.513014+00:00 ubuntu sshd[1231846]: pam_unix(sshd:auth): check pass; user unknown
2026-09-13T00:45:18.513165+00:00 ubuntu sshd[1231846]: pam_unix(sshd:auth): authentication failure; logname= uid=0 euid=0 tty=ssh ruser= rhost=109.160.32.155
2026-09-13T00:45:20.212936+00:00 ubuntu sshd[1231846]: Failed password for invalid user pi from 109.160.32.155 port 49204 ssh2
2026-09-13T00:45:21.439354+00:00 ubuntu sshd[1231846]: Connection closed by invalid user pi 109.160.32.155 port 49204 [preauth]
2026-09-13T00:45:23.771062+00:00 ubuntu sshd[1231936]: pam_unix(sshd:auth): authentication failure; logname= uid=0 euid=0 tty=ssh ruser= rhost=109.160.32.155 user=root
2026-09-13T00:45:25.159192+00:00 ubuntu sshd[1231936]: Failed password for root from 109.160.32.155 port 58316 ssh2
2026-09-13T00:45:25.413969+00:00 ubuntu sshd[1231936]: Connection closed by authenticating user root 109.160.32.155 port 58316 [preauth]
2026-09-13T00:45:29.040238+00:00 ubuntu sshd[1232058]: pam_unix(sshd:auth): authentication failure; logname= uid=0 euid=0 tty=ssh ruser= rhost=109.160.32.155 user=root
2026-09-13T00:45:31.447239+00:00 ubuntu sshd[1232058]: Failed password for root from 109.160.32.155 port 58392 ssh2
2026-09-13T00:45:32.161100+00:00 ubuntu sshd[1232058]: Connection closed by authenticating user root 109.160.32.155 port 58392 [preauth]
2026-09-13T00:45:34.094628+00:00 ubuntu sshd[1232208]: pam_unix(sshd:auth): authentication failure; logname= uid=0 euid=0 tty=ssh ruser= rhost=109.160.32.155 user=root
2026-09-13T00:45:36.325847+00:00 ubuntu sshd[1232208]: Failed password for root from 109.160.32.155 port 40986 ssh2
2026-09-13T00:45:37.221027+00:00 ubuntu sshd[1232208]: Connection closed by authenticating user root 109.160.32.155 port 40986 [preauth]
2026-09-13T00:45:39.436107+00:00 ubuntu sshd[1232445]: pam_unix(sshd:auth): authentication failure; logname= uid=0 euid=0 tty=ssh ruser= rhost=109.160.32.155 user=root
2026-09-13T00:45:41.687216+00:00 ubuntu sshd[1232445]: Failed password for root from 109.160.32.155 port 41062 ssh2
2026-09-13T00:45:42.562680+00:00 ubuntu sshd[1232445]: Connection closed by authenticating user root 109.160.32.155 port 41062 [preauth]
2026-09-13T00:45:44.543460+00:00 ubuntu sshd[1232536]: Invalid user username from 109.160.32.155 port 54204
2026-09-13T00:45:44.580012+00:00 ubuntu sshd[1232536]: pam_unix(sshd:auth): check pass; user unknown
2026-09-13T00:45:44.580123+00:00 ubuntu sshd[1232536]: pam_unix(sshd:auth): authentication failure; logname= uid=0 euid=0 tty=ssh ruser= rhost=109.160.32.155
2026-09-13T00:45:46.851556+00:00 ubuntu sshd[1232536]: Failed password for invalid user username from 109.160.32.155 port 54204 ssh2
2026-09-13T00:45:47.884131+00:00 ubuntu sshd[1232536]: Connection closed by invalid user username 109.160.32.155 port 54204 [preauth]
2026-09-13T00:45:49.594153+00:00 ubuntu sshd[1232681]: Invalid user git from 109.160.32.155 port 54238
2026-09-13T00:45:49.689266+00:00 ubuntu sshd[1232681]: pam_unix(sshd:auth): check pass; user unknown
2026-09-13T00:45:49.689412+00:00 ubuntu sshd[1232681]: pam_unix(sshd:auth): authentication failure; logname= uid=0 euid=0 tty=ssh ruser= rhost=109.160.32.155
2026-09-13T00:45:51.312675+00:00 ubuntu sshd[1232681]: Failed password for invalid user git from 109.160.32.155 port 54238 ssh2
2026-09-13T00:45:51.821448+00:00 ubuntu sshd[1232681]: Connection closed by invalid user git 109.160.32.155 port 54238 [preauth]
2026-09-13T00:45:54.389277+00:00 ubuntu sshd[1232785]: Invalid user dani from 109.160.32.155 port 38026
2026-09-13T00:45:54.413479+00:00 ubuntu sshd[1232785]: pam_unix(sshd:auth): check pass; user unknown
2026-09-13T00:45:54.413646+00:00 ubuntu sshd[1232785]: pam_unix(sshd:auth): authentication failure; logname= uid=0 euid=0 tty=ssh ruser= rhost=109.160.32.155
2026-09-13T00:45:56.057742+00:00 ubuntu sshd[1232785]: Failed password for invalid user dani from 109.160.32.155 port 38026 ssh2
2026-09-13T00:45:56.280590+00:00 ubuntu sshd[1232785]: Connection closed by invalid user dani 109.160.32.155 port 38026 [preauth]
2026-09-13T00:45:59.880287+00:00 ubuntu sshd[1232919]: pam_unix(sshd:auth): authentication failure; logname= uid=0 euid=0 tty=ssh ruser= rhost=109.160.32.155 user=root
2026-09-13T00:46:01.876063+00:00 ubuntu sshd[1232919]: Failed password for root from 109.160.32.155 port 42826 ssh2
2026-09-13T00:46:03.005276+00:00 ubuntu sshd[1232919]: Connection closed by authenticating user root 109.160.32.155 port 42826 [preauth]
2026-09-13T00:46:04.574161+00:00 ubuntu sshd[1233008]: Invalid user vncuser from 109.160.32.155 port 42930
2026-09-13T00:46:04.669707+00:00 ubuntu sshd[1233008]: pam_unix(sshd:auth): check pass; user unknown
2026-09-13T00:46:04.669881+00:00 ubuntu sshd[1233008]: pam_unix(sshd:auth): authentication failure; logname= uid=0 euid=0 tty=ssh ruser= rhost=109.160.32.155
2026-09-13T00:46:05.573747+00:00 ubuntu sshd[1233011]: Invalid user ansible from 197.232.56.70 port 53470
2026-09-13T00:46:05.775862+00:00 ubuntu sshd[1233011]: pam_unix(sshd:auth): check pass; user unknown
2026-09-13T00:46:05.776010+00:00 ubuntu sshd[1233011]: pam_unix(sshd:auth): authentication failure; logname= uid=0 euid=0 tty=ssh ruser= rhost=197.232.56.70
2026-09-13T00:46:07.021516+00:00 ubuntu sshd[1233008]: Failed password for invalid user vncuser from 109.160.32.155 port 42930 ssh2
2026-09-13T00:46:07.931312+00:00 ubuntu sshd[1233011]: Failed password for invalid user ansible from 197.232.56.70 port 53470 ssh2
2026-09-13T00:46:09.166159+00:00 ubuntu sshd[1233008]: Connection closed by invalid user vncuser 109.160.32.155 port 42930 [preauth]
2026-09-13T00:46:09.305441+00:00 ubuntu sshd[1233011]: Connection closed by invalid user ansible 197.232.56.70 port 53470 [preauth]
2026-09-13T00:46:09.666189+00:00 ubuntu sshd[1233246]: pam_unix(sshd:auth): authentication failure; logname= uid=0 euid=0 tty=ssh ruser= rhost=109.160.32.155 user=root
2026-09-13T00:46:11.702005+00:00 ubuntu sshd[1233246]: Failed password for root from 109.160.32.155 port 43038 ssh2
2026-09-13T00:46:12.788619+00:00 ubuntu sshd[1233246]: Connection closed by authenticating user root 109.160.32.155 port 43038 [preauth]
2026-09-13T00:46:14.085720+00:00 ubuntu sshd[1233334]: pam_unix(sshd:auth): authentication failure; logname= uid=0 euid=0 tty=ssh ruser= rhost=109.160.32.155 user=root
2026-09-13T00:46:15.670011+00:00 ubuntu sshd[1233334]: Failed password for root from 109.160.32.155 port 33008 ssh2
2026-09-13T00:46:17.208265+00:00 ubuntu sshd[1233334]: Connection closed by authenticating user root 109.160.32.155 port 33008 [preauth]
2026-09-13T00:46:19.296809+00:00 ubuntu sshd[1233496]: Invalid user rancher from 109.160.32.155 port 33080
2026-09-13T00:46:19.313736+00:00 ubuntu sshd[1233496]: pam_unix(sshd:auth): check pass; user unknown
2026-09-13T00:46:19.313865+00:00 ubuntu sshd[1233496]: pam_unix(sshd:auth): authentication failure; logname= uid=0 euid=0 tty=ssh ruser= rhost=109.160.32.155
2026-09-13T00:46:19.537604+00:00 ubuntu sshd[1233492]: Invalid user user from 115.191.22.111 port 33224
2026-09-13T00:46:19.726184+00:00 ubuntu sshd[1233492]: pam_unix(sshd:auth): check pass; user unknown
2026-09-13T00:46:19.726301+00:00 ubuntu sshd[1233492]: pam_unix(sshd:auth): authentication failure; logname= uid=0 euid=0 tty=ssh ruser= rhost=115.191.22.111
2026-09-13T00:46:21.389095+00:00 ubuntu sshd[1233496]: Failed password for invalid user rancher from 109.160.32.155 port 33080 ssh2
2026-09-13T00:46:21.788553+00:00 ubuntu sshd[1233496]: Connection closed by invalid user rancher 109.160.32.155 port 33080 [preauth]
2026-09-13T00:46:21.802070+00:00 ubuntu sshd[1233492]: Failed password for invalid user user from 115.191.22.111 port 33224 ssh2
2026-09-13T00:46:22.457204+00:00 ubuntu sshd[1233492]: Connection closed by invalid user user 115.191.22.111 port 33224 [preauth]
2026-09-13T00:46:23.703984+00:00 ubuntu sshd[1233583]: Invalid user user from 115.191.22.111 port 43476
2026-09-13T00:46:23.939248+00:00 ubuntu sshd[1233583]: pam_unix(sshd:auth): check pass; user unknown
2026-09-13T00:46:23.939415+00:00 ubuntu sshd[1233583]: pam_unix(sshd:auth): authentication failure; logname= uid=0 euid=0 tty=ssh ruser= rhost=115.191.22.111
2026-09-13T00:46:24.285564+00:00 ubuntu sshd[1233587]: Invalid user user from 109.160.32.155 port 32996
2026-09-13T00:46:24.303883+00:00 ubuntu sshd[1233587]: pam_unix(sshd:auth): check pass; user unknown
2026-09-13T00:46:24.304001+00:00 ubuntu sshd[1233587]: pam_unix(sshd:auth): authentication failure; logname= uid=0 euid=0 tty=ssh ruser= rhost=109.160.32.155
2026-09-13T00:46:25.563699+00:00 ubuntu sshd[1233583]: Failed password for invalid user user from 115.191.22.111 port 43476 ssh2
2026-09-13T00:46:25.732536+00:00 ubuntu sshd[1233587]: Failed password for invalid user user from 109.160.32.155 port 32996 ssh2
2026-09-13T00:46:26.268816+00:00 ubuntu sshd[1233583]: Connection closed by invalid user user 115.191.22.111 port 43476 [preauth]
2026-09-13T00:46:26.418424+00:00 ubuntu sshd[1233587]: Connection closed by invalid user user 109.160.32.155 port 32996 [preauth]
2026-09-13T00:46:28.275084+00:00 ubuntu sshd[1233717]: Invalid user user from 115.191.22.111 port 43492
2026-09-13T00:46:28.456229+00:00 ubuntu sshd[1233717]: pam_unix(sshd:auth): check pass; user unknown
2026-09-13T00:46:28.456379+00:00 ubuntu sshd[1233717]: pam_unix(sshd:auth): authentication failure; logname= uid=0 euid=0 tty=ssh ruser= rhost=115.191.22.111
2026-09-13T00:46:29.311908+00:00 ubuntu sshd[1233722]: Invalid user user from 109.160.32.155 port 33044
2026-09-13T00:46:29.331600+00:00 ubuntu sshd[1233722]: pam_unix(sshd:auth): check pass; user unknown
2026-09-13T00:46:29.331726+00:00 ubuntu sshd[1233722]: pam_unix(sshd:auth): authentication failure; logname= uid=0 euid=0 tty=ssh ruser= rhost=109.160.32.155
2026-09-13T00:46:30.767046+00:00 ubuntu sshd[1233717]: Failed password for invalid user user from 115.191.22.111 port 43492 ssh2
2026-09-13T00:46:31.447586+00:00 ubuntu sshd[1233722]: Failed password for invalid user user from 109.160.32.155 port 33044 ssh2
2026-09-13T00:46:32.828597+00:00 ubuntu sshd[1233717]: Connection closed by invalid user user 115.191.22.111 port 43492 [preauth]
2026-09-13T00:46:33.540200+00:00 ubuntu sshd[1233722]: Connection closed by invalid user user 109.160.32.155 port 33044 [preauth]
2026-09-13T00:46:34.330385+00:00 ubuntu sshd[1233871]: Invalid user gha from 109.160.32.155 port 36220
2026-09-13T00:46:34.374858+00:00 ubuntu sshd[1233871]: pam_unix(sshd:auth): check pass; user unknown
2026-09-13T00:46:34.375024+00:00 ubuntu sshd[1233871]: pam_unix(sshd:auth): authentication failure; logname= uid=0 euid=0 tty=ssh ruser= rhost=109.160.32.155
2026-09-13T00:46:35.093393+00:00 ubuntu sshd[1233874]: Invalid user user from 115.191.22.111 port 45596
2026-09-13T00:46:35.717126+00:00 ubuntu sshd[1233874]: pam_unix(sshd:auth): check pass; user unknown
2026-09-13T00:46:35.717236+00:00 ubuntu sshd[1233874]: pam_unix(sshd:auth): authentication failure; logname= uid=0 euid=0 tty=ssh ruser= rhost=115.191.22.111
2026-09-13T00:46:36.842378+00:00 ubuntu sshd[1233871]: Failed password for invalid user gha from 109.160.32.155 port 36220 ssh2
2026-09-13T00:46:37.321653+00:00 ubuntu sshd[1233874]: Failed password for invalid user user from 115.191.22.111 port 45596 ssh2
2026-09-13T00:46:37.349975+00:00 ubuntu sshd[1233871]: Connection closed by invalid user gha 109.160.32.155 port 36220 [preauth]
2026-09-13T00:46:37.995300+00:00 ubuntu sshd[1233874]: Connection closed by invalid user user 115.191.22.111 port 45596 [preauth]
2026-09-13T00:46:39.011360+00:00 ubuntu sshd[1234022]: Invalid user user from 115.191.22.111 port 45610
2026-09-13T00:46:39.077971+00:00 ubuntu sshd[1234135]: Invalid user test2 from 109.160.32.155 port 36274
2026-09-13T00:46:39.096433+00:00 ubuntu sshd[1234135]: pam_unix(sshd:auth): check pass; user unknown
2026-09-13T00:46:39.096579+00:00 ubuntu sshd[1234135]: pam_unix(sshd:auth): authentication failure; logname= uid=0 euid=0 tty=ssh ruser= rhost=109.160.32.155
2026-09-13T00:46:39.217220+00:00 ubuntu sshd[1234022]: pam_unix(sshd:auth): check pass; user unknown
2026-09-13T00:46:39.217351+00:00 ubuntu sshd[1234022]: pam_unix(sshd:auth): authentication failure; logname= uid=0 euid=0 tty=ssh ruser= rhost=115.191.22.111
2026-09-13T00:46:41.252478+00:00 ubuntu sshd[1234135]: Failed password for invalid user test2 from 109.160.32.155 port 36274 ssh2
2026-09-13T00:46:41.372179+00:00 ubuntu sshd[1234022]: Failed password for invalid user user from 115.191.22.111 port 45610 ssh2
2026-09-13T00:46:41.506591+00:00 ubuntu sshd[1234135]: Connection closed by invalid user test2 109.160.32.155 port 36274 [preauth]
2026-09-13T00:46:43.603368+00:00 ubuntu sshd[1234022]: Connection closed by invalid user user 115.191.22.111 port 45610 [preauth]
2026-09-13T00:46:44.286288+00:00 ubuntu sshd[1234267]: Invalid user debian from 109.160.32.155 port 54344
2026-09-13T00:46:44.333876+00:00 ubuntu sshd[1234267]: pam_unix(sshd:auth): check pass; user unknown
2026-09-13T00:46:44.334017+00:00 ubuntu sshd[1234267]: pam_unix(sshd:auth): authentication failure; logname= uid=0 euid=0 tty=ssh ruser= rhost=109.160.32.155
2026-09-13T00:46:44.499213+00:00 ubuntu sshd[1234263]: Invalid user user from 115.191.22.111 port 53900
2026-09-13T00:46:44.687946+00:00 ubuntu sshd[1234263]: pam_unix(sshd:auth): check pass; user unknown
2026-09-13T00:46:44.688071+00:00 ubuntu sshd[1234263]: pam_unix(sshd:auth): authentication failure; logname= uid=0 euid=0 tty=ssh ruser= rhost=115.191.22.111
2026-09-13T00:46:46.174078+00:00 ubuntu sshd[1234267]: Failed password for invalid user debian from 109.160.32.155 port 54344 ssh2
2026-09-13T00:46:46.528174+00:00 ubuntu sshd[1234263]: Failed password for invalid user user from 115.191.22.111 port 53900 ssh2
2026-09-13T00:46:46.936310+00:00 ubuntu sshd[1234267]: Connection closed by invalid user debian 109.160.32.155 port 54344 [preauth]
2026-09-13T00:46:46.971110+00:00 ubuntu sshd[1234263]: Connection closed by invalid user user 115.191.22.111 port 53900 [preauth]
2026-09-13T00:46:47.964259+00:00 ubuntu sshd[1234417]: Invalid user user from 115.191.22.111 port 53910
2026-09-13T00:46:48.158111+00:00 ubuntu sshd[1234417]: Failed none for invalid user user from 115.191.22.111 port 53910 ssh2
2026-09-13T00:46:48.361666+00:00 ubuntu sshd[1234417]: Connection closed by invalid user user 115.191.22.111 port 53910 [preauth]
2026-09-13T00:46:49.245568+00:00 ubuntu sshd[1234427]: pam_unix(sshd:auth): authentication failure; logname= uid=0 euid=0 tty=ssh ruser= rhost=109.160.32.155 user=root
2026-09-13T00:46:50.279527+00:00 ubuntu sshd[1234431]: Invalid user ubuntu from 115.191.22.111 port 57842
2026-09-13T00:46:50.450726+00:00 ubuntu sshd[1234431]: pam_unix(sshd:auth): check pass; user unknown
2026-09-13T00:46:50.450891+00:00 ubuntu sshd[1234431]: pam_unix(sshd:auth): authentication failure; logname= uid=0 euid=0 tty=ssh ruser= rhost=115.191.22.111
2026-09-13T00:46:51.441200+00:00 ubuntu sshd[1234427]: Failed password for root from 109.160.32.155 port 54376 ssh2
2026-09-13T00:46:52.373369+00:00 ubuntu sshd[1234427]: Connection closed by authenticating user root 109.160.32.155 port 54376 [preauth]
2026-09-13T00:46:52.782728+00:00 ubuntu sshd[1234431]: Failed password for invalid user ubuntu from 115.191.22.111 port 57842 ssh2
2026-09-13T00:46:54.534721+00:00 ubuntu sshd[1234529]: pam_unix(sshd:auth): authentication failure; logname= uid=0 euid=0 tty=ssh ruser= rhost=109.160.32.155 user=root
2026-09-13T00:46:54.816526+00:00 ubuntu sshd[1234431]: Connection closed by invalid user ubuntu 115.191.22.111 port 57842 [preauth]
2026-09-13T00:46:55.655654+00:00 ubuntu sshd[1234535]: Invalid user ubuntu from 115.191.22.111 port 57856
2026-09-13T00:46:55.822888+00:00 ubuntu sshd[1234535]: pam_unix(sshd:auth): check pass; user unknown
2026-09-13T00:46:55.823037+00:00 ubuntu sshd[1234535]: pam_unix(sshd:auth): authentication failure; logname= uid=0 euid=0 tty=ssh ruser= rhost=115.191.22.111
2026-09-13T00:46:56.414876+00:00 ubuntu sshd[1234529]: Failed password for root from 109.160.32.155 port 36530 ssh2
2026-09-13T00:46:57.507311+00:00 ubuntu sshd[1234535]: Failed password for invalid user ubuntu from 115.191.22.111 port 57856 ssh2
2026-09-13T00:46:57.659327+00:00 ubuntu sshd[1234529]: Connection closed by authenticating user root 109.160.32.155 port 36530 [preauth]
2026-09-13T00:46:58.085790+00:00 ubuntu sshd[1234535]: Connection closed by invalid user ubuntu 115.191.22.111 port 57856 [preauth]
2026-09-13T00:46:59.444381+00:00 ubuntu sshd[1234672]: pam_unix(sshd:auth): authentication failure; logname= uid=0 euid=0 tty=ssh ruser= rhost=109.160.32.155 user=root
2026-09-13T00:46:59.764893+00:00 ubuntu sshd[1234666]: Invalid user ubuntu from 115.191.22.111 port 57864
2026-09-13T00:46:59.971987+00:00 ubuntu sshd[1234666]: pam_unix(sshd:auth): check pass; user unknown
2026-09-13T00:46:59.972151+00:00 ubuntu sshd[1234666]: pam_unix(sshd:auth): authentication failure; logname= uid=0 euid=0 tty=ssh ruser= rhost=115.191.22.111
2026-09-13T00:47:01.680511+00:00 ubuntu sshd[1234672]: Failed password for root from 109.160.32.155 port 36606 ssh2
2026-09-13T00:47:02.208262+00:00 ubuntu sshd[1234666]: Failed password for invalid user ubuntu from 115.191.22.111 port 57864 ssh2
2026-09-13T00:47:02.571308+00:00 ubuntu sshd[1234672]: Connection closed by authenticating user root 109.160.32.155 port 36606 [preauth]
2026-09-13T00:47:04.381510+00:00 ubuntu sshd[1234772]: Invalid user user2 from 109.160.32.155 port 53018
2026-09-13T00:47:04.419629+00:00 ubuntu sshd[1234772]: pam_unix(sshd:auth): check pass; user unknown
2026-09-13T00:47:04.419872+00:00 ubuntu sshd[1234772]: pam_unix(sshd:auth): authentication failure; logname= uid=0 euid=0 tty=ssh ruser= rhost=109.160.32.155
2026-09-13T00:47:04.860492+00:00 ubuntu sshd[1234666]: Connection closed by invalid user ubuntu 115.191.22.111 port 57864 [preauth]
2026-09-13T00:47:07.007246+00:00 ubuntu sshd[1234772]: Failed password for invalid user user2 from 109.160.32.155 port 53018 ssh2
2026-09-13T00:47:08.275889+00:00 ubuntu sshd[1234772]: Connection closed by invalid user user2 109.160.32.155 port 53018 [preauth]
2026-09-13T00:47:09.169101+00:00 ubuntu sshd[1234911]: Invalid user nitin from 109.160.32.155 port 53056
2026-09-13T00:47:09.398962+00:00 ubuntu sshd[1234911]: pam_unix(sshd:auth): check pass; user unknown
2026-09-13T00:47:09.399093+00:00 ubuntu sshd[1234911]: pam_unix(sshd:auth): authentication failure; logname= uid=0 euid=0 tty=ssh ruser= rhost=109.160.32.155
2026-09-13T00:47:12.006706+00:00 ubuntu sshd[1234911]: Failed password for invalid user nitin from 109.160.32.155 port 53056 ssh2
2026-09-13T00:47:12.594259+00:00 ubuntu sshd[1235109]: Invalid user ubuntu from 115.191.22.111 port 47896
2026-09-13T00:47:12.710166+00:00 ubuntu sshd[1234911]: Connection closed by invalid user nitin 109.160.32.155 port 53056 [preauth]
2026-09-13T00:47:13.298434+00:00 ubuntu sshd[1235109]: pam_unix(sshd:auth): check pass; user unknown
2026-09-13T00:47:13.298583+00:00 ubuntu sshd[1235109]: pam_unix(sshd:auth): authentication failure; logname= uid=0 euid=0 tty=ssh ruser= rhost=115.191.22.111
2026-09-13T00:47:14.251840+00:00 ubuntu sshd[1235120]: pam_unix(sshd:auth): authentication failure; logname= uid=0 euid=0 tty=ssh ruser= rhost=109.160.32.155 user=root
2026-09-13T00:47:15.454511+00:00 ubuntu sshd[1235109]: Failed password for invalid user ubuntu from 115.191.22.111 port 47896 ssh2
2026-09-13T00:47:16.212043+00:00 ubuntu sshd[1235120]: Failed password for root from 109.160.32.155 port 52172 ssh2
2026-09-13T00:47:17.378849+00:00 ubuntu sshd[1235120]: Connection closed by authenticating user root 109.160.32.155 port 52172 [preauth]
2026-09-13T00:47:18.179586+00:00 ubuntu sshd[1235109]: Connection closed by invalid user ubuntu 115.191.22.111 port 47896 [preauth]
2026-09-13T00:47:18.725279+00:00 ubuntu sshd[1235297]: Invalid user ubuntu from 115.191.22.111 port 57864
2026-09-13T00:47:18.932975+00:00 ubuntu sshd[1235297]: pam_unix(sshd:auth): check pass; user unknown
2026-09-13T00:47:18.933110+00:00 ubuntu sshd[1235297]: pam_unix(sshd:auth): authentication failure; logname= uid=0 euid=0 tty=ssh ruser= rhost=115.191.22.111
2026-09-13T00:47:19.253103+00:00 ubuntu sshd[1235304]: Invalid user admins from 109.160.32.155 port 52246
2026-09-13T00:47:19.305789+00:00 ubuntu sshd[1235304]: pam_unix(sshd:auth): check pass; user unknown
2026-09-13T00:47:19.305911+00:00 ubuntu sshd[1235304]: pam_unix(sshd:auth): authentication failure; logname= uid=0 euid=0 tty=ssh ruser= rhost=109.160.32.155
2026-09-13T00:47:20.950579+00:00 ubuntu sshd[1235304]: Failed password for invalid user admins from 109.160.32.155 port 52246 ssh2
2026-09-13T00:47:21.109154+00:00 ubuntu sshd[1235297]: Failed password for invalid user ubuntu from 115.191.22.111 port 57864 ssh2
2026-09-13T00:47:21.259164+00:00 ubuntu sshd[1235304]: Connection closed by invalid user admins 109.160.32.155 port 52246 [preauth]
2026-09-13T00:47:23.324378+00:00 ubuntu sshd[1235297]: Connection closed by invalid user ubuntu 115.191.22.111 port 57864 [preauth]
2026-09-13T00:47:23.960014+00:00 ubuntu sshd[1235402]: pam_unix(sshd:auth): authentication failure; logname= uid=0 euid=0 tty=ssh ruser= rhost=109.160.32.155 user=root
2026-09-13T00:47:24.710307+00:00 ubuntu sshd[1235400]: Invalid user ubuntu from 115.191.22.111 port 54504
2026-09-13T00:47:25.358037+00:00 ubuntu sshd[1235400]: pam_unix(sshd:auth): check pass; user unknown
2026-09-13T00:47:25.358129+00:00 ubuntu sshd[1235400]: pam_unix(sshd:auth): authentication failure; logname= uid=0 euid=0 tty=ssh ruser= rhost=115.191.22.111
2026-09-13T00:47:26.154044+00:00 ubuntu sshd[1235402]: Failed password for root from 109.160.32.155 port 44752 ssh2
2026-09-13T00:47:27.081053+00:00 ubuntu sshd[1235402]: Connection closed by authenticating user root 109.160.32.155 port 44752 [preauth]
2026-09-13T00:47:27.494229+00:00 ubuntu sshd[1235400]: Failed password for invalid user ubuntu from 115.191.22.111 port 54504 ssh2
2026-09-13T00:47:29.305921+00:00 ubuntu sshd[1235535]: Invalid user wangjing from 109.160.32.155 port 44804
2026-09-13T00:47:29.386545+00:00 ubuntu sshd[1235535]: pam_unix(sshd:auth): check pass; user unknown
2026-09-13T00:47:29.386674+00:00 ubuntu sshd[1235535]: pam_unix(sshd:auth): authentication failure; logname= uid=0 euid=0 tty=ssh ruser= rhost=109.160.32.155
2026-09-13T00:47:29.733392+00:00 ubuntu sshd[1235400]: Connection closed by invalid user ubuntu 115.191.22.111 port 54504 [preauth]
2026-09-13T00:47:30.689615+00:00 ubuntu sshd[1235541]: Invalid user ubuntu from 115.191.22.111 port 58888
2026-09-13T00:47:31.071229+00:00 ubuntu sshd[1235535]: Failed password for invalid user wangjing from 109.160.32.155 port 44804 ssh2
2026-09-13T00:47:31.333172+00:00 ubuntu sshd[1235541]: pam_unix(sshd:auth): check pass; user unknown
2026-09-13T00:47:31.333320+00:00 ubuntu sshd[1235541]: pam_unix(sshd:auth): authentication failure; logname= uid=0 euid=0 tty=ssh ruser= rhost=115.191.22.111
2026-09-13T00:47:32.168429+00:00 ubuntu sshd[1235535]: Connection closed by invalid user wangjing 109.160.32.155 port 44804 [preauth]
2026-09-13T00:47:33.293565+00:00 ubuntu sshd[1235541]: Failed password for invalid user ubuntu from 115.191.22.111 port 58888 ssh2
2026-09-13T00:47:33.624816+00:00 ubuntu sshd[1235541]: Connection closed by invalid user ubuntu 115.191.22.111 port 58888 [preauth]
2026-09-13T00:47:33.667071+00:00 ubuntu sshd[1235695]: Invalid user zlm from 109.160.32.155 port 45494
2026-09-13T00:47:33.683886+00:00 ubuntu sshd[1235695]: pam_unix(sshd:auth): check pass; user unknown
2026-09-13T00:47:33.684005+00:00 ubuntu sshd[1235695]: pam_unix(sshd:auth): authentication failure; logname= uid=0 euid=0 tty=ssh ruser= rhost=109.160.32.155
2026-09-13T00:47:34.573409+00:00 ubuntu sshd[1235701]: Invalid user ubuntu from 115.191.22.111 port 58894
2026-09-13T00:47:34.762742+00:00 ubuntu sshd[1235701]: pam_unix(sshd:auth): check pass; user unknown
2026-09-13T00:47:34.762918+00:00 ubuntu sshd[1235701]: pam_unix(sshd:auth): authentication failure; logname= uid=0 euid=0 tty=ssh ruser= rhost=115.191.22.111
2026-09-13T00:47:35.920259+00:00 ubuntu sshd[1235695]: Failed password for invalid user zlm from 109.160.32.155 port 45494 ssh2
2026-09-13T00:47:37.064743+00:00 ubuntu sshd[1235695]: Connection closed by invalid user zlm 109.160.32.155 port 45494 [preauth]
2026-09-13T00:47:37.470642+00:00 ubuntu sshd[1235701]: Failed password for invalid user ubuntu from 115.191.22.111 port 58894 ssh2
2026-09-13T00:47:38.895043+00:00 ubuntu sshd[1235834]: Invalid user playground from 109.160.32.155 port 45562
2026-09-13T00:47:38.988382+00:00 ubuntu sshd[1235834]: pam_unix(sshd:auth): check pass; user unknown
2026-09-13T00:47:38.988544+00:00 ubuntu sshd[1235834]: pam_unix(sshd:auth): authentication failure; logname= uid=0 euid=0 tty=ssh ruser= rhost=109.160.32.155
2026-09-13T00:47:40.090211+00:00 ubuntu sshd[1235701]: Connection closed by invalid user ubuntu 115.191.22.111 port 58894 [preauth]
2026-09-13T00:47:40.908791+00:00 ubuntu sshd[1235834]: Failed password for invalid user playground from 109.160.32.155 port 45562 ssh2
2026-09-13T00:47:42.308124+00:00 ubuntu sshd[1235834]: Connection closed by invalid user playground 109.160.32.155 port 45562 [preauth]
2026-09-13T00:47:43.653936+00:00 ubuntu sshd[1236012]: Invalid user ubuntu from 115.191.22.111 port 54118
2026-09-13T00:47:43.670534+00:00 ubuntu sshd[1236046]: Invalid user user1 from 109.160.32.155 port 43272
2026-09-13T00:47:43.730799+00:00 ubuntu sshd[1236046]: pam_unix(sshd:auth): check pass; user unknown
2026-09-13T00:47:43.730937+00:00 ubuntu sshd[1236046]: pam_unix(sshd:auth): authentication failure; logname= uid=0 euid=0 tty=ssh ruser= rhost=109.160.32.155
2026-09-13T00:47:43.831636+00:00 ubuntu sshd[1236012]: pam_unix(sshd:auth): check pass; user unknown
2026-09-13T00:47:43.831796+00:00 ubuntu sshd[1236012]: pam_unix(sshd:auth): authentication failure; logname= uid=0 euid=0 tty=ssh ruser= rhost=115.191.22.111
