2026-09-13T00:17:59.059704+00:00 ubuntu sshd[1185215]: pam_unix(sshd:auth): check pass; user unknown
2026-09-13T00:17:59.059904+00:00 ubuntu sshd[1185215]: pam_unix(sshd:auth): authentication failure; logname= uid=0 euid=0 tty=ssh ruser= rhost=115.191.22.111
2026-09-13T00:18:01.421949+00:00 ubuntu sshd[1185215]: Failed password for invalid user user from 115.191.22.111 port 56006 ssh2
2026-09-13T00:18:03.429936+00:00 ubuntu sshd[1185215]: Connection closed by invalid user user 115.191.22.111 port 56006 [preauth]
2026-09-13T00:18:46.398276+00:00 ubuntu sshd[1186455]: pam_unix(sshd:auth): authentication failure; logname= uid=0 euid=0 tty=ssh ruser= rhost=211.62.96.42 user=root
2026-09-13T00:18:48.544423+00:00 ubuntu sshd[1186455]: Failed password for root from 211.62.96.42 port 48458 ssh2
2026-09-13T00:18:48.919295+00:00 ubuntu sshd[1186575]: Invalid user ubuntu from 211.62.96.42 port 53136
2026-09-13T00:18:49.233232+00:00 ubuntu sshd[1186575]: pam_unix(sshd:auth): check pass; user unknown
2026-09-13T00:18:49.233362+00:00 ubuntu sshd[1186575]: pam_unix(sshd:auth): authentication failure; logname= uid=0 euid=0 tty=ssh ruser= rhost=211.62.96.42
2026-09-13T00:18:49.819594+00:00 ubuntu sshd[1186455]: Connection closed by authenticating user root 211.62.96.42 port 48458 [preauth]
2026-09-13T00:18:51.124096+00:00 ubuntu sshd[1186575]: Failed password for invalid user ubuntu from 211.62.96.42 port 53136 ssh2
2026-09-13T00:18:51.645490+00:00 ubuntu sshd[1186575]: Connection closed by invalid user ubuntu 211.62.96.42 port 53136 [preauth]
2026-09-13T00:18:51.928590+00:00 ubuntu sshd[1186579]: Invalid user agentsolutionsmallorca from 211.62.96.42 port 53150
2026-09-13T00:18:52.240055+00:00 ubuntu sshd[1186579]: pam_unix(sshd:auth): check pass; user unknown
2026-09-13T00:18:52.240238+00:00 ubuntu sshd[1186579]: pam_unix(sshd:auth): authentication failure; logname= uid=0 euid=0 tty=ssh ruser= rhost=211.62.96.42
2026-09-13T00:18:54.210892+00:00 ubuntu sshd[1186579]: Failed password for invalid user agentsolutionsmallorca from 211.62.96.42 port 53150 ssh2
2026-09-13T00:18:54.764597+00:00 ubuntu sshd[1186579]: Connection closed by invalid user agentsolutionsmallorca 211.62.96.42 port 53150 [preauth]
2026-09-13T00:19:26.120821+00:00 ubuntu sshd[1187423]: Connection closed by 186.22.218.239 port 53048
2026-09-13T00:19:42.464355+00:00 ubuntu sshd[1187977]: pam_unix(sshd:auth): authentication failure; logname= uid=0 euid=0 tty=ssh ruser= rhost=45.148.10.151 user=root
2026-09-13T00:19:44.299404+00:00 ubuntu sshd[1187977]: Failed password for root from 45.148.10.151 port 54640 ssh2
2026-09-13T00:19:47.252946+00:00 ubuntu sshd[1187977]: Failed password for root from 45.148.10.151 port 54640 ssh2
2026-09-13T00:19:50.537657+00:00 ubuntu sshd[1187977]: Failed password for root from 45.148.10.151 port 54640 ssh2
2026-09-13T00:19:54.157607+00:00 ubuntu sshd[1187977]: Failed password for root from 45.148.10.151 port 54640 ssh2
2026-09-13T00:19:56.913181+00:00 ubuntu sshd[1187977]: Failed password for root from 45.148.10.151 port 54640 ssh2
2026-09-13T00:19:58.416007+00:00 ubuntu sshd[1187977]: Connection reset by authenticating user root 45.148.10.151 port 54640 [preauth]
2026-09-13T00:19:58.416170+00:00 ubuntu sshd[1187977]: PAM 4 more authentication failures; logname= uid=0 euid=0 tty=ssh ruser= rhost=45.148.10.151 user=root
2026-09-13T00:19:58.416242+00:00 ubuntu sshd[1187977]: PAM service(sshd) ignoring max retries; 5 > 3
2026-09-13T00:21:08.424431+00:00 ubuntu sshd[1190429]: Invalid user agentsolutions-mallorca from 51.222.156.111 port 53034
2026-09-13T00:21:08.523453+00:00 ubuntu sshd[1190429]: pam_unix(sshd:auth): check pass; user unknown
2026-09-13T00:21:08.523665+00:00 ubuntu sshd[1190429]: pam_unix(sshd:auth): authentication failure; logname= uid=0 euid=0 tty=ssh ruser= rhost=51.222.156.111
2026-09-13T00:21:10.499218+00:00 ubuntu sshd[1190429]: Failed password for invalid user agentsolutions-mallorca from 51.222.156.111 port 53034 ssh2
2026-09-13T00:21:10.861129+00:00 ubuntu sshd[1190429]: Connection closed by invalid user agentsolutions-mallorca 51.222.156.111 port 53034 [preauth]
2026-09-13T00:21:15.931467+00:00 ubuntu sshd[1190579]: Invalid user docker from 103.79.90.26 port 59068
2026-09-13T00:21:16.124367+00:00 ubuntu sshd[1190579]: pam_unix(sshd:auth): check pass; user unknown
2026-09-13T00:21:16.124512+00:00 ubuntu sshd[1190579]: pam_unix(sshd:auth): authentication failure; logname= uid=0 euid=0 tty=ssh ruser= rhost=103.79.90.26
2026-09-13T00:21:18.531671+00:00 ubuntu sshd[1190579]: Failed password for invalid user docker from 103.79.90.26 port 59068 ssh2
2026-09-13T00:21:19.647829+00:00 ubuntu sshd[1190579]: Connection closed by invalid user docker 103.79.90.26 port 59068 [preauth]
2026-09-13T00:21:43.696930+00:00 ubuntu sshd[1191393]: pam_unix(sshd:auth): authentication failure; logname= uid=0 euid=0 tty=ssh ruser= rhost=123.100.226.79 user=root
2026-09-13T00:21:45.475060+00:00 ubuntu sshd[1191393]: Failed password for root from 123.100.226.79 port 37986 ssh2
2026-09-13T00:21:46.983704+00:00 ubuntu sshd[1191393]: Connection closed by authenticating user root 123.100.226.79 port 37986 [preauth]
2026-09-13T00:21:49.530487+00:00 ubuntu sshd[1191618]: pam_unix(sshd:auth): authentication failure; logname= uid=0 euid=0 tty=ssh ruser= rhost=46.10.201.90 user=root
2026-09-13T00:21:51.800654+00:00 ubuntu sshd[1191618]: Failed password for root from 46.10.201.90 port 59036 ssh2
2026-09-13T00:21:52.404783+00:00 ubuntu sshd[1191634]: Invalid user ubuntu from 46.10.201.90 port 37226
2026-09-13T00:21:52.440536+00:00 ubuntu sshd[1191634]: pam_unix(sshd:auth): check pass; user unknown
2026-09-13T00:21:52.440684+00:00 ubuntu sshd[1191634]: pam_unix(sshd:auth): authentication failure; logname= uid=0 euid=0 tty=ssh ruser= rhost=46.10.201.90
2026-09-13T00:21:52.666625+00:00 ubuntu sshd[1191618]: Connection closed by authenticating user root 46.10.201.90 port 59036 [preauth]
2026-09-13T00:21:52.695531+00:00 ubuntu sshd[1191686]: Connection closed by 186.22.218.239 port 43136
2026-09-13T00:21:54.456486+00:00 ubuntu sshd[1191634]: Failed password for invalid user ubuntu from 46.10.201.90 port 37226 ssh2
2026-09-13T00:21:54.572280+00:00 ubuntu sshd[1191634]: Connection closed by invalid user ubuntu 46.10.201.90 port 37226 [preauth]
2026-09-13T00:21:54.761740+00:00 ubuntu sshd[1191828]: Invalid user agentsolutionsmallorca from 46.10.201.90 port 42100
2026-09-13T00:21:54.797567+00:00 ubuntu sshd[1191828]: pam_unix(sshd:auth): check pass; user unknown
2026-09-13T00:21:54.797711+00:00 ubuntu sshd[1191828]: pam_unix(sshd:auth): authentication failure; logname= uid=0 euid=0 tty=ssh ruser= rhost=46.10.201.90
2026-09-13T00:21:56.753362+00:00 ubuntu sshd[1191828]: Failed password for invalid user agentsolutionsmallorca from 46.10.201.90 port 42100 ssh2
2026-09-13T00:21:57.047904+00:00 ubuntu sshd[1191828]: Connection closed by invalid user agentsolutionsmallorca 46.10.201.90 port 42100 [preauth]
2026-09-13T00:22:06.229033+00:00 ubuntu sshd[1192063]: Invalid user user from 115.191.22.111 port 59346
2026-09-13T00:22:06.405999+00:00 ubuntu sshd[1192063]: pam_unix(sshd:auth): check pass; user unknown
2026-09-13T00:22:06.406281+00:00 ubuntu sshd[1192063]: pam_unix(sshd:auth): authentication failure; logname= uid=0 euid=0 tty=ssh ruser= rhost=115.191.22.111
2026-09-13T00:22:08.341200+00:00 ubuntu sshd[1192063]: Failed password for invalid user user from 115.191.22.111 port 59346 ssh2
2026-09-13T00:22:08.677141+00:00 ubuntu sshd[1192063]: Connection closed by invalid user user 115.191.22.111 port 59346 [preauth]
2026-09-13T00:22:10.828268+00:00 ubuntu sshd[1192225]: Invalid user office from 62.210.205.111 port 57064
2026-09-13T00:22:10.852993+00:00 ubuntu sshd[1192225]: pam_unix(sshd:auth): check pass; user unknown
2026-09-13T00:22:10.853140+00:00 ubuntu sshd[1192225]: pam_unix(sshd:auth): authentication failure; logname= uid=0 euid=0 tty=ssh ruser= rhost=62.210.205.111
2026-09-13T00:22:13.340673+00:00 ubuntu sshd[1192225]: Failed password for invalid user office from 62.210.205.111 port 57064 ssh2
2026-09-13T00:22:14.482668+00:00 ubuntu sshd[1192225]: Connection closed by invalid user office 62.210.205.111 port 57064 [preauth]
2026-09-13T00:23:17.084210+00:00 ubuntu sshd[1194070]: pam_unix(sshd:auth): authentication failure; logname= uid=0 euid=0 tty=ssh ruser= rhost=94.131.240.137 user=root
2026-09-13T00:23:18.964512+00:00 ubuntu sshd[1194070]: Failed password for root from 94.131.240.137 port 34623 ssh2
2026-09-13T00:23:19.974089+00:00 ubuntu sshd[1194193]: Invalid user ubuntu from 94.131.240.137 port 64511
2026-09-13T00:23:20.008537+00:00 ubuntu sshd[1194193]: pam_unix(sshd:auth): check pass; user unknown
2026-09-13T00:23:20.008710+00:00 ubuntu sshd[1194193]: pam_unix(sshd:auth): authentication failure; logname= uid=0 euid=0 tty=ssh ruser= rhost=94.131.240.137
2026-09-13T00:23:20.224065+00:00 ubuntu sshd[1194070]: Connection closed by authenticating user root 94.131.240.137 port 34623 [preauth]
2026-09-13T00:23:22.104093+00:00 ubuntu sshd[1194193]: Failed password for invalid user ubuntu from 94.131.240.137 port 64511 ssh2
2026-09-13T00:23:22.137813+00:00 ubuntu sshd[1194193]: Connection closed by invalid user ubuntu 94.131.240.137 port 64511 [preauth]
2026-09-13T00:23:22.310242+00:00 ubuntu sshd[1194202]: Invalid user agentsolutionsmallorca from 94.131.240.137 port 20813
2026-09-13T00:23:22.343828+00:00 ubuntu sshd[1194202]: pam_unix(sshd:auth): check pass; user unknown
2026-09-13T00:23:22.343992+00:00 ubuntu sshd[1194202]: pam_unix(sshd:auth): authentication failure; logname= uid=0 euid=0 tty=ssh ruser= rhost=94.131.240.137
2026-09-13T00:23:25.047455+00:00 ubuntu sshd[1194202]: Failed password for invalid user agentsolutionsmallorca from 94.131.240.137 port 20813 ssh2
2026-09-13T00:23:26.806683+00:00 ubuntu sshd[1194202]: Connection closed by invalid user agentsolutionsmallorca 94.131.240.137 port 20813 [preauth]
2026-09-13T00:23:39.988149+00:00 ubuntu sshd[1194677]: Invalid user ftpuser from 45.166.33.126 port 42164
2026-09-13T00:23:40.249182+00:00 ubuntu sshd[1194677]: pam_unix(sshd:auth): check pass; user unknown
2026-09-13T00:23:40.249320+00:00 ubuntu sshd[1194677]: pam_unix(sshd:auth): authentication failure; logname= uid=0 euid=0 tty=ssh ruser= rhost=45.166.33.126
2026-09-13T00:23:42.425366+00:00 ubuntu sshd[1194677]: Failed password for invalid user ftpuser from 45.166.33.126 port 42164 ssh2
2026-09-13T00:23:43.865228+00:00 ubuntu sshd[1194677]: Connection closed by invalid user ftpuser 45.166.33.126 port 42164 [preauth]
2026-09-13T00:24:30.873033+00:00 ubuntu sshd[1196122]: pam_unix(sshd:auth): authentication failure; logname= uid=0 euid=0 tty=ssh ruser= rhost=62.60.130.242 user=root
2026-09-13T00:24:32.577702+00:00 ubuntu sshd[1196122]: Failed password for root from 62.60.130.242 port 35164 ssh2
2026-09-13T00:24:35.860973+00:00 ubuntu sshd[1196122]: Failed password for root from 62.60.130.242 port 35164 ssh2
2026-09-13T00:24:38.117104+00:00 ubuntu sshd[1196285]: Invalid user admin from 2.57.121.25 port 47438
2026-09-13T00:24:38.145986+00:00 ubuntu sshd[1196285]: pam_unix(sshd:auth): check pass; user unknown
2026-09-13T00:24:38.146120+00:00 ubuntu sshd[1196285]: pam_unix(sshd:auth): authentication failure; logname= uid=0 euid=0 tty=ssh ruser= rhost=2.57.121.25
2026-09-13T00:24:38.617353+00:00 ubuntu sshd[1196122]: Failed password for root from 62.60.130.242 port 35164 ssh2
2026-09-13T00:24:39.615369+00:00 ubuntu sshd[1196285]: Failed password for invalid user admin from 2.57.121.25 port 47438 ssh2
2026-09-13T00:24:40.366841+00:00 ubuntu sshd[1196122]: Failed password for root from 62.60.130.242 port 35164 ssh2
2026-09-13T00:24:41.022462+00:00 ubuntu sshd[1196285]: pam_unix(sshd:auth): check pass; user unknown
2026-09-13T00:24:42.254452+00:00 ubuntu sshd[1196122]: Failed password for root from 62.60.130.242 port 35164 ssh2
2026-09-13T00:24:42.901818+00:00 ubuntu sshd[1196285]: Failed password for invalid user admin from 2.57.121.25 port 47438 ssh2
2026-09-13T00:24:43.634429+00:00 ubuntu sshd[1196122]: Connection reset by authenticating user root 62.60.130.242 port 35164 [preauth]
2026-09-13T00:24:43.634562+00:00 ubuntu sshd[1196122]: PAM 4 more authentication failures; logname= uid=0 euid=0 tty=ssh ruser= rhost=62.60.130.242 user=root
2026-09-13T00:24:43.634631+00:00 ubuntu sshd[1196122]: PAM service(sshd) ignoring max retries; 5 > 3
2026-09-13T00:24:43.898106+00:00 ubuntu sshd[1196285]: pam_unix(sshd:auth): check pass; user unknown
2026-09-13T00:24:46.054577+00:00 ubuntu sshd[1196285]: Failed password for invalid user admin from 2.57.121.25 port 47438 ssh2
2026-09-13T00:24:46.773680+00:00 ubuntu sshd[1196285]: Connection closed by invalid user admin 2.57.121.25 port 47438 [preauth]
2026-09-13T00:24:46.774009+00:00 ubuntu sshd[1196285]: PAM 2 more authentication failures; logname= uid=0 euid=0 tty=ssh ruser= rhost=2.57.121.25
2026-09-13T00:25:01.734660+00:00 ubuntu CRON[1196868]: pam_unix(cron:session): session opened for user root(uid=0) by root(uid=0)
2026-09-13T00:25:01.738962+00:00 ubuntu CRON[1196868]: pam_unix(cron:session): session closed for user root
2026-09-13T00:26:16.161571+00:00 ubuntu sshd[1199005]: Connection closed by 82.152.211.215 port 49890
2026-09-13T00:26:17.077072+00:00 ubuntu sshd[1199009]: Invalid user hadoop from 82.152.211.215 port 49928
2026-09-13T00:26:17.098422+00:00 ubuntu sshd[1199009]: pam_unix(sshd:auth): check pass; user unknown
2026-09-13T00:26:17.098557+00:00 ubuntu sshd[1199009]: pam_unix(sshd:auth): authentication failure; logname= uid=0 euid=0 tty=ssh ruser= rhost=82.152.211.215
2026-09-13T00:26:19.159883+00:00 ubuntu sshd[1199009]: Failed password for invalid user hadoop from 82.152.211.215 port 49928 ssh2
2026-09-13T00:26:20.487067+00:00 ubuntu sshd[1199009]: Connection closed by invalid user hadoop 82.152.211.215 port 49928 [preauth]
2026-09-13T00:26:25.907259+00:00 ubuntu sshd[1199224]: Invalid user from 109.160.32.155 port 46608
2026-09-13T00:26:33.832509+00:00 ubuntu sshd[1199224]: Connection closed by invalid user 109.160.32.155 port 46608 [preauth]
2026-09-13T00:26:35.326037+00:00 ubuntu sshd[1199438]: pam_unix(sshd:auth): authentication failure; logname= uid=0 euid=0 tty=ssh ruser= rhost=116.66.198.210 user=root
2026-09-13T00:26:37.858335+00:00 ubuntu sshd[1199438]: Failed password for root from 116.66.198.210 port 48644 ssh2
2026-09-13T00:26:38.613108+00:00 ubuntu sshd[1199438]: Connection closed by authenticating user root 116.66.198.210 port 48644 [preauth]
2026-09-13T00:27:16.521218+00:00 ubuntu sshd[1200724]: Invalid user agentsolutions-mallorca from 5.160.2.182 port 59594
2026-09-13T00:27:16.617712+00:00 ubuntu sshd[1200724]: pam_unix(sshd:auth): check pass; user unknown
2026-09-13T00:27:16.617927+00:00 ubuntu sshd[1200724]: pam_unix(sshd:auth): authentication failure; logname= uid=0 euid=0 tty=ssh ruser= rhost=5.160.2.182
2026-09-13T00:27:18.779111+00:00 ubuntu sshd[1200724]: Failed password for invalid user agentsolutions-mallorca from 5.160.2.182 port 59594 ssh2
2026-09-13T00:27:18.953063+00:00 ubuntu sshd[1200724]: Connection closed by invalid user agentsolutions-mallorca 5.160.2.182 port 59594 [preauth]
2026-09-13T00:27:29.838341+00:00 ubuntu sshd[1201033]: Invalid user user from 109.160.32.155 port 56680
2026-09-13T00:27:29.944175+00:00 ubuntu sshd[1201033]: pam_unix(sshd:auth): check pass; user unknown
2026-09-13T00:27:29.944306+00:00 ubuntu sshd[1201033]: pam_unix(sshd:auth): authentication failure; logname= uid=0 euid=0 tty=ssh ruser= rhost=109.160.32.155
2026-09-13T00:27:32.225902+00:00 ubuntu sshd[1201033]: Failed password for invalid user user from 109.160.32.155 port 56680 ssh2
2026-09-13T00:27:34.302518+00:00 ubuntu sshd[1201033]: Connection closed by invalid user user 109.160.32.155 port 56680 [preauth]
2026-09-13T00:27:35.995400+00:00 ubuntu sshd[1201173]: Invalid user user from 109.160.32.155 port 60744
2026-09-13T00:27:36.210954+00:00 ubuntu sshd[1201173]: pam_unix(sshd:auth): check pass; user unknown
2026-09-13T00:27:36.211151+00:00 ubuntu sshd[1201173]: pam_unix(sshd:auth): authentication failure; logname= uid=0 euid=0 tty=ssh ruser= rhost=109.160.32.155
2026-09-13T00:27:38.452431+00:00 ubuntu sshd[1201173]: Failed password for invalid user user from 109.160.32.155 port 60744 ssh2
2026-09-13T00:27:40.497773+00:00 ubuntu sshd[1201173]: Connection closed by invalid user user 109.160.32.155 port 60744 [preauth]
2026-09-13T00:27:40.875657+00:00 ubuntu sshd[1201358]: pam_unix(sshd:auth): authentication failure; logname= uid=0 euid=0 tty=ssh ruser= rhost=109.160.32.155 user=root
2026-09-13T00:27:43.001385+00:00 ubuntu sshd[1201358]: Failed password for root from 109.160.32.155 port 45954 ssh2
2026-09-13T00:27:44.004165+00:00 ubuntu sshd[1201358]: Connection closed by authenticating user root 109.160.32.155 port 45954 [preauth]
2026-09-13T00:27:45.982077+00:00 ubuntu sshd[1201546]: pam_unix(sshd:auth): authentication failure; logname= uid=0 euid=0 tty=ssh ruser= rhost=109.160.32.155 user=root
2026-09-13T00:27:48.459260+00:00 ubuntu sshd[1201546]: Failed password for root from 109.160.32.155 port 46014 ssh2
2026-09-13T00:27:49.125629+00:00 ubuntu sshd[1201546]: Connection closed by authenticating user root 109.160.32.155 port 46014 [preauth]
2026-09-13T00:27:50.649826+00:00 ubuntu sshd[1201681]: pam_unix(sshd:auth): authentication failure; logname= uid=0 euid=0 tty=ssh ruser= rhost=109.160.32.155 user=root
2026-09-13T00:27:53.147119+00:00 ubuntu sshd[1201681]: Failed password for root from 109.160.32.155 port 36800 ssh2
2026-09-13T00:27:53.787234+00:00 ubuntu sshd[1201681]: Connection closed by authenticating user root 109.160.32.155 port 36800 [preauth]
2026-09-13T00:27:55.720447+00:00 ubuntu sshd[1201784]: pam_unix(sshd:auth): authentication failure; logname= uid=0 euid=0 tty=ssh ruser= rhost=109.160.32.155 user=root
2026-09-13T00:27:58.237695+00:00 ubuntu sshd[1201784]: Failed password for root from 109.160.32.155 port 36884 ssh2
2026-09-13T00:27:58.847005+00:00 ubuntu sshd[1201784]: Connection closed by authenticating user root 109.160.32.155 port 36884 [preauth]
2026-09-13T00:28:00.520157+00:00 ubuntu sshd[1201921]: Invalid user appuser from 109.160.32.155 port 55436
2026-09-13T00:28:00.584734+00:00 ubuntu sshd[1201921]: pam_unix(sshd:auth): check pass; user unknown
2026-09-13T00:28:00.584906+00:00 ubuntu sshd[1201921]: pam_unix(sshd:auth): authentication failure; logname= uid=0 euid=0 tty=ssh ruser= rhost=109.160.32.155
2026-09-13T00:28:02.455038+00:00 ubuntu sshd[1201921]: Failed password for invalid user appuser from 109.160.32.155 port 55436 ssh2
2026-09-13T00:28:03.081987+00:00 ubuntu sshd[1201921]: Connection closed by invalid user appuser 109.160.32.155 port 55436 [preauth]
2026-09-13T00:28:04.059193+00:00 ubuntu sshd[1202012]: Invalid user agentsolutions-mallorca from 81.196.125.240 port 52878
2026-09-13T00:28:04.102221+00:00 ubuntu sshd[1202012]: pam_unix(sshd:auth): check pass; user unknown
2026-09-13T00:28:04.102336+00:00 ubuntu sshd[1202012]: pam_unix(sshd:auth): authentication failure; logname= uid=0 euid=0 tty=ssh ruser= rhost=81.196.125.240
2026-09-13T00:28:05.240602+00:00 ubuntu sshd[1202020]: pam_unix(sshd:auth): authentication failure; logname= uid=0 euid=0 tty=ssh ruser= rhost=109.160.32.155 user=root
2026-09-13T00:28:06.188224+00:00 ubuntu sshd[1202012]: Failed password for invalid user agentsolutions-mallorca from 81.196.125.240 port 52878 ssh2
2026-09-13T00:28:06.379646+00:00 ubuntu sshd[1202012]: Connection closed by invalid user agentsolutions-mallorca 81.196.125.240 port 52878 [preauth]
2026-09-13T00:28:07.130479+00:00 ubuntu sshd[1202020]: Failed password for root from 109.160.32.155 port 55500 ssh2
2026-09-13T00:28:08.439477+00:00 ubuntu sshd[1202020]: Connection closed by authenticating user root 109.160.32.155 port 55500 [preauth]
2026-09-13T00:28:10.028525+00:00 ubuntu sshd[1202116]: pam_unix(sshd:auth): authentication failure; logname= uid=0 euid=0 tty=ssh ruser= rhost=109.160.32.155 user=root
2026-09-13T00:28:12.134260+00:00 ubuntu sshd[1202116]: Failed password for root from 109.160.32.155 port 51688 ssh2
2026-09-13T00:28:13.156457+00:00 ubuntu sshd[1202116]: Connection closed by authenticating user root 109.160.32.155 port 51688 [preauth]
2026-09-13T00:28:14.972828+00:00 ubuntu sshd[1202378]: pam_unix(sshd:auth): authentication failure; logname= uid=0 euid=0 tty=ssh ruser= rhost=109.160.32.155 user=root
2026-09-13T00:28:17.766012+00:00 ubuntu sshd[1202378]: Failed password for root from 109.160.32.155 port 51716 ssh2
2026-09-13T00:28:18.093595+00:00 ubuntu sshd[1202378]: Connection closed by authenticating user root 109.160.32.155 port 51716 [preauth]
2026-09-13T00:28:20.052692+00:00 ubuntu sshd[1202475]: pam_unix(sshd:auth): authentication failure; logname= uid=0 euid=0 tty=ssh ruser= rhost=109.160.32.155 user=root
2026-09-13T00:28:22.198429+00:00 ubuntu sshd[1202475]: Failed password for root from 109.160.32.155 port 43922 ssh2
2026-09-13T00:28:23.177176+00:00 ubuntu sshd[1202475]: Connection closed by authenticating user root 109.160.32.155 port 43922 [preauth]
2026-09-13T00:28:24.263269+00:00 ubuntu sshd[1202614]: Invalid user nominatim from 109.160.32.155 port 43986
2026-09-13T00:28:24.280535+00:00 ubuntu sshd[1202614]: pam_unix(sshd:auth): check pass; user unknown
2026-09-13T00:28:24.280634+00:00 ubuntu sshd[1202614]: pam_unix(sshd:auth): authentication failure; logname= uid=0 euid=0 tty=ssh ruser= rhost=109.160.32.155
2026-09-13T00:28:26.446684+00:00 ubuntu sshd[1202614]: Failed password for invalid user nominatim from 109.160.32.155 port 43986 ssh2
2026-09-13T00:28:28.398263+00:00 ubuntu sshd[1202614]: Connection closed by invalid user nominatim 109.160.32.155 port 43986 [preauth]
2026-09-13T00:28:29.143285+00:00 ubuntu sshd[1202713]: Invalid user ftpuser from 109.160.32.155 port 44050
2026-09-13T00:28:29.163558+00:00 ubuntu sshd[1202713]: pam_unix(sshd:auth): check pass; user unknown
2026-09-13T00:28:29.163794+00:00 ubuntu sshd[1202713]: pam_unix(sshd:auth): authentication failure; logname= uid=0 euid=0 tty=ssh ruser= rhost=109.160.32.155
2026-09-13T00:28:31.349661+00:00 ubuntu sshd[1202713]: Failed password for invalid user ftpuser from 109.160.32.155 port 44050 ssh2
2026-09-13T00:28:32.521686+00:00 ubuntu sshd[1202713]: Connection closed by invalid user ftpuser 109.160.32.155 port 44050 [preauth]
2026-09-13T00:28:34.268358+00:00 ubuntu sshd[1202915]: pam_unix(sshd:auth): authentication failure; logname= uid=0 euid=0 tty=ssh ruser= rhost=109.160.32.155 user=root
2026-09-13T00:28:36.138361+00:00 ubuntu sshd[1202915]: Failed password for root from 109.160.32.155 port 53278 ssh2
2026-09-13T00:28:37.391693+00:00 ubuntu sshd[1202915]: Connection closed by authenticating user root 109.160.32.155 port 53278 [preauth]
2026-09-13T00:28:38.653150+00:00 ubuntu sshd[1203061]: Invalid user deploy from 109.160.32.155 port 53322
2026-09-13T00:28:38.680516+00:00 ubuntu sshd[1203061]: pam_unix(sshd:auth): check pass; user unknown
2026-09-13T00:28:38.680659+00:00 ubuntu sshd[1203061]: pam_unix(sshd:auth): authentication failure; logname= uid=0 euid=0 tty=ssh ruser= rhost=109.160.32.155
2026-09-13T00:28:41.102499+00:00 ubuntu sshd[1203061]: Failed password for invalid user deploy from 109.160.32.155 port 53322 ssh2
2026-09-13T00:28:43.443579+00:00 ubuntu sshd[1203061]: Connection closed by invalid user deploy 109.160.32.155 port 53322 [preauth]
2026-09-13T00:28:43.477876+00:00 ubuntu sshd[1203255]: Invalid user patricia from 176.53.159.197 port 55780
2026-09-13T00:28:43.542583+00:00 ubuntu sshd[1203255]: pam_unix(sshd:auth): check pass; user unknown
2026-09-13T00:28:43.542823+00:00 ubuntu sshd[1203255]: pam_unix(sshd:auth): authentication failure; logname= uid=0 euid=0 tty=ssh ruser= rhost=176.53.159.197
2026-09-13T00:28:43.648070+00:00 ubuntu sshd[1203257]: Invalid user deploy from 109.160.32.155 port 55264
2026-09-13T00:28:43.665436+00:00 ubuntu sshd[1203257]: pam_unix(sshd:auth): check pass; user unknown
2026-09-13T00:28:43.665558+00:00 ubuntu sshd[1203257]: pam_unix(sshd:auth): authentication failure; logname= uid=0 euid=0 tty=ssh ruser= rhost=109.160.32.155
2026-09-13T00:28:45.648903+00:00 ubuntu sshd[1203255]: Failed password for invalid user patricia from 176.53.159.197 port 55780 ssh2
2026-09-13T00:28:45.771551+00:00 ubuntu sshd[1203257]: Failed password for invalid user deploy from 109.160.32.155 port 55264 ssh2
2026-09-13T00:28:46.046028+00:00 ubuntu sshd[1203257]: Connection closed by invalid user deploy 109.160.32.155 port 55264 [preauth]
2026-09-13T00:28:46.650095+00:00 ubuntu sshd[1203255]: pam_unix(sshd:auth): check pass; user unknown
2026-09-13T00:28:48.168322+00:00 ubuntu sshd[1203255]: Failed password for invalid user patricia from 176.53.159.197 port 55780 ssh2
2026-09-13T00:28:48.202626+00:00 ubuntu sshd[1203255]: pam_unix(sshd:auth): check pass; user unknown
2026-09-13T00:28:48.587118+00:00 ubuntu sshd[1203425]: Invalid user ubuntu from 109.160.32.155 port 55336
2026-09-13T00:28:48.606368+00:00 ubuntu sshd[1203425]: pam_unix(sshd:auth): check pass; user unknown
2026-09-13T00:28:48.606490+00:00 ubuntu sshd[1203425]: pam_unix(sshd:auth): authentication failure; logname= uid=0 euid=0 tty=ssh ruser= rhost=109.160.32.155
2026-09-13T00:28:50.664463+00:00 ubuntu sshd[1203255]: Failed password for invalid user patricia from 176.53.159.197 port 55780 ssh2
2026-09-13T00:28:51.068182+00:00 ubuntu sshd[1203425]: Failed password for invalid user ubuntu from 109.160.32.155 port 55336 ssh2
2026-09-13T00:28:51.309215+00:00 ubuntu sshd[1203255]: pam_unix(sshd:auth): check pass; user unknown
2026-09-13T00:28:52.817607+00:00 ubuntu sshd[1203425]: Connection closed by invalid user ubuntu 109.160.32.155 port 55336 [preauth]
2026-09-13T00:28:53.632676+00:00 ubuntu sshd[1203563]: Invalid user ubuntu from 109.160.32.155 port 60120
2026-09-13T00:28:53.752231+00:00 ubuntu sshd[1203563]: pam_unix(sshd:auth): check pass; user unknown
2026-09-13T00:28:53.752368+00:00 ubuntu sshd[1203563]: pam_unix(sshd:auth): authentication failure; logname= uid=0 euid=0 tty=ssh ruser= rhost=109.160.32.155
2026-09-13T00:28:54.182881+00:00 ubuntu sshd[1203255]: Failed password for invalid user patricia from 176.53.159.197 port 55780 ssh2
2026-09-13T00:28:54.415918+00:00 ubuntu sshd[1203255]: pam_unix(sshd:auth): check pass; user unknown
2026-09-13T00:28:55.898433+00:00 ubuntu sshd[1203563]: Failed password for invalid user ubuntu from 109.160.32.155 port 60120 ssh2
2026-09-13T00:28:56.366344+00:00 ubuntu sshd[1203255]: Failed password for invalid user patricia from 176.53.159.197 port 55780 ssh2
2026-09-13T00:28:57.530901+00:00 ubuntu sshd[1203255]: Connection reset by invalid user patricia 176.53.159.197 port 55780 [preauth]
2026-09-13T00:28:57.531061+00:00 ubuntu sshd[1203255]: PAM 4 more authentication failures; logname= uid=0 euid=0 tty=ssh ruser= rhost=176.53.159.197
2026-09-13T00:28:57.531137+00:00 ubuntu sshd[1203255]: PAM service(sshd) ignoring max retries; 5 > 3
2026-09-13T00:28:57.579927+00:00 ubuntu sshd[1203660]: Invalid user peertube from 176.53.159.197 port 64238
2026-09-13T00:28:57.595992+00:00 ubuntu sshd[1203660]: pam_unix(sshd:auth): check pass; user unknown
2026-09-13T00:28:57.596142+00:00 ubuntu sshd[1203660]: pam_unix(sshd:auth): authentication failure; logname= uid=0 euid=0 tty=ssh ruser= rhost=176.53.159.197
2026-09-13T00:28:57.990074+00:00 ubuntu sshd[1203563]: Connection closed by invalid user ubuntu 109.160.32.155 port 60120 [preauth]
2026-09-13T00:28:58.226650+00:00 ubuntu sshd[1203664]: Invalid user redmine from 109.160.32.155 port 60208
2026-09-13T00:28:58.247106+00:00 ubuntu sshd[1203664]: pam_unix(sshd:auth): check pass; user unknown
2026-09-13T00:28:58.247209+00:00 ubuntu sshd[1203664]: pam_unix(sshd:auth): authentication failure; logname= uid=0 euid=0 tty=ssh ruser= rhost=109.160.32.155
2026-09-13T00:28:59.746013+00:00 ubuntu sshd[1203664]: Failed password for invalid user redmine from 109.160.32.155 port 60208 ssh2
2026-09-13T00:28:59.957963+00:00 ubuntu sshd[1203660]: Failed password for invalid user peertube from 176.53.159.197 port 64238 ssh2
2026-09-13T00:29:00.113956+00:00 ubuntu sshd[1203671]: Invalid user crypto from 161.132.100.45 port 54824
2026-09-13T00:29:00.290739+00:00 ubuntu sshd[1203671]: pam_unix(sshd:auth): check pass; user unknown
2026-09-13T00:29:00.290910+00:00 ubuntu sshd[1203671]: pam_unix(sshd:auth): authentication failure; logname= uid=0 euid=0 tty=ssh ruser= rhost=161.132.100.45
2026-09-13T00:29:00.338973+00:00 ubuntu sshd[1203664]: Connection closed by invalid user redmine 109.160.32.155 port 60208 [preauth]
2026-09-13T00:29:01.330487+00:00 ubuntu sshd[1203660]: pam_unix(sshd:auth): check pass; user unknown
2026-09-13T00:29:02.733061+00:00 ubuntu sshd[1203671]: Failed password for invalid user crypto from 161.132.100.45 port 54824 ssh2
2026-09-13T00:29:03.121818+00:00 ubuntu sshd[1203809]: Invalid user sonar from 109.160.32.155 port 38358
2026-09-13T00:29:03.141309+00:00 ubuntu sshd[1203809]: pam_unix(sshd:auth): check pass; user unknown
2026-09-13T00:29:03.141436+00:00 ubuntu sshd[1203809]: pam_unix(sshd:auth): authentication failure; logname= uid=0 euid=0 tty=ssh ruser= rhost=109.160.32.155
2026-09-13T00:29:03.399676+00:00 ubuntu sshd[1203671]: Connection closed by invalid user crypto 161.132.100.45 port 54824 [preauth]
2026-09-13T00:29:03.908184+00:00 ubuntu sshd[1203660]: Failed password for invalid user peertube from 176.53.159.197 port 64238 ssh2
2026-09-13T00:29:05.065132+00:00 ubuntu sshd[1203660]: pam_unix(sshd:auth): check pass; user unknown
2026-09-13T00:29:05.994934+00:00 ubuntu sshd[1203809]: Failed password for invalid user sonar from 109.160.32.155 port 38358 ssh2
2026-09-13T00:29:07.191096+00:00 ubuntu sshd[1203660]: Failed password for invalid user peertube from 176.53.159.197 port 64238 ssh2
2026-09-13T00:29:07.414147+00:00 ubuntu sshd[1203809]: Connection closed by invalid user sonar 109.160.32.155 port 38358 [preauth]
2026-09-13T00:29:08.173248+00:00 ubuntu sshd[1203908]: Invalid user ops from 109.160.32.155 port 38430
2026-09-13T00:29:08.197523+00:00 ubuntu sshd[1203908]: pam_unix(sshd:auth): check pass; user unknown
2026-09-13T00:29:08.197701+00:00 ubuntu sshd[1203908]: pam_unix(sshd:auth): authentication failure; logname= uid=0 euid=0 tty=ssh ruser= rhost=109.160.32.155
2026-09-13T00:29:08.799413+00:00 ubuntu sshd[1203660]: pam_unix(sshd:auth): check pass; user unknown
2026-09-13T00:29:10.735238+00:00 ubuntu sshd[1203908]: Failed password for invalid user ops from 109.160.32.155 port 38430 ssh2
2026-09-13T00:29:11.336481+00:00 ubuntu sshd[1203660]: Failed password for invalid user peertube from 176.53.159.197 port 64238 ssh2
2026-09-13T00:29:12.534307+00:00 ubuntu sshd[1203660]: pam_unix(sshd:auth): check pass; user unknown
2026-09-13T00:29:12.712610+00:00 ubuntu sshd[1203908]: Connection closed by invalid user ops 109.160.32.155 port 38430 [preauth]
2026-09-13T00:29:12.996660+00:00 ubuntu sshd[1204064]: pam_unix(sshd:auth): authentication failure; logname= uid=0 euid=0 tty=ssh ruser= rhost=109.160.32.155 user=root
2026-09-13T00:29:14.956216+00:00 ubuntu sshd[1203660]: Failed password for invalid user peertube from 176.53.159.197 port 64238 ssh2
2026-09-13T00:29:15.418268+00:00 ubuntu sshd[1204064]: Failed password for root from 109.160.32.155 port 44214 ssh2
2026-09-13T00:29:16.119281+00:00 ubuntu sshd[1204064]: Connection closed by authenticating user root 109.160.32.155 port 44214 [preauth]
2026-09-13T00:29:16.276339+00:00 ubuntu sshd[1203660]: Connection reset by invalid user peertube 176.53.159.197 port 64238 [preauth]
2026-09-13T00:29:16.276486+00:00 ubuntu sshd[1203660]: PAM 4 more authentication failures; logname= uid=0 euid=0 tty=ssh ruser= rhost=176.53.159.197
2026-09-13T00:29:16.276570+00:00 ubuntu sshd[1203660]: PAM service(sshd) ignoring max retries; 5 > 3
2026-09-13T00:29:16.324403+00:00 ubuntu sshd[1204178]: Invalid user pi from 176.53.159.197 port 64222
2026-09-13T00:29:16.340775+00:00 ubuntu sshd[1204178]: pam_unix(sshd:auth): check pass; user unknown
2026-09-13T00:29:16.340891+00:00 ubuntu sshd[1204178]: pam_unix(sshd:auth): authentication failure; logname= uid=0 euid=0 tty=ssh ruser= rhost=176.53.159.197
2026-09-13T00:29:17.899060+00:00 ubuntu sshd[1204290]: Invalid user debian from 109.160.32.155 port 44236
2026-09-13T00:29:17.924276+00:00 ubuntu sshd[1204290]: pam_unix(sshd:auth): check pass; user unknown
2026-09-13T00:29:17.924434+00:00 ubuntu sshd[1204290]: pam_unix(sshd:auth): authentication failure; logname= uid=0 euid=0 tty=ssh ruser= rhost=109.160.32.155
2026-09-13T00:29:18.311307+00:00 ubuntu sshd[1204178]: Failed password for invalid user pi from 176.53.159.197 port 64222 ssh2
2026-09-13T00:29:19.228668+00:00 ubuntu sshd[1204178]: pam_unix(sshd:auth): check pass; user unknown
2026-09-13T00:29:19.458088+00:00 ubuntu sshd[1204296]: pam_unix(sshd:auth): authentication failure; logname= uid=0 euid=0 tty=ssh ruser= rhost=62.60.130.242 user=root
2026-09-13T00:29:20.030469+00:00 ubuntu sshd[1204290]: Failed password for invalid user debian from 109.160.32.155 port 44236 ssh2
2026-09-13T00:29:20.527587+00:00 ubuntu sshd[1204290]: Connection closed by invalid user debian 109.160.32.155 port 44236 [preauth]
2026-09-13T00:29:21.610583+00:00 ubuntu sshd[1204178]: Failed password for invalid user pi from 176.53.159.197 port 64222 ssh2
2026-09-13T00:29:21.839925+00:00 ubuntu sshd[1204296]: Failed password for root from 62.60.130.242 port 48326 ssh2
2026-09-13T00:29:22.116704+00:00 ubuntu sshd[1204178]: pam_unix(sshd:auth): check pass; user unknown
2026-09-13T00:29:22.919621+00:00 ubuntu sshd[1204427]: Invalid user debian from 109.160.32.155 port 56290
2026-09-13T00:29:22.936870+00:00 ubuntu sshd[1204427]: pam_unix(sshd:auth): check pass; user unknown
2026-09-13T00:29:22.936963+00:00 ubuntu sshd[1204427]: pam_unix(sshd:auth): authentication failure; logname= uid=0 euid=0 tty=ssh ruser= rhost=109.160.32.155
2026-09-13T00:29:23.244266+00:00 ubuntu sshd[1204178]: Failed password for invalid user pi from 176.53.159.197 port 64222 ssh2
2026-09-13T00:29:23.560547+00:00 ubuntu sshd[1204178]: pam_unix(sshd:auth): check pass; user unknown
2026-09-13T00:29:23.797908+00:00 ubuntu sshd[1204296]: Failed password for root from 62.60.130.242 port 48326 ssh2
2026-09-13T00:29:24.063305+00:00 ubuntu sshd[1204427]: Failed password for invalid user debian from 109.160.32.155 port 56290 ssh2
2026-09-13T00:29:24.277874+00:00 ubuntu sshd[1204427]: Connection closed by invalid user debian 109.160.32.155 port 56290 [preauth]
2026-09-13T00:29:25.827231+00:00 ubuntu sshd[1204178]: Failed password for invalid user pi from 176.53.159.197 port 64222 ssh2
2026-09-13T00:29:26.448380+00:00 ubuntu sshd[1204178]: pam_unix(sshd:auth): check pass; user unknown
2026-09-13T00:29:26.683278+00:00 ubuntu sshd[1204296]: Failed password for root from 62.60.130.242 port 48326 ssh2
2026-09-13T00:29:27.400192+00:00 ubuntu sshd[1204522]: Invalid user debian from 109.160.32.155 port 56380
2026-09-13T00:29:27.432173+00:00 ubuntu sshd[1204522]: pam_unix(sshd:auth): check pass; user unknown
2026-09-13T00:29:27.432290+00:00 ubuntu sshd[1204522]: pam_unix(sshd:auth): authentication failure; logname= uid=0 euid=0 tty=ssh ruser= rhost=109.160.32.155
2026-09-13T00:29:29.126434+00:00 ubuntu sshd[1204178]: Failed password for invalid user pi from 176.53.159.197 port 64222 ssh2
2026-09-13T00:29:29.344444+00:00 ubuntu sshd[1204178]: Connection reset by invalid user pi 176.53.159.197 port 64222 [preauth]
2026-09-13T00:29:29.344692+00:00 ubuntu sshd[1204178]: PAM 4 more authentication failures; logname= uid=0 euid=0 tty=ssh ruser= rhost=176.53.159.197
2026-09-13T00:29:29.344877+00:00 ubuntu sshd[1204178]: PAM service(sshd) ignoring max retries; 5 > 3
2026-09-13T00:29:29.391493+00:00 ubuntu sshd[1204534]: Invalid user proxyuser from 176.53.159.197 port 39020
2026-09-13T00:29:29.407357+00:00 ubuntu sshd[1204534]: pam_unix(sshd:auth): check pass; user unknown
2026-09-13T00:29:29.407456+00:00 ubuntu sshd[1204534]: pam_unix(sshd:auth): authentication failure; logname= uid=0 euid=0 tty=ssh ruser= rhost=176.53.159.197
2026-09-13T00:29:30.245197+00:00 ubuntu sshd[1204522]: Failed password for invalid user debian from 109.160.32.155 port 56380 ssh2
2026-09-13T00:29:30.306180+00:00 ubuntu sshd[1204296]: Failed password for root from 62.60.130.242 port 48326 ssh2
2026-09-13T00:29:31.162224+00:00 ubuntu sshd[1204534]: Failed password for invalid user proxyuser from 176.53.159.197 port 39020 ssh2
2026-09-13T00:29:31.424549+00:00 ubuntu sshd[1204534]: pam_unix(sshd:auth): check pass; user unknown
2026-09-13T00:29:32.357848+00:00 ubuntu sshd[1204731]: Invalid user debian from 109.160.32.155 port 46542
2026-09-13T00:29:32.375694+00:00 ubuntu sshd[1204731]: pam_unix(sshd:auth): check pass; user unknown
2026-09-13T00:29:32.375837+00:00 ubuntu sshd[1204731]: pam_unix(sshd:auth): authentication failure; logname= uid=0 euid=0 tty=ssh ruser= rhost=109.160.32.155
2026-09-13T00:29:32.594884+00:00 ubuntu sshd[1204296]: Failed password for root from 62.60.130.242 port 48326 ssh2
2026-09-13T00:29:32.622463+00:00 ubuntu sshd[1204522]: Connection closed by invalid user debian 109.160.32.155 port 56380 [preauth]
2026-09-13T00:29:33.455082+00:00 ubuntu sshd[1204534]: Failed password for invalid user proxyuser from 176.53.159.197 port 39020 ssh2
2026-09-13T00:29:33.824407+00:00 ubuntu sshd[1204296]: Connection reset by authenticating user root 62.60.130.242 port 48326 [preauth]
2026-09-13T00:29:33.824552+00:00 ubuntu sshd[1204296]: PAM 4 more authentication failures; logname= uid=0 euid=0 tty=ssh ruser= rhost=62.60.130.242 user=root
2026-09-13T00:29:33.824657+00:00 ubuntu sshd[1204296]: PAM service(sshd) ignoring max retries; 5 > 3
2026-09-13T00:29:34.210613+00:00 ubuntu sshd[1204731]: Failed password for invalid user debian from 109.160.32.155 port 46542 ssh2
2026-09-13T00:29:34.980265+00:00 ubuntu sshd[1204731]: Connection closed by invalid user debian 109.160.32.155 port 46542 [preauth]
2026-09-13T00:29:35.458251+00:00 ubuntu sshd[1204534]: pam_unix(sshd:auth): check pass; user unknown
2026-09-13T00:29:37.232028+00:00 ubuntu sshd[1204752]: pam_unix(sshd:auth): authentication failure; logname= uid=0 euid=0 tty=ssh ruser= rhost=109.160.32.155 user=root
2026-09-13T00:29:37.704414+00:00 ubuntu sshd[1204534]: Failed password for invalid user proxyuser from 176.53.159.197 port 39020 ssh2
2026-09-13T00:29:39.418096+00:00 ubuntu sshd[1204752]: Failed password for root from 109.160.32.155 port 46634 ssh2
2026-09-13T00:29:39.491861+00:00 ubuntu sshd[1204534]: pam_unix(sshd:auth): check pass; user unknown
2026-09-13T00:29:40.354164+00:00 ubuntu sshd[1204752]: Connection closed by authenticating user root 109.160.32.155 port 46634 [preauth]
2026-09-13T00:29:42.285294+00:00 ubuntu sshd[1204534]: Failed password for invalid user proxyuser from 176.53.159.197 port 39020 ssh2
2026-09-13T00:29:42.394555+00:00 ubuntu sshd[1204909]: pam_unix(sshd:auth): authentication failure; logname= uid=0 euid=0 tty=ssh ruser= rhost=109.160.32.155 user=root
2026-09-13T00:29:43.525848+00:00 ubuntu sshd[1204534]: pam_unix(sshd:auth): check pass; user unknown
2026-09-13T00:29:44.269122+00:00 ubuntu sshd[1204909]: Failed password for root from 109.160.32.155 port 59870 ssh2
2026-09-13T00:29:45.285236+00:00 ubuntu sshd[1205004]: Invalid user debian from 178.105.142.45 port 51986
2026-09-13T00:29:45.299200+00:00 ubuntu sshd[1205004]: pam_unix(sshd:auth): check pass; user unknown
2026-09-13T00:29:45.299323+00:00 ubuntu sshd[1205004]: pam_unix(sshd:auth): authentication failure; logname= uid=0 euid=0 tty=ssh ruser= rhost=178.105.142.45
2026-09-13T00:29:45.522635+00:00 ubuntu sshd[1204909]: Connection closed by authenticating user root 109.160.32.155 port 59870 [preauth]
2026-09-13T00:29:45.535262+00:00 ubuntu sshd[1204534]: Failed password for invalid user proxyuser from 176.53.159.197 port 39020 ssh2
2026-09-13T00:29:45.550626+00:00 ubuntu sshd[1204534]: Connection reset by invalid user proxyuser 176.53.159.197 port 39020 [preauth]
2026-09-13T00:29:45.551052+00:00 ubuntu sshd[1204534]: PAM 4 more authentication failures; logname= uid=0 euid=0 tty=ssh ruser= rhost=176.53.159.197
2026-09-13T00:29:45.551192+00:00 ubuntu sshd[1204534]: PAM service(sshd) ignoring max retries; 5 > 3
2026-09-13T00:29:45.598387+00:00 ubuntu sshd[1205007]: Invalid user prueba from 176.53.159.197 port 22844
2026-09-13T00:29:45.614677+00:00 ubuntu sshd[1205007]: pam_unix(sshd:auth): check pass; user unknown
2026-09-13T00:29:45.614865+00:00 ubuntu sshd[1205007]: pam_unix(sshd:auth): authentication failure; logname= uid=0 euid=0 tty=ssh ruser= rhost=176.53.159.197
2026-09-13T00:29:46.858073+00:00 ubuntu sshd[1205052]: Invalid user swetha from 109.160.32.155 port 59952
2026-09-13T00:29:46.882319+00:00 ubuntu sshd[1205052]: pam_unix(sshd:auth): check pass; user unknown
2026-09-13T00:29:46.882467+00:00 ubuntu sshd[1205052]: pam_unix(sshd:auth): authentication failure; logname= uid=0 euid=0 tty=ssh ruser= rhost=109.160.32.155
2026-09-13T00:29:47.585592+00:00 ubuntu sshd[1205004]: Failed password for invalid user debian from 178.105.142.45 port 51986 ssh2
2026-09-13T00:29:47.898589+00:00 ubuntu sshd[1205004]: Connection closed by invalid user debian 178.105.142.45 port 51986 [preauth]
2026-09-13T00:29:47.901001+00:00 ubuntu sshd[1205007]: Failed password for invalid user prueba from 176.53.159.197 port 22844 ssh2
2026-09-13T00:29:49.304596+00:00 ubuntu sshd[1205052]: Failed password for invalid user swetha from 109.160.32.155 port 59952 ssh2
2026-09-13T00:29:49.678622+00:00 ubuntu sshd[1205007]: pam_unix(sshd:auth): check pass; user unknown
2026-09-13T00:29:49.954081+00:00 ubuntu sshd[1205052]: Connection closed by invalid user swetha 109.160.32.155 port 59952 [preauth]
2026-09-13T00:29:51.844210+00:00 ubuntu sshd[1205007]: Failed password for invalid user prueba from 176.53.159.197 port 22844 ssh2
2026-09-13T00:29:52.036891+00:00 ubuntu sshd[1205263]: pam_unix(sshd:auth): authentication failure; logname= uid=0 euid=0 tty=ssh ruser= rhost=109.160.32.155 user=root
2026-09-13T00:29:53.742239+00:00 ubuntu sshd[1205007]: pam_unix(sshd:auth): check pass; user unknown
2026-09-13T00:29:54.478880+00:00 ubuntu sshd[1205263]: Failed password for root from 109.160.32.155 port 59950 ssh2
2026-09-13T00:29:55.125412+00:00 ubuntu sshd[1205007]: Failed password for invalid user prueba from 176.53.159.197 port 22844 ssh2
2026-09-13T00:29:55.163784+00:00 ubuntu sshd[1205263]: Connection closed by authenticating user root 109.160.32.155 port 59950 [preauth]
2026-09-13T00:29:55.773945+00:00 ubuntu sshd[1205007]: pam_unix(sshd:auth): check pass; user unknown
2026-09-13T00:29:56.884692+00:00 ubuntu sshd[1205353]: pam_unix(sshd:auth): authentication failure; logname= uid=0 euid=0 tty=ssh ruser= rhost=109.160.32.155 user=root
2026-09-13T00:29:57.764497+00:00 ubuntu sshd[1205007]: Failed password for invalid user prueba from 176.53.159.197 port 22844 ssh2
2026-09-13T00:29:57.805959+00:00 ubuntu sshd[1205007]: pam_unix(sshd:auth): check pass; user unknown
2026-09-13T00:29:58.679171+00:00 ubuntu sshd[1205353]: Failed password for root from 109.160.32.155 port 59992 ssh2
2026-09-13T00:30:00.027710+00:00 ubuntu sshd[1205353]: Connection closed by authenticating user root 109.160.32.155 port 59992 [preauth]
2026-09-13T00:30:00.072273+00:00 ubuntu sshd[1205007]: Failed password for invalid user prueba from 176.53.159.197 port 22844 ssh2
2026-09-13T00:30:01.878547+00:00 ubuntu sshd[1205007]: Connection reset by invalid user prueba 176.53.159.197 port 22844 [preauth]
2026-09-13T00:30:01.878893+00:00 ubuntu sshd[1205007]: PAM 4 more authentication failures; logname= uid=0 euid=0 tty=ssh ruser= rhost=176.53.159.197
2026-09-13T00:30:01.879011+00:00 ubuntu sshd[1205007]: PAM service(sshd) ignoring max retries; 5 > 3
2026-09-13T00:30:02.001047+00:00 ubuntu sshd[1205491]: pam_unix(sshd:auth): authentication failure; logname= uid=0 euid=0 tty=ssh ruser= rhost=109.160.32.155 user=root
2026-09-13T00:30:04.482964+00:00 ubuntu sshd[1205491]: Failed password for root from 109.160.32.155 port 38690 ssh2
2026-09-13T00:30:05.116529+00:00 ubuntu sshd[1205491]: Connection closed by authenticating user root 109.160.32.155 port 38690 [preauth]
2026-09-13T00:30:06.330207+00:00 ubuntu sshd[1205582]: pam_unix(sshd:auth): authentication failure; logname= uid=0 euid=0 tty=ssh ruser= rhost=109.160.32.155 user=root
2026-09-13T00:30:08.164803+00:00 ubuntu sshd[1205582]: Failed password for root from 109.160.32.155 port 38748 ssh2
2026-09-13T00:30:09.492087+00:00 ubuntu sshd[1205582]: Connection closed by authenticating user root 109.160.32.155 port 38748 [preauth]
2026-09-13T00:30:11.355412+00:00 ubuntu sshd[1205714]: pam_unix(sshd:auth): authentication failure; logname= uid=0 euid=0 tty=ssh ruser= rhost=109.160.32.155 user=root
2026-09-13T00:30:13.541076+00:00 ubuntu sshd[1205714]: Failed password for root from 109.160.32.155 port 50762 ssh2
2026-09-13T00:30:14.474622+00:00 ubuntu sshd[1205714]: Connection closed by authenticating user root 109.160.32.155 port 50762 [preauth]
2026-09-13T00:30:16.254226+00:00 ubuntu sshd[1205832]: Invalid user appuser from 109.160.32.155 port 50846
2026-09-13T00:30:16.275657+00:00 ubuntu sshd[1205832]: pam_unix(sshd:auth): check pass; user unknown
2026-09-13T00:30:16.275865+00:00 ubuntu sshd[1205832]: pam_unix(sshd:auth): authentication failure; logname= uid=0 euid=0 tty=ssh ruser= rhost=109.160.32.155
2026-09-13T00:30:18.150573+00:00 ubuntu sshd[1205832]: Failed password for invalid user appuser from 109.160.32.155 port 50846 ssh2
2026-09-13T00:30:18.622867+00:00 ubuntu sshd[1205832]: Connection closed by invalid user appuser 109.160.32.155 port 50846 [preauth]
2026-09-13T00:30:19.990350+00:00 ubuntu sshd[1205998]: pam_unix(sshd:auth): authentication failure; logname= uid=0 euid=0 tty=ssh ruser= rhost=190.202.5.52 user=root
2026-09-13T00:30:21.290639+00:00 ubuntu sshd[1206082]: Invalid user user1 from 109.160.32.155 port 50384
2026-09-13T00:30:21.354212+00:00 ubuntu sshd[1206082]: pam_unix(sshd:auth): check pass; user unknown
2026-09-13T00:30:21.354296+00:00 ubuntu sshd[1206082]: pam_unix(sshd:auth): authentication failure; logname= uid=0 euid=0 tty=ssh ruser= rhost=109.160.32.155
2026-09-13T00:30:21.609298+00:00 ubuntu sshd[1205998]: Failed password for root from 190.202.5.52 port 40258 ssh2
2026-09-13T00:30:23.268013+00:00 ubuntu sshd[1205998]: Connection closed by authenticating user root 190.202.5.52 port 40258 [preauth]
2026-09-13T00:30:24.248197+00:00 ubuntu sshd[1206082]: Failed password for invalid user user1 from 109.160.32.155 port 50384 ssh2
2026-09-13T00:30:26.243740+00:00 ubuntu sshd[1206082]: Connection closed by invalid user user1 109.160.32.155 port 50384 [preauth]
2026-09-13T00:30:26.375156+00:00 ubuntu sshd[1206194]: Invalid user user1 from 109.160.32.155 port 50410
2026-09-13T00:30:26.426542+00:00 ubuntu sshd[1206194]: pam_unix(sshd:auth): check pass; user unknown
2026-09-13T00:30:26.426682+00:00 ubuntu sshd[1206194]: pam_unix(sshd:auth): authentication failure; logname= uid=0 euid=0 tty=ssh ruser= rhost=109.160.32.155
2026-09-13T00:30:28.341698+00:00 ubuntu sshd[1206194]: Failed password for invalid user user1 from 109.160.32.155 port 50410 ssh2
2026-09-13T00:30:28.448789+00:00 ubuntu sshd[1206288]: pam_unix(sshd:auth): authentication failure; logname= uid=0 euid=0 tty=ssh ruser= rhost=89.218.93.13 user=root
2026-09-13T00:30:29.084896+00:00 ubuntu sshd[1206194]: Connection closed by invalid user user1 109.160.32.155 port 50410 [preauth]
2026-09-13T00:30:30.303494+00:00 ubuntu sshd[1206288]: Failed password for root from 89.218.93.13 port 43748 ssh2
2026-09-13T00:30:30.967140+00:00 ubuntu sshd[1206407]: Invalid user service from 109.160.32.155 port 58068
2026-09-13T00:30:30.994329+00:00 ubuntu sshd[1206407]: pam_unix(sshd:auth): check pass; user unknown
2026-09-13T00:30:30.994477+00:00 ubuntu sshd[1206407]: pam_unix(sshd:auth): authentication failure; logname= uid=0 euid=0 tty=ssh ruser= rhost=109.160.32.155
2026-09-13T00:30:31.364973+00:00 ubuntu sshd[1206405]: Invalid user ubuntu from 89.218.93.13 port 43752
2026-09-13T00:30:31.454836+00:00 ubuntu sshd[1206405]: pam_unix(sshd:auth): check pass; user unknown
2026-09-13T00:30:31.454951+00:00 ubuntu sshd[1206405]: pam_unix(sshd:auth): authentication failure; logname= uid=0 euid=0 tty=ssh ruser= rhost=89.218.93.13
2026-09-13T00:30:31.642661+00:00 ubuntu sshd[1206288]: Connection closed by authenticating user root 89.218.93.13 port 43748 [preauth]
2026-09-13T00:30:32.789322+00:00 ubuntu sshd[1206407]: Failed password for invalid user service from 109.160.32.155 port 58068 ssh2
2026-09-13T00:30:33.054261+00:00 ubuntu sshd[1206405]: Failed password for invalid user ubuntu from 89.218.93.13 port 43752 ssh2
2026-09-13T00:30:33.635038+00:00 ubuntu sshd[1206405]: Connection closed by invalid user ubuntu 89.218.93.13 port 43752 [preauth]
2026-09-13T00:30:33.687432+00:00 ubuntu sshd[1206407]: Connection closed by invalid user service 109.160.32.155 port 58068 [preauth]
2026-09-13T00:30:34.132200+00:00 ubuntu sshd[1206496]: Invalid user agentsolutionsmallorca from 89.218.93.13 port 43754
2026-09-13T00:30:34.218082+00:00 ubuntu sshd[1206496]: pam_unix(sshd:auth): check pass; user unknown
2026-09-13T00:30:34.218217+00:00 ubuntu sshd[1206496]: pam_unix(sshd:auth): authentication failure; logname= uid=0 euid=0 tty=ssh ruser= rhost=89.218.93.13
2026-09-13T00:30:35.879632+00:00 ubuntu sshd[1206502]: pam_unix(sshd:auth): authentication failure; logname= uid=0 euid=0 tty=ssh ruser= rhost=109.160.32.155 user=root
2026-09-13T00:30:36.228933+00:00 ubuntu sshd[1206496]: Failed password for invalid user agentsolutionsmallorca from 89.218.93.13 port 43754 ssh2
2026-09-13T00:30:36.516040+00:00 ubuntu sshd[1206496]: Connection closed by invalid user agentsolutionsmallorca 89.218.93.13 port 43754 [preauth]
