2026-09-13T00:47:46.007066+00:00 ubuntu sshd[1236046]: Failed password for invalid user user1 from 109.160.32.155 port 43272 ssh2
2026-09-13T00:47:46.097971+00:00 ubuntu sshd[1236046]: Connection closed by invalid user user1 109.160.32.155 port 43272 [preauth]
2026-09-13T00:47:46.108188+00:00 ubuntu sshd[1236012]: Failed password for invalid user ubuntu from 115.191.22.111 port 54118 ssh2
2026-09-13T00:47:48.202606+00:00 ubuntu sshd[1236012]: Connection closed by invalid user ubuntu 115.191.22.111 port 54118 [preauth]
2026-09-13T00:47:48.835254+00:00 ubuntu sshd[1236207]: Invalid user joel from 109.160.32.155 port 43334
2026-09-13T00:47:48.852237+00:00 ubuntu sshd[1236207]: pam_unix(sshd:auth): check pass; user unknown
2026-09-13T00:47:48.852378+00:00 ubuntu sshd[1236207]: pam_unix(sshd:auth): authentication failure; logname= uid=0 euid=0 tty=ssh ruser= rhost=109.160.32.155
2026-09-13T00:47:49.074942+00:00 ubuntu sshd[1236204]: Invalid user ubuntu from 115.191.22.111 port 54122
2026-09-13T00:47:49.247711+00:00 ubuntu sshd[1236204]: pam_unix(sshd:auth): check pass; user unknown
2026-09-13T00:47:49.247857+00:00 ubuntu sshd[1236204]: pam_unix(sshd:auth): authentication failure; logname= uid=0 euid=0 tty=ssh ruser= rhost=115.191.22.111
2026-09-13T00:47:50.812999+00:00 ubuntu sshd[1236207]: Failed password for invalid user joel from 109.160.32.155 port 43334 ssh2
2026-09-13T00:47:51.012466+00:00 ubuntu sshd[1236204]: Failed password for invalid user ubuntu from 115.191.22.111 port 54122 ssh2
2026-09-13T00:47:51.829537+00:00 ubuntu sshd[1236207]: Connection closed by invalid user joel 109.160.32.155 port 43334 [preauth]
2026-09-13T00:47:51.946189+00:00 ubuntu sshd[1236204]: Connection closed by invalid user ubuntu 115.191.22.111 port 54122 [preauth]
2026-09-13T00:47:53.640617+00:00 ubuntu sshd[1236301]: Invalid user joel from 109.160.32.155 port 57938
2026-09-13T00:47:53.669524+00:00 ubuntu sshd[1236301]: pam_unix(sshd:auth): check pass; user unknown
2026-09-13T00:47:53.669680+00:00 ubuntu sshd[1236301]: pam_unix(sshd:auth): authentication failure; logname= uid=0 euid=0 tty=ssh ruser= rhost=109.160.32.155
2026-09-13T00:47:54.497225+00:00 ubuntu sshd[1236303]: Invalid user ubuntu from 115.191.22.111 port 38264
2026-09-13T00:47:54.673164+00:00 ubuntu sshd[1236303]: pam_unix(sshd:auth): check pass; user unknown
2026-09-13T00:47:54.673268+00:00 ubuntu sshd[1236303]: pam_unix(sshd:auth): authentication failure; logname= uid=0 euid=0 tty=ssh ruser= rhost=115.191.22.111
2026-09-13T00:47:55.318660+00:00 ubuntu sshd[1236301]: Failed password for invalid user joel from 109.160.32.155 port 57938 ssh2
2026-09-13T00:47:56.636591+00:00 ubuntu sshd[1236301]: Connection closed by invalid user joel 109.160.32.155 port 57938 [preauth]
2026-09-13T00:47:57.125231+00:00 ubuntu sshd[1236303]: Failed password for invalid user ubuntu from 115.191.22.111 port 38264 ssh2
2026-09-13T00:47:59.040981+00:00 ubuntu sshd[1236303]: Connection closed by invalid user ubuntu 115.191.22.111 port 38264 [preauth]
2026-09-13T00:47:59.088640+00:00 ubuntu sshd[1236438]: Invalid user tirex from 109.160.32.155 port 57962
2026-09-13T00:47:59.196235+00:00 ubuntu sshd[1236438]: pam_unix(sshd:auth): check pass; user unknown
2026-09-13T00:47:59.196411+00:00 ubuntu sshd[1236438]: pam_unix(sshd:auth): authentication failure; logname= uid=0 euid=0 tty=ssh ruser= rhost=109.160.32.155
2026-09-13T00:48:00.940134+00:00 ubuntu sshd[1236442]: Invalid user ubuntu from 115.191.22.111 port 42030
2026-09-13T00:48:01.001042+00:00 ubuntu sshd[1236438]: Failed password for invalid user tirex from 109.160.32.155 port 57962 ssh2
2026-09-13T00:48:01.120643+00:00 ubuntu sshd[1236442]: pam_unix(sshd:auth): check pass; user unknown
2026-09-13T00:48:01.120875+00:00 ubuntu sshd[1236442]: pam_unix(sshd:auth): authentication failure; logname= uid=0 euid=0 tty=ssh ruser= rhost=115.191.22.111
2026-09-13T00:48:02.047191+00:00 ubuntu sshd[1236438]: Connection closed by invalid user tirex 109.160.32.155 port 57962 [preauth]
2026-09-13T00:48:02.865428+00:00 ubuntu sshd[1236442]: Failed password for invalid user ubuntu from 115.191.22.111 port 42030 ssh2
2026-09-13T00:48:03.850514+00:00 ubuntu sshd[1236442]: Connection closed by invalid user ubuntu 115.191.22.111 port 42030 [preauth]
2026-09-13T00:48:03.996701+00:00 ubuntu sshd[1236540]: Invalid user admin from 109.160.32.155 port 54614
2026-09-13T00:48:04.093594+00:00 ubuntu sshd[1236540]: pam_unix(sshd:auth): check pass; user unknown
2026-09-13T00:48:04.093839+00:00 ubuntu sshd[1236540]: pam_unix(sshd:auth): authentication failure; logname= uid=0 euid=0 tty=ssh ruser= rhost=109.160.32.155
2026-09-13T00:48:05.917218+00:00 ubuntu sshd[1236540]: Failed password for invalid user admin from 109.160.32.155 port 54614 ssh2
2026-09-13T00:48:06.956668+00:00 ubuntu sshd[1236540]: Connection closed by invalid user admin 109.160.32.155 port 54614 [preauth]
2026-09-13T00:48:09.149297+00:00 ubuntu sshd[1236679]: Invalid user admin from 109.160.32.155 port 54712
2026-09-13T00:48:09.166221+00:00 ubuntu sshd[1236679]: pam_unix(sshd:auth): check pass; user unknown
2026-09-13T00:48:09.166353+00:00 ubuntu sshd[1236679]: pam_unix(sshd:auth): authentication failure; logname= uid=0 euid=0 tty=ssh ruser= rhost=109.160.32.155
2026-09-13T00:48:11.678397+00:00 ubuntu sshd[1236679]: Failed password for invalid user admin from 109.160.32.155 port 54712 ssh2
2026-09-13T00:48:12.073667+00:00 ubuntu sshd[1236679]: Connection closed by invalid user admin 109.160.32.155 port 54712 [preauth]
2026-09-13T00:48:14.696080+00:00 ubuntu sshd[1236885]: Invalid user user from 109.160.32.155 port 45590
2026-09-13T00:48:14.713515+00:00 ubuntu sshd[1236885]: pam_unix(sshd:auth): check pass; user unknown
2026-09-13T00:48:14.713681+00:00 ubuntu sshd[1236885]: pam_unix(sshd:auth): authentication failure; logname= uid=0 euid=0 tty=ssh ruser= rhost=109.160.32.155
2026-09-13T00:48:16.909563+00:00 ubuntu sshd[1236885]: Failed password for invalid user user from 109.160.32.155 port 45590 ssh2
2026-09-13T00:48:18.935514+00:00 ubuntu sshd[1236885]: Connection closed by invalid user user 109.160.32.155 port 45590 [preauth]
2026-09-13T00:48:19.490508+00:00 ubuntu sshd[1237040]: pam_unix(sshd:auth): authentication failure; logname= uid=0 euid=0 tty=ssh ruser= rhost=109.160.32.155 user=root
2026-09-13T00:48:21.706822+00:00 ubuntu sshd[1237040]: Failed password for root from 109.160.32.155 port 45616 ssh2
2026-09-13T00:48:22.613227+00:00 ubuntu sshd[1237040]: Connection closed by authenticating user root 109.160.32.155 port 45616 [preauth]
2026-09-13T00:48:24.593076+00:00 ubuntu sshd[1237139]: pam_unix(sshd:auth): authentication failure; logname= uid=0 euid=0 tty=ssh ruser= rhost=109.160.32.155 user=root
2026-09-13T00:48:26.829445+00:00 ubuntu sshd[1237139]: Failed password for root from 109.160.32.155 port 50792 ssh2
2026-09-13T00:48:27.714135+00:00 ubuntu sshd[1237139]: Connection closed by authenticating user root 109.160.32.155 port 50792 [preauth]
2026-09-13T00:48:29.504224+00:00 ubuntu sshd[1237277]: pam_unix(sshd:auth): authentication failure; logname= uid=0 euid=0 tty=ssh ruser= rhost=109.160.32.155 user=root
2026-09-13T00:48:31.093268+00:00 ubuntu sshd[1237277]: Failed password for root from 109.160.32.155 port 50856 ssh2
2026-09-13T00:48:32.631908+00:00 ubuntu sshd[1237277]: Connection closed by authenticating user root 109.160.32.155 port 50856 [preauth]
2026-09-13T00:48:34.595137+00:00 ubuntu sshd[1237450]: Invalid user ubuntu from 109.160.32.155 port 36246
2026-09-13T00:48:34.618301+00:00 ubuntu sshd[1237450]: pam_unix(sshd:auth): check pass; user unknown
2026-09-13T00:48:34.618462+00:00 ubuntu sshd[1237450]: pam_unix(sshd:auth): authentication failure; logname= uid=0 euid=0 tty=ssh ruser= rhost=109.160.32.155
2026-09-13T00:48:36.497060+00:00 ubuntu sshd[1237498]: pam_unix(sshd:auth): authentication failure; logname= uid=0 euid=0 tty=ssh ruser= rhost=193.47.62.69 user=root
2026-09-13T00:48:36.894933+00:00 ubuntu sshd[1237450]: Failed password for invalid user ubuntu from 109.160.32.155 port 36246 ssh2
2026-09-13T00:48:38.713348+00:00 ubuntu sshd[1237498]: Failed password for root from 193.47.62.69 port 46770 ssh2
2026-09-13T00:48:38.829610+00:00 ubuntu sshd[1237450]: Connection closed by invalid user ubuntu 109.160.32.155 port 36246 [preauth]
2026-09-13T00:48:39.881542+00:00 ubuntu sshd[1237589]: Invalid user ubuntu from 109.160.32.155 port 36304
2026-09-13T00:48:39.983543+00:00 ubuntu sshd[1237589]: pam_unix(sshd:auth): check pass; user unknown
2026-09-13T00:48:39.983690+00:00 ubuntu sshd[1237589]: pam_unix(sshd:auth): authentication failure; logname= uid=0 euid=0 tty=ssh ruser= rhost=109.160.32.155
2026-09-13T00:48:41.336277+00:00 ubuntu sshd[1237498]: Failed password for root from 193.47.62.69 port 46770 ssh2
2026-09-13T00:48:41.612824+00:00 ubuntu sshd[1237589]: Failed password for invalid user ubuntu from 109.160.32.155 port 36304 ssh2
2026-09-13T00:48:42.142828+00:00 ubuntu sshd[1237589]: Connection closed by invalid user ubuntu 109.160.32.155 port 36304 [preauth]
2026-09-13T00:48:44.476069+00:00 ubuntu sshd[1237690]: Invalid user openproject from 109.160.32.155 port 58968
2026-09-13T00:48:44.499670+00:00 ubuntu sshd[1237690]: pam_unix(sshd:auth): check pass; user unknown
2026-09-13T00:48:44.499832+00:00 ubuntu sshd[1237690]: pam_unix(sshd:auth): authentication failure; logname= uid=0 euid=0 tty=ssh ruser= rhost=109.160.32.155
2026-09-13T00:48:44.954912+00:00 ubuntu sshd[1237498]: Failed password for root from 193.47.62.69 port 46770 ssh2
2026-09-13T00:48:46.480481+00:00 ubuntu sshd[1237690]: Failed password for invalid user openproject from 109.160.32.155 port 58968 ssh2
2026-09-13T00:48:46.702261+00:00 ubuntu sshd[1237690]: Connection closed by invalid user openproject 109.160.32.155 port 58968 [preauth]
2026-09-13T00:48:48.381428+00:00 ubuntu sshd[1237498]: Failed password for root from 193.47.62.69 port 46770 ssh2
2026-09-13T00:48:49.541057+00:00 ubuntu sshd[1237952]: Invalid user user2 from 109.160.32.155 port 59038
2026-09-13T00:48:49.558910+00:00 ubuntu sshd[1237952]: pam_unix(sshd:auth): check pass; user unknown
2026-09-13T00:48:49.559081+00:00 ubuntu sshd[1237952]: pam_unix(sshd:auth): authentication failure; logname= uid=0 euid=0 tty=ssh ruser= rhost=109.160.32.155
2026-09-13T00:48:51.001345+00:00 ubuntu sshd[1237498]: Failed password for root from 193.47.62.69 port 46770 ssh2
2026-09-13T00:48:51.228229+00:00 ubuntu sshd[1237952]: Failed password for invalid user user2 from 109.160.32.155 port 59038 ssh2
2026-09-13T00:48:51.497667+00:00 ubuntu sshd[1237952]: Connection closed by invalid user user2 109.160.32.155 port 59038 [preauth]
2026-09-13T00:48:52.451505+00:00 ubuntu sshd[1237498]: Connection reset by authenticating user root 193.47.62.69 port 46770 [preauth]
2026-09-13T00:48:52.451664+00:00 ubuntu sshd[1237498]: PAM 4 more authentication failures; logname= uid=0 euid=0 tty=ssh ruser= rhost=193.47.62.69 user=root
2026-09-13T00:48:52.451736+00:00 ubuntu sshd[1237498]: PAM service(sshd) ignoring max retries; 5 > 3
2026-09-13T00:48:54.459090+00:00 ubuntu sshd[1238050]: Invalid user user2 from 109.160.32.155 port 48402
2026-09-13T00:48:54.481195+00:00 ubuntu sshd[1238050]: pam_unix(sshd:auth): check pass; user unknown
2026-09-13T00:48:54.481316+00:00 ubuntu sshd[1238050]: pam_unix(sshd:auth): authentication failure; logname= uid=0 euid=0 tty=ssh ruser= rhost=109.160.32.155
2026-09-13T00:48:56.502104+00:00 ubuntu sshd[1238050]: Failed password for invalid user user2 from 109.160.32.155 port 48402 ssh2
2026-09-13T00:48:58.492711+00:00 ubuntu sshd[1238050]: Connection closed by invalid user user2 109.160.32.155 port 48402 [preauth]
2026-09-13T00:48:59.557618+00:00 ubuntu sshd[1238188]: Invalid user user from 109.160.32.155 port 48434
2026-09-13T00:48:59.579854+00:00 ubuntu sshd[1238188]: pam_unix(sshd:auth): check pass; user unknown
2026-09-13T00:48:59.580007+00:00 ubuntu sshd[1238188]: pam_unix(sshd:auth): authentication failure; logname= uid=0 euid=0 tty=ssh ruser= rhost=109.160.32.155
2026-09-13T00:49:01.289318+00:00 ubuntu sshd[1238188]: Failed password for invalid user user from 109.160.32.155 port 48434 ssh2
2026-09-13T00:49:01.833208+00:00 ubuntu sshd[1238188]: Connection closed by invalid user user 109.160.32.155 port 48434 [preauth]
2026-09-13T00:49:04.427181+00:00 ubuntu sshd[1238293]: Invalid user sedu from 109.160.32.155 port 49878
2026-09-13T00:49:04.446413+00:00 ubuntu sshd[1238293]: pam_unix(sshd:auth): check pass; user unknown
2026-09-13T00:49:04.446568+00:00 ubuntu sshd[1238293]: pam_unix(sshd:auth): authentication failure; logname= uid=0 euid=0 tty=ssh ruser= rhost=109.160.32.155
2026-09-13T00:49:06.507155+00:00 ubuntu sshd[1238293]: Failed password for invalid user sedu from 109.160.32.155 port 49878 ssh2
2026-09-13T00:49:08.575893+00:00 ubuntu sshd[1238293]: Connection closed by invalid user sedu 109.160.32.155 port 49878 [preauth]
2026-09-13T00:49:09.392478+00:00 ubuntu sshd[1238428]: Invalid user minecraft from 109.160.32.155 port 49938
2026-09-13T00:49:09.409058+00:00 ubuntu sshd[1238428]: pam_unix(sshd:auth): check pass; user unknown
2026-09-13T00:49:09.409184+00:00 ubuntu sshd[1238428]: pam_unix(sshd:auth): authentication failure; logname= uid=0 euid=0 tty=ssh ruser= rhost=109.160.32.155
2026-09-13T00:49:11.490028+00:00 ubuntu sshd[1238428]: Failed password for invalid user minecraft from 109.160.32.155 port 49938 ssh2
2026-09-13T00:49:12.517151+00:00 ubuntu sshd[1238428]: Connection closed by invalid user minecraft 109.160.32.155 port 49938 [preauth]
2026-09-13T00:49:14.157270+00:00 ubuntu sshd[1238526]: Invalid user minecraft from 109.160.32.155 port 33322
2026-09-13T00:49:14.194831+00:00 ubuntu sshd[1238526]: pam_unix(sshd:auth): check pass; user unknown
2026-09-13T00:49:14.194955+00:00 ubuntu sshd[1238526]: pam_unix(sshd:auth): authentication failure; logname= uid=0 euid=0 tty=ssh ruser= rhost=109.160.32.155
2026-09-13T00:49:15.628515+00:00 ubuntu sshd[1238526]: Failed password for invalid user minecraft from 109.160.32.155 port 33322 ssh2
2026-09-13T00:49:15.755584+00:00 ubuntu sshd[1238526]: Connection closed by invalid user minecraft 109.160.32.155 port 33322 [preauth]
2026-09-13T00:49:19.178177+00:00 ubuntu sshd[1238809]: Invalid user alex from 109.160.32.155 port 33376
2026-09-13T00:49:19.199399+00:00 ubuntu sshd[1238809]: pam_unix(sshd:auth): check pass; user unknown
2026-09-13T00:49:19.199531+00:00 ubuntu sshd[1238809]: pam_unix(sshd:auth): authentication failure; logname= uid=0 euid=0 tty=ssh ruser= rhost=109.160.32.155
2026-09-13T00:49:19.360415+00:00 ubuntu sshd[1236676]: Invalid user ubuntu from 115.191.22.111 port 42044
2026-09-13T00:49:19.542073+00:00 ubuntu sshd[1236676]: pam_unix(sshd:auth): check pass; user unknown
2026-09-13T00:49:19.542192+00:00 ubuntu sshd[1236676]: pam_unix(sshd:auth): authentication failure; logname= uid=0 euid=0 tty=ssh ruser= rhost=115.191.22.111
2026-09-13T00:49:21.651792+00:00 ubuntu sshd[1238809]: Failed password for invalid user alex from 109.160.32.155 port 33376 ssh2
2026-09-13T00:49:21.994473+00:00 ubuntu sshd[1236676]: Failed password for invalid user ubuntu from 115.191.22.111 port 42044 ssh2
2026-09-13T00:49:23.921687+00:00 ubuntu sshd[1238809]: Connection closed by invalid user alex 109.160.32.155 port 33376 [preauth]
2026-09-13T00:49:24.307958+00:00 ubuntu sshd[1238911]: Invalid user alex from 109.160.32.155 port 46622
2026-09-13T00:49:24.350586+00:00 ubuntu sshd[1238911]: pam_unix(sshd:auth): check pass; user unknown
2026-09-13T00:49:24.350720+00:00 ubuntu sshd[1238911]: pam_unix(sshd:auth): authentication failure; logname= uid=0 euid=0 tty=ssh ruser= rhost=109.160.32.155
2026-09-13T00:49:25.706270+00:00 ubuntu sshd[1236676]: Connection closed by invalid user ubuntu 115.191.22.111 port 42044 [preauth]
2026-09-13T00:49:25.823136+00:00 ubuntu sshd[1238911]: Failed password for invalid user alex from 109.160.32.155 port 46622 ssh2
2026-09-13T00:49:26.815297+00:00 ubuntu sshd[1238911]: Connection closed by invalid user alex 109.160.32.155 port 46622 [preauth]
2026-09-13T00:49:27.298563+00:00 ubuntu sshd[1238917]: Invalid user ubuntu from 115.191.22.111 port 46368
2026-09-13T00:49:27.525393+00:00 ubuntu sshd[1238917]: pam_unix(sshd:auth): check pass; user unknown
2026-09-13T00:49:27.525541+00:00 ubuntu sshd[1238917]: pam_unix(sshd:auth): authentication failure; logname= uid=0 euid=0 tty=ssh ruser= rhost=115.191.22.111
2026-09-13T00:49:27.811668+00:00 ubuntu sshd[1238962]: pam_unix(sshd:auth): authentication failure; logname= uid=0 euid=0 tty=ssh ruser= rhost=59.103.230.194 user=www-data
2026-09-13T00:49:29.204933+00:00 ubuntu sshd[1239053]: Invalid user zfh from 109.160.32.155 port 46658
2026-09-13T00:49:29.224383+00:00 ubuntu sshd[1239053]: pam_unix(sshd:auth): check pass; user unknown
2026-09-13T00:49:29.224466+00:00 ubuntu sshd[1239053]: pam_unix(sshd:auth): authentication failure; logname= uid=0 euid=0 tty=ssh ruser= rhost=109.160.32.155
2026-09-13T00:49:29.410597+00:00 ubuntu sshd[1238917]: Failed password for invalid user ubuntu from 115.191.22.111 port 46368 ssh2
2026-09-13T00:49:29.694856+00:00 ubuntu sshd[1238962]: Failed password for www-data from 59.103.230.194 port 33168 ssh2
2026-09-13T00:49:29.848066+00:00 ubuntu sshd[1238917]: Connection closed by invalid user ubuntu 115.191.22.111 port 46368 [preauth]
2026-09-13T00:49:30.358776+00:00 ubuntu sshd[1238962]: Connection closed by authenticating user www-data 59.103.230.194 port 33168 [preauth]
2026-09-13T00:49:31.049661+00:00 ubuntu sshd[1239053]: Failed password for invalid user zfh from 109.160.32.155 port 46658 ssh2
2026-09-13T00:49:31.281148+00:00 ubuntu sshd[1239053]: Connection closed by invalid user zfh 109.160.32.155 port 46658 [preauth]
2026-09-13T00:49:31.497724+00:00 ubuntu sshd[1239059]: Invalid user ubuntu from 115.191.22.111 port 42558
2026-09-13T00:49:31.701727+00:00 ubuntu sshd[1239059]: pam_unix(sshd:auth): check pass; user unknown
2026-09-13T00:49:31.701906+00:00 ubuntu sshd[1239059]: pam_unix(sshd:auth): authentication failure; logname= uid=0 euid=0 tty=ssh ruser= rhost=115.191.22.111
2026-09-13T00:49:33.802717+00:00 ubuntu sshd[1239059]: Failed password for invalid user ubuntu from 115.191.22.111 port 42558 ssh2
2026-09-13T00:49:34.332216+00:00 ubuntu sshd[1239223]: Invalid user openclaw from 109.160.32.155 port 47294
2026-09-13T00:49:34.371600+00:00 ubuntu sshd[1239223]: pam_unix(sshd:auth): check pass; user unknown
2026-09-13T00:49:34.371739+00:00 ubuntu sshd[1239223]: pam_unix(sshd:auth): authentication failure; logname= uid=0 euid=0 tty=ssh ruser= rhost=109.160.32.155
2026-09-13T00:49:36.098025+00:00 ubuntu sshd[1239059]: Connection closed by invalid user ubuntu 115.191.22.111 port 42558 [preauth]
2026-09-13T00:49:36.552656+00:00 ubuntu sshd[1239223]: Failed password for invalid user openclaw from 109.160.32.155 port 47294 ssh2
2026-09-13T00:49:37.057365+00:00 ubuntu sshd[1239233]: Invalid user ubuntu from 115.191.22.111 port 42572
2026-09-13T00:49:37.248120+00:00 ubuntu sshd[1239233]: pam_unix(sshd:auth): check pass; user unknown
2026-09-13T00:49:37.248226+00:00 ubuntu sshd[1239233]: pam_unix(sshd:auth): authentication failure; logname= uid=0 euid=0 tty=ssh ruser= rhost=115.191.22.111
2026-09-13T00:49:37.702075+00:00 ubuntu sshd[1239223]: Connection closed by invalid user openclaw 109.160.32.155 port 47294 [preauth]
2026-09-13T00:49:38.973005+00:00 ubuntu sshd[1239408]: Invalid user openclaw from 109.160.32.155 port 47324
2026-09-13T00:49:39.037318+00:00 ubuntu sshd[1239408]: pam_unix(sshd:auth): check pass; user unknown
2026-09-13T00:49:39.037461+00:00 ubuntu sshd[1239408]: pam_unix(sshd:auth): authentication failure; logname= uid=0 euid=0 tty=ssh ruser= rhost=109.160.32.155
2026-09-13T00:49:39.173468+00:00 ubuntu sshd[1239233]: Failed password for invalid user ubuntu from 115.191.22.111 port 42572 ssh2
2026-09-13T00:49:39.535027+00:00 ubuntu sshd[1239233]: Connection closed by invalid user ubuntu 115.191.22.111 port 42572 [preauth]
2026-09-13T00:49:40.388652+00:00 ubuntu sshd[1239414]: Invalid user ubuntu from 115.191.22.111 port 49610
2026-09-13T00:49:40.560236+00:00 ubuntu sshd[1239414]: pam_unix(sshd:auth): check pass; user unknown
2026-09-13T00:49:40.560351+00:00 ubuntu sshd[1239414]: pam_unix(sshd:auth): authentication failure; logname= uid=0 euid=0 tty=ssh ruser= rhost=115.191.22.111
2026-09-13T00:49:40.902442+00:00 ubuntu sshd[1239408]: Failed password for invalid user openclaw from 109.160.32.155 port 47324 ssh2
2026-09-13T00:49:42.565429+00:00 ubuntu sshd[1239408]: Connection closed by invalid user openclaw 109.160.32.155 port 47324 [preauth]
2026-09-13T00:49:42.897015+00:00 ubuntu sshd[1239414]: Failed password for invalid user ubuntu from 115.191.22.111 port 49610 ssh2
2026-09-13T00:49:44.196315+00:00 ubuntu sshd[1239511]: pam_unix(sshd:auth): authentication failure; logname= uid=0 euid=0 tty=ssh ruser= rhost=109.160.32.155 user=root
2026-09-13T00:49:45.035559+00:00 ubuntu sshd[1239515]: pam_unix(sshd:auth): authentication failure; logname= uid=0 euid=0 tty=ssh ruser= rhost=49.248.96.210 user=root
2026-09-13T00:49:45.354433+00:00 ubuntu sshd[1239414]: Connection closed by invalid user ubuntu 115.191.22.111 port 49610 [preauth]
2026-09-13T00:49:46.415980+00:00 ubuntu sshd[1239511]: Failed password for root from 109.160.32.155 port 59842 ssh2
2026-09-13T00:49:47.256524+00:00 ubuntu sshd[1239515]: Failed password for root from 49.248.96.210 port 10400 ssh2
2026-09-13T00:49:47.326968+00:00 ubuntu sshd[1239511]: Connection closed by authenticating user root 109.160.32.155 port 59842 [preauth]
2026-09-13T00:49:48.295331+00:00 ubuntu sshd[1239515]: Connection closed by authenticating user root 49.248.96.210 port 10400 [preauth]
2026-09-13T00:49:49.343918+00:00 ubuntu sshd[1239778]: Invalid user claude from 109.160.32.155 port 59880
2026-09-13T00:49:49.400558+00:00 ubuntu sshd[1239778]: pam_unix(sshd:auth): check pass; user unknown
2026-09-13T00:49:49.400729+00:00 ubuntu sshd[1239778]: pam_unix(sshd:auth): authentication failure; logname= uid=0 euid=0 tty=ssh ruser= rhost=109.160.32.155
2026-09-13T00:49:51.305923+00:00 ubuntu sshd[1239778]: Failed password for invalid user claude from 109.160.32.155 port 59880 ssh2
2026-09-13T00:49:51.450374+00:00 ubuntu sshd[1239778]: Connection closed by invalid user claude 109.160.32.155 port 59880 [preauth]
2026-09-13T00:49:51.620915+00:00 ubuntu sshd[1239791]: Invalid user ubuntu from 115.191.22.111 port 49626
2026-09-13T00:49:51.862450+00:00 ubuntu sshd[1239791]: pam_unix(sshd:auth): check pass; user unknown
2026-09-13T00:49:51.862577+00:00 ubuntu sshd[1239791]: pam_unix(sshd:auth): authentication failure; logname= uid=0 euid=0 tty=ssh ruser= rhost=115.191.22.111
2026-09-13T00:49:53.991328+00:00 ubuntu sshd[1239881]: pam_unix(sshd:auth): authentication failure; logname= uid=0 euid=0 tty=ssh ruser= rhost=109.160.32.155 user=root
2026-09-13T00:49:54.374991+00:00 ubuntu sshd[1239791]: Failed password for invalid user ubuntu from 115.191.22.111 port 49626 ssh2
2026-09-13T00:49:56.112341+00:00 ubuntu sshd[1239881]: Failed password for root from 109.160.32.155 port 37550 ssh2
2026-09-13T00:49:56.863302+00:00 ubuntu sshd[1239791]: Connection closed by invalid user ubuntu 115.191.22.111 port 49626 [preauth]
2026-09-13T00:49:57.113773+00:00 ubuntu sshd[1239881]: Connection closed by authenticating user root 109.160.32.155 port 37550 [preauth]
2026-09-13T00:49:57.164662+00:00 ubuntu sshd[1239934]: Invalid user ubuntu from 115.191.22.111 port 38720
2026-09-13T00:49:57.348145+00:00 ubuntu sshd[1239934]: pam_unix(sshd:auth): check pass; user unknown
2026-09-13T00:49:57.348289+00:00 ubuntu sshd[1239934]: pam_unix(sshd:auth): authentication failure; logname= uid=0 euid=0 tty=ssh ruser= rhost=115.191.22.111
2026-09-13T00:49:59.017798+00:00 ubuntu sshd[1239934]: Failed password for invalid user ubuntu from 115.191.22.111 port 38720 ssh2
2026-09-13T00:49:59.298109+00:00 ubuntu sshd[1240021]: pam_unix(sshd:auth): authentication failure; logname= uid=0 euid=0 tty=ssh ruser= rhost=109.160.32.155 user=root
2026-09-13T00:49:59.627924+00:00 ubuntu sshd[1239934]: Connection closed by invalid user ubuntu 115.191.22.111 port 38720 [preauth]
2026-09-13T00:50:00.532364+00:00 ubuntu sshd[1240027]: Invalid user ubuntu from 115.191.22.111 port 36702
2026-09-13T00:50:00.575160+00:00 ubuntu sshd[1240021]: Failed password for root from 109.160.32.155 port 37598 ssh2
2026-09-13T00:50:00.711992+00:00 ubuntu sshd[1240027]: pam_unix(sshd:auth): check pass; user unknown
2026-09-13T00:50:00.712160+00:00 ubuntu sshd[1240027]: pam_unix(sshd:auth): authentication failure; logname= uid=0 euid=0 tty=ssh ruser= rhost=115.191.22.111
2026-09-13T00:50:00.838543+00:00 ubuntu sshd[1240021]: Connection closed by authenticating user root 109.160.32.155 port 37598 [preauth]
2026-09-13T00:50:02.461620+00:00 ubuntu sshd[1240027]: Failed password for invalid user ubuntu from 115.191.22.111 port 36702 ssh2
2026-09-13T00:50:03.883200+00:00 ubuntu sshd[1240027]: Connection closed by invalid user ubuntu 115.191.22.111 port 36702 [preauth]
2026-09-13T00:50:04.048377+00:00 ubuntu sshd[1240122]: pam_unix(sshd:auth): authentication failure; logname= uid=0 euid=0 tty=ssh ruser= rhost=109.160.32.155 user=root
2026-09-13T00:50:06.209202+00:00 ubuntu sshd[1240122]: Failed password for root from 109.160.32.155 port 49272 ssh2
2026-09-13T00:50:07.173014+00:00 ubuntu sshd[1240122]: Connection closed by authenticating user root 109.160.32.155 port 49272 [preauth]
2026-09-13T00:50:08.485902+00:00 ubuntu sshd[1240251]: pam_unix(sshd:auth): authentication failure; logname= uid=0 euid=0 tty=ssh ruser= rhost=173.212.241.253 user=root
2026-09-13T00:50:09.583997+00:00 ubuntu sshd[1240257]: pam_unix(sshd:auth): authentication failure; logname= uid=0 euid=0 tty=ssh ruser= rhost=109.160.32.155 user=root
2026-09-13T00:50:09.908834+00:00 ubuntu sshd[1240258]: Invalid user agentsolutions-mallorca from 123.100.226.79 port 45032
2026-09-13T00:50:10.102724+00:00 ubuntu sshd[1240258]: pam_unix(sshd:auth): check pass; user unknown
2026-09-13T00:50:10.102954+00:00 ubuntu sshd[1240258]: pam_unix(sshd:auth): authentication failure; logname= uid=0 euid=0 tty=ssh ruser= rhost=123.100.226.79
2026-09-13T00:50:10.666853+00:00 ubuntu sshd[1240251]: Failed password for root from 173.212.241.253 port 56540 ssh2
2026-09-13T00:50:11.569068+00:00 ubuntu sshd[1240257]: Failed password for root from 109.160.32.155 port 49322 ssh2
2026-09-13T00:50:11.617908+00:00 ubuntu sshd[1240251]: Connection closed by authenticating user root 173.212.241.253 port 56540 [preauth]
2026-09-13T00:50:12.224046+00:00 ubuntu sshd[1240258]: Failed password for invalid user agentsolutions-mallorca from 123.100.226.79 port 45032 ssh2
2026-09-13T00:50:12.702095+00:00 ubuntu sshd[1240258]: Connection closed by invalid user agentsolutions-mallorca 123.100.226.79 port 45032 [preauth]
2026-09-13T00:50:12.732063+00:00 ubuntu sshd[1240257]: Connection closed by authenticating user root 109.160.32.155 port 49322 [preauth]
2026-09-13T00:50:14.610052+00:00 ubuntu sshd[1240349]: Invalid user steam2112.26.224.18 from 109.160.32.155 port 52940
2026-09-13T00:50:14.640280+00:00 ubuntu sshd[1240349]: pam_unix(sshd:auth): check pass; user unknown
2026-09-13T00:50:14.640435+00:00 ubuntu sshd[1240349]: pam_unix(sshd:auth): authentication failure; logname= uid=0 euid=0 tty=ssh ruser= rhost=109.160.32.155
2026-09-13T00:50:15.803909+00:00 ubuntu sshd[1240124]: Invalid user ubuntu from 115.191.22.111 port 36714
2026-09-13T00:50:15.995173+00:00 ubuntu sshd[1240124]: pam_unix(sshd:auth): check pass; user unknown
2026-09-13T00:50:15.995320+00:00 ubuntu sshd[1240124]: pam_unix(sshd:auth): authentication failure; logname= uid=0 euid=0 tty=ssh ruser= rhost=115.191.22.111
2026-09-13T00:50:16.310043+00:00 ubuntu sshd[1240349]: Failed password for invalid user steam2112.26.224.18 from 109.160.32.155 port 52940 ssh2
2026-09-13T00:50:17.022919+00:00 ubuntu sshd[1240349]: Connection closed by invalid user steam2112.26.224.18 109.160.32.155 port 52940 [preauth]
2026-09-13T00:50:18.136312+00:00 ubuntu sshd[1240124]: Failed password for invalid user ubuntu from 115.191.22.111 port 36714 ssh2
2026-09-13T00:50:19.309589+00:00 ubuntu sshd[1240496]: pam_unix(sshd:auth): authentication failure; logname= uid=0 euid=0 tty=ssh ruser= rhost=196.179.228.72 user=root
2026-09-13T00:50:19.426171+00:00 ubuntu sshd[1240538]: Invalid user park from 109.160.32.155 port 52968
2026-09-13T00:50:19.443633+00:00 ubuntu sshd[1240538]: pam_unix(sshd:auth): check pass; user unknown
2026-09-13T00:50:19.443801+00:00 ubuntu sshd[1240538]: pam_unix(sshd:auth): authentication failure; logname= uid=0 euid=0 tty=ssh ruser= rhost=109.160.32.155
2026-09-13T00:50:20.379466+00:00 ubuntu sshd[1240124]: Connection closed by invalid user ubuntu 115.191.22.111 port 36714 [preauth]
2026-09-13T00:50:21.171507+00:00 ubuntu sshd[1240614]: Invalid user ubuntu from 196.179.228.72 port 43550
2026-09-13T00:50:21.213911+00:00 ubuntu sshd[1240614]: pam_unix(sshd:auth): check pass; user unknown
2026-09-13T00:50:21.214065+00:00 ubuntu sshd[1240614]: pam_unix(sshd:auth): authentication failure; logname= uid=0 euid=0 tty=ssh ruser= rhost=196.179.228.72
2026-09-13T00:50:21.322917+00:00 ubuntu sshd[1240608]: Invalid user ubuntu from 115.191.22.111 port 32952
2026-09-13T00:50:21.334662+00:00 ubuntu sshd[1240496]: Failed password for root from 196.179.228.72 port 43538 ssh2
2026-09-13T00:50:21.469077+00:00 ubuntu sshd[1240538]: Failed password for invalid user park from 109.160.32.155 port 52968 ssh2
2026-09-13T00:50:21.513581+00:00 ubuntu sshd[1240608]: pam_unix(sshd:auth): check pass; user unknown
2026-09-13T00:50:21.513687+00:00 ubuntu sshd[1240608]: pam_unix(sshd:auth): authentication failure; logname= uid=0 euid=0 tty=ssh ruser= rhost=115.191.22.111
2026-09-13T00:50:22.456899+00:00 ubuntu sshd[1240496]: Connection closed by authenticating user root 196.179.228.72 port 43538 [preauth]
2026-09-13T00:50:22.762172+00:00 ubuntu sshd[1240538]: Connection closed by invalid user park 109.160.32.155 port 52968 [preauth]
2026-09-13T00:50:23.179265+00:00 ubuntu sshd[1240614]: Failed password for invalid user ubuntu from 196.179.228.72 port 43550 ssh2
2026-09-13T00:50:23.352511+00:00 ubuntu sshd[1240614]: Connection closed by invalid user ubuntu 196.179.228.72 port 43550 [preauth]
2026-09-13T00:50:23.479001+00:00 ubuntu sshd[1240608]: Failed password for invalid user ubuntu from 115.191.22.111 port 32952 ssh2
2026-09-13T00:50:23.571363+00:00 ubuntu sshd[1240696]: Invalid user agentsolutionsmallorca from 196.179.228.72 port 43558
2026-09-13T00:50:23.613738+00:00 ubuntu sshd[1240696]: pam_unix(sshd:auth): check pass; user unknown
2026-09-13T00:50:23.613877+00:00 ubuntu sshd[1240696]: pam_unix(sshd:auth): authentication failure; logname= uid=0 euid=0 tty=ssh ruser= rhost=196.179.228.72
2026-09-13T00:50:23.805502+00:00 ubuntu sshd[1240608]: Connection closed by invalid user ubuntu 115.191.22.111 port 32952 [preauth]
2026-09-13T00:50:24.435048+00:00 ubuntu sshd[1240702]: Invalid user student from 109.160.32.155 port 43008
2026-09-13T00:50:24.453413+00:00 ubuntu sshd[1240702]: pam_unix(sshd:auth): check pass; user unknown
2026-09-13T00:50:24.453530+00:00 ubuntu sshd[1240702]: pam_unix(sshd:auth): authentication failure; logname= uid=0 euid=0 tty=ssh ruser= rhost=109.160.32.155
2026-09-13T00:50:24.851920+00:00 ubuntu sshd[1240696]: Failed password for invalid user agentsolutionsmallorca from 196.179.228.72 port 43558 ssh2
2026-09-13T00:50:25.305136+00:00 ubuntu sshd[1240699]: Invalid user ubuntu from 115.191.22.111 port 32962
2026-09-13T00:50:25.486261+00:00 ubuntu sshd[1240699]: pam_unix(sshd:auth): check pass; user unknown
2026-09-13T00:50:25.486321+00:00 ubuntu sshd[1240699]: pam_unix(sshd:auth): authentication failure; logname= uid=0 euid=0 tty=ssh ruser= rhost=115.191.22.111
2026-09-13T00:50:25.870839+00:00 ubuntu sshd[1240696]: Connection closed by invalid user agentsolutionsmallorca 196.179.228.72 port 43558 [preauth]
2026-09-13T00:50:26.163031+00:00 ubuntu sshd[1240702]: Failed password for invalid user student from 109.160.32.155 port 43008 ssh2
2026-09-13T00:50:27.000323+00:00 ubuntu sshd[1240699]: Failed password for invalid user ubuntu from 115.191.22.111 port 32962 ssh2
2026-09-13T00:50:27.349964+00:00 ubuntu sshd[1240702]: Connection closed by invalid user student 109.160.32.155 port 43008 [preauth]
2026-09-13T00:50:27.761310+00:00 ubuntu sshd[1240699]: Connection closed by invalid user ubuntu 115.191.22.111 port 32962 [preauth]
2026-09-13T00:50:28.990312+00:00 ubuntu sshd[1240753]: Invalid user ubuntu from 115.191.22.111 port 32976
2026-09-13T00:50:29.157214+00:00 ubuntu sshd[1240753]: pam_unix(sshd:auth): check pass; user unknown
2026-09-13T00:50:29.157381+00:00 ubuntu sshd[1240753]: pam_unix(sshd:auth): authentication failure; logname= uid=0 euid=0 tty=ssh ruser= rhost=115.191.22.111
2026-09-13T00:50:29.657558+00:00 ubuntu sshd[1240833]: Invalid user student from 109.160.32.155 port 48042
2026-09-13T00:50:29.675353+00:00 ubuntu sshd[1240833]: pam_unix(sshd:auth): check pass; user unknown
2026-09-13T00:50:29.675518+00:00 ubuntu sshd[1240833]: pam_unix(sshd:auth): authentication failure; logname= uid=0 euid=0 tty=ssh ruser= rhost=109.160.32.155
2026-09-13T00:50:30.887414+00:00 ubuntu sshd[1240753]: Failed password for invalid user ubuntu from 115.191.22.111 port 32976 ssh2
2026-09-13T00:50:31.405035+00:00 ubuntu sshd[1240833]: Failed password for invalid user student from 109.160.32.155 port 48042 ssh2
2026-09-13T00:50:31.420144+00:00 ubuntu sshd[1240753]: Connection closed by invalid user ubuntu 115.191.22.111 port 32976 [preauth]
2026-09-13T00:50:32.569953+00:00 ubuntu sshd[1240833]: Connection closed by invalid user student 109.160.32.155 port 48042 [preauth]
2026-09-13T00:50:33.397141+00:00 ubuntu sshd[1240841]: Invalid user ubuntu from 115.191.22.111 port 35028
2026-09-13T00:50:34.234819+00:00 ubuntu sshd[1240841]: pam_unix(sshd:auth): check pass; user unknown
2026-09-13T00:50:34.234961+00:00 ubuntu sshd[1240841]: pam_unix(sshd:auth): authentication failure; logname= uid=0 euid=0 tty=ssh ruser= rhost=115.191.22.111
2026-09-13T00:50:34.338704+00:00 ubuntu sshd[1240987]: Invalid user normal from 109.160.32.155 port 48080
2026-09-13T00:50:34.371637+00:00 ubuntu sshd[1240987]: pam_unix(sshd:auth): check pass; user unknown
2026-09-13T00:50:34.371734+00:00 ubuntu sshd[1240987]: pam_unix(sshd:auth): authentication failure; logname= uid=0 euid=0 tty=ssh ruser= rhost=109.160.32.155
2026-09-13T00:50:35.984447+00:00 ubuntu sshd[1240841]: Failed password for invalid user ubuntu from 115.191.22.111 port 35028 ssh2
2026-09-13T00:50:36.121259+00:00 ubuntu sshd[1240987]: Failed password for invalid user normal from 109.160.32.155 port 48080 ssh2
2026-09-13T00:50:36.529161+00:00 ubuntu sshd[1240987]: Connection closed by invalid user normal 109.160.32.155 port 48080 [preauth]
2026-09-13T00:50:36.567720+00:00 ubuntu sshd[1240841]: Connection closed by invalid user ubuntu 115.191.22.111 port 35028 [preauth]
2026-09-13T00:50:37.791127+00:00 ubuntu sshd[1241037]: Invalid user ubuntu from 115.191.22.111 port 35036
2026-09-13T00:50:38.031944+00:00 ubuntu sshd[1241037]: pam_unix(sshd:auth): check pass; user unknown
2026-09-13T00:50:38.032071+00:00 ubuntu sshd[1241037]: pam_unix(sshd:auth): authentication failure; logname= uid=0 euid=0 tty=ssh ruser= rhost=115.191.22.111
2026-09-13T00:50:39.342409+00:00 ubuntu sshd[1241122]: pam_unix(sshd:auth): authentication failure; logname= uid=0 euid=0 tty=ssh ruser= rhost=109.160.32.155 user=root
2026-09-13T00:50:40.333363+00:00 ubuntu sshd[1241037]: Failed password for invalid user ubuntu from 115.191.22.111 port 35036 ssh2
2026-09-13T00:50:41.778158+00:00 ubuntu sshd[1241122]: Failed password for root from 109.160.32.155 port 48134 ssh2
2026-09-13T00:50:42.466400+00:00 ubuntu sshd[1241037]: Connection closed by invalid user ubuntu 115.191.22.111 port 35036 [preauth]
2026-09-13T00:50:42.467849+00:00 ubuntu sshd[1241122]: Connection closed by authenticating user root 109.160.32.155 port 48134 [preauth]
2026-09-13T00:50:43.387161+00:00 ubuntu sshd[1241134]: Invalid user ubuntu from 115.191.22.111 port 47600
2026-09-13T00:50:43.581045+00:00 ubuntu sshd[1241134]: pam_unix(sshd:auth): check pass; user unknown
2026-09-13T00:50:43.581141+00:00 ubuntu sshd[1241134]: pam_unix(sshd:auth): authentication failure; logname= uid=0 euid=0 tty=ssh ruser= rhost=115.191.22.111
2026-09-13T00:50:44.250744+00:00 ubuntu sshd[1241213]: pam_unix(sshd:auth): authentication failure; logname= uid=0 euid=0 tty=ssh ruser= rhost=109.160.32.155 user=root
2026-09-13T00:50:45.566510+00:00 ubuntu sshd[1241134]: Failed password for invalid user ubuntu from 115.191.22.111 port 47600 ssh2
2026-09-13T00:50:45.872988+00:00 ubuntu sshd[1241134]: Connection closed by invalid user ubuntu 115.191.22.111 port 47600 [preauth]
2026-09-13T00:50:46.040471+00:00 ubuntu sshd[1241213]: Failed password for root from 109.160.32.155 port 58150 ssh2
2026-09-13T00:50:46.794180+00:00 ubuntu sshd[1241219]: Invalid user ubuntu from 115.191.22.111 port 47610
2026-09-13T00:50:46.973599+00:00 ubuntu sshd[1241219]: pam_unix(sshd:auth): check pass; user unknown
2026-09-13T00:50:46.973702+00:00 ubuntu sshd[1241219]: pam_unix(sshd:auth): authentication failure; logname= uid=0 euid=0 tty=ssh ruser= rhost=115.191.22.111
2026-09-13T00:50:47.376313+00:00 ubuntu sshd[1241213]: Connection closed by authenticating user root 109.160.32.155 port 58150 [preauth]
2026-09-13T00:50:48.703360+00:00 ubuntu sshd[1241219]: Failed password for invalid user ubuntu from 115.191.22.111 port 47610 ssh2
2026-09-13T00:50:48.936045+00:00 ubuntu sshd[1241363]: Invalid user chloe from 109.160.32.155 port 58218
2026-09-13T00:50:48.955987+00:00 ubuntu sshd[1241363]: pam_unix(sshd:auth): check pass; user unknown
2026-09-13T00:50:48.956084+00:00 ubuntu sshd[1241363]: pam_unix(sshd:auth): authentication failure; logname= uid=0 euid=0 tty=ssh ruser= rhost=109.160.32.155
2026-09-13T00:50:49.261013+00:00 ubuntu sshd[1241219]: Connection closed by invalid user ubuntu 115.191.22.111 port 47610 [preauth]
2026-09-13T00:50:50.172257+00:00 ubuntu sshd[1241366]: Invalid user ubuntu from 115.191.22.111 port 52944
2026-09-13T00:50:50.352282+00:00 ubuntu sshd[1241366]: pam_unix(sshd:auth): check pass; user unknown
2026-09-13T00:50:50.352402+00:00 ubuntu sshd[1241366]: pam_unix(sshd:auth): authentication failure; logname= uid=0 euid=0 tty=ssh ruser= rhost=115.191.22.111
2026-09-13T00:50:50.625824+00:00 ubuntu sshd[1241363]: Failed password for invalid user chloe from 109.160.32.155 port 58218 ssh2
2026-09-13T00:50:52.042705+00:00 ubuntu sshd[1241363]: Connection closed by invalid user chloe 109.160.32.155 port 58218 [preauth]
2026-09-13T00:50:52.633607+00:00 ubuntu sshd[1241366]: Failed password for invalid user ubuntu from 115.191.22.111 port 52944 ssh2
2026-09-13T00:50:54.190436+00:00 ubuntu sshd[1241575]: Invalid user guest from 109.160.32.155 port 42916
2026-09-13T00:50:54.207121+00:00 ubuntu sshd[1241575]: pam_unix(sshd:auth): check pass; user unknown
2026-09-13T00:50:54.207211+00:00 ubuntu sshd[1241575]: pam_unix(sshd:auth): authentication failure; logname= uid=0 euid=0 tty=ssh ruser= rhost=109.160.32.155
2026-09-13T00:50:55.151239+00:00 ubuntu sshd[1241366]: Connection closed by invalid user ubuntu 115.191.22.111 port 52944 [preauth]
2026-09-13T00:50:55.701074+00:00 ubuntu sshd[1241575]: Failed password for invalid user guest from 109.160.32.155 port 42916 ssh2
2026-09-13T00:50:56.541438+00:00 ubuntu sshd[1241575]: Connection closed by invalid user guest 109.160.32.155 port 42916 [preauth]
2026-09-13T00:50:56.988199+00:00 ubuntu sshd[1241582]: Invalid user ubuntu from 115.191.22.111 port 52956
2026-09-13T00:50:57.230492+00:00 ubuntu sshd[1241582]: pam_unix(sshd:auth): check pass; user unknown
2026-09-13T00:50:57.230617+00:00 ubuntu sshd[1241582]: pam_unix(sshd:auth): authentication failure; logname= uid=0 euid=0 tty=ssh ruser= rhost=115.191.22.111
2026-09-13T00:50:59.410740+00:00 ubuntu sshd[1241712]: Invalid user guest from 109.160.32.155 port 42988
2026-09-13T00:50:59.427892+00:00 ubuntu sshd[1241712]: pam_unix(sshd:auth): check pass; user unknown
2026-09-13T00:50:59.428003+00:00 ubuntu sshd[1241712]: pam_unix(sshd:auth): authentication failure; logname= uid=0 euid=0 tty=ssh ruser= rhost=109.160.32.155
2026-09-13T00:50:59.471964+00:00 ubuntu sshd[1241582]: Failed password for invalid user ubuntu from 115.191.22.111 port 52956 ssh2
2026-09-13T00:51:00.942001+00:00 ubuntu sshd[1241712]: Failed password for invalid user guest from 109.160.32.155 port 42988 ssh2
2026-09-13T00:51:01.665875+00:00 ubuntu sshd[1241582]: Connection closed by invalid user ubuntu 115.191.22.111 port 52956 [preauth]
2026-09-13T00:51:01.759395+00:00 ubuntu sshd[1241712]: Connection closed by invalid user guest 109.160.32.155 port 42988 [preauth]
2026-09-13T00:51:02.160962+00:00 ubuntu sshd[1241719]: Invalid user ubuntu from 103.79.90.26 port 51672
2026-09-13T00:51:02.347262+00:00 ubuntu sshd[1241719]: pam_unix(sshd:auth): check pass; user unknown
2026-09-13T00:51:02.347398+00:00 ubuntu sshd[1241719]: pam_unix(sshd:auth): authentication failure; logname= uid=0 euid=0 tty=ssh ruser= rhost=103.79.90.26
2026-09-13T00:51:03.530614+00:00 ubuntu sshd[1241722]: Invalid user ubuntu from 115.191.22.111 port 36004
2026-09-13T00:51:03.705216+00:00 ubuntu sshd[1241722]: pam_unix(sshd:auth): check pass; user unknown
2026-09-13T00:51:03.705317+00:00 ubuntu sshd[1241722]: pam_unix(sshd:auth): authentication failure; logname= uid=0 euid=0 tty=ssh ruser= rhost=115.191.22.111
2026-09-13T00:51:04.379401+00:00 ubuntu sshd[1241813]: pam_unix(sshd:auth): authentication failure; logname= uid=0 euid=0 tty=ssh ruser= rhost=109.160.32.155 user=root
2026-09-13T00:51:04.608838+00:00 ubuntu sshd[1241719]: Failed password for invalid user ubuntu from 103.79.90.26 port 51672 ssh2
2026-09-13T00:51:05.770906+00:00 ubuntu sshd[1241722]: Failed password for invalid user ubuntu from 115.191.22.111 port 36004 ssh2
2026-09-13T00:51:05.979949+00:00 ubuntu sshd[1241722]: Connection closed by invalid user ubuntu 115.191.22.111 port 36004 [preauth]
2026-09-13T00:51:06.580440+00:00 ubuntu sshd[1241813]: Failed password for root from 109.160.32.155 port 56316 ssh2
2026-09-13T00:51:06.735731+00:00 ubuntu sshd[1241719]: Connection closed by invalid user ubuntu 103.79.90.26 port 51672 [preauth]
2026-09-13T00:51:07.209455+00:00 ubuntu sshd[1241818]: Invalid user ubuntu from 115.191.22.111 port 36010
2026-09-13T00:51:07.441145+00:00 ubuntu sshd[1241818]: pam_unix(sshd:auth): check pass; user unknown
2026-09-13T00:51:07.441248+00:00 ubuntu sshd[1241818]: pam_unix(sshd:auth): authentication failure; logname= uid=0 euid=0 tty=ssh ruser= rhost=115.191.22.111
2026-09-13T00:51:07.509163+00:00 ubuntu sshd[1241813]: Connection closed by authenticating user root 109.160.32.155 port 56316 [preauth]
2026-09-13T00:51:09.386738+00:00 ubuntu sshd[1241818]: Failed password for invalid user ubuntu from 115.191.22.111 port 36010 ssh2
2026-09-13T00:51:09.768579+00:00 ubuntu sshd[1241818]: Connection closed by invalid user ubuntu 115.191.22.111 port 36010 [preauth]
2026-09-13T00:51:09.842934+00:00 ubuntu sshd[1241945]: pam_unix(sshd:auth): authentication failure; logname= uid=0 euid=0 tty=ssh ruser= rhost=109.160.32.155 user=root
2026-09-13T00:51:10.628381+00:00 ubuntu sshd[1241948]: Invalid user ubuntu from 115.191.22.111 port 43310
2026-09-13T00:51:10.803132+00:00 ubuntu sshd[1241948]: pam_unix(sshd:auth): check pass; user unknown
2026-09-13T00:51:10.803240+00:00 ubuntu sshd[1241948]: pam_unix(sshd:auth): authentication failure; logname= uid=0 euid=0 tty=ssh ruser= rhost=115.191.22.111
2026-09-13T00:51:12.062145+00:00 ubuntu sshd[1241945]: Failed password for root from 109.160.32.155 port 56396 ssh2
2026-09-13T00:51:12.492955+00:00 ubuntu sshd[1241948]: Failed password for invalid user ubuntu from 115.191.22.111 port 43310 ssh2
2026-09-13T00:51:12.969668+00:00 ubuntu sshd[1241945]: Connection closed by authenticating user root 109.160.32.155 port 56396 [preauth]
2026-09-13T00:51:13.074785+00:00 ubuntu sshd[1241948]: Connection closed by invalid user ubuntu 115.191.22.111 port 43310 [preauth]
2026-09-13T00:51:14.412205+00:00 ubuntu sshd[1241958]: Invalid user ubuntu from 115.191.22.111 port 43322
2026-09-13T00:51:14.666848+00:00 ubuntu sshd[1241958]: pam_unix(sshd:auth): check pass; user unknown
2026-09-13T00:51:14.666987+00:00 ubuntu sshd[1241958]: pam_unix(sshd:auth): authentication failure; logname= uid=0 euid=0 tty=ssh ruser= rhost=115.191.22.111
2026-09-13T00:51:14.793994+00:00 ubuntu sshd[1242040]: pam_unix(sshd:auth): authentication failure; logname= uid=0 euid=0 tty=ssh ruser= rhost=109.160.32.155 user=root
2026-09-13T00:51:16.906766+00:00 ubuntu sshd[1241958]: Failed password for invalid user ubuntu from 115.191.22.111 port 43322 ssh2
2026-09-13T00:51:17.035131+00:00 ubuntu sshd[1242040]: Failed password for root from 109.160.32.155 port 60278 ssh2
2026-09-13T00:51:17.917032+00:00 ubuntu sshd[1242040]: Connection closed by authenticating user root 109.160.32.155 port 60278 [preauth]
2026-09-13T00:51:19.110409+00:00 ubuntu sshd[1241958]: Connection closed by invalid user ubuntu 115.191.22.111 port 43322 [preauth]
2026-09-13T00:51:20.143588+00:00 ubuntu sshd[1242213]: pam_unix(sshd:auth): authentication failure; logname= uid=0 euid=0 tty=ssh ruser= rhost=109.160.32.155 user=root
2026-09-13T00:51:21.873254+00:00 ubuntu sshd[1242213]: Failed password for root from 109.160.32.155 port 60348 ssh2
2026-09-13T00:51:22.334552+00:00 ubuntu sshd[1242216]: Invalid user guest from 68.219.102.153 port 38966
2026-09-13T00:51:23.267346+00:00 ubuntu sshd[1242213]: Connection closed by authenticating user root 109.160.32.155 port 60348 [preauth]
2026-09-13T00:51:23.422011+00:00 ubuntu sshd[1242216]: pam_unix(sshd:auth): check pass; user unknown
2026-09-13T00:51:23.422111+00:00 ubuntu sshd[1242216]: pam_unix(sshd:auth): authentication failure; logname= uid=0 euid=0 tty=ssh ruser= rhost=68.219.102.153
2026-09-13T00:51:24.140339+00:00 ubuntu sshd[1242305]: Invalid user ubuntu from 115.191.22.111 port 37546
2026-09-13T00:51:24.336584+00:00 ubuntu sshd[1242305]: pam_unix(sshd:auth): check pass; user unknown
2026-09-13T00:51:24.336670+00:00 ubuntu sshd[1242305]: pam_unix(sshd:auth): authentication failure; logname= uid=0 euid=0 tty=ssh ruser= rhost=115.191.22.111
2026-09-13T00:51:24.867358+00:00 ubuntu sshd[1242414]: Invalid user user from 109.160.32.155 port 45034
2026-09-13T00:51:24.886421+00:00 ubuntu sshd[1242414]: pam_unix(sshd:auth): check pass; user unknown
2026-09-13T00:51:24.886515+00:00 ubuntu sshd[1242414]: pam_unix(sshd:auth): authentication failure; logname= uid=0 euid=0 tty=ssh ruser= rhost=109.160.32.155
2026-09-13T00:51:25.231687+00:00 ubuntu sshd[1242216]: Failed password for invalid user guest from 68.219.102.153 port 38966 ssh2
2026-09-13T00:51:25.949398+00:00 ubuntu sshd[1242305]: Failed password for invalid user ubuntu from 115.191.22.111 port 37546 ssh2
2026-09-13T00:51:26.280480+00:00 ubuntu sshd[1242216]: Connection closed by invalid user guest 68.219.102.153 port 38966 [preauth]
2026-09-13T00:51:26.500536+00:00 ubuntu sshd[1242414]: Failed password for invalid user user from 109.160.32.155 port 45034 ssh2
2026-09-13T00:51:27.012129+00:00 ubuntu sshd[1242414]: Connection closed by invalid user user 109.160.32.155 port 45034 [preauth]
2026-09-13T00:51:27.101563+00:00 ubuntu sshd[1242305]: Connection closed by invalid user ubuntu 115.191.22.111 port 37546 [preauth]
2026-09-13T00:51:29.780378+00:00 ubuntu sshd[1242461]: Invalid user ubuntu from 115.191.22.111 port 37548
2026-09-13T00:51:29.959979+00:00 ubuntu sshd[1242544]: pam_unix(sshd:auth): authentication failure; logname= uid=0 euid=0 tty=ssh ruser= rhost=109.160.32.155 user=root
2026-09-13T00:51:29.971058+00:00 ubuntu sshd[1242461]: pam_unix(sshd:auth): check pass; user unknown
2026-09-13T00:51:29.971153+00:00 ubuntu sshd[1242461]: pam_unix(sshd:auth): authentication failure; logname= uid=0 euid=0 tty=ssh ruser= rhost=115.191.22.111
2026-09-13T00:51:31.258058+00:00 ubuntu sshd[1242544]: Failed password for root from 109.160.32.155 port 32774 ssh2
2026-09-13T00:51:31.269351+00:00 ubuntu sshd[1242461]: Failed password for invalid user ubuntu from 115.191.22.111 port 37548 ssh2
2026-09-13T00:51:31.499477+00:00 ubuntu sshd[1242544]: Connection closed by authenticating user root 109.160.32.155 port 32774 [preauth]
2026-09-13T00:51:32.257919+00:00 ubuntu sshd[1242461]: Connection closed by invalid user ubuntu 115.191.22.111 port 37548 [preauth]
2026-09-13T00:51:33.831631+00:00 ubuntu sshd[1242552]: Invalid user ubuntu from 115.191.22.111 port 55936
2026-09-13T00:51:34.026132+00:00 ubuntu sshd[1242552]: pam_unix(sshd:auth): check pass; user unknown
2026-09-13T00:51:34.026261+00:00 ubuntu sshd[1242552]: pam_unix(sshd:auth): authentication failure; logname= uid=0 euid=0 tty=ssh ruser= rhost=115.191.22.111
2026-09-13T00:51:35.322090+00:00 ubuntu sshd[1242702]: pam_unix(sshd:auth): authentication failure; logname= uid=0 euid=0 tty=ssh ruser= rhost=109.160.32.155 user=root
2026-09-13T00:51:36.347708+00:00 ubuntu sshd[1242552]: Failed password for invalid user ubuntu from 115.191.22.111 port 55936 ssh2
2026-09-13T00:51:36.780281+00:00 ubuntu sshd[1242702]: Failed password for root from 109.160.32.155 port 32834 ssh2
2026-09-13T00:51:36.846865+00:00 ubuntu sshd[1242702]: Connection closed by authenticating user root 109.160.32.155 port 32834 [preauth]
2026-09-13T00:51:38.879446+00:00 ubuntu sshd[1242552]: Connection closed by invalid user ubuntu 115.191.22.111 port 55936 [preauth]
2026-09-13T00:51:39.951534+00:00 ubuntu sshd[1242833]: pam_unix(sshd:auth): authentication failure; logname= uid=0 euid=0 tty=ssh ruser= rhost=109.160.32.155 user=root
