2026-09-13T01:47:55.451840+00:00 ubuntu sshd[1338397]: Failed password for invalid user chris from 109.160.32.155 port 43250 ssh2
2026-09-13T01:47:56.389743+00:00 ubuntu sshd[1338397]: Connection closed by invalid user chris 109.160.32.155 port 43250 [preauth]
2026-09-13T01:47:59.040029+00:00 ubuntu sshd[1338538]: pam_unix(sshd:auth): authentication failure; logname= uid=0 euid=0 tty=ssh ruser= rhost=109.160.32.155 user=root
2026-09-13T01:48:00.924470+00:00 ubuntu sshd[1338538]: Failed password for root from 109.160.32.155 port 43340 ssh2
2026-09-13T01:48:02.167175+00:00 ubuntu sshd[1338538]: Connection closed by authenticating user root 109.160.32.155 port 43340 [preauth]
2026-09-13T01:48:04.262697+00:00 ubuntu sshd[1338655]: pam_unix(sshd:auth): authentication failure; logname= uid=0 euid=0 tty=ssh ruser= rhost=109.160.32.155 user=root
2026-09-13T01:48:06.303091+00:00 ubuntu sshd[1338655]: Failed password for root from 109.160.32.155 port 54532 ssh2
2026-09-13T01:48:07.435587+00:00 ubuntu sshd[1338655]: Connection closed by authenticating user root 109.160.32.155 port 54532 [preauth]
2026-09-13T01:48:08.357120+00:00 ubuntu sshd[1338799]: Invalid user admin from 109.160.32.155 port 54590
2026-09-13T01:48:08.378737+00:00 ubuntu sshd[1338799]: pam_unix(sshd:auth): check pass; user unknown
2026-09-13T01:48:08.378894+00:00 ubuntu sshd[1338799]: pam_unix(sshd:auth): authentication failure; logname= uid=0 euid=0 tty=ssh ruser= rhost=109.160.32.155
2026-09-13T01:48:09.966361+00:00 ubuntu sshd[1338799]: Failed password for invalid user admin from 109.160.32.155 port 54590 ssh2
2026-09-13T01:48:11.298018+00:00 ubuntu sshd[1338799]: Connection closed by invalid user admin 109.160.32.155 port 54590 [preauth]
2026-09-13T01:48:11.667841+00:00 ubuntu sshd[1338787]: pam_unix(sshd:auth): authentication failure; logname= uid=0 euid=0 tty=ssh ruser= rhost=160.30.136.36 user=root
2026-09-13T01:48:13.848369+00:00 ubuntu sshd[1338900]: Invalid user admin from 109.160.32.155 port 46396
2026-09-13T01:48:13.895615+00:00 ubuntu sshd[1338900]: pam_unix(sshd:auth): check pass; user unknown
2026-09-13T01:48:13.895706+00:00 ubuntu sshd[1338900]: pam_unix(sshd:auth): authentication failure; logname= uid=0 euid=0 tty=ssh ruser= rhost=109.160.32.155
2026-09-13T01:48:14.003132+00:00 ubuntu sshd[1338787]: Failed password for root from 160.30.136.36 port 52678 ssh2
2026-09-13T01:48:15.504593+00:00 ubuntu sshd[1338900]: Failed password for invalid user admin from 109.160.32.155 port 46396 ssh2
2026-09-13T01:48:15.926209+00:00 ubuntu sshd[1338787]: Connection closed by authenticating user root 160.30.136.36 port 52678 [preauth]
2026-09-13T01:48:16.968569+00:00 ubuntu sshd[1338900]: Connection closed by invalid user admin 109.160.32.155 port 46396 [preauth]
2026-09-13T01:48:17.375345+00:00 ubuntu sshd[1339143]: Invalid user debian from 200.155.76.14 port 48482
2026-09-13T01:48:17.572295+00:00 ubuntu sshd[1339143]: pam_unix(sshd:auth): check pass; user unknown
2026-09-13T01:48:17.572429+00:00 ubuntu sshd[1339143]: pam_unix(sshd:auth): authentication failure; logname= uid=0 euid=0 tty=ssh ruser= rhost=200.155.76.14
2026-09-13T01:48:18.385394+00:00 ubuntu sshd[1339153]: Invalid user erp from 109.160.32.155 port 46474
2026-09-13T01:48:18.427318+00:00 ubuntu sshd[1339153]: pam_unix(sshd:auth): check pass; user unknown
2026-09-13T01:48:18.427452+00:00 ubuntu sshd[1339153]: pam_unix(sshd:auth): authentication failure; logname= uid=0 euid=0 tty=ssh ruser= rhost=109.160.32.155
2026-09-13T01:48:19.397193+00:00 ubuntu sshd[1339143]: Failed password for invalid user debian from 200.155.76.14 port 48482 ssh2
2026-09-13T01:48:20.354816+00:00 ubuntu sshd[1339143]: Connection closed by invalid user debian 200.155.76.14 port 48482 [preauth]
2026-09-13T01:48:20.723601+00:00 ubuntu sshd[1339153]: Failed password for invalid user erp from 109.160.32.155 port 46474 ssh2
2026-09-13T01:48:22.532383+00:00 ubuntu sshd[1339153]: Connection closed by invalid user erp 109.160.32.155 port 46474 [preauth]
2026-09-13T01:48:23.583524+00:00 ubuntu sshd[1339251]: Invalid user oracle from 109.160.32.155 port 53454
2026-09-13T01:48:23.679965+00:00 ubuntu sshd[1339251]: pam_unix(sshd:auth): check pass; user unknown
2026-09-13T01:48:23.680120+00:00 ubuntu sshd[1339251]: pam_unix(sshd:auth): authentication failure; logname= uid=0 euid=0 tty=ssh ruser= rhost=109.160.32.155
2026-09-13T01:48:25.995524+00:00 ubuntu sshd[1339251]: Failed password for invalid user oracle from 109.160.32.155 port 53454 ssh2
2026-09-13T01:48:28.274472+00:00 ubuntu sshd[1339251]: Connection closed by invalid user oracle 109.160.32.155 port 53454 [preauth]
2026-09-13T01:48:28.395946+00:00 ubuntu sshd[1339396]: pam_unix(sshd:auth): authentication failure; logname= uid=0 euid=0 tty=ssh ruser= rhost=109.160.32.155 user=root
2026-09-13T01:48:30.396085+00:00 ubuntu sshd[1339396]: Failed password for root from 109.160.32.155 port 53510 ssh2
2026-09-13T01:48:31.518814+00:00 ubuntu sshd[1339396]: Connection closed by authenticating user root 109.160.32.155 port 53510 [preauth]
2026-09-13T01:48:33.469593+00:00 ubuntu sshd[1339514]: pam_unix(sshd:auth): authentication failure; logname= uid=0 euid=0 tty=ssh ruser= rhost=109.160.32.155 user=root
2026-09-13T01:48:35.157205+00:00 ubuntu sshd[1339514]: Failed password for root from 109.160.32.155 port 59594 ssh2
2026-09-13T01:48:36.691125+00:00 ubuntu sshd[1339514]: Connection closed by authenticating user root 109.160.32.155 port 59594 [preauth]
2026-09-13T01:48:37.987081+00:00 ubuntu sshd[1339651]: Invalid user agent from 109.160.32.155 port 59618
2026-09-13T01:48:38.008031+00:00 ubuntu sshd[1339651]: pam_unix(sshd:auth): check pass; user unknown
2026-09-13T01:48:38.008170+00:00 ubuntu sshd[1339651]: pam_unix(sshd:auth): authentication failure; logname= uid=0 euid=0 tty=ssh ruser= rhost=109.160.32.155
2026-09-13T01:48:40.048534+00:00 ubuntu sshd[1339651]: Failed password for invalid user agent from 109.160.32.155 port 59618 ssh2
2026-09-13T01:48:42.042127+00:00 ubuntu sshd[1339651]: Connection closed by invalid user agent 109.160.32.155 port 59618 [preauth]
2026-09-13T01:48:42.630627+00:00 ubuntu sshd[1339812]: Invalid user agent from 109.160.32.155 port 54938
2026-09-13T01:48:42.653905+00:00 ubuntu sshd[1339812]: pam_unix(sshd:auth): check pass; user unknown
2026-09-13T01:48:42.654013+00:00 ubuntu sshd[1339812]: pam_unix(sshd:auth): authentication failure; logname= uid=0 euid=0 tty=ssh ruser= rhost=109.160.32.155
2026-09-13T01:48:45.246183+00:00 ubuntu sshd[1339812]: Failed password for invalid user agent from 109.160.32.155 port 54938 ssh2
2026-09-13T01:48:46.670228+00:00 ubuntu sshd[1339812]: Connection closed by invalid user agent 109.160.32.155 port 54938 [preauth]
2026-09-13T01:48:47.719008+00:00 ubuntu sshd[1340058]: Invalid user gayan from 109.160.32.155 port 55036
2026-09-13T01:48:47.742854+00:00 ubuntu sshd[1340058]: pam_unix(sshd:auth): check pass; user unknown
2026-09-13T01:48:47.742996+00:00 ubuntu sshd[1340058]: pam_unix(sshd:auth): authentication failure; logname= uid=0 euid=0 tty=ssh ruser= rhost=109.160.32.155
2026-09-13T01:48:50.017397+00:00 ubuntu sshd[1340058]: Failed password for invalid user gayan from 109.160.32.155 port 55036 ssh2
2026-09-13T01:48:51.535581+00:00 ubuntu sshd[1340058]: Connection closed by invalid user gayan 109.160.32.155 port 55036 [preauth]
2026-09-13T01:48:53.315334+00:00 ubuntu sshd[1340158]: pam_unix(sshd:auth): authentication failure; logname= uid=0 euid=0 tty=ssh ruser= rhost=109.160.32.155 user=root
2026-09-13T01:48:55.751602+00:00 ubuntu sshd[1340158]: Failed password for root from 109.160.32.155 port 37742 ssh2
2026-09-13T01:48:56.436927+00:00 ubuntu sshd[1340158]: Connection closed by authenticating user root 109.160.32.155 port 37742 [preauth]
2026-09-13T01:48:57.458592+00:00 ubuntu sshd[1340298]: Invalid user root1 from 109.160.32.155 port 37776
2026-09-13T01:48:57.476289+00:00 ubuntu sshd[1340298]: pam_unix(sshd:auth): check pass; user unknown
2026-09-13T01:48:57.476417+00:00 ubuntu sshd[1340298]: pam_unix(sshd:auth): authentication failure; logname= uid=0 euid=0 tty=ssh ruser= rhost=109.160.32.155
2026-09-13T01:48:59.125423+00:00 ubuntu sshd[1340298]: Failed password for invalid user root1 from 109.160.32.155 port 37776 ssh2
2026-09-13T01:49:00.659459+00:00 ubuntu sshd[1340298]: Connection closed by invalid user root1 109.160.32.155 port 37776 [preauth]
2026-09-13T01:49:02.102058+00:00 ubuntu sshd[1340414]: Invalid user samba from 109.160.32.155 port 36646
2026-09-13T01:49:02.313189+00:00 ubuntu sshd[1340414]: pam_unix(sshd:auth): check pass; user unknown
2026-09-13T01:49:02.313293+00:00 ubuntu sshd[1340414]: pam_unix(sshd:auth): authentication failure; logname= uid=0 euid=0 tty=ssh ruser= rhost=109.160.32.155
2026-09-13T01:49:03.982430+00:00 ubuntu sshd[1340414]: Failed password for invalid user samba from 109.160.32.155 port 36646 ssh2
2026-09-13T01:49:04.264059+00:00 ubuntu sshd[1340414]: Connection closed by invalid user samba 109.160.32.155 port 36646 [preauth]
2026-09-13T01:49:07.287607+00:00 ubuntu sshd[1340558]: pam_unix(sshd:auth): authentication failure; logname= uid=0 euid=0 tty=ssh ruser= rhost=109.160.32.155 user=root
2026-09-13T01:49:08.976526+00:00 ubuntu sshd[1340558]: Failed password for root from 109.160.32.155 port 36684 ssh2
2026-09-13T01:49:10.424209+00:00 ubuntu sshd[1340558]: Connection closed by authenticating user root 109.160.32.155 port 36684 [preauth]
2026-09-13T01:49:12.809382+00:00 ubuntu sshd[1340657]: pam_unix(sshd:auth): authentication failure; logname= uid=0 euid=0 tty=ssh ruser= rhost=109.160.32.155 user=root
2026-09-13T01:49:15.185660+00:00 ubuntu sshd[1340657]: Failed password for root from 109.160.32.155 port 53480 ssh2
2026-09-13T01:49:15.988201+00:00 ubuntu sshd[1340657]: Connection closed by authenticating user root 109.160.32.155 port 53480 [preauth]
2026-09-13T01:49:17.644667+00:00 ubuntu sshd[1340835]: pam_unix(sshd:auth): authentication failure; logname= uid=0 euid=0 tty=ssh ruser= rhost=109.160.32.155 user=root
2026-09-13T01:49:19.261407+00:00 ubuntu sshd[1340914]: pam_unix(sshd:auth): authentication failure; logname= uid=0 euid=0 tty=ssh ruser= rhost=176.53.159.197 user=root
2026-09-13T01:49:20.041158+00:00 ubuntu sshd[1340835]: Failed password for root from 109.160.32.155 port 53514 ssh2
2026-09-13T01:49:20.767324+00:00 ubuntu sshd[1340835]: Connection closed by authenticating user root 109.160.32.155 port 53514 [preauth]
2026-09-13T01:49:20.930412+00:00 ubuntu sshd[1340914]: Failed password for root from 176.53.159.197 port 46686 ssh2
2026-09-13T01:49:22.756073+00:00 ubuntu sshd[1341002]: pam_unix(sshd:auth): authentication failure; logname= uid=0 euid=0 tty=ssh ruser= rhost=109.160.32.155 user=root
2026-09-13T01:49:24.536930+00:00 ubuntu sshd[1340914]: Failed password for root from 176.53.159.197 port 46686 ssh2
2026-09-13T01:49:24.836703+00:00 ubuntu sshd[1341002]: Failed password for root from 109.160.32.155 port 50284 ssh2
2026-09-13T01:49:25.886410+00:00 ubuntu sshd[1341002]: Connection closed by authenticating user root 109.160.32.155 port 50284 [preauth]
2026-09-13T01:49:27.476356+00:00 ubuntu sshd[1340914]: Failed password for root from 176.53.159.197 port 46686 ssh2
2026-09-13T01:49:27.702555+00:00 ubuntu sshd[1341161]: pam_unix(sshd:auth): authentication failure; logname= uid=0 euid=0 tty=ssh ruser= rhost=109.160.32.155 user=root
2026-09-13T01:49:29.422365+00:00 ubuntu sshd[1341182]: Invalid user ubuntu from 182.71.132.139 port 46944
2026-09-13T01:49:29.471180+00:00 ubuntu sshd[1341161]: Failed password for root from 109.160.32.155 port 50372 ssh2
2026-09-13T01:49:29.637201+00:00 ubuntu sshd[1341182]: pam_unix(sshd:auth): check pass; user unknown
2026-09-13T01:49:29.637317+00:00 ubuntu sshd[1341182]: pam_unix(sshd:auth): authentication failure; logname= uid=0 euid=0 tty=ssh ruser= rhost=182.71.132.139
2026-09-13T01:49:30.860492+00:00 ubuntu sshd[1341161]: Connection closed by authenticating user root 109.160.32.155 port 50372 [preauth]
2026-09-13T01:49:31.085541+00:00 ubuntu sshd[1340914]: Failed password for root from 176.53.159.197 port 46686 ssh2
2026-09-13T01:49:32.013290+00:00 ubuntu sshd[1341182]: Failed password for invalid user ubuntu from 182.71.132.139 port 46944 ssh2
2026-09-13T01:49:32.632035+00:00 ubuntu sshd[1341304]: pam_unix(sshd:auth): authentication failure; logname= uid=0 euid=0 tty=ssh ruser= rhost=109.160.32.155 user=root
2026-09-13T01:49:34.025220+00:00 ubuntu sshd[1340914]: Failed password for root from 176.53.159.197 port 46686 ssh2
2026-09-13T01:49:34.055184+00:00 ubuntu sshd[1341182]: Connection closed by invalid user ubuntu 182.71.132.139 port 46944 [preauth]
2026-09-13T01:49:34.752801+00:00 ubuntu sshd[1341304]: Failed password for root from 109.160.32.155 port 45232 ssh2
2026-09-13T01:49:35.158172+00:00 ubuntu sshd[1340914]: Connection reset by authenticating user root 176.53.159.197 port 46686 [preauth]
2026-09-13T01:49:35.158452+00:00 ubuntu sshd[1340914]: PAM 4 more authentication failures; logname= uid=0 euid=0 tty=ssh ruser= rhost=176.53.159.197 user=root
2026-09-13T01:49:35.158523+00:00 ubuntu sshd[1340914]: PAM service(sshd) ignoring max retries; 5 > 3
2026-09-13T01:49:35.310301+00:00 ubuntu sshd[1341438]: pam_unix(sshd:auth): authentication failure; logname= uid=0 euid=0 tty=ssh ruser= rhost=176.53.159.197 user=root
2026-09-13T01:49:35.947867+00:00 ubuntu sshd[1341304]: Connection closed by authenticating user root 109.160.32.155 port 45232 [preauth]
2026-09-13T01:49:37.175182+00:00 ubuntu sshd[1341438]: Failed password for root from 176.53.159.197 port 19768 ssh2
2026-09-13T01:49:37.610286+00:00 ubuntu sshd[1341476]: Invalid user mysql from 109.160.32.155 port 45328
2026-09-13T01:49:37.640090+00:00 ubuntu sshd[1341476]: pam_unix(sshd:auth): check pass; user unknown
2026-09-13T01:49:37.640148+00:00 ubuntu sshd[1341476]: pam_unix(sshd:auth): authentication failure; logname= uid=0 euid=0 tty=ssh ruser= rhost=109.160.32.155
2026-09-13T01:49:39.449379+00:00 ubuntu sshd[1341476]: Failed password for invalid user mysql from 109.160.32.155 port 45328 ssh2
2026-09-13T01:49:40.446221+00:00 ubuntu sshd[1341438]: Failed password for root from 176.53.159.197 port 19768 ssh2
2026-09-13T01:49:40.938057+00:00 ubuntu sshd[1341476]: Connection closed by invalid user mysql 109.160.32.155 port 45328 [preauth]
2026-09-13T01:49:43.033938+00:00 ubuntu sshd[1341697]: pam_unix(sshd:auth): authentication failure; logname= uid=0 euid=0 tty=ssh ruser= rhost=109.160.32.155 user=root
2026-09-13T01:49:44.055589+00:00 ubuntu sshd[1341438]: Failed password for root from 176.53.159.197 port 19768 ssh2
2026-09-13T01:49:45.194458+00:00 ubuntu sshd[1341697]: Failed password for root from 109.160.32.155 port 48866 ssh2
2026-09-13T01:49:46.153837+00:00 ubuntu sshd[1341697]: Connection closed by authenticating user root 109.160.32.155 port 48866 [preauth]
2026-09-13T01:49:46.661556+00:00 ubuntu sshd[1341438]: Failed password for root from 176.53.159.197 port 19768 ssh2
2026-09-13T01:49:47.315977+00:00 ubuntu sshd[1341833]: pam_unix(sshd:auth): authentication failure; logname= uid=0 euid=0 tty=ssh ruser= rhost=109.160.32.155 user=root
2026-09-13T01:49:49.496729+00:00 ubuntu sshd[1341833]: Failed password for root from 109.160.32.155 port 48924 ssh2
2026-09-13T01:49:50.271345+00:00 ubuntu sshd[1341438]: Failed password for root from 176.53.159.197 port 19768 ssh2
2026-09-13T01:49:50.438031+00:00 ubuntu sshd[1341833]: Connection closed by authenticating user root 109.160.32.155 port 48924 [preauth]
2026-09-13T01:49:51.203830+00:00 ubuntu sshd[1341438]: Connection reset by authenticating user root 176.53.159.197 port 19768 [preauth]
2026-09-13T01:49:51.204236+00:00 ubuntu sshd[1341438]: PAM 4 more authentication failures; logname= uid=0 euid=0 tty=ssh ruser= rhost=176.53.159.197 user=root
2026-09-13T01:49:51.204299+00:00 ubuntu sshd[1341438]: PAM service(sshd) ignoring max retries; 5 > 3
2026-09-13T01:49:51.357104+00:00 ubuntu sshd[1342037]: pam_unix(sshd:auth): authentication failure; logname= uid=0 euid=0 tty=ssh ruser= rhost=176.53.159.197 user=root
2026-09-13T01:49:52.617276+00:00 ubuntu sshd[1342041]: Invalid user test from 109.160.32.155 port 38218
2026-09-13T01:49:52.737557+00:00 ubuntu sshd[1342041]: pam_unix(sshd:auth): check pass; user unknown
2026-09-13T01:49:52.737686+00:00 ubuntu sshd[1342041]: pam_unix(sshd:auth): authentication failure; logname= uid=0 euid=0 tty=ssh ruser= rhost=109.160.32.155
2026-09-13T01:49:53.753436+00:00 ubuntu sshd[1342037]: Failed password for root from 176.53.159.197 port 57714 ssh2
2026-09-13T01:49:54.938585+00:00 ubuntu sshd[1342041]: Failed password for invalid user test from 109.160.32.155 port 38218 ssh2
2026-09-13T01:49:55.828924+00:00 ubuntu sshd[1342041]: Connection closed by invalid user test 109.160.32.155 port 38218 [preauth]
2026-09-13T01:49:56.689452+00:00 ubuntu sshd[1342037]: Failed password for root from 176.53.159.197 port 57714 ssh2
2026-09-13T01:49:57.131199+00:00 ubuntu sshd[1342183]: Invalid user debian from 109.160.32.155 port 38276
2026-09-13T01:49:57.169059+00:00 ubuntu sshd[1342183]: pam_unix(sshd:auth): check pass; user unknown
2026-09-13T01:49:57.169162+00:00 ubuntu sshd[1342183]: pam_unix(sshd:auth): authentication failure; logname= uid=0 euid=0 tty=ssh ruser= rhost=109.160.32.155
2026-09-13T01:49:59.054304+00:00 ubuntu sshd[1342183]: Failed password for invalid user debian from 109.160.32.155 port 38276 ssh2
2026-09-13T01:49:59.628820+00:00 ubuntu sshd[1342037]: Failed password for root from 176.53.159.197 port 57714 ssh2
2026-09-13T01:49:59.819730+00:00 ubuntu sshd[1342183]: Connection closed by invalid user debian 109.160.32.155 port 38276 [preauth]
2026-09-13T01:50:02.071160+00:00 ubuntu sshd[1342308]: Invalid user debian from 109.160.32.155 port 35576
2026-09-13T01:50:02.088407+00:00 ubuntu sshd[1342308]: pam_unix(sshd:auth): check pass; user unknown
2026-09-13T01:50:02.088517+00:00 ubuntu sshd[1342308]: pam_unix(sshd:auth): authentication failure; logname= uid=0 euid=0 tty=ssh ruser= rhost=109.160.32.155
2026-09-13T01:50:03.575102+00:00 ubuntu sshd[1342037]: Failed password for root from 176.53.159.197 port 57714 ssh2
2026-09-13T01:50:04.329627+00:00 ubuntu sshd[1342308]: Failed password for invalid user debian from 109.160.32.155 port 35576 ssh2
2026-09-13T01:50:04.690464+00:00 ubuntu sshd[1342308]: Connection closed by invalid user debian 109.160.32.155 port 35576 [preauth]
2026-09-13T01:50:06.316669+00:00 ubuntu sshd[1342037]: Failed password for root from 176.53.159.197 port 57714 ssh2
2026-09-13T01:50:07.010040+00:00 ubuntu sshd[1342453]: Invalid user monish from 109.160.32.155 port 35632
2026-09-13T01:50:07.027821+00:00 ubuntu sshd[1342453]: pam_unix(sshd:auth): check pass; user unknown
2026-09-13T01:50:07.027977+00:00 ubuntu sshd[1342453]: pam_unix(sshd:auth): authentication failure; logname= uid=0 euid=0 tty=ssh ruser= rhost=109.160.32.155
2026-09-13T01:50:07.250494+00:00 ubuntu sshd[1342037]: Connection reset by authenticating user root 176.53.159.197 port 57714 [preauth]
2026-09-13T01:50:07.250883+00:00 ubuntu sshd[1342037]: PAM 4 more authentication failures; logname= uid=0 euid=0 tty=ssh ruser= rhost=176.53.159.197 user=root
2026-09-13T01:50:07.250950+00:00 ubuntu sshd[1342037]: PAM service(sshd) ignoring max retries; 5 > 3
2026-09-13T01:50:07.399293+00:00 ubuntu sshd[1342457]: pam_unix(sshd:auth): authentication failure; logname= uid=0 euid=0 tty=ssh ruser= rhost=176.53.159.197 user=root
2026-09-13T01:50:08.953116+00:00 ubuntu sshd[1342453]: Failed password for invalid user monish from 109.160.32.155 port 35632 ssh2
2026-09-13T01:50:09.324464+00:00 ubuntu sshd[1342457]: Failed password for root from 176.53.159.197 port 61892 ssh2
2026-09-13T01:50:10.480608+00:00 ubuntu sshd[1342453]: Connection closed by invalid user monish 109.160.32.155 port 35632 [preauth]
2026-09-13T01:50:11.706139+00:00 ubuntu sshd[1342556]: Invalid user liquid from 109.160.32.155 port 37542
2026-09-13T01:50:11.723273+00:00 ubuntu sshd[1342556]: pam_unix(sshd:auth): check pass; user unknown
2026-09-13T01:50:11.723392+00:00 ubuntu sshd[1342556]: pam_unix(sshd:auth): authentication failure; logname= uid=0 euid=0 tty=ssh ruser= rhost=109.160.32.155
2026-09-13T01:50:12.264343+00:00 ubuntu sshd[1342457]: Failed password for root from 176.53.159.197 port 61892 ssh2
2026-09-13T01:50:14.200071+00:00 ubuntu sshd[1342556]: Failed password for invalid user liquid from 109.160.32.155 port 37542 ssh2
2026-09-13T01:50:15.306680+00:00 ubuntu sshd[1342556]: Connection closed by invalid user liquid 109.160.32.155 port 37542 [preauth]
2026-09-13T01:50:15.543442+00:00 ubuntu sshd[1342457]: Failed password for root from 176.53.159.197 port 61892 ssh2
2026-09-13T01:50:16.957330+00:00 ubuntu sshd[1342696]: pam_unix(sshd:auth): authentication failure; logname= uid=0 euid=0 tty=ssh ruser= rhost=109.160.32.155 user=root
2026-09-13T01:50:19.118290+00:00 ubuntu sshd[1342696]: Failed password for root from 109.160.32.155 port 37606 ssh2
2026-09-13T01:50:19.145014+00:00 ubuntu sshd[1342457]: Failed password for root from 176.53.159.197 port 61892 ssh2
2026-09-13T01:50:20.085681+00:00 ubuntu sshd[1342696]: Connection closed by authenticating user root 109.160.32.155 port 37606 [preauth]
2026-09-13T01:50:21.886748+00:00 ubuntu sshd[1342457]: Failed password for root from 176.53.159.197 port 61892 ssh2
2026-09-13T01:50:22.222896+00:00 ubuntu sshd[1342907]: pam_unix(sshd:auth): authentication failure; logname= uid=0 euid=0 tty=ssh ruser= rhost=109.160.32.155 user=root
2026-09-13T01:50:23.296345+00:00 ubuntu sshd[1342457]: Connection reset by authenticating user root 176.53.159.197 port 61892 [preauth]
2026-09-13T01:50:23.296543+00:00 ubuntu sshd[1342457]: PAM 4 more authentication failures; logname= uid=0 euid=0 tty=ssh ruser= rhost=176.53.159.197 user=root
2026-09-13T01:50:23.296595+00:00 ubuntu sshd[1342457]: PAM service(sshd) ignoring max retries; 5 > 3
2026-09-13T01:50:23.447874+00:00 ubuntu sshd[1342915]: pam_unix(sshd:auth): authentication failure; logname= uid=0 euid=0 tty=ssh ruser= rhost=176.53.159.197 user=root
2026-09-13T01:50:24.543588+00:00 ubuntu sshd[1342907]: Failed password for root from 109.160.32.155 port 54964 ssh2
2026-09-13T01:50:25.346679+00:00 ubuntu sshd[1342907]: Connection closed by authenticating user root 109.160.32.155 port 54964 [preauth]
2026-09-13T01:50:25.440474+00:00 ubuntu sshd[1342961]: Invalid user jenkins from 103.79.90.26 port 35034
2026-09-13T01:50:25.627781+00:00 ubuntu sshd[1342961]: pam_unix(sshd:auth): check pass; user unknown
2026-09-13T01:50:25.627957+00:00 ubuntu sshd[1342961]: pam_unix(sshd:auth): authentication failure; logname= uid=0 euid=0 tty=ssh ruser= rhost=103.79.90.26
2026-09-13T01:50:25.904195+00:00 ubuntu sshd[1342915]: Failed password for root from 176.53.159.197 port 28606 ssh2
2026-09-13T01:50:27.021363+00:00 ubuntu sshd[1343055]: Invalid user deploy from 109.160.32.155 port 55058
2026-09-13T01:50:27.038570+00:00 ubuntu sshd[1343055]: pam_unix(sshd:auth): check pass; user unknown
2026-09-13T01:50:27.038702+00:00 ubuntu sshd[1343055]: pam_unix(sshd:auth): authentication failure; logname= uid=0 euid=0 tty=ssh ruser= rhost=109.160.32.155
2026-09-13T01:50:27.693215+00:00 ubuntu sshd[1342961]: Failed password for invalid user jenkins from 103.79.90.26 port 35034 ssh2
2026-09-13T01:50:28.846263+00:00 ubuntu sshd[1342915]: Failed password for root from 176.53.159.197 port 28606 ssh2
2026-09-13T01:50:29.044167+00:00 ubuntu sshd[1343055]: Failed password for invalid user deploy from 109.160.32.155 port 55058 ssh2
2026-09-13T01:50:29.487213+00:00 ubuntu sshd[1343055]: Connection closed by invalid user deploy 109.160.32.155 port 55058 [preauth]
2026-09-13T01:50:29.523065+00:00 ubuntu sshd[1342961]: Connection closed by invalid user jenkins 103.79.90.26 port 35034 [preauth]
2026-09-13T01:50:31.677507+00:00 ubuntu sshd[1343172]: Invalid user m from 109.160.32.155 port 57874
2026-09-13T01:50:31.709561+00:00 ubuntu sshd[1343172]: pam_unix(sshd:auth): check pass; user unknown
2026-09-13T01:50:31.709657+00:00 ubuntu sshd[1343172]: pam_unix(sshd:auth): authentication failure; logname= uid=0 euid=0 tty=ssh ruser= rhost=109.160.32.155
2026-09-13T01:50:31.778737+00:00 ubuntu sshd[1342915]: Failed password for root from 176.53.159.197 port 28606 ssh2
2026-09-13T01:50:33.262680+00:00 ubuntu sshd[1343172]: Failed password for invalid user m from 109.160.32.155 port 57874 ssh2
2026-09-13T01:50:34.705036+00:00 ubuntu sshd[1343172]: Connection closed by invalid user m 109.160.32.155 port 57874 [preauth]
2026-09-13T01:50:34.717495+00:00 ubuntu sshd[1342915]: Failed password for root from 176.53.159.197 port 28606 ssh2
2026-09-13T01:50:36.808071+00:00 ubuntu sshd[1343308]: Invalid user admin2 from 109.160.32.155 port 57914
2026-09-13T01:50:36.828110+00:00 ubuntu sshd[1343308]: pam_unix(sshd:auth): check pass; user unknown
2026-09-13T01:50:36.828237+00:00 ubuntu sshd[1343308]: pam_unix(sshd:auth): authentication failure; logname= uid=0 euid=0 tty=ssh ruser= rhost=109.160.32.155
2026-09-13T01:50:38.465850+00:00 ubuntu sshd[1342915]: Failed password for root from 176.53.159.197 port 28606 ssh2
2026-09-13T01:50:39.069197+00:00 ubuntu sshd[1343308]: Failed password for invalid user admin2 from 109.160.32.155 port 57914 ssh2
2026-09-13T01:50:39.342019+00:00 ubuntu sshd[1342915]: Connection reset by authenticating user root 176.53.159.197 port 28606 [preauth]
2026-09-13T01:50:39.342256+00:00 ubuntu sshd[1342915]: PAM 4 more authentication failures; logname= uid=0 euid=0 tty=ssh ruser= rhost=176.53.159.197 user=root
2026-09-13T01:50:39.342333+00:00 ubuntu sshd[1342915]: PAM service(sshd) ignoring max retries; 5 > 3
2026-09-13T01:50:41.218709+00:00 ubuntu sshd[1343308]: Connection closed by invalid user admin2 109.160.32.155 port 57914 [preauth]
2026-09-13T01:50:41.718788+00:00 ubuntu sshd[1343460]: Invalid user admin2 from 109.160.32.155 port 42744
2026-09-13T01:50:41.738419+00:00 ubuntu sshd[1343460]: pam_unix(sshd:auth): check pass; user unknown
2026-09-13T01:50:41.738542+00:00 ubuntu sshd[1343460]: pam_unix(sshd:auth): authentication failure; logname= uid=0 euid=0 tty=ssh ruser= rhost=109.160.32.155
2026-09-13T01:50:43.999626+00:00 ubuntu sshd[1343460]: Failed password for invalid user admin2 from 109.160.32.155 port 42744 ssh2
2026-09-13T01:50:46.187663+00:00 ubuntu sshd[1343460]: Connection closed by invalid user admin2 109.160.32.155 port 42744 [preauth]
2026-09-13T01:50:46.748639+00:00 ubuntu sshd[1343590]: Invalid user uploader from 109.160.32.155 port 42798
2026-09-13T01:50:46.779586+00:00 ubuntu sshd[1343590]: pam_unix(sshd:auth): check pass; user unknown
2026-09-13T01:50:46.779739+00:00 ubuntu sshd[1343590]: pam_unix(sshd:auth): authentication failure; logname= uid=0 euid=0 tty=ssh ruser= rhost=109.160.32.155
2026-09-13T01:50:49.060928+00:00 ubuntu sshd[1343590]: Failed password for invalid user uploader from 109.160.32.155 port 42798 ssh2
2026-09-13T01:50:49.333371+00:00 ubuntu sshd[1343590]: Connection closed by invalid user uploader 109.160.32.155 port 42798 [preauth]
2026-09-13T01:50:51.610394+00:00 ubuntu sshd[1343683]: pam_unix(sshd:auth): authentication failure; logname= uid=0 euid=0 tty=ssh ruser= rhost=109.160.32.155 user=root
2026-09-13T01:50:53.575531+00:00 ubuntu sshd[1343683]: Failed password for root from 109.160.32.155 port 57206 ssh2
2026-09-13T01:50:54.737933+00:00 ubuntu sshd[1343683]: Connection closed by authenticating user root 109.160.32.155 port 57206 [preauth]
2026-09-13T01:50:56.847050+00:00 ubuntu sshd[1343937]: Invalid user user4 from 109.160.32.155 port 57232
2026-09-13T01:50:56.864034+00:00 ubuntu sshd[1343937]: pam_unix(sshd:auth): check pass; user unknown
2026-09-13T01:50:56.864208+00:00 ubuntu sshd[1343937]: pam_unix(sshd:auth): authentication failure; logname= uid=0 euid=0 tty=ssh ruser= rhost=109.160.32.155
2026-09-13T01:50:59.185094+00:00 ubuntu sshd[1343937]: Failed password for invalid user user4 from 109.160.32.155 port 57232 ssh2
2026-09-13T01:51:00.477520+00:00 ubuntu sshd[1343937]: Connection closed by invalid user user4 109.160.32.155 port 57232 [preauth]
2026-09-13T01:51:01.636959+00:00 ubuntu sshd[1344043]: Invalid user user4 from 109.160.32.155 port 51460
2026-09-13T01:51:01.660089+00:00 ubuntu sshd[1344043]: pam_unix(sshd:auth): check pass; user unknown
2026-09-13T01:51:01.660166+00:00 ubuntu sshd[1344043]: pam_unix(sshd:auth): authentication failure; logname= uid=0 euid=0 tty=ssh ruser= rhost=109.160.32.155
2026-09-13T01:51:03.665526+00:00 ubuntu sshd[1344043]: Failed password for invalid user user4 from 109.160.32.155 port 51460 ssh2
2026-09-13T01:51:05.270668+00:00 ubuntu sshd[1344043]: Connection closed by invalid user user4 109.160.32.155 port 51460 [preauth]
2026-09-13T01:51:06.420436+00:00 ubuntu sshd[1344179]: Invalid user airflow from 109.160.32.155 port 51492
2026-09-13T01:51:06.534541+00:00 ubuntu sshd[1344179]: pam_unix(sshd:auth): check pass; user unknown
2026-09-13T01:51:06.534667+00:00 ubuntu sshd[1344179]: pam_unix(sshd:auth): authentication failure; logname= uid=0 euid=0 tty=ssh ruser= rhost=109.160.32.155
2026-09-13T01:51:08.895924+00:00 ubuntu sshd[1344179]: Failed password for invalid user airflow from 109.160.32.155 port 51492 ssh2
2026-09-13T01:51:10.496467+00:00 ubuntu sshd[1344179]: Connection closed by invalid user airflow 109.160.32.155 port 51492 [preauth]
2026-09-13T01:51:11.698310+00:00 ubuntu sshd[1344270]: Invalid user garcia from 109.160.32.155 port 42568
2026-09-13T01:51:11.717624+00:00 ubuntu sshd[1344270]: pam_unix(sshd:auth): check pass; user unknown
2026-09-13T01:51:11.717845+00:00 ubuntu sshd[1344270]: pam_unix(sshd:auth): authentication failure; logname= uid=0 euid=0 tty=ssh ruser= rhost=109.160.32.155
2026-09-13T01:51:13.763125+00:00 ubuntu sshd[1344270]: Failed password for invalid user garcia from 109.160.32.155 port 42568 ssh2
2026-09-13T01:51:14.395940+00:00 ubuntu sshd[1344270]: Connection closed by invalid user garcia 109.160.32.155 port 42568 [preauth]
2026-09-13T01:51:16.588668+00:00 ubuntu sshd[1344398]: Invalid user nexus from 109.160.32.155 port 42690
2026-09-13T01:51:16.630684+00:00 ubuntu sshd[1344398]: pam_unix(sshd:auth): check pass; user unknown
2026-09-13T01:51:16.630863+00:00 ubuntu sshd[1344398]: pam_unix(sshd:auth): authentication failure; logname= uid=0 euid=0 tty=ssh ruser= rhost=109.160.32.155
2026-09-13T01:51:19.027579+00:00 ubuntu sshd[1344398]: Failed password for invalid user nexus from 109.160.32.155 port 42690 ssh2
2026-09-13T01:51:19.035625+00:00 ubuntu sshd[1344498]: pam_unix(sshd:auth): authentication failure; logname= uid=0 euid=0 tty=ssh ruser= rhost=94.88.180.210 user=backup
2026-09-13T01:51:20.983922+00:00 ubuntu sshd[1344398]: Connection closed by invalid user nexus 109.160.32.155 port 42690 [preauth]
2026-09-13T01:51:21.181233+00:00 ubuntu sshd[1344498]: Failed password for backup from 94.88.180.210 port 60666 ssh2
2026-09-13T01:51:21.912630+00:00 ubuntu sshd[1344607]: pam_unix(sshd:auth): authentication failure; logname= uid=0 euid=0 tty=ssh ruser= rhost=109.160.32.155 user=root
2026-09-13T01:51:21.985518+00:00 ubuntu sshd[1344498]: Connection closed by authenticating user backup 94.88.180.210 port 60666 [preauth]
2026-09-13T01:51:23.997901+00:00 ubuntu sshd[1344607]: Failed password for root from 109.160.32.155 port 59538 ssh2
2026-09-13T01:51:25.035404+00:00 ubuntu sshd[1344607]: Connection closed by authenticating user root 109.160.32.155 port 59538 [preauth]
2026-09-13T01:51:26.380017+00:00 ubuntu sshd[1344842]: Invalid user cloud from 109.160.32.155 port 59572
2026-09-13T01:51:26.414925+00:00 ubuntu sshd[1344842]: pam_unix(sshd:auth): check pass; user unknown
2026-09-13T01:51:26.415079+00:00 ubuntu sshd[1344842]: pam_unix(sshd:auth): authentication failure; logname= uid=0 euid=0 tty=ssh ruser= rhost=109.160.32.155
2026-09-13T01:51:28.184519+00:00 ubuntu sshd[1344842]: Failed password for invalid user cloud from 109.160.32.155 port 59572 ssh2
2026-09-13T01:51:28.631313+00:00 ubuntu sshd[1344842]: Connection closed by invalid user cloud 109.160.32.155 port 59572 [preauth]
2026-09-13T01:51:31.480431+00:00 ubuntu sshd[1344975]: Invalid user cloud from 109.160.32.155 port 56802
2026-09-13T01:51:31.497360+00:00 ubuntu sshd[1344975]: pam_unix(sshd:auth): check pass; user unknown
2026-09-13T01:51:31.497520+00:00 ubuntu sshd[1344975]: pam_unix(sshd:auth): authentication failure; logname= uid=0 euid=0 tty=ssh ruser= rhost=109.160.32.155
2026-09-13T01:51:33.623017+00:00 ubuntu sshd[1344975]: Failed password for invalid user cloud from 109.160.32.155 port 56802 ssh2
2026-09-13T01:51:35.481682+00:00 ubuntu sshd[1344975]: Connection closed by invalid user cloud 109.160.32.155 port 56802 [preauth]
2026-09-13T01:51:36.407271+00:00 ubuntu sshd[1345105]: Invalid user mysql from 109.160.32.155 port 56836
2026-09-13T01:51:36.428912+00:00 ubuntu sshd[1345105]: pam_unix(sshd:auth): check pass; user unknown
2026-09-13T01:51:36.429064+00:00 ubuntu sshd[1345105]: pam_unix(sshd:auth): authentication failure; logname= uid=0 euid=0 tty=ssh ruser= rhost=109.160.32.155
2026-09-13T01:51:38.905940+00:00 ubuntu sshd[1345105]: Failed password for invalid user mysql from 109.160.32.155 port 56836 ssh2
2026-09-13T01:51:39.726489+00:00 ubuntu sshd[1345105]: Connection closed by invalid user mysql 109.160.32.155 port 56836 [preauth]
2026-09-13T01:51:41.701041+00:00 ubuntu sshd[1345227]: Invalid user customer from 109.160.32.155 port 47720
2026-09-13T01:51:41.720716+00:00 ubuntu sshd[1345227]: pam_unix(sshd:auth): check pass; user unknown
2026-09-13T01:51:41.720860+00:00 ubuntu sshd[1345227]: pam_unix(sshd:auth): authentication failure; logname= uid=0 euid=0 tty=ssh ruser= rhost=109.160.32.155
2026-09-13T01:51:43.886437+00:00 ubuntu sshd[1345227]: Failed password for invalid user customer from 109.160.32.155 port 47720 ssh2
2026-09-13T01:51:44.051898+00:00 ubuntu sshd[1345227]: Connection closed by invalid user customer 109.160.32.155 port 47720 [preauth]
2026-09-13T01:51:47.168340+00:00 ubuntu sshd[1345388]: pam_unix(sshd:auth): authentication failure; logname= uid=0 euid=0 tty=ssh ruser= rhost=109.160.32.155 user=root
2026-09-13T01:51:49.489633+00:00 ubuntu sshd[1345388]: Failed password for root from 109.160.32.155 port 47788 ssh2
2026-09-13T01:51:50.333084+00:00 ubuntu sshd[1345388]: Connection closed by authenticating user root 109.160.32.155 port 47788 [preauth]
2026-09-13T01:51:51.732659+00:00 ubuntu sshd[1345477]: pam_unix(sshd:auth): authentication failure; logname= uid=0 euid=0 tty=ssh ruser= rhost=109.160.32.155 user=root
2026-09-13T01:51:53.602441+00:00 ubuntu sshd[1345477]: Failed password for root from 109.160.32.155 port 55022 ssh2
2026-09-13T01:51:54.856526+00:00 ubuntu sshd[1345477]: Connection closed by authenticating user root 109.160.32.155 port 55022 [preauth]
2026-09-13T01:51:56.462633+00:00 ubuntu sshd[1345713]: Invalid user liuyan from 109.160.32.155 port 55054
2026-09-13T01:51:56.524589+00:00 ubuntu sshd[1345713]: pam_unix(sshd:auth): check pass; user unknown
2026-09-13T01:51:56.524703+00:00 ubuntu sshd[1345713]: pam_unix(sshd:auth): authentication failure; logname= uid=0 euid=0 tty=ssh ruser= rhost=109.160.32.155
2026-09-13T01:51:58.414604+00:00 ubuntu sshd[1345713]: Failed password for invalid user liuyan from 109.160.32.155 port 55054 ssh2
2026-09-13T01:51:58.456578+00:00 ubuntu sshd[1345713]: Connection closed by invalid user liuyan 109.160.32.155 port 55054 [preauth]
2026-09-13T01:52:01.556907+00:00 ubuntu sshd[1345820]: Invalid user frappe from 109.160.32.155 port 54028
2026-09-13T01:52:01.601976+00:00 ubuntu sshd[1345820]: pam_unix(sshd:auth): check pass; user unknown
2026-09-13T01:52:01.602103+00:00 ubuntu sshd[1345820]: pam_unix(sshd:auth): authentication failure; logname= uid=0 euid=0 tty=ssh ruser= rhost=109.160.32.155
2026-09-13T01:52:02.844592+00:00 ubuntu sshd[1345820]: Failed password for invalid user frappe from 109.160.32.155 port 54028 ssh2
2026-09-13T01:52:03.121088+00:00 ubuntu sshd[1345820]: Connection closed by invalid user frappe 109.160.32.155 port 54028 [preauth]
2026-09-13T01:52:06.466551+00:00 ubuntu sshd[1345951]: Invalid user admin from 109.160.32.155 port 54100
2026-09-13T01:52:06.485813+00:00 ubuntu sshd[1345951]: pam_unix(sshd:auth): check pass; user unknown
2026-09-13T01:52:06.485916+00:00 ubuntu sshd[1345951]: pam_unix(sshd:auth): authentication failure; logname= uid=0 euid=0 tty=ssh ruser= rhost=109.160.32.155
2026-09-13T01:52:09.083242+00:00 ubuntu sshd[1345951]: Failed password for invalid user admin from 109.160.32.155 port 54100 ssh2
2026-09-13T01:52:09.349496+00:00 ubuntu sshd[1345951]: Connection closed by invalid user admin 109.160.32.155 port 54100 [preauth]
2026-09-13T01:52:11.706719+00:00 ubuntu sshd[1346041]: Invalid user user from 109.160.32.155 port 33434
2026-09-13T01:52:11.734475+00:00 ubuntu sshd[1346041]: pam_unix(sshd:auth): check pass; user unknown
2026-09-13T01:52:11.734594+00:00 ubuntu sshd[1346041]: pam_unix(sshd:auth): authentication failure; logname= uid=0 euid=0 tty=ssh ruser= rhost=109.160.32.155
2026-09-13T01:52:14.016137+00:00 ubuntu sshd[1346041]: Failed password for invalid user user from 109.160.32.155 port 33434 ssh2
2026-09-13T01:52:15.947073+00:00 ubuntu sshd[1346041]: Connection closed by invalid user user 109.160.32.155 port 33434 [preauth]
2026-09-13T01:52:16.398554+00:00 ubuntu sshd[1346094]: Invalid user ubuntu from 109.160.32.155 port 33520
2026-09-13T01:52:16.416470+00:00 ubuntu sshd[1346094]: pam_unix(sshd:auth): check pass; user unknown
2026-09-13T01:52:16.416597+00:00 ubuntu sshd[1346094]: pam_unix(sshd:auth): authentication failure; logname= uid=0 euid=0 tty=ssh ruser= rhost=109.160.32.155
2026-09-13T01:52:19.053918+00:00 ubuntu sshd[1346094]: Failed password for invalid user ubuntu from 109.160.32.155 port 33520 ssh2
2026-09-13T01:52:20.678014+00:00 ubuntu sshd[1346094]: Connection closed by invalid user ubuntu 109.160.32.155 port 33520 [preauth]
2026-09-13T01:52:21.450463+00:00 ubuntu sshd[1346186]: Invalid user ghost from 109.160.32.155 port 58986
2026-09-13T01:52:21.467483+00:00 ubuntu sshd[1346186]: pam_unix(sshd:auth): check pass; user unknown
2026-09-13T01:52:21.467631+00:00 ubuntu sshd[1346186]: pam_unix(sshd:auth): authentication failure; logname= uid=0 euid=0 tty=ssh ruser= rhost=109.160.32.155
2026-09-13T01:52:23.789063+00:00 ubuntu sshd[1346186]: Failed password for invalid user ghost from 109.160.32.155 port 58986 ssh2
2026-09-13T01:52:26.127501+00:00 ubuntu sshd[1346186]: Connection closed by invalid user ghost 109.160.32.155 port 58986 [preauth]
2026-09-13T01:52:26.237781+00:00 ubuntu sshd[1346331]: Invalid user admin1 from 109.160.32.155 port 59012
2026-09-13T01:52:26.256678+00:00 ubuntu sshd[1346331]: pam_unix(sshd:auth): check pass; user unknown
2026-09-13T01:52:26.256845+00:00 ubuntu sshd[1346331]: pam_unix(sshd:auth): authentication failure; logname= uid=0 euid=0 tty=ssh ruser= rhost=109.160.32.155
2026-09-13T01:52:26.361020+00:00 ubuntu sshd[1346354]: Invalid user alias from 173.212.241.253 port 33452
2026-09-13T01:52:26.387844+00:00 ubuntu sshd[1346354]: pam_unix(sshd:auth): check pass; user unknown
2026-09-13T01:52:26.387947+00:00 ubuntu sshd[1346354]: pam_unix(sshd:auth): authentication failure; logname= uid=0 euid=0 tty=ssh ruser= rhost=173.212.241.253
2026-09-13T01:52:27.931176+00:00 ubuntu sshd[1346331]: Failed password for invalid user admin1 from 109.160.32.155 port 59012 ssh2
2026-09-13T01:52:28.062104+00:00 ubuntu sshd[1346354]: Failed password for invalid user alias from 173.212.241.253 port 33452 ssh2
2026-09-13T01:52:28.574642+00:00 ubuntu sshd[1346331]: Connection closed by invalid user admin1 109.160.32.155 port 59012 [preauth]
2026-09-13T01:52:29.154043+00:00 ubuntu sshd[1346354]: Connection closed by invalid user alias 173.212.241.253 port 33452 [preauth]
2026-09-13T01:52:31.153421+00:00 ubuntu sshd[1346513]: Invalid user pi from 109.160.32.155 port 48822
2026-09-13T01:52:31.170133+00:00 ubuntu sshd[1346513]: pam_unix(sshd:auth): check pass; user unknown
2026-09-13T01:52:31.170215+00:00 ubuntu sshd[1346513]: pam_unix(sshd:auth): authentication failure; logname= uid=0 euid=0 tty=ssh ruser= rhost=109.160.32.155
2026-09-13T01:52:32.864380+00:00 ubuntu sshd[1346513]: Failed password for invalid user pi from 109.160.32.155 port 48822 ssh2
2026-09-13T01:52:34.080690+00:00 ubuntu sshd[1346513]: Connection closed by invalid user pi 109.160.32.155 port 48822 [preauth]
2026-09-13T01:52:36.079735+00:00 ubuntu sshd[1346659]: Invalid user ts3 from 109.160.32.155 port 48870
2026-09-13T01:52:36.098981+00:00 ubuntu sshd[1346659]: pam_unix(sshd:auth): check pass; user unknown
2026-09-13T01:52:36.099105+00:00 ubuntu sshd[1346659]: pam_unix(sshd:auth): authentication failure; logname= uid=0 euid=0 tty=ssh ruser= rhost=109.160.32.155
2026-09-13T01:52:37.813277+00:00 ubuntu sshd[1346659]: Failed password for invalid user ts3 from 109.160.32.155 port 48870 ssh2
2026-09-13T01:52:38.474644+00:00 ubuntu sshd[1346659]: Connection closed by invalid user ts3 109.160.32.155 port 48870 [preauth]
2026-09-13T01:52:41.276014+00:00 ubuntu sshd[1346749]: pam_unix(sshd:auth): authentication failure; logname= uid=0 euid=0 tty=ssh ruser= rhost=109.160.32.155 user=root
2026-09-13T01:52:43.677183+00:00 ubuntu sshd[1346749]: Failed password for root from 109.160.32.155 port 35056 ssh2
2026-09-13T01:52:44.399307+00:00 ubuntu sshd[1346749]: Connection closed by authenticating user root 109.160.32.155 port 35056 [preauth]
2026-09-13T01:52:46.107910+00:00 ubuntu sshd[1346990]: pam_unix(sshd:auth): authentication failure; logname= uid=0 euid=0 tty=ssh ruser= rhost=109.160.32.155 user=root
2026-09-13T01:52:47.861930+00:00 ubuntu sshd[1346990]: Failed password for root from 109.160.32.155 port 35106 ssh2
2026-09-13T01:52:49.230218+00:00 ubuntu sshd[1346990]: Connection closed by authenticating user root 109.160.32.155 port 35106 [preauth]
2026-09-13T01:52:51.140519+00:00 ubuntu sshd[1347079]: Invalid user user from 109.160.32.155 port 43776
2026-09-13T01:52:51.170232+00:00 ubuntu sshd[1347079]: pam_unix(sshd:auth): check pass; user unknown
2026-09-13T01:52:51.170329+00:00 ubuntu sshd[1347079]: pam_unix(sshd:auth): authentication failure; logname= uid=0 euid=0 tty=ssh ruser= rhost=109.160.32.155
2026-09-13T01:52:53.612114+00:00 ubuntu sshd[1347079]: Failed password for invalid user user from 109.160.32.155 port 43776 ssh2
2026-09-13T01:52:55.378372+00:00 ubuntu sshd[1347079]: Connection closed by invalid user user 109.160.32.155 port 43776 [preauth]
2026-09-13T01:52:56.070877+00:00 ubuntu sshd[1347209]: Invalid user user from 109.160.32.155 port 43804
2026-09-13T01:52:56.092415+00:00 ubuntu sshd[1347209]: pam_unix(sshd:auth): check pass; user unknown
2026-09-13T01:52:56.092510+00:00 ubuntu sshd[1347209]: pam_unix(sshd:auth): authentication failure; logname= uid=0 euid=0 tty=ssh ruser= rhost=109.160.32.155
2026-09-13T01:52:57.887020+00:00 ubuntu sshd[1347209]: Failed password for invalid user user from 109.160.32.155 port 43804 ssh2
2026-09-13T01:52:58.204675+00:00 ubuntu sshd[1347209]: Connection closed by invalid user user 109.160.32.155 port 43804 [preauth]
2026-09-13T01:53:01.044298+00:00 ubuntu sshd[1347408]: Invalid user appuser from 109.160.32.155 port 47126
2026-09-13T01:53:01.061574+00:00 ubuntu sshd[1347408]: pam_unix(sshd:auth): check pass; user unknown
2026-09-13T01:53:01.061688+00:00 ubuntu sshd[1347408]: pam_unix(sshd:auth): authentication failure; logname= uid=0 euid=0 tty=ssh ruser= rhost=109.160.32.155
2026-09-13T01:53:02.539551+00:00 ubuntu sshd[1347408]: Failed password for invalid user appuser from 109.160.32.155 port 47126 ssh2
2026-09-13T01:53:03.375118+00:00 ubuntu sshd[1347408]: Connection closed by invalid user appuser 109.160.32.155 port 47126 [preauth]
2026-09-13T01:53:04.780356+00:00 ubuntu sshd[1347211]: Connection closed by 210.3.142.210 port 40919 [preauth]
2026-09-13T01:53:06.290291+00:00 ubuntu sshd[1347559]: pam_unix(sshd:auth): authentication failure; logname= uid=0 euid=0 tty=ssh ruser= rhost=109.160.32.155 user=root
2026-09-13T01:53:08.455883+00:00 ubuntu sshd[1347559]: Failed password for root from 109.160.32.155 port 47182 ssh2
2026-09-13T01:53:09.476345+00:00 ubuntu sshd[1347559]: Connection closed by authenticating user root 109.160.32.155 port 47182 [preauth]
2026-09-13T01:53:11.114890+00:00 ubuntu sshd[1347649]: pam_unix(sshd:auth): authentication failure; logname= uid=0 euid=0 tty=ssh ruser= rhost=109.160.32.155 user=root
2026-09-13T01:53:13.300383+00:00 ubuntu sshd[1347649]: Failed password for root from 109.160.32.155 port 59826 ssh2
2026-09-13T01:53:14.241112+00:00 ubuntu sshd[1347649]: Connection closed by authenticating user root 109.160.32.155 port 59826 [preauth]
2026-09-13T01:53:14.391234+00:00 ubuntu sshd[1347736]: Connection closed by 181.46.166.137 port 56840
2026-09-13T01:53:16.369342+00:00 ubuntu sshd[1347781]: pam_unix(sshd:auth): authentication failure; logname= uid=0 euid=0 tty=ssh ruser= rhost=109.160.32.155 user=root
2026-09-13T01:53:18.575227+00:00 ubuntu sshd[1347781]: Failed password for root from 109.160.32.155 port 59894 ssh2
2026-09-13T01:53:19.494617+00:00 ubuntu sshd[1347781]: Connection closed by authenticating user root 109.160.32.155 port 59894 [preauth]
2026-09-13T01:53:21.064550+00:00 ubuntu sshd[1347873]: Invalid user ls from 109.160.32.155 port 33644
2026-09-13T01:53:21.081857+00:00 ubuntu sshd[1347873]: pam_unix(sshd:auth): check pass; user unknown
2026-09-13T01:53:21.081994+00:00 ubuntu sshd[1347873]: pam_unix(sshd:auth): authentication failure; logname= uid=0 euid=0 tty=ssh ruser= rhost=109.160.32.155
2026-09-13T01:53:22.640535+00:00 ubuntu sshd[1347873]: Failed password for invalid user ls from 109.160.32.155 port 33644 ssh2
2026-09-13T01:53:23.058688+00:00 ubuntu sshd[1347873]: Connection closed by invalid user ls 109.160.32.155 port 33644 [preauth]
2026-09-13T01:53:26.253154+00:00 ubuntu sshd[1348012]: Invalid user kevin from 109.160.32.155 port 33710
2026-09-13T01:53:26.270886+00:00 ubuntu sshd[1348012]: pam_unix(sshd:auth): check pass; user unknown
2026-09-13T01:53:26.270999+00:00 ubuntu sshd[1348012]: pam_unix(sshd:auth): authentication failure; logname= uid=0 euid=0 tty=ssh ruser= rhost=109.160.32.155
2026-09-13T01:53:28.517060+00:00 ubuntu sshd[1348012]: Failed password for invalid user kevin from 109.160.32.155 port 33710 ssh2
2026-09-13T01:53:29.558544+00:00 ubuntu sshd[1348012]: Connection closed by invalid user kevin 109.160.32.155 port 33710 [preauth]
2026-09-13T01:53:32.538688+00:00 ubuntu sshd[1348260]: Invalid user arthur from 109.160.32.155 port 42668
2026-09-13T01:53:32.612951+00:00 ubuntu sshd[1348260]: pam_unix(sshd:auth): check pass; user unknown
2026-09-13T01:53:32.613046+00:00 ubuntu sshd[1348260]: pam_unix(sshd:auth): authentication failure; logname= uid=0 euid=0 tty=ssh ruser= rhost=109.160.32.155
2026-09-13T01:53:34.351805+00:00 ubuntu sshd[1348260]: Failed password for invalid user arthur from 109.160.32.155 port 42668 ssh2
2026-09-13T01:53:35.812163+00:00 ubuntu sshd[1348260]: Connection closed by invalid user arthur 109.160.32.155 port 42668 [preauth]
2026-09-13T01:53:35.980720+00:00 ubuntu sshd[1348395]: Connection closed by 181.46.166.137 port 63592
2026-09-13T01:53:36.216415+00:00 ubuntu sshd[1348393]: pam_unix(sshd:auth): authentication failure; logname= uid=0 euid=0 tty=ssh ruser= rhost=109.160.32.155 user=root
2026-09-13T01:53:37.834989+00:00 ubuntu sshd[1348393]: Failed password for root from 109.160.32.155 port 42710 ssh2
2026-09-13T01:53:38.752773+00:00 ubuntu sshd[1348014]: Invalid user ubuntu from 115.191.22.111 port 55626
2026-09-13T01:53:38.957682+00:00 ubuntu sshd[1348014]: pam_unix(sshd:auth): check pass; user unknown
2026-09-13T01:53:38.957838+00:00 ubuntu sshd[1348014]: pam_unix(sshd:auth): authentication failure; logname= uid=0 euid=0 tty=ssh ruser= rhost=115.191.22.111
2026-09-13T01:53:39.358009+00:00 ubuntu sshd[1348393]: Connection closed by authenticating user root 109.160.32.155 port 42710 [preauth]
2026-09-13T01:53:40.764587+00:00 ubuntu sshd[1348492]: pam_unix(sshd:auth): authentication failure; logname= uid=0 euid=0 tty=ssh ruser= rhost=109.160.32.155 user=root
2026-09-13T01:53:41.519179+00:00 ubuntu sshd[1348014]: Failed password for invalid user ubuntu from 115.191.22.111 port 55626 ssh2
2026-09-13T01:53:42.267528+00:00 ubuntu sshd[1348492]: Failed password for root from 109.160.32.155 port 56328 ssh2
2026-09-13T01:53:42.373194+00:00 ubuntu sshd[1348492]: Connection closed by authenticating user root 109.160.32.155 port 56328 [preauth]
2026-09-13T01:53:43.365935+00:00 ubuntu sshd[1348014]: Connection closed by invalid user ubuntu 115.191.22.111 port 55626 [preauth]
2026-09-13T01:53:45.856570+00:00 ubuntu sshd[1348699]: pam_unix(sshd:auth): authentication failure; logname= uid=0 euid=0 tty=ssh ruser= rhost=109.160.32.155 user=root
2026-09-13T01:53:46.811458+00:00 ubuntu sshd[1348648]: Invalid user ubuntu from 115.191.22.111 port 57358
2026-09-13T01:53:47.708498+00:00 ubuntu sshd[1348648]: pam_unix(sshd:auth): check pass; user unknown
2026-09-13T01:53:47.708642+00:00 ubuntu sshd[1348648]: pam_unix(sshd:auth): authentication failure; logname= uid=0 euid=0 tty=ssh ruser= rhost=115.191.22.111
2026-09-13T01:53:48.046823+00:00 ubuntu sshd[1348699]: Failed password for root from 109.160.32.155 port 56382 ssh2
2026-09-13T01:53:48.980642+00:00 ubuntu sshd[1348699]: Connection closed by authenticating user root 109.160.32.155 port 56382 [preauth]
2026-09-13T01:53:49.171620+00:00 ubuntu sshd[1348648]: Failed password for invalid user ubuntu from 115.191.22.111 port 57358 ssh2
2026-09-13T01:53:50.048049+00:00 ubuntu sshd[1348648]: Connection closed by invalid user ubuntu 115.191.22.111 port 57358 [preauth]
2026-09-13T01:53:50.684699+00:00 ubuntu sshd[1348799]: Invalid user claude from 109.160.32.155 port 33780
2026-09-13T01:53:50.702298+00:00 ubuntu sshd[1348799]: pam_unix(sshd:auth): check pass; user unknown
