2026-09-13T00:00:07.198556+00:00 ubuntu sshd[1155878]: Failed password for invalid user ubuntu from 160.120.191.213 port 44346 ssh2
2026-09-13T00:00:08.160388+00:00 ubuntu sshd[1155878]: Connection closed by invalid user ubuntu 160.120.191.213 port 44346 [preauth]
2026-09-13T00:00:08.193033+00:00 ubuntu sshd[1155847]: Connection closed by invalid user agentsolutions-mallorca 111.119.44.29 port 55486 [preauth]
2026-09-13T00:00:08.754334+00:00 ubuntu sshd[1155875]: Connection closed by invalid user user 115.191.22.111 port 49742 [preauth]
2026-09-13T00:00:08.791629+00:00 ubuntu sshd[1155985]: Invalid user ubuntu from 160.120.191.213 port 44358
2026-09-13T00:00:08.910542+00:00 ubuntu sshd[1155985]: pam_unix(sshd:auth): check pass; user unknown
2026-09-13T00:00:08.910671+00:00 ubuntu sshd[1155985]: pam_unix(sshd:auth): authentication failure; logname= uid=0 euid=0 tty=ssh ruser= rhost=160.120.191.213
2026-09-13T00:00:08.952313+00:00 ubuntu sshd[1155979]: Invalid user user from 115.191.22.111 port 49744
2026-09-13T00:00:09.155118+00:00 ubuntu sshd[1155979]: pam_unix(sshd:auth): check pass; user unknown
2026-09-13T00:00:09.155283+00:00 ubuntu sshd[1155979]: pam_unix(sshd:auth): authentication failure; logname= uid=0 euid=0 tty=ssh ruser= rhost=115.191.22.111
2026-09-13T00:00:10.911049+00:00 ubuntu sshd[1155985]: Failed password for invalid user ubuntu from 160.120.191.213 port 44358 ssh2
2026-09-13T00:00:11.148456+00:00 ubuntu sshd[1155985]: Connection closed by invalid user ubuntu 160.120.191.213 port 44358 [preauth]
2026-09-13T00:00:11.627523+00:00 ubuntu sshd[1155979]: Failed password for invalid user user from 115.191.22.111 port 49744 ssh2
2026-09-13T00:00:11.774101+00:00 ubuntu sshd[1155999]: Invalid user ubuntu from 160.120.191.213 port 35674
2026-09-13T00:00:12.254977+00:00 ubuntu sshd[1155999]: pam_unix(sshd:auth): check pass; user unknown
2026-09-13T00:00:12.255133+00:00 ubuntu sshd[1155999]: pam_unix(sshd:auth): authentication failure; logname= uid=0 euid=0 tty=ssh ruser= rhost=160.120.191.213
2026-09-13T00:00:13.547798+00:00 ubuntu sshd[1155979]: Connection closed by invalid user user 115.191.22.111 port 49744 [preauth]
2026-09-13T00:00:13.804399+00:00 ubuntu sshd[1155999]: Failed password for invalid user ubuntu from 160.120.191.213 port 35674 ssh2
2026-09-13T00:00:14.300425+00:00 ubuntu sshd[1156119]: Invalid user support from 190.96.68.52 port 52750
2026-09-13T00:00:14.470232+00:00 ubuntu sshd[1155999]: Connection closed by invalid user ubuntu 160.120.191.213 port 35674 [preauth]
2026-09-13T00:00:14.528298+00:00 ubuntu sshd[1156119]: pam_unix(sshd:auth): check pass; user unknown
2026-09-13T00:00:14.528462+00:00 ubuntu sshd[1156119]: pam_unix(sshd:auth): authentication failure; logname= uid=0 euid=0 tty=ssh ruser= rhost=190.96.68.52
2026-09-13T00:00:15.510216+00:00 ubuntu sshd[1156128]: Invalid user ubuntu from 160.120.191.213 port 35686
2026-09-13T00:00:15.628018+00:00 ubuntu sshd[1156128]: pam_unix(sshd:auth): check pass; user unknown
2026-09-13T00:00:15.628154+00:00 ubuntu sshd[1156128]: pam_unix(sshd:auth): authentication failure; logname= uid=0 euid=0 tty=ssh ruser= rhost=160.120.191.213
2026-09-13T00:00:16.684355+00:00 ubuntu sshd[1156119]: Failed password for invalid user support from 190.96.68.52 port 52750 ssh2
2026-09-13T00:00:16.685523+00:00 ubuntu sshd[1156124]: Invalid user user from 115.191.22.111 port 56376
2026-09-13T00:00:16.756618+00:00 ubuntu sshd[1156291]: Invalid user agentsolutions-mallorca from 45.8.118.231 port 54516
2026-09-13T00:00:16.825733+00:00 ubuntu sshd[1156291]: pam_unix(sshd:auth): check pass; user unknown
2026-09-13T00:00:16.825926+00:00 ubuntu sshd[1156291]: pam_unix(sshd:auth): authentication failure; logname= uid=0 euid=0 tty=ssh ruser= rhost=45.8.118.231
2026-09-13T00:00:16.877101+00:00 ubuntu sshd[1156124]: pam_unix(sshd:auth): check pass; user unknown
2026-09-13T00:00:16.877238+00:00 ubuntu sshd[1156124]: pam_unix(sshd:auth): authentication failure; logname= uid=0 euid=0 tty=ssh ruser= rhost=115.191.22.111
2026-09-13T00:00:17.588945+00:00 ubuntu sshd[1156128]: Failed password for invalid user ubuntu from 160.120.191.213 port 35686 ssh2
2026-09-13T00:00:17.681080+00:00 ubuntu sshd[1156119]: Connection closed by invalid user support 190.96.68.52 port 52750 [preauth]
2026-09-13T00:00:17.847368+00:00 ubuntu sshd[1156128]: Connection closed by invalid user ubuntu 160.120.191.213 port 35686 [preauth]
2026-09-13T00:00:18.255019+00:00 ubuntu sshd[1156291]: Failed password for invalid user agentsolutions-mallorca from 45.8.118.231 port 54516 ssh2
2026-09-13T00:00:18.306381+00:00 ubuntu sshd[1156124]: Failed password for invalid user user from 115.191.22.111 port 56376 ssh2
2026-09-13T00:00:18.483840+00:00 ubuntu sshd[1156324]: Invalid user ubuntu from 160.120.191.213 port 35702
2026-09-13T00:00:18.958203+00:00 ubuntu sshd[1156324]: pam_unix(sshd:auth): check pass; user unknown
2026-09-13T00:00:18.958455+00:00 ubuntu sshd[1156324]: pam_unix(sshd:auth): authentication failure; logname= uid=0 euid=0 tty=ssh ruser= rhost=160.120.191.213
2026-09-13T00:00:19.133465+00:00 ubuntu sshd[1156291]: Connection closed by invalid user agentsolutions-mallorca 45.8.118.231 port 54516 [preauth]
2026-09-13T00:00:19.152224+00:00 ubuntu sshd[1156124]: Connection closed by invalid user user 115.191.22.111 port 56376 [preauth]
2026-09-13T00:00:20.741216+00:00 ubuntu sshd[1156329]: Invalid user user from 115.191.22.111 port 38238
2026-09-13T00:00:20.929291+00:00 ubuntu sshd[1156329]: pam_unix(sshd:auth): check pass; user unknown
2026-09-13T00:00:20.929427+00:00 ubuntu sshd[1156329]: pam_unix(sshd:auth): authentication failure; logname= uid=0 euid=0 tty=ssh ruser= rhost=115.191.22.111
2026-09-13T00:00:20.999079+00:00 ubuntu sshd[1156324]: Failed password for invalid user ubuntu from 160.120.191.213 port 35702 ssh2
2026-09-13T00:00:21.171349+00:00 ubuntu sshd[1156324]: Connection closed by invalid user ubuntu 160.120.191.213 port 35702 [preauth]
2026-09-13T00:00:21.787000+00:00 ubuntu sshd[1156337]: Invalid user ubuntu from 160.120.191.213 port 53790
2026-09-13T00:00:21.905969+00:00 ubuntu sshd[1156337]: pam_unix(sshd:auth): check pass; user unknown
2026-09-13T00:00:21.906117+00:00 ubuntu sshd[1156337]: pam_unix(sshd:auth): authentication failure; logname= uid=0 euid=0 tty=ssh ruser= rhost=160.120.191.213
2026-09-13T00:00:22.910095+00:00 ubuntu sshd[1156329]: Failed password for invalid user user from 115.191.22.111 port 38238 ssh2
2026-09-13T00:00:23.212090+00:00 ubuntu sshd[1156329]: Connection closed by invalid user user 115.191.22.111 port 38238 [preauth]
2026-09-13T00:00:24.358397+00:00 ubuntu sshd[1156337]: Failed password for invalid user ubuntu from 160.120.191.213 port 53790 ssh2
2026-09-13T00:00:24.687208+00:00 ubuntu sshd[1156461]: Invalid user user from 115.191.22.111 port 38248
2026-09-13T00:00:24.868361+00:00 ubuntu sshd[1156461]: pam_unix(sshd:auth): check pass; user unknown
2026-09-13T00:00:24.868513+00:00 ubuntu sshd[1156461]: pam_unix(sshd:auth): authentication failure; logname= uid=0 euid=0 tty=ssh ruser= rhost=115.191.22.111
2026-09-13T00:00:26.235698+00:00 ubuntu sshd[1156337]: Connection closed by invalid user ubuntu 160.120.191.213 port 53790 [preauth]
2026-09-13T00:00:26.397651+00:00 ubuntu sshd[1156461]: Failed password for invalid user user from 115.191.22.111 port 38248 ssh2
2026-09-13T00:00:26.917362+00:00 ubuntu sshd[1156536]: Invalid user ubuntu from 160.120.191.213 port 53802
2026-09-13T00:00:27.040078+00:00 ubuntu sshd[1156536]: pam_unix(sshd:auth): check pass; user unknown
2026-09-13T00:00:27.040237+00:00 ubuntu sshd[1156536]: pam_unix(sshd:auth): authentication failure; logname= uid=0 euid=0 tty=ssh ruser= rhost=160.120.191.213
2026-09-13T00:00:27.144435+00:00 ubuntu sshd[1156461]: Connection closed by invalid user user 115.191.22.111 port 38248 [preauth]
2026-09-13T00:00:28.361036+00:00 ubuntu sshd[1156615]: Invalid user user from 115.191.22.111 port 38252
2026-09-13T00:00:28.592314+00:00 ubuntu sshd[1156615]: pam_unix(sshd:auth): check pass; user unknown
2026-09-13T00:00:28.592426+00:00 ubuntu sshd[1156615]: pam_unix(sshd:auth): authentication failure; logname= uid=0 euid=0 tty=ssh ruser= rhost=115.191.22.111
2026-09-13T00:00:28.980885+00:00 ubuntu sshd[1156536]: Failed password for invalid user ubuntu from 160.120.191.213 port 53802 ssh2
2026-09-13T00:00:29.257682+00:00 ubuntu sshd[1156536]: Connection closed by invalid user ubuntu 160.120.191.213 port 53802 [preauth]
2026-09-13T00:00:29.393838+00:00 ubuntu sshd[1156622]: pam_unix(sshd:auth): authentication failure; logname= uid=0 euid=0 tty=ssh ruser= rhost=45.148.10.151 user=root
2026-09-13T00:00:29.877326+00:00 ubuntu sshd[1156625]: Invalid user ubuntu from 160.120.191.213 port 53814
2026-09-13T00:00:30.005934+00:00 ubuntu sshd[1156625]: pam_unix(sshd:auth): check pass; user unknown
2026-09-13T00:00:30.006089+00:00 ubuntu sshd[1156625]: pam_unix(sshd:auth): authentication failure; logname= uid=0 euid=0 tty=ssh ruser= rhost=160.120.191.213
2026-09-13T00:00:30.337304+00:00 ubuntu sshd[1156615]: Failed password for invalid user user from 115.191.22.111 port 38252 ssh2
2026-09-13T00:00:30.918258+00:00 ubuntu sshd[1156615]: Connection closed by invalid user user 115.191.22.111 port 38252 [preauth]
2026-09-13T00:00:30.942923+00:00 ubuntu sshd[1156622]: Failed password for root from 45.148.10.151 port 39630 ssh2
2026-09-13T00:00:31.833178+00:00 ubuntu sshd[1156631]: Invalid user user from 115.191.22.111 port 34730
2026-09-13T00:00:32.026846+00:00 ubuntu sshd[1156625]: Failed password for invalid user ubuntu from 160.120.191.213 port 53814 ssh2
2026-09-13T00:00:32.221264+00:00 ubuntu sshd[1156625]: Connection closed by invalid user ubuntu 160.120.191.213 port 53814 [preauth]
2026-09-13T00:00:32.501140+00:00 ubuntu sshd[1156631]: pam_unix(sshd:auth): check pass; user unknown
2026-09-13T00:00:32.501289+00:00 ubuntu sshd[1156631]: pam_unix(sshd:auth): authentication failure; logname= uid=0 euid=0 tty=ssh ruser= rhost=115.191.22.111
2026-09-13T00:00:32.830442+00:00 ubuntu sshd[1156753]: Invalid user ubuntu from 160.120.191.213 port 48930
2026-09-13T00:00:32.950974+00:00 ubuntu sshd[1156753]: pam_unix(sshd:auth): check pass; user unknown
2026-09-13T00:00:32.951153+00:00 ubuntu sshd[1156753]: pam_unix(sshd:auth): authentication failure; logname= uid=0 euid=0 tty=ssh ruser= rhost=160.120.191.213
2026-09-13T00:00:34.462134+00:00 ubuntu sshd[1156631]: Failed password for invalid user user from 115.191.22.111 port 34730 ssh2
2026-09-13T00:00:34.561210+00:00 ubuntu sshd[1156622]: Failed password for root from 45.148.10.151 port 39630 ssh2
2026-09-13T00:00:34.786154+00:00 ubuntu sshd[1156631]: Connection closed by invalid user user 115.191.22.111 port 34730 [preauth]
2026-09-13T00:00:34.911959+00:00 ubuntu sshd[1156753]: Failed password for invalid user ubuntu from 160.120.191.213 port 48930 ssh2
2026-09-13T00:00:35.170477+00:00 ubuntu sshd[1156753]: Connection closed by invalid user ubuntu 160.120.191.213 port 48930 [preauth]
2026-09-13T00:00:35.784603+00:00 ubuntu sshd[1156781]: Invalid user ubuntu from 160.120.191.213 port 48946
2026-09-13T00:00:35.903852+00:00 ubuntu sshd[1156781]: pam_unix(sshd:auth): check pass; user unknown
2026-09-13T00:00:35.903985+00:00 ubuntu sshd[1156781]: pam_unix(sshd:auth): authentication failure; logname= uid=0 euid=0 tty=ssh ruser= rhost=160.120.191.213
2026-09-13T00:00:35.982987+00:00 ubuntu sshd[1156779]: Invalid user user from 115.191.22.111 port 34732
2026-09-13T00:00:36.210988+00:00 ubuntu sshd[1156779]: pam_unix(sshd:auth): check pass; user unknown
2026-09-13T00:00:36.211115+00:00 ubuntu sshd[1156779]: pam_unix(sshd:auth): authentication failure; logname= uid=0 euid=0 tty=ssh ruser= rhost=115.191.22.111
2026-09-13T00:00:37.515998+00:00 ubuntu sshd[1156622]: Failed password for root from 45.148.10.151 port 39630 ssh2
2026-09-13T00:00:37.609118+00:00 ubuntu sshd[1156781]: Failed password for invalid user ubuntu from 160.120.191.213 port 48946 ssh2
2026-09-13T00:00:37.720360+00:00 ubuntu sshd[1156779]: Failed password for invalid user user from 115.191.22.111 port 34732 ssh2
2026-09-13T00:00:38.123271+00:00 ubuntu sshd[1156781]: Connection closed by invalid user ubuntu 160.120.191.213 port 48946 [preauth]
2026-09-13T00:00:38.534299+00:00 ubuntu sshd[1156779]: Connection closed by invalid user user 115.191.22.111 port 34732 [preauth]
2026-09-13T00:00:38.718136+00:00 ubuntu sshd[1156862]: Invalid user ubuntu from 160.120.191.213 port 48952
2026-09-13T00:00:38.834947+00:00 ubuntu sshd[1156862]: pam_unix(sshd:auth): check pass; user unknown
2026-09-13T00:00:38.835074+00:00 ubuntu sshd[1156862]: pam_unix(sshd:auth): authentication failure; logname= uid=0 euid=0 tty=ssh ruser= rhost=160.120.191.213
2026-09-13T00:00:40.951532+00:00 ubuntu sshd[1156862]: Failed password for invalid user ubuntu from 160.120.191.213 port 48952 ssh2
2026-09-13T00:00:41.136026+00:00 ubuntu sshd[1156622]: Failed password for root from 45.148.10.151 port 39630 ssh2
2026-09-13T00:00:41.870563+00:00 ubuntu sshd[1156866]: Invalid user user from 115.191.22.111 port 38272
2026-09-13T00:00:42.066979+00:00 ubuntu sshd[1156866]: pam_unix(sshd:auth): check pass; user unknown
2026-09-13T00:00:42.067118+00:00 ubuntu sshd[1156866]: pam_unix(sshd:auth): authentication failure; logname= uid=0 euid=0 tty=ssh ruser= rhost=115.191.22.111
2026-09-13T00:00:43.153840+00:00 ubuntu sshd[1156862]: Connection closed by invalid user ubuntu 160.120.191.213 port 48952 [preauth]
2026-09-13T00:00:43.791633+00:00 ubuntu sshd[1156993]: Invalid user ubuntu from 160.120.191.213 port 60814
2026-09-13T00:00:43.912712+00:00 ubuntu sshd[1156993]: pam_unix(sshd:auth): check pass; user unknown
2026-09-13T00:00:43.912904+00:00 ubuntu sshd[1156993]: pam_unix(sshd:auth): authentication failure; logname= uid=0 euid=0 tty=ssh ruser= rhost=160.120.191.213
2026-09-13T00:00:44.068100+00:00 ubuntu sshd[1156866]: Failed password for invalid user user from 115.191.22.111 port 38272 ssh2
2026-09-13T00:00:44.227651+00:00 ubuntu sshd[1156622]: Failed password for root from 45.148.10.151 port 39630 ssh2
2026-09-13T00:00:44.355898+00:00 ubuntu sshd[1156866]: Connection closed by invalid user user 115.191.22.111 port 38272 [preauth]
2026-09-13T00:00:45.258244+00:00 ubuntu sshd[1156998]: Invalid user user from 115.191.22.111 port 38288
2026-09-13T00:00:45.344470+00:00 ubuntu sshd[1156622]: Connection reset by authenticating user root 45.148.10.151 port 39630 [preauth]
2026-09-13T00:00:45.344653+00:00 ubuntu sshd[1156622]: PAM 4 more authentication failures; logname= uid=0 euid=0 tty=ssh ruser= rhost=45.148.10.151 user=root
2026-09-13T00:00:45.344737+00:00 ubuntu sshd[1156622]: PAM service(sshd) ignoring max retries; 5 > 3
2026-09-13T00:00:45.438592+00:00 ubuntu sshd[1156998]: pam_unix(sshd:auth): check pass; user unknown
2026-09-13T00:00:45.438730+00:00 ubuntu sshd[1156998]: pam_unix(sshd:auth): authentication failure; logname= uid=0 euid=0 tty=ssh ruser= rhost=115.191.22.111
2026-09-13T00:00:45.716531+00:00 ubuntu sshd[1156993]: Failed password for invalid user ubuntu from 160.120.191.213 port 60814 ssh2
2026-09-13T00:00:46.131307+00:00 ubuntu sshd[1156993]: Connection closed by invalid user ubuntu 160.120.191.213 port 60814 [preauth]
2026-09-13T00:00:46.789176+00:00 ubuntu sshd[1157005]: Invalid user ubuntu from 160.120.191.213 port 60830
2026-09-13T00:00:46.909829+00:00 ubuntu sshd[1157005]: pam_unix(sshd:auth): check pass; user unknown
2026-09-13T00:00:46.909949+00:00 ubuntu sshd[1157005]: pam_unix(sshd:auth): authentication failure; logname= uid=0 euid=0 tty=ssh ruser= rhost=160.120.191.213
2026-09-13T00:00:47.851099+00:00 ubuntu sshd[1156998]: Failed password for invalid user user from 115.191.22.111 port 38288 ssh2
2026-09-13T00:00:48.459182+00:00 ubuntu sshd[1157005]: Failed password for invalid user ubuntu from 160.120.191.213 port 60830 ssh2
2026-09-13T00:00:49.485480+00:00 ubuntu sshd[1157005]: Connection closed by invalid user ubuntu 160.120.191.213 port 60830 [preauth]
2026-09-13T00:00:49.810450+00:00 ubuntu sshd[1156998]: Connection closed by invalid user user 115.191.22.111 port 38288 [preauth]
2026-09-13T00:00:50.771415+00:00 ubuntu sshd[1157201]: Invalid user ubuntu from 160.120.191.213 port 60842
2026-09-13T00:00:50.898071+00:00 ubuntu sshd[1157201]: pam_unix(sshd:auth): check pass; user unknown
2026-09-13T00:00:50.898245+00:00 ubuntu sshd[1157201]: pam_unix(sshd:auth): authentication failure; logname= uid=0 euid=0 tty=ssh ruser= rhost=160.120.191.213
2026-09-13T00:00:51.222070+00:00 ubuntu sshd[1157199]: Invalid user user from 115.191.22.111 port 39548
2026-09-13T00:00:51.395585+00:00 ubuntu sshd[1157199]: pam_unix(sshd:auth): check pass; user unknown
2026-09-13T00:00:51.395666+00:00 ubuntu sshd[1157199]: pam_unix(sshd:auth): authentication failure; logname= uid=0 euid=0 tty=ssh ruser= rhost=115.191.22.111
2026-09-13T00:00:52.663342+00:00 ubuntu sshd[1157201]: Failed password for invalid user ubuntu from 160.120.191.213 port 60842 ssh2
2026-09-13T00:00:53.119435+00:00 ubuntu sshd[1157201]: Connection closed by invalid user ubuntu 160.120.191.213 port 60842 [preauth]
2026-09-13T00:00:53.632373+00:00 ubuntu sshd[1157199]: Failed password for invalid user user from 115.191.22.111 port 39548 ssh2
2026-09-13T00:00:53.727430+00:00 ubuntu sshd[1157339]: Invalid user ubuntu from 160.120.191.213 port 35738
2026-09-13T00:00:53.844116+00:00 ubuntu sshd[1157339]: pam_unix(sshd:auth): check pass; user unknown
2026-09-13T00:00:53.844266+00:00 ubuntu sshd[1157339]: pam_unix(sshd:auth): authentication failure; logname= uid=0 euid=0 tty=ssh ruser= rhost=160.120.191.213
2026-09-13T00:00:55.689278+00:00 ubuntu sshd[1157339]: Failed password for invalid user ubuntu from 160.120.191.213 port 35738 ssh2
2026-09-13T00:00:56.057562+00:00 ubuntu sshd[1157339]: Connection closed by invalid user ubuntu 160.120.191.213 port 35738 [preauth]
2026-09-13T00:00:56.194691+00:00 ubuntu sshd[1157199]: Connection closed by invalid user user 115.191.22.111 port 39548 [preauth]
2026-09-13T00:00:56.816947+00:00 ubuntu sshd[1157349]: Invalid user ubuntu from 160.120.191.213 port 35740
2026-09-13T00:00:56.939812+00:00 ubuntu sshd[1157349]: pam_unix(sshd:auth): check pass; user unknown
2026-09-13T00:00:56.939931+00:00 ubuntu sshd[1157349]: pam_unix(sshd:auth): authentication failure; logname= uid=0 euid=0 tty=ssh ruser= rhost=160.120.191.213
2026-09-13T00:00:58.956211+00:00 ubuntu sshd[1157430]: Invalid user user from 115.191.22.111 port 39564
2026-09-13T00:00:59.196559+00:00 ubuntu sshd[1157349]: Failed password for invalid user ubuntu from 160.120.191.213 port 35740 ssh2
2026-09-13T00:00:59.626069+00:00 ubuntu sshd[1157430]: pam_unix(sshd:auth): check pass; user unknown
2026-09-13T00:00:59.626209+00:00 ubuntu sshd[1157430]: pam_unix(sshd:auth): authentication failure; logname= uid=0 euid=0 tty=ssh ruser= rhost=115.191.22.111
2026-09-13T00:01:00.959690+00:00 ubuntu sshd[1157430]: Failed password for invalid user user from 115.191.22.111 port 39564 ssh2
2026-09-13T00:01:01.269582+00:00 ubuntu sshd[1157349]: Connection closed by invalid user ubuntu 160.120.191.213 port 35740 [preauth]
2026-09-13T00:01:01.889204+00:00 ubuntu sshd[1157443]: Invalid user ubuntu from 160.120.191.213 port 34706
2026-09-13T00:01:01.911294+00:00 ubuntu sshd[1157430]: Connection closed by invalid user user 115.191.22.111 port 39564 [preauth]
2026-09-13T00:01:02.012128+00:00 ubuntu sshd[1157443]: pam_unix(sshd:auth): check pass; user unknown
2026-09-13T00:01:02.012331+00:00 ubuntu sshd[1157443]: pam_unix(sshd:auth): authentication failure; logname= uid=0 euid=0 tty=ssh ruser= rhost=160.120.191.213
2026-09-13T00:01:03.147364+00:00 ubuntu sshd[1157561]: Invalid user user from 115.191.22.111 port 59940
2026-09-13T00:01:03.382156+00:00 ubuntu sshd[1157561]: pam_unix(sshd:auth): check pass; user unknown
2026-09-13T00:01:03.382318+00:00 ubuntu sshd[1157561]: pam_unix(sshd:auth): authentication failure; logname= uid=0 euid=0 tty=ssh ruser= rhost=115.191.22.111
2026-09-13T00:01:04.093251+00:00 ubuntu sshd[1157443]: Failed password for invalid user ubuntu from 160.120.191.213 port 34706 ssh2
2026-09-13T00:01:04.227359+00:00 ubuntu sshd[1157443]: Connection closed by invalid user ubuntu 160.120.191.213 port 34706 [preauth]
2026-09-13T00:01:04.836653+00:00 ubuntu sshd[1157567]: Invalid user ubuntu from 160.120.191.213 port 34708
2026-09-13T00:01:04.961986+00:00 ubuntu sshd[1157567]: pam_unix(sshd:auth): check pass; user unknown
2026-09-13T00:01:04.962115+00:00 ubuntu sshd[1157567]: pam_unix(sshd:auth): authentication failure; logname= uid=0 euid=0 tty=ssh ruser= rhost=160.120.191.213
2026-09-13T00:01:05.934905+00:00 ubuntu sshd[1157561]: Failed password for invalid user user from 115.191.22.111 port 59940 ssh2
2026-09-13T00:01:06.983056+00:00 ubuntu sshd[1157567]: Failed password for invalid user ubuntu from 160.120.191.213 port 34708 ssh2
2026-09-13T00:01:07.179293+00:00 ubuntu sshd[1157567]: Connection closed by invalid user ubuntu 160.120.191.213 port 34708 [preauth]
2026-09-13T00:01:07.807994+00:00 ubuntu sshd[1157561]: Connection closed by invalid user user 115.191.22.111 port 59940 [preauth]
2026-09-13T00:01:08.206661+00:00 ubuntu sshd[1157670]: Invalid user ubuntu from 160.120.191.213 port 34714
2026-09-13T00:01:08.325872+00:00 ubuntu sshd[1157670]: pam_unix(sshd:auth): check pass; user unknown
2026-09-13T00:01:08.326042+00:00 ubuntu sshd[1157670]: pam_unix(sshd:auth): authentication failure; logname= uid=0 euid=0 tty=ssh ruser= rhost=160.120.191.213
2026-09-13T00:01:08.965601+00:00 ubuntu sshd[1157674]: Invalid user user from 115.191.22.111 port 59944
2026-09-13T00:01:09.819243+00:00 ubuntu sshd[1157674]: pam_unix(sshd:auth): check pass; user unknown
2026-09-13T00:01:09.819348+00:00 ubuntu sshd[1157674]: pam_unix(sshd:auth): authentication failure; logname= uid=0 euid=0 tty=ssh ruser= rhost=115.191.22.111
2026-09-13T00:01:10.562663+00:00 ubuntu sshd[1157670]: Failed password for invalid user ubuntu from 160.120.191.213 port 34714 ssh2
2026-09-13T00:01:11.859285+00:00 ubuntu sshd[1157674]: Failed password for invalid user user from 115.191.22.111 port 59944 ssh2
2026-09-13T00:01:12.152682+00:00 ubuntu sshd[1157674]: Connection closed by invalid user user 115.191.22.111 port 59944 [preauth]
2026-09-13T00:01:12.639499+00:00 ubuntu sshd[1157670]: Connection closed by invalid user ubuntu 160.120.191.213 port 34714 [preauth]
2026-09-13T00:01:13.004314+00:00 ubuntu sshd[1157829]: Invalid user user from 115.191.22.111 port 57240
2026-09-13T00:01:13.182245+00:00 ubuntu sshd[1157829]: pam_unix(sshd:auth): check pass; user unknown
2026-09-13T00:01:13.182436+00:00 ubuntu sshd[1157829]: pam_unix(sshd:auth): authentication failure; logname= uid=0 euid=0 tty=ssh ruser= rhost=115.191.22.111
2026-09-13T00:01:13.243092+00:00 ubuntu sshd[1157832]: Invalid user ubuntu from 160.120.191.213 port 38678
2026-09-13T00:01:13.363649+00:00 ubuntu sshd[1157832]: pam_unix(sshd:auth): check pass; user unknown
2026-09-13T00:01:13.363852+00:00 ubuntu sshd[1157832]: pam_unix(sshd:auth): authentication failure; logname= uid=0 euid=0 tty=ssh ruser= rhost=160.120.191.213
2026-09-13T00:01:15.439019+00:00 ubuntu sshd[1157829]: Failed password for invalid user user from 115.191.22.111 port 57240 ssh2
2026-09-13T00:01:15.620458+00:00 ubuntu sshd[1157832]: Failed password for invalid user ubuntu from 160.120.191.213 port 38678 ssh2
2026-09-13T00:01:17.551554+00:00 ubuntu sshd[1157829]: Connection closed by invalid user user 115.191.22.111 port 57240 [preauth]
2026-09-13T00:01:17.681845+00:00 ubuntu sshd[1157832]: Connection closed by invalid user ubuntu 160.120.191.213 port 38678 [preauth]
2026-09-13T00:01:18.347071+00:00 ubuntu sshd[1157925]: Invalid user ubuntu from 160.120.191.213 port 38694
2026-09-13T00:01:18.456334+00:00 ubuntu sshd[1157923]: Invalid user user from 115.191.22.111 port 57250
2026-09-13T00:01:18.467825+00:00 ubuntu sshd[1157925]: pam_unix(sshd:auth): check pass; user unknown
2026-09-13T00:01:18.467967+00:00 ubuntu sshd[1157925]: pam_unix(sshd:auth): authentication failure; logname= uid=0 euid=0 tty=ssh ruser= rhost=160.120.191.213
2026-09-13T00:01:18.635708+00:00 ubuntu sshd[1157923]: pam_unix(sshd:auth): check pass; user unknown
2026-09-13T00:01:18.635899+00:00 ubuntu sshd[1157923]: pam_unix(sshd:auth): authentication failure; logname= uid=0 euid=0 tty=ssh ruser= rhost=115.191.22.111
2026-09-13T00:01:20.077372+00:00 ubuntu sshd[1157925]: Failed password for invalid user ubuntu from 160.120.191.213 port 38694 ssh2
2026-09-13T00:01:20.245228+00:00 ubuntu sshd[1157923]: Failed password for invalid user user from 115.191.22.111 port 57250 ssh2
2026-09-13T00:01:20.691571+00:00 ubuntu sshd[1157925]: Connection closed by invalid user ubuntu 160.120.191.213 port 38694 [preauth]
2026-09-13T00:01:20.909978+00:00 ubuntu sshd[1157923]: Connection closed by invalid user user 115.191.22.111 port 57250 [preauth]
2026-09-13T00:01:21.742712+00:00 ubuntu sshd[1158040]: Invalid user ubuntu from 160.120.191.213 port 47908
2026-09-13T00:01:21.871994+00:00 ubuntu sshd[1158040]: pam_unix(sshd:auth): check pass; user unknown
2026-09-13T00:01:21.872118+00:00 ubuntu sshd[1158040]: pam_unix(sshd:auth): authentication failure; logname= uid=0 euid=0 tty=ssh ruser= rhost=160.120.191.213
2026-09-13T00:01:22.135743+00:00 ubuntu sshd[1158045]: Invalid user user from 115.191.22.111 port 38978
2026-09-13T00:01:22.371192+00:00 ubuntu sshd[1158045]: pam_unix(sshd:auth): check pass; user unknown
2026-09-13T00:01:22.371332+00:00 ubuntu sshd[1158045]: pam_unix(sshd:auth): authentication failure; logname= uid=0 euid=0 tty=ssh ruser= rhost=115.191.22.111
2026-09-13T00:01:23.893049+00:00 ubuntu sshd[1158040]: Failed password for invalid user ubuntu from 160.120.191.213 port 47908 ssh2
2026-09-13T00:01:24.091487+00:00 ubuntu sshd[1158040]: Connection closed by invalid user ubuntu 160.120.191.213 port 47908 [preauth]
2026-09-13T00:01:24.196579+00:00 ubuntu sshd[1158045]: Failed password for invalid user user from 115.191.22.111 port 38978 ssh2
2026-09-13T00:01:24.701563+00:00 ubuntu sshd[1158045]: Connection closed by invalid user user 115.191.22.111 port 38978 [preauth]
2026-09-13T00:01:24.715021+00:00 ubuntu sshd[1158170]: Invalid user ubuntu from 160.120.191.213 port 47916
2026-09-13T00:01:24.837730+00:00 ubuntu sshd[1158170]: pam_unix(sshd:auth): check pass; user unknown
2026-09-13T00:01:24.837910+00:00 ubuntu sshd[1158170]: pam_unix(sshd:auth): authentication failure; logname= uid=0 euid=0 tty=ssh ruser= rhost=160.120.191.213
2026-09-13T00:01:26.939044+00:00 ubuntu sshd[1158170]: Failed password for invalid user ubuntu from 160.120.191.213 port 47916 ssh2
2026-09-13T00:01:29.153959+00:00 ubuntu sshd[1158170]: Connection closed by invalid user ubuntu 160.120.191.213 port 47916 [preauth]
2026-09-13T00:01:29.788971+00:00 ubuntu sshd[1158323]: Invalid user ubuntu from 160.120.191.213 port 47918
2026-09-13T00:01:29.908071+00:00 ubuntu sshd[1158323]: pam_unix(sshd:auth): check pass; user unknown
2026-09-13T00:01:29.908231+00:00 ubuntu sshd[1158323]: pam_unix(sshd:auth): authentication failure; logname= uid=0 euid=0 tty=ssh ruser= rhost=160.120.191.213
2026-09-13T00:01:31.693421+00:00 ubuntu sshd[1158323]: Failed password for invalid user ubuntu from 160.120.191.213 port 47918 ssh2
2026-09-13T00:01:32.131333+00:00 ubuntu sshd[1158323]: Connection closed by invalid user ubuntu 160.120.191.213 port 47918 [preauth]
2026-09-13T00:01:33.060961+00:00 ubuntu sshd[1158448]: Invalid user ubuntu from 160.120.191.213 port 40432
2026-09-13T00:01:33.187967+00:00 ubuntu sshd[1158448]: pam_unix(sshd:auth): check pass; user unknown
2026-09-13T00:01:33.188115+00:00 ubuntu sshd[1158448]: pam_unix(sshd:auth): authentication failure; logname= uid=0 euid=0 tty=ssh ruser= rhost=160.120.191.213
2026-09-13T00:01:34.385958+00:00 ubuntu sshd[1158173]: Invalid user user from 115.191.22.111 port 38992
2026-09-13T00:01:34.567251+00:00 ubuntu sshd[1158173]: pam_unix(sshd:auth): check pass; user unknown
2026-09-13T00:01:34.567455+00:00 ubuntu sshd[1158173]: pam_unix(sshd:auth): authentication failure; logname= uid=0 euid=0 tty=ssh ruser= rhost=115.191.22.111
2026-09-13T00:01:35.189187+00:00 ubuntu sshd[1158448]: Failed password for invalid user ubuntu from 160.120.191.213 port 40432 ssh2
2026-09-13T00:01:35.405260+00:00 ubuntu sshd[1158448]: Connection closed by invalid user ubuntu 160.120.191.213 port 40432 [preauth]
2026-09-13T00:01:36.011158+00:00 ubuntu sshd[1158475]: Invalid user ubuntu from 160.120.191.213 port 40436
2026-09-13T00:01:36.140563+00:00 ubuntu sshd[1158475]: pam_unix(sshd:auth): check pass; user unknown
2026-09-13T00:01:36.140729+00:00 ubuntu sshd[1158475]: pam_unix(sshd:auth): authentication failure; logname= uid=0 euid=0 tty=ssh ruser= rhost=160.120.191.213
2026-09-13T00:01:37.039891+00:00 ubuntu sshd[1158173]: Failed password for invalid user user from 115.191.22.111 port 38992 ssh2
2026-09-13T00:01:38.221620+00:00 ubuntu sshd[1158475]: Failed password for invalid user ubuntu from 160.120.191.213 port 40436 ssh2
2026-09-13T00:01:38.359392+00:00 ubuntu sshd[1158475]: Connection closed by invalid user ubuntu 160.120.191.213 port 40436 [preauth]
2026-09-13T00:01:38.939312+00:00 ubuntu sshd[1158173]: Connection closed by invalid user user 115.191.22.111 port 38992 [preauth]
2026-09-13T00:01:38.995170+00:00 ubuntu sshd[1158608]: Invalid user ubuntu from 160.120.191.213 port 40446
2026-09-13T00:01:39.121650+00:00 ubuntu sshd[1158608]: pam_unix(sshd:auth): check pass; user unknown
2026-09-13T00:01:39.121826+00:00 ubuntu sshd[1158608]: pam_unix(sshd:auth): authentication failure; logname= uid=0 euid=0 tty=ssh ruser= rhost=160.120.191.213
2026-09-13T00:01:39.801706+00:00 ubuntu sshd[1158611]: Invalid user user from 115.191.22.111 port 57036
2026-09-13T00:01:39.977292+00:00 ubuntu sshd[1158611]: pam_unix(sshd:auth): check pass; user unknown
2026-09-13T00:01:39.977417+00:00 ubuntu sshd[1158611]: pam_unix(sshd:auth): authentication failure; logname= uid=0 euid=0 tty=ssh ruser= rhost=115.191.22.111
2026-09-13T00:01:41.612249+00:00 ubuntu sshd[1158608]: Failed password for invalid user ubuntu from 160.120.191.213 port 40446 ssh2
2026-09-13T00:01:42.469996+00:00 ubuntu sshd[1158611]: Failed password for invalid user user from 115.191.22.111 port 57036 ssh2
2026-09-13T00:01:43.433370+00:00 ubuntu sshd[1158608]: Connection closed by invalid user ubuntu 160.120.191.213 port 40446 [preauth]
2026-09-13T00:01:44.054977+00:00 ubuntu sshd[1158739]: Invalid user ubuntu from 160.120.191.213 port 58526
2026-09-13T00:01:44.189780+00:00 ubuntu sshd[1158739]: pam_unix(sshd:auth): check pass; user unknown
2026-09-13T00:01:44.189901+00:00 ubuntu sshd[1158739]: pam_unix(sshd:auth): authentication failure; logname= uid=0 euid=0 tty=ssh ruser= rhost=160.120.191.213
2026-09-13T00:01:44.775356+00:00 ubuntu sshd[1158611]: Connection closed by invalid user user 115.191.22.111 port 57036 [preauth]
2026-09-13T00:01:46.035304+00:00 ubuntu sshd[1158739]: Failed password for invalid user ubuntu from 160.120.191.213 port 58526 ssh2
2026-09-13T00:01:46.415380+00:00 ubuntu sshd[1158739]: Connection closed by invalid user ubuntu 160.120.191.213 port 58526 [preauth]
2026-09-13T00:01:47.036274+00:00 ubuntu sshd[1158747]: Invalid user ubuntu from 160.120.191.213 port 58538
2026-09-13T00:01:47.155848+00:00 ubuntu sshd[1158747]: pam_unix(sshd:auth): check pass; user unknown
2026-09-13T00:01:47.156001+00:00 ubuntu sshd[1158747]: pam_unix(sshd:auth): authentication failure; logname= uid=0 euid=0 tty=ssh ruser= rhost=160.120.191.213
2026-09-13T00:01:47.900199+00:00 ubuntu sshd[1158749]: Invalid user user from 115.191.22.111 port 57044
2026-09-13T00:01:48.082955+00:00 ubuntu sshd[1158749]: pam_unix(sshd:auth): check pass; user unknown
2026-09-13T00:01:48.083062+00:00 ubuntu sshd[1158749]: pam_unix(sshd:auth): authentication failure; logname= uid=0 euid=0 tty=ssh ruser= rhost=115.191.22.111
2026-09-13T00:01:49.081290+00:00 ubuntu sshd[1158747]: Failed password for invalid user ubuntu from 160.120.191.213 port 58538 ssh2
2026-09-13T00:01:49.375354+00:00 ubuntu sshd[1158747]: Connection closed by invalid user ubuntu 160.120.191.213 port 58538 [preauth]
2026-09-13T00:01:50.003297+00:00 ubuntu sshd[1158836]: Invalid user ubuntu from 160.120.191.213 port 58546
2026-09-13T00:01:50.122139+00:00 ubuntu sshd[1158836]: pam_unix(sshd:auth): check pass; user unknown
2026-09-13T00:01:50.122287+00:00 ubuntu sshd[1158836]: pam_unix(sshd:auth): authentication failure; logname= uid=0 euid=0 tty=ssh ruser= rhost=160.120.191.213
2026-09-13T00:01:50.143218+00:00 ubuntu sshd[1158749]: Failed password for invalid user user from 115.191.22.111 port 57044 ssh2
2026-09-13T00:01:50.360490+00:00 ubuntu sshd[1158749]: Connection closed by invalid user user 115.191.22.111 port 57044 [preauth]
2026-09-13T00:01:52.459062+00:00 ubuntu sshd[1158836]: Failed password for invalid user ubuntu from 160.120.191.213 port 58546 ssh2
2026-09-13T00:01:53.096448+00:00 ubuntu sshd[1158990]: Invalid user user from 115.191.22.111 port 35630
2026-09-13T00:01:53.342345+00:00 ubuntu sshd[1158990]: pam_unix(sshd:auth): check pass; user unknown
2026-09-13T00:01:53.342483+00:00 ubuntu sshd[1158990]: pam_unix(sshd:auth): authentication failure; logname= uid=0 euid=0 tty=ssh ruser= rhost=115.191.22.111
2026-09-13T00:01:54.441562+00:00 ubuntu sshd[1158836]: Connection closed by invalid user ubuntu 160.120.191.213 port 58546 [preauth]
2026-09-13T00:01:55.060927+00:00 ubuntu sshd[1159076]: Invalid user ubuntu from 160.120.191.213 port 47904
2026-09-13T00:01:55.422864+00:00 ubuntu sshd[1158990]: Failed password for invalid user user from 115.191.22.111 port 35630 ssh2
2026-09-13T00:01:55.533874+00:00 ubuntu sshd[1159076]: pam_unix(sshd:auth): check pass; user unknown
2026-09-13T00:01:55.534008+00:00 ubuntu sshd[1159076]: pam_unix(sshd:auth): authentication failure; logname= uid=0 euid=0 tty=ssh ruser= rhost=160.120.191.213
2026-09-13T00:01:55.675131+00:00 ubuntu sshd[1158990]: Connection closed by invalid user user 115.191.22.111 port 35630 [preauth]
2026-09-13T00:01:56.896455+00:00 ubuntu sshd[1159082]: Invalid user user from 115.191.22.111 port 35646
2026-09-13T00:01:57.139494+00:00 ubuntu sshd[1159082]: pam_unix(sshd:auth): check pass; user unknown
2026-09-13T00:01:57.139573+00:00 ubuntu sshd[1159082]: pam_unix(sshd:auth): authentication failure; logname= uid=0 euid=0 tty=ssh ruser= rhost=115.191.22.111
2026-09-13T00:01:57.555147+00:00 ubuntu sshd[1159076]: Failed password for invalid user ubuntu from 160.120.191.213 port 47904 ssh2
2026-09-13T00:01:57.749281+00:00 ubuntu sshd[1159076]: Connection closed by invalid user ubuntu 160.120.191.213 port 47904 [preauth]
2026-09-13T00:01:58.393176+00:00 ubuntu sshd[1159165]: Invalid user ubuntu from 160.120.191.213 port 47920
2026-09-13T00:01:58.513904+00:00 ubuntu sshd[1159165]: pam_unix(sshd:auth): check pass; user unknown
2026-09-13T00:01:58.514014+00:00 ubuntu sshd[1159165]: pam_unix(sshd:auth): authentication failure; logname= uid=0 euid=0 tty=ssh ruser= rhost=160.120.191.213
2026-09-13T00:01:59.434379+00:00 ubuntu sshd[1159082]: Failed password for invalid user user from 115.191.22.111 port 35646 ssh2
2026-09-13T00:02:01.282593+00:00 ubuntu sshd[1159165]: Failed password for invalid user ubuntu from 160.120.191.213 port 47920 ssh2
2026-09-13T00:02:01.571660+00:00 ubuntu sshd[1159082]: Connection closed by invalid user user 115.191.22.111 port 35646 [preauth]
2026-09-13T00:02:02.827738+00:00 ubuntu sshd[1159165]: Connection closed by invalid user ubuntu 160.120.191.213 port 47920 [preauth]
2026-09-13T00:02:03.441474+00:00 ubuntu sshd[1159297]: Invalid user ubuntu from 160.120.191.213 port 53948
2026-09-13T00:02:03.570157+00:00 ubuntu sshd[1159297]: pam_unix(sshd:auth): check pass; user unknown
2026-09-13T00:02:03.570385+00:00 ubuntu sshd[1159297]: pam_unix(sshd:auth): authentication failure; logname= uid=0 euid=0 tty=ssh ruser= rhost=160.120.191.213
2026-09-13T00:02:05.691521+00:00 ubuntu sshd[1159297]: Failed password for invalid user ubuntu from 160.120.191.213 port 53948 ssh2
2026-09-13T00:02:07.883666+00:00 ubuntu sshd[1159297]: Connection closed by invalid user ubuntu 160.120.191.213 port 53948 [preauth]
2026-09-13T00:02:08.781223+00:00 ubuntu sshd[1159406]: Invalid user ubuntu from 160.120.191.213 port 53954
2026-09-13T00:02:08.904129+00:00 ubuntu sshd[1159406]: pam_unix(sshd:auth): check pass; user unknown
2026-09-13T00:02:08.904309+00:00 ubuntu sshd[1159406]: pam_unix(sshd:auth): authentication failure; logname= uid=0 euid=0 tty=ssh ruser= rhost=160.120.191.213
2026-09-13T00:02:11.043433+00:00 ubuntu sshd[1159406]: Failed password for invalid user ubuntu from 160.120.191.213 port 53954 ssh2
2026-09-13T00:02:13.214147+00:00 ubuntu sshd[1159406]: Connection closed by invalid user ubuntu 160.120.191.213 port 53954 [preauth]
2026-09-13T00:02:14.487089+00:00 ubuntu sshd[1159534]: Invalid user ubuntu from 160.120.191.213 port 60592
2026-09-13T00:02:14.606121+00:00 ubuntu sshd[1159534]: pam_unix(sshd:auth): check pass; user unknown
2026-09-13T00:02:14.606279+00:00 ubuntu sshd[1159534]: pam_unix(sshd:auth): authentication failure; logname= uid=0 euid=0 tty=ssh ruser= rhost=160.120.191.213
2026-09-13T00:02:16.903268+00:00 ubuntu sshd[1159534]: Failed password for invalid user ubuntu from 160.120.191.213 port 60592 ssh2
2026-09-13T00:02:18.931725+00:00 ubuntu sshd[1159534]: Connection closed by invalid user ubuntu 160.120.191.213 port 60592 [preauth]
2026-09-13T00:02:19.558858+00:00 ubuntu sshd[1159627]: Invalid user ubuntu from 160.120.191.213 port 60604
2026-09-13T00:02:19.677970+00:00 ubuntu sshd[1159627]: pam_unix(sshd:auth): check pass; user unknown
2026-09-13T00:02:19.678102+00:00 ubuntu sshd[1159627]: pam_unix(sshd:auth): authentication failure; logname= uid=0 euid=0 tty=ssh ruser= rhost=160.120.191.213
2026-09-13T00:02:21.663607+00:00 ubuntu sshd[1159627]: Failed password for invalid user ubuntu from 160.120.191.213 port 60604 ssh2
2026-09-13T00:02:21.893446+00:00 ubuntu sshd[1159627]: Connection closed by invalid user ubuntu 160.120.191.213 port 60604 [preauth]
2026-09-13T00:02:22.516876+00:00 ubuntu sshd[1159635]: Invalid user ubuntu from 160.120.191.213 port 47784
2026-09-13T00:02:22.645934+00:00 ubuntu sshd[1159635]: pam_unix(sshd:auth): check pass; user unknown
2026-09-13T00:02:22.646042+00:00 ubuntu sshd[1159635]: pam_unix(sshd:auth): authentication failure; logname= uid=0 euid=0 tty=ssh ruser= rhost=160.120.191.213
2026-09-13T00:02:25.043172+00:00 ubuntu sshd[1159635]: Failed password for invalid user ubuntu from 160.120.191.213 port 47784 ssh2
2026-09-13T00:02:26.961505+00:00 ubuntu sshd[1159635]: Connection closed by invalid user ubuntu 160.120.191.213 port 47784 [preauth]
2026-09-13T00:02:27.578443+00:00 ubuntu sshd[1159935]: Invalid user ubuntu from 160.120.191.213 port 47798
2026-09-13T00:02:27.696126+00:00 ubuntu sshd[1159935]: pam_unix(sshd:auth): check pass; user unknown
2026-09-13T00:02:27.696292+00:00 ubuntu sshd[1159935]: pam_unix(sshd:auth): authentication failure; logname= uid=0 euid=0 tty=ssh ruser= rhost=160.120.191.213
2026-09-13T00:02:29.777478+00:00 ubuntu sshd[1159935]: Failed password for invalid user ubuntu from 160.120.191.213 port 47798 ssh2
2026-09-13T00:02:29.909423+00:00 ubuntu sshd[1159935]: Connection closed by invalid user ubuntu 160.120.191.213 port 47798 [preauth]
2026-09-13T00:02:30.539079+00:00 ubuntu sshd[1160023]: Invalid user ubuntu from 160.120.191.213 port 45946
2026-09-13T00:02:30.666216+00:00 ubuntu sshd[1160023]: pam_unix(sshd:auth): check pass; user unknown
2026-09-13T00:02:30.666354+00:00 ubuntu sshd[1160023]: pam_unix(sshd:auth): authentication failure; logname= uid=0 euid=0 tty=ssh ruser= rhost=160.120.191.213
2026-09-13T00:02:32.827570+00:00 ubuntu sshd[1160023]: Failed password for invalid user ubuntu from 160.120.191.213 port 45946 ssh2
2026-09-13T00:02:34.985665+00:00 ubuntu sshd[1160023]: Connection closed by invalid user ubuntu 160.120.191.213 port 45946 [preauth]
2026-09-13T00:02:35.607113+00:00 ubuntu sshd[1160172]: Invalid user ubuntu from 160.120.191.213 port 45960
2026-09-13T00:02:35.725804+00:00 ubuntu sshd[1160172]: pam_unix(sshd:auth): check pass; user unknown
2026-09-13T00:02:35.725955+00:00 ubuntu sshd[1160172]: pam_unix(sshd:auth): authentication failure; logname= uid=0 euid=0 tty=ssh ruser= rhost=160.120.191.213
2026-09-13T00:02:37.907175+00:00 ubuntu sshd[1160172]: Failed password for invalid user ubuntu from 160.120.191.213 port 45960 ssh2
2026-09-13T00:02:40.052250+00:00 ubuntu sshd[1160172]: Connection closed by invalid user ubuntu 160.120.191.213 port 45960 [preauth]
2026-09-13T00:02:40.709254+00:00 ubuntu sshd[1160266]: Invalid user ubuntu from 160.120.191.213 port 45572
2026-09-13T00:02:40.837858+00:00 ubuntu sshd[1160266]: pam_unix(sshd:auth): check pass; user unknown
2026-09-13T00:02:40.838025+00:00 ubuntu sshd[1160266]: pam_unix(sshd:auth): authentication failure; logname= uid=0 euid=0 tty=ssh ruser= rhost=160.120.191.213
2026-09-13T00:02:43.370867+00:00 ubuntu sshd[1160266]: Failed password for invalid user ubuntu from 160.120.191.213 port 45572 ssh2
2026-09-13T00:02:45.153587+00:00 ubuntu sshd[1160266]: Connection closed by invalid user ubuntu 160.120.191.213 port 45572 [preauth]
2026-09-13T00:02:46.149284+00:00 ubuntu sshd[1160391]: Invalid user ubuntu from 160.120.191.213 port 45586
2026-09-13T00:02:46.265978+00:00 ubuntu sshd[1160391]: pam_unix(sshd:auth): check pass; user unknown
2026-09-13T00:02:46.266145+00:00 ubuntu sshd[1160391]: pam_unix(sshd:auth): authentication failure; logname= uid=0 euid=0 tty=ssh ruser= rhost=160.120.191.213
2026-09-13T00:02:48.623164+00:00 ubuntu sshd[1160391]: Failed password for invalid user ubuntu from 160.120.191.213 port 45586 ssh2
2026-09-13T00:02:50.579520+00:00 ubuntu sshd[1160391]: Connection closed by invalid user ubuntu 160.120.191.213 port 45586 [preauth]
2026-09-13T00:02:51.247124+00:00 ubuntu sshd[1160471]: Invalid user ubuntu from 160.120.191.213 port 45560
2026-09-13T00:02:51.414063+00:00 ubuntu sshd[1160471]: pam_unix(sshd:auth): check pass; user unknown
2026-09-13T00:02:51.414214+00:00 ubuntu sshd[1160471]: pam_unix(sshd:auth): authentication failure; logname= uid=0 euid=0 tty=ssh ruser= rhost=160.120.191.213
2026-09-13T00:02:53.455453+00:00 ubuntu sshd[1160471]: Failed password for invalid user ubuntu from 160.120.191.213 port 45560 ssh2
2026-09-13T00:02:53.629464+00:00 ubuntu sshd[1160471]: Connection closed by invalid user ubuntu 160.120.191.213 port 45560 [preauth]
2026-09-13T00:02:54.254812+00:00 ubuntu sshd[1160588]: Invalid user ubuntu from 160.120.191.213 port 45574
2026-09-13T00:02:54.375675+00:00 ubuntu sshd[1160588]: pam_unix(sshd:auth): check pass; user unknown
2026-09-13T00:02:54.375841+00:00 ubuntu sshd[1160588]: pam_unix(sshd:auth): authentication failure; logname= uid=0 euid=0 tty=ssh ruser= rhost=160.120.191.213
2026-09-13T00:02:56.831018+00:00 ubuntu sshd[1160588]: Failed password for invalid user ubuntu from 160.120.191.213 port 45574 ssh2
2026-09-13T00:02:58.687535+00:00 ubuntu sshd[1160588]: Connection closed by invalid user ubuntu 160.120.191.213 port 45574 [preauth]
2026-09-13T00:02:59.319078+00:00 ubuntu sshd[1160779]: Invalid user ubuntu from 160.120.191.213 port 45588
2026-09-13T00:02:59.435869+00:00 ubuntu sshd[1160779]: pam_unix(sshd:auth): check pass; user unknown
2026-09-13T00:02:59.436084+00:00 ubuntu sshd[1160779]: pam_unix(sshd:auth): authentication failure; logname= uid=0 euid=0 tty=ssh ruser= rhost=160.120.191.213
2026-09-13T00:03:01.575383+00:00 ubuntu sshd[1160779]: Failed password for invalid user ubuntu from 160.120.191.213 port 45588 ssh2
2026-09-13T00:03:03.749593+00:00 ubuntu sshd[1160779]: Connection closed by invalid user ubuntu 160.120.191.213 port 45588 [preauth]
2026-09-13T00:03:04.623145+00:00 ubuntu sshd[1160904]: Invalid user ubuntu from 160.120.191.213 port 56306
2026-09-13T00:03:04.740029+00:00 ubuntu sshd[1160904]: pam_unix(sshd:auth): check pass; user unknown
2026-09-13T00:03:04.740194+00:00 ubuntu sshd[1160904]: pam_unix(sshd:auth): authentication failure; logname= uid=0 euid=0 tty=ssh ruser= rhost=160.120.191.213
2026-09-13T00:03:07.568999+00:00 ubuntu sshd[1160904]: Failed password for invalid user ubuntu from 160.120.191.213 port 56306 ssh2
2026-09-13T00:03:09.057534+00:00 ubuntu sshd[1160904]: Connection closed by invalid user ubuntu 160.120.191.213 port 56306 [preauth]
2026-09-13T00:03:09.683189+00:00 ubuntu sshd[1161014]: Invalid user ubuntu from 160.120.191.213 port 56308
2026-09-13T00:03:09.804136+00:00 ubuntu sshd[1161014]: pam_unix(sshd:auth): check pass; user unknown
2026-09-13T00:03:09.804311+00:00 ubuntu sshd[1161014]: pam_unix(sshd:auth): authentication failure; logname= uid=0 euid=0 tty=ssh ruser= rhost=160.120.191.213
2026-09-13T00:03:11.985672+00:00 ubuntu sshd[1161014]: Failed password for invalid user ubuntu from 160.120.191.213 port 56308 ssh2
2026-09-13T00:03:14.117502+00:00 ubuntu sshd[1161014]: Connection closed by invalid user ubuntu 160.120.191.213 port 56308 [preauth]
2026-09-13T00:03:14.737085+00:00 ubuntu sshd[1161140]: Invalid user ubuntu from 160.120.191.213 port 42306
2026-09-13T00:03:14.859849+00:00 ubuntu sshd[1161140]: pam_unix(sshd:auth): check pass; user unknown
2026-09-13T00:03:14.859989+00:00 ubuntu sshd[1161140]: pam_unix(sshd:auth): authentication failure; logname= uid=0 euid=0 tty=ssh ruser= rhost=160.120.191.213
2026-09-13T00:03:16.394131+00:00 ubuntu sshd[1161140]: Failed password for invalid user ubuntu from 160.120.191.213 port 42306 ssh2
2026-09-13T00:03:16.719329+00:00 ubuntu sshd[1161144]: Invalid user agentsolutions-mallorca from 103.221.221.228 port 41272
2026-09-13T00:03:16.967943+00:00 ubuntu sshd[1161144]: pam_unix(sshd:auth): check pass; user unknown
2026-09-13T00:03:16.968073+00:00 ubuntu sshd[1161144]: pam_unix(sshd:auth): authentication failure; logname= uid=0 euid=0 tty=ssh ruser= rhost=103.221.221.228
2026-09-13T00:03:17.073354+00:00 ubuntu sshd[1161140]: Connection closed by invalid user ubuntu 160.120.191.213 port 42306 [preauth]
2026-09-13T00:03:17.676991+00:00 ubuntu sshd[1161149]: Invalid user ubuntu from 160.120.191.213 port 42312
2026-09-13T00:03:17.797956+00:00 ubuntu sshd[1161149]: pam_unix(sshd:auth): check pass; user unknown
2026-09-13T00:03:17.798075+00:00 ubuntu sshd[1161149]: pam_unix(sshd:auth): authentication failure; logname= uid=0 euid=0 tty=ssh ruser= rhost=160.120.191.213
2026-09-13T00:03:19.443497+00:00 ubuntu sshd[1161144]: Failed password for invalid user agentsolutions-mallorca from 103.221.221.228 port 41272 ssh2
2026-09-13T00:03:19.743846+00:00 ubuntu sshd[1161149]: Failed password for invalid user ubuntu from 160.120.191.213 port 42312 ssh2
2026-09-13T00:03:20.013293+00:00 ubuntu sshd[1161149]: Connection closed by invalid user ubuntu 160.120.191.213 port 42312 [preauth]
2026-09-13T00:03:20.960862+00:00 ubuntu sshd[1161227]: Invalid user ubuntu from 160.120.191.213 port 33388
2026-09-13T00:03:21.078892+00:00 ubuntu sshd[1161227]: pam_unix(sshd:auth): check pass; user unknown
2026-09-13T00:03:21.079151+00:00 ubuntu sshd[1161227]: pam_unix(sshd:auth): authentication failure; logname= uid=0 euid=0 tty=ssh ruser= rhost=160.120.191.213
2026-09-13T00:03:21.695482+00:00 ubuntu sshd[1161144]: Connection closed by invalid user agentsolutions-mallorca 103.221.221.228 port 41272 [preauth]
2026-09-13T00:03:23.240346+00:00 ubuntu sshd[1161227]: Failed password for invalid user ubuntu from 160.120.191.213 port 33388 ssh2
2026-09-13T00:03:25.389572+00:00 ubuntu sshd[1161227]: Connection closed by invalid user ubuntu 160.120.191.213 port 33388 [preauth]
2026-09-13T00:03:26.023990+00:00 ubuntu sshd[1161385]: Invalid user ubuntu from 160.120.191.213 port 33392
2026-09-13T00:03:26.154018+00:00 ubuntu sshd[1161385]: pam_unix(sshd:auth): check pass; user unknown
2026-09-13T00:03:26.154165+00:00 ubuntu sshd[1161385]: pam_unix(sshd:auth): authentication failure; logname= uid=0 euid=0 tty=ssh ruser= rhost=160.120.191.213
2026-09-13T00:03:27.668170+00:00 ubuntu sshd[1161385]: Failed password for invalid user ubuntu from 160.120.191.213 port 33392 ssh2
2026-09-13T00:03:28.374519+00:00 ubuntu sshd[1161385]: Connection closed by invalid user ubuntu 160.120.191.213 port 33392 [preauth]
2026-09-13T00:03:29.279100+00:00 ubuntu sshd[1161596]: Invalid user ubuntu from 160.120.191.213 port 33400
2026-09-13T00:03:29.398346+00:00 ubuntu sshd[1161596]: pam_unix(sshd:auth): check pass; user unknown
2026-09-13T00:03:29.398478+00:00 ubuntu sshd[1161596]: pam_unix(sshd:auth): authentication failure; logname= uid=0 euid=0 tty=ssh ruser= rhost=160.120.191.213
2026-09-13T00:03:31.324223+00:00 ubuntu sshd[1161596]: Failed password for invalid user ubuntu from 160.120.191.213 port 33400 ssh2
2026-09-13T00:03:31.616417+00:00 ubuntu sshd[1161596]: Connection closed by invalid user ubuntu 160.120.191.213 port 33400 [preauth]
2026-09-13T00:03:32.351224+00:00 ubuntu sshd[1161601]: Invalid user ubuntu from 160.120.191.213 port 48786
2026-09-13T00:03:32.482921+00:00 ubuntu sshd[1161601]: pam_unix(sshd:auth): check pass; user unknown
2026-09-13T00:03:32.483059+00:00 ubuntu sshd[1161601]: pam_unix(sshd:auth): authentication failure; logname= uid=0 euid=0 tty=ssh ruser= rhost=160.120.191.213
2026-09-13T00:03:34.488912+00:00 ubuntu sshd[1161601]: Failed password for invalid user ubuntu from 160.120.191.213 port 48786 ssh2
2026-09-13T00:03:34.702467+00:00 ubuntu sshd[1161601]: Connection closed by invalid user ubuntu 160.120.191.213 port 48786 [preauth]
2026-09-13T00:03:35.308119+00:00 ubuntu sshd[1161722]: Invalid user ubuntu from 160.120.191.213 port 48800
2026-09-13T00:03:35.428713+00:00 ubuntu sshd[1161722]: pam_unix(sshd:auth): check pass; user unknown
2026-09-13T00:03:35.428901+00:00 ubuntu sshd[1161722]: pam_unix(sshd:auth): authentication failure; logname= uid=0 euid=0 tty=ssh ruser= rhost=160.120.191.213
